000
CDUS43 KGLD 310757
CLIMCK

CLIMATE REPORT
NATIONAL WEATHER SERVICE GOODLAND
153 AM MDT TUE MAY 31 2016

...................................

...THE MCCOOK NE CLIMATE SUMMARY FOR MAY 30 2016...

CLIMATE NORMAL PERIOD 1981 TO 2010
CLIMATE RECORD PERIOD 1896 TO 2016


WEATHER ITEM   OBSERVED TIME   RECORD YEAR NORMAL DEPARTURE LAST
                VALUE   (LST)  VALUE       VALUE  FROM      YEAR
                                                  NORMAL
..................................................................
TEMPERATURE (F)
 YESTERDAY
  MAXIMUM         83    406 PM 102    1928  78      5       67
  MINIMUM         55    600 AM  37    1992  51      4       43
  AVERAGE         69                        64      5       55

PRECIPITATION (IN)
  YESTERDAY        0.37                      0.12   0.25     0.00
  MONTH TO DATE    2.61                      3.02  -0.41     3.84
  SINCE MAR 1      9.19                      6.69   2.50     5.82
  SINCE JAN 1     10.20                      7.82   2.38     6.16

..................................................................


THE MCCOOK NE CLIMATE NORMALS FOR TODAY
                         NORMAL    RECORD    YEAR
 MAXIMUM TEMPERATURE (F)   78       106      2002
 MINIMUM TEMPERATURE (F)   51        37      1964


-  INDICATES NEGATIVE NUMBERS.
R  INDICATES RECORD WAS SET OR TIED.
MM INDICATES DATA IS MISSING.
T  INDICATES TRACE AMOUNT.


$$
