000
CDUS43 KGLD 200054
CLIMCK

CLIMATE REPORT
NATIONAL WEATHER SERVICE GOODLAND
550 PM MST SUN NOV 19 2017

...................................

...THE MCCOOK NE CLIMATE SUMMARY FOR NOVEMBER 19 2017...
VALID TODAY AS OF 0500 PM LOCAL TIME.

CLIMATE NORMAL PERIOD 1981 TO 2010
CLIMATE RECORD PERIOD 1896 TO 2017

WEATHER ITEM   OBSERVED TIME   RECORD YEAR NORMAL DEPARTURE LAST
                VALUE   (LST)  VALUE       VALUE  FROM      YEAR
                                                  NORMAL
..................................................................
TEMPERATURE (F)
 TODAY
  MAXIMUM         62    303 PM  80    2007  50     12       46
  MINIMUM         21    742 AM   5    1937  23     -2       11
  AVERAGE         42                        36      6       29

PRECIPITATION (IN)
  TODAY            0.00                      0.03  -0.03     0.00
  MONTH TO DATE    0.16                      0.65  -0.49     0.11
  SINCE SEP 1      4.29                      3.88   0.41     5.88
  SINCE JAN 1     18.40                     21.59  -3.19    24.01

..................................................................

THE MCCOOK NE CLIMATE NORMALS FOR TOMORROW
                         NORMAL    RECORD    YEAR
 MAXIMUM TEMPERATURE (F)   50        79      1927
 MINIMUM TEMPERATURE (F)   22         2      1937

-  INDICATES NEGATIVE NUMBERS.
R  INDICATES RECORD WAS SET OR TIED.
MM INDICATES DATA IS MISSING.
T  INDICATES TRACE AMOUNT.

$$
