000
CDUS42 KFFC 232035
CLIMCN


CLIMATE REPORT
NATIONAL WEATHER SERVICE PEACHTREE CITY GA
435 PM EDT WED AUG 23 2017


...................................

...THE MACON CLIMATE SUMMARY FOR AUGUST 23 2017...
VALID TODAY AS OF 0400 PM LOCAL TIME.

CLIMATE NORMAL PERIOD 1981 TO 2010
CLIMATE RECORD PERIOD 1899 TO 2017


WEATHER ITEM   OBSERVED TIME   RECORD YEAR NORMAL DEPARTURE LAST
                VALUE   (LST)  VALUE       VALUE  FROM      YEAR
                                                  NORMAL
..................................................................
TEMPERATURE (F)
 TODAY
  MAXIMUM         95    328 PM 104    1968  91      4       95
  MINIMUM         73    640 AM  59    1930  70      3       71
  AVERAGE         84                        80      4       83

PRECIPITATION (IN)
  TODAY            0.00          2.14 2013   0.14  -0.14     0.04
  MONTH TO DATE    4.00                      3.03   0.97     2.03
  SINCE JUN 1     12.90                     12.04   0.86     6.26
  SINCE JAN 1     36.63                     30.87   5.76    24.22

DEGREE DAYS
 HEATING
  TODAY            0                         0      0        0
  MONTH TO DATE    0                         0      0        0
  SINCE JUN 1      0                         0      0        0
  SINCE JUL 1      0                         0      0        0

 COOLING
  TODAY           19                        15      4       18
  MONTH TO DATE  381                       375      6      427
  SINCE JUN 1   1315                      1315      0     1533
  SINCE JAN 1   1760                      1628    132     1885
..................................................................


WIND (MPH)
  RESULTANT WIND SPEED   4   RESULTANT WIND DIRECTION   W (270)
  HIGHEST WIND SPEED    12   HIGHEST WIND DIRECTION     W (280)
  HIGHEST GUST SPEED    16   HIGHEST GUST DIRECTION    NW (300)
  AVERAGE WIND SPEED     4.3


SKY COVER
  AVERAGE SKY COVER 0.1


WEATHER CONDITIONS
 THE FOLLOWING WEATHER WAS RECORDED TODAY.
  FOG


RELATIVE HUMIDITY (PERCENT)
 HIGHEST    94          1200 AM
 LOWEST     46           300 PM
 AVERAGE    70

..........................................................


THE MACON CLIMATE NORMALS FOR TOMORROW
                         NORMAL    RECORD    YEAR
 MAXIMUM TEMPERATURE (F)   91       103      1968
 MINIMUM TEMPERATURE (F)   70        58      1957


SUNRISE AND SUNSET
AUGUST 23 2017........SUNRISE   704 AM EDT   SUNSET   810 PM EDT
AUGUST 24 2017........SUNRISE   704 AM EDT   SUNSET   809 PM EDT


-  INDICATES NEGATIVE NUMBERS.
R  INDICATES RECORD WAS SET OR TIED.
MM INDICATES DATA IS MISSING.
T  INDICATES TRACE AMOUNT.




$$
