061
CDUS42 KFFC 290818
CLIMCN


CLIMATE REPORT
NATIONAL WEATHER SERVICE PEACHTREE CITY GA
418 AM EDT SAT APR 29 2017


...................................

...THE MACON CLIMATE SUMMARY FOR APRIL 28 2017...

CLIMATE NORMAL PERIOD 1981 TO 2010
CLIMATE RECORD PERIOD 1899 TO 2017


WEATHER ITEM   OBSERVED TIME   RECORD YEAR NORMAL DEPARTURE LAST
                VALUE   (LST)  VALUE       VALUE  FROM      YEAR
                                                  NORMAL
..................................................................
TEMPERATURE (F)
 YESTERDAY
  MAXIMUM         89    450 PM  92    1989  80      9       84
  MINIMUM         67   1243 AM  40    2005  53     14       65
                                      1967
  AVERAGE         78                        67     11       75

PRECIPITATION (IN)
  YESTERDAY        0.00          1.42 1922   0.09  -0.09     0.00
  MONTH TO DATE    3.01                      2.80   0.21     7.63
  SINCE MAR 1      4.46                      7.35  -2.89    10.27
  SINCE JAN 1     17.66                     15.95   1.71    16.00

DEGREE DAYS
 HEATING
  YESTERDAY        0                         2     -2        0
  MONTH TO DATE   41                       108    -67       94
  SINCE MAR 1    278                       380   -102      257
  SINCE JUL 1   1465                      2305   -840     1787

 COOLING
  YESTERDAY       13                         3     10       10
  MONTH TO DATE  120                        55     65       44
  SINCE MAR 1    173                        73    100       96
  SINCE JAN 1    184                        76    108       97
..................................................................


WIND (MPH)
  RESULTANT WIND SPEED   5   RESULTANT WIND DIRECTION   S (190)
  HIGHEST WIND SPEED    15   HIGHEST WIND DIRECTION     S (170)
  HIGHEST GUST SPEED    20   HIGHEST GUST DIRECTION     S (160)
  AVERAGE WIND SPEED     5.3


SKY COVER
  AVERAGE SKY COVER 0.5


WEATHER CONDITIONS
 THE FOLLOWING WEATHER WAS RECORDED YESTERDAY.
  FOG


RELATIVE HUMIDITY (PERCENT)
 HIGHEST    97          1200 AM
 LOWEST     46           400 PM
 AVERAGE    72

..........................................................


THE MACON CLIMATE NORMALS FOR TODAY
                         NORMAL    RECORD    YEAR
 MAXIMUM TEMPERATURE (F)   80        92      2012
 MINIMUM TEMPERATURE (F)   54        37      1992


SUNRISE AND SUNSET
APRIL 29 2017.........SUNRISE   649 AM EDT   SUNSET   815 PM EDT
APRIL 30 2017.........SUNRISE   648 AM EDT   SUNSET   816 PM EDT


-  INDICATES NEGATIVE NUMBERS.
R  INDICATES RECORD WAS SET OR TIED.
MM INDICATES DATA IS MISSING.
T  INDICATES TRACE AMOUNT.




$$
