000
CDUS42 KFFC 280820
CLIMCN


CLIMATE REPORT
NATIONAL WEATHER SERVICE PEACHTREE CITY GA
420 AM EDT WED JUN 28 2017


...................................

...THE MACON CLIMATE SUMMARY FOR JUNE 27 2017...

CLIMATE NORMAL PERIOD 1981 TO 2010
CLIMATE RECORD PERIOD 1899 TO 2017


WEATHER ITEM   OBSERVED TIME   RECORD YEAR NORMAL DEPARTURE LAST
                VALUE   (LST)  VALUE       VALUE  FROM      YEAR
                                                  NORMAL
..................................................................
TEMPERATURE (F)
 YESTERDAY
  MAXIMUM         86    240 PM 104    1954  92     -6       97
  MINIMUM         65    613 AM  57    2012  70     -5       68
  AVERAGE         76                        81     -5       83

PRECIPITATION (IN)
  YESTERDAY        0.00          1.63 1972   0.14  -0.14     0.00
  MONTH TO DATE    4.55                      3.62   0.93     1.23
  SINCE JUN 1      4.55                      3.62   0.93     1.23
  SINCE JAN 1     28.28                     22.45   5.83    19.19

DEGREE DAYS
 HEATING
  YESTERDAY        0                         0      0        0
  MONTH TO DATE    0                         0      0        0
  SINCE JUN 1      0                         0      0        0
  SINCE JUL 1   1480                      2322   -842     1798

 COOLING
  YESTERDAY       11                        16     -5       18
  MONTH TO DATE  352                       372    -20      443
  SINCE JUN 1    352                       372    -20      443
  SINCE JAN 1    797                       685    112      795
..................................................................


WIND (MPH)
  RESULTANT WIND SPEED   2   RESULTANT WIND DIRECTION  NE (50)
  HIGHEST WIND SPEED    10   HIGHEST WIND DIRECTION     N (20)
  HIGHEST GUST SPEED    17   HIGHEST GUST DIRECTION     N (340)
  AVERAGE WIND SPEED     3.2


SKY COVER
  AVERAGE SKY COVER 0.1


WEATHER CONDITIONS
 THE FOLLOWING WEATHER WAS RECORDED YESTERDAY.
  NO SIGNIFICANT WEATHER WAS OBSERVED.


RELATIVE HUMIDITY (PERCENT)
 HIGHEST    93          1200 AM
 LOWEST     43          1200 PM
 AVERAGE    68

..........................................................


THE MACON CLIMATE NORMALS FOR TODAY
                         NORMAL    RECORD    YEAR
 MAXIMUM TEMPERATURE (F)   92       106      1954
 MINIMUM TEMPERATURE (F)   70        55      1968


SUNRISE AND SUNSET
JUNE 28 2017..........SUNRISE   629 AM EDT   SUNSET   846 PM EDT
JUNE 29 2017..........SUNRISE   630 AM EDT   SUNSET   846 PM EDT


-  INDICATES NEGATIVE NUMBERS.
R  INDICATES RECORD WAS SET OR TIED.
MM INDICATES DATA IS MISSING.
T  INDICATES TRACE AMOUNT.




$$
