000
CDUS42 KMLB 300628
CLIMCO


CLIMATE REPORT
NATIONAL WEATHER SERVICE MELBOURNE FL
227 AM EDT SAT AUG 30 2014


...................................

...THE ORLANDO  CLIMATE SUMMARY FOR AUGUST 29 2014...

CLIMATE NORMAL PERIOD 1981 TO 2010
CLIMATE RECORD PERIOD 1892 TO 2014


WEATHER ITEM   OBSERVED TIME   RECORD YEAR NORMAL DEPARTURE LAST
                VALUE   (LST)  VALUE       VALUE  FROM      YEAR
                                                  NORMAL
..................................................................
TEMPERATURE (F)
 YESTERDAY
  MAXIMUM         91    217 PM  98    1936  91      0       92
                                      1914
  MINIMUM         74   1156 PM  65    1896  74      0       73
  AVERAGE         83                        82      1       83

PRECIPITATION (IN)
  YESTERDAY        0.33          2.07 1901   0.21   0.12     0.00
  MONTH TO DATE    6.96                      6.69   0.27     5.11
  SINCE JUN 1     20.39                     21.54  -1.15    23.78
  SINCE JAN 1     37.74                     36.17   1.57    34.65

SNOWFALL (IN)
  YESTERDAY        0.0
  MONTH TO DATE    0.0
  SINCE JUN 1      0.0
  SINCE JUL 1      0.0

DEGREE DAYS
 HEATING
  YESTERDAY        0                         0      0        0
  MONTH TO DATE    0                         0      0        0
  SINCE JUN 1      0                         0      0        0
  SINCE JUL 1      0                         0      0        0

 COOLING
  YESTERDAY       18                        17      1       18
  MONTH TO DATE  553                       521     32      543
  SINCE JUN 1   1626                      1560     66     1581
  SINCE JAN 1   2560                      2361    199     2453
..................................................................


WIND (MPH)
  HIGHEST WIND SPEED    18   HIGHEST WIND DIRECTION     S (190)
  HIGHEST GUST SPEED    23   HIGHEST GUST DIRECTION     S (190)
  AVERAGE WIND SPEED     6.5


SKY COVER
  AVERAGE SKY COVER 0.6


WEATHER CONDITIONS
 THE FOLLOWING WEATHER WAS RECORDED YESTERDAY.
  THUNDERSTORM
  RAIN
  LIGHT RAIN
  FOG


RELATIVE HUMIDITY (PERCENT)
 HIGHEST   100           400 AM
 LOWEST     60          1200 PM
 AVERAGE    80

..........................................................


THE ORLANDO  CLIMATE NORMALS FOR TODAY
                         NORMAL    RECORD    YEAR
 MAXIMUM TEMPERATURE (F)   91        99      1903
 MINIMUM TEMPERATURE (F)   74        66      1930
                                             1893


SUNRISE AND SUNSET
AUGUST 30 2014........SUNRISE   703 AM EDT   SUNSET   749 PM EDT
AUGUST 31 2014........SUNRISE   703 AM EDT   SUNSET   748 PM EDT


-  INDICATES NEGATIVE NUMBERS.
R  INDICATES RECORD WAS SET OR TIED.
MM INDICATES DATA IS MISSING.
T  INDICATES TRACE AMOUNT.




$$
