000
CDUS42 KMLB 250627
CLIMCO


CLIMATE REPORT
NATIONAL WEATHER SERVICE MELBOURNE FL
227 AM EDT SUN JUN 25 2017


...................................

...THE ORLANDO  CLIMATE SUMMARY FOR JUNE 24 2017...

CLIMATE NORMAL PERIOD 1981 TO 2010
CLIMATE RECORD PERIOD 1892 TO 2017


WEATHER ITEM   OBSERVED TIME   RECORD YEAR NORMAL DEPARTURE LAST
                VALUE   (LST)  VALUE       VALUE  FROM      YEAR
                                                  NORMAL
..................................................................
TEMPERATURE (F)
 YESTERDAY
  MAXIMUM         92    418 PM 100    1944  91      1       96
  MINIMUM         73    600 AM  66    1917  73      0       74
                                      1893
  AVERAGE         83                        82      1       85

PRECIPITATION (IN)
  YESTERDAY        T             3.64 1963   0.25  -0.25     0.00
  MONTH TO DATE    5.15                      6.10  -0.95     5.56
  SINCE JUN 1      5.15                      6.10  -0.95     5.56
  SINCE JAN 1     11.54                     20.73  -9.19    25.65

SNOWFALL (IN)
  YESTERDAY        0.0
  MONTH TO DATE    0.0
  SINCE JUN 1      0.0
  SINCE JUL 1      0.0

DEGREE DAYS
 HEATING
  YESTERDAY        0                         0      0        0
  MONTH TO DATE    0                         0      0        0
  SINCE JUN 1      0                         0      0        0
  SINCE JUL 1    209                       571   -362      370

 COOLING
  YESTERDAY       18                        17      1       20
  MONTH TO DATE  351                       388    -37      426
  SINCE JUN 1    351                       388    -37      426
  SINCE JAN 1   1387                      1189    198     1341
..................................................................


WIND (MPH)
  HIGHEST WIND SPEED    15   HIGHEST WIND DIRECTION    SE (150)
  HIGHEST GUST SPEED    22   HIGHEST GUST DIRECTION    SE (120)
  AVERAGE WIND SPEED     7.3


SKY COVER
  AVERAGE SKY COVER 0.5


WEATHER CONDITIONS
 THE FOLLOWING WEATHER WAS RECORDED YESTERDAY.
  THUNDERSTORM
  LIGHT RAIN


RELATIVE HUMIDITY (PERCENT)
 HIGHEST   100           200 AM
 LOWEST     52           200 PM
 AVERAGE    76

..........................................................


THE ORLANDO  CLIMATE NORMALS FOR TODAY
                         NORMAL    RECORD    YEAR
 MAXIMUM TEMPERATURE (F)   91        99      1950
                                             1948
                                             1914
 MINIMUM TEMPERATURE (F)   73        63      1960


SUNRISE AND SUNSET
JUNE 25 2017..........SUNRISE   630 AM EDT   SUNSET   826 PM EDT
JUNE 26 2017..........SUNRISE   630 AM EDT   SUNSET   826 PM EDT


-  INDICATES NEGATIVE NUMBERS.
R  INDICATES RECORD WAS SET OR TIED.
MM INDICATES DATA IS MISSING.
T  INDICATES TRACE AMOUNT.




$$
