000
CDUS42 KMLB 010641
CLIMCO


CLIMATE REPORT
NATIONAL WEATHER SERVICE MELBOURNE FL
141 AM EST SUN MAR 1 2015


...................................

...THE ORLANDO  CLIMATE SUMMARY FOR FEBRUARY 28 2015...

CLIMATE NORMAL PERIOD 1981 TO 2010
CLIMATE RECORD PERIOD 1892 TO 2015


WEATHER ITEM   OBSERVED TIME   RECORD YEAR NORMAL DEPARTURE LAST
                VALUE   (LST)  VALUE       VALUE  FROM      YEAR
                                                  NORMAL
..................................................................
TEMPERATURE (F)
 YESTERDAY
  MAXIMUM         68   1233 PM  89    1929  76     -8       72
                                      1903
  MINIMUM         57   1240 AM  29    1935  54      3       48
  AVERAGE         63                        65     -2       60

PRECIPITATION (IN)
  YESTERDAY        0.86          1.71 1946   0.09   0.77     0.00
  MONTH TO DATE    4.58                      2.38   2.20     2.12
  SINCE DEC 1      9.69                      7.31   2.38     5.31
  SINCE JAN 1      8.10                      4.73   3.37     5.04

SNOWFALL (IN)
  YESTERDAY        0.0
  MONTH TO DATE    0.0
  SINCE DEC 1      0.0
  SINCE JUL 1      0.0

DEGREE DAYS
 HEATING
  YESTERDAY        2                         3     -1        5
  MONTH TO DATE  153                       115     38       73
  SINCE DEC 1    388                       452    -64      341
  SINCE JUL 1    470                       499    -29      364

 COOLING
  YESTERDAY        0                         3     -3        0
  MONTH TO DATE   22                        59    -37      105
  SINCE DEC 1    178                       174      4      283
  SINCE JAN 1     74                       104    -30      150
..................................................................


WIND (MPH)
  HIGHEST WIND SPEED    18   HIGHEST WIND DIRECTION     E (80)
  HIGHEST GUST SPEED    23   HIGHEST GUST DIRECTION     E (70)
  AVERAGE WIND SPEED    10.5


SKY COVER
  AVERAGE SKY COVER 1.0


WEATHER CONDITIONS
 THE FOLLOWING WEATHER WAS RECORDED YESTERDAY.
  RAIN
  LIGHT RAIN
  FOG


RELATIVE HUMIDITY (PERCENT)
 HIGHEST    93           200 AM
 LOWEST     86          1200 AM
 AVERAGE    90

..........................................................


THE ORLANDO  CLIMATE NORMALS FOR TODAY
                         NORMAL    RECORD    YEAR
 MAXIMUM TEMPERATURE (F)   76        90      1918
 MINIMUM TEMPERATURE (F)   54        32      1968
                                             1920


SUNRISE AND SUNSET
MARCH  1 2015.........SUNRISE   650 AM EST   SUNSET   625 PM EST
MARCH  2 2015.........SUNRISE   649 AM EST   SUNSET   626 PM EST


-  INDICATES NEGATIVE NUMBERS.
R  INDICATES RECORD WAS SET OR TIED.
MM INDICATES DATA IS MISSING.
T  INDICATES TRACE AMOUNT.




$$
