000
CDUS42 KMLB 182017
CLIMCO


CLIMATE REPORT
NATIONAL WEATHER SERVICE MELBOURNE FL
416 PM EDT FRI AUG 18 2017


...................................

...THE ORLANDO  CLIMATE SUMMARY FOR AUGUST 18 2017...
VALID TODAY AS OF 0400 PM LOCAL TIME.

CLIMATE NORMAL PERIOD 1981 TO 2010
CLIMATE RECORD PERIOD 1892 TO 2017


WEATHER ITEM   OBSERVED TIME   RECORD YEAR NORMAL DEPARTURE LAST
                VALUE   (LST)  VALUE       VALUE  FROM      YEAR
                                                  NORMAL
..................................................................
TEMPERATURE (F)
 TODAY
  MAXIMUM         92    231 PM 101    1916  92      0       91
  MINIMUM         73    455 AM  67    2000  74     -1       75
                                      1893
  AVERAGE         83                        83      0       83

PRECIPITATION (IN)
  TODAY            0.00          2.57 1985   0.22  -0.22     0.61
  MONTH TO DATE    4.80                      4.28   0.52     7.63
  SINCE JUN 1     20.84                     19.13   1.71    19.33
  SINCE JAN 1     27.23                     33.76  -6.53    39.42

SNOWFALL (IN)
  TODAY            0.0
  MONTH TO DATE    0.0
  SINCE JUN 1      0.0
  SINCE JUL 1      0.0

DEGREE DAYS
 HEATING
  TODAY            0                         0      0        0
  MONTH TO DATE    0                         0      0        0
  SINCE JUN 1      0                         0      0        0
  SINCE JUL 1      0                         0      0        0

 COOLING
  TODAY           18                        18      0       18
  MONTH TO DATE  336                       324     12      332
  SINCE JUN 1   1328                      1363    -35     1505
  SINCE JAN 1   2364                      2164    200     2420
..................................................................


WIND (MPH)
  HIGHEST WIND SPEED    12   HIGHEST WIND DIRECTION    SE (150)
  HIGHEST GUST SPEED    16   HIGHEST GUST DIRECTION     S (170)
  AVERAGE WIND SPEED     2.4


SKY COVER
  AVERAGE SKY COVER 0.5


WEATHER CONDITIONS
 THE FOLLOWING WEATHER WAS RECORDED TODAY.
  NO SIGNIFICANT WEATHER WAS OBSERVED.


RELATIVE HUMIDITY (PERCENT)
 HIGHEST   100          1200 AM
 LOWEST     60           200 PM
 AVERAGE    80

..........................................................


THE ORLANDO  CLIMATE NORMALS FOR TOMORROW
                         NORMAL    RECORD    YEAR
 MAXIMUM TEMPERATURE (F)   92       100      1938
 MINIMUM TEMPERATURE (F)   74        66      1893


SUNRISE AND SUNSET
AUGUST 18 2017........SUNRISE   657 AM EDT   SUNSET   801 PM EDT
AUGUST 19 2017........SUNRISE   657 AM EDT   SUNSET   800 PM EDT


-  INDICATES NEGATIVE NUMBERS.
R  INDICATES RECORD WAS SET OR TIED.
MM INDICATES DATA IS MISSING.
T  INDICATES TRACE AMOUNT.




$$
