000
CDUS42 KMLB 082117
CLIMCO


CLIMATE REPORT
NATIONAL WEATHER SERVICE MELBOURNE FL
416 PM EST THU DEC 8 2016


...................................

...THE ORLANDO  CLIMATE SUMMARY FOR DECEMBER 8 2016...
VALID TODAY AS OF 0400 PM LOCAL TIME.

CLIMATE NORMAL PERIOD 1981 TO 2010
CLIMATE RECORD PERIOD 1892 TO 2016


WEATHER ITEM   OBSERVED TIME   RECORD YEAR NORMAL DEPARTURE LAST
                VALUE   (LST)  VALUE       VALUE  FROM      YEAR
                                                  NORMAL
..................................................................
TEMPERATURE (F)
 TODAY
  MAXIMUM         74    221 PM  88    1978  74      0       78
  MINIMUM         56    813 AM  25    1937  54      2       54
  AVERAGE         65                        64      1       66

PRECIPITATION (IN)
  TODAY            0.00          1.40 1989   0.08  -0.08     0.00
  MONTH TO DATE    0.76                      0.66   0.10     0.20
  SINCE DEC 1      0.76                      0.66   0.10     0.20
  SINCE JAN 1     52.54                     48.81   3.73    53.56

SNOWFALL (IN)
  TODAY            0.0
  MONTH TO DATE    0.0
  SINCE DEC 1      0.0
  SINCE JUL 1      0.0

DEGREE DAYS
 HEATING
  TODAY            0                         4     -4        0
  MONTH TO DATE    0                        26    -26        0
  SINCE DEC 1      0                        26    -26        0
  SINCE JUL 1     23                        73    -50        9

 COOLING
  TODAY            0                         3     -3        1
  MONTH TO DATE   45                        24     21       40
  SINCE DEC 1     45                        24     21       40
  SINCE JAN 1   3749                      3378    371     4082
..................................................................


WIND (MPH)
  HIGHEST WIND SPEED    14   HIGHEST WIND DIRECTION     N (360)
  HIGHEST GUST SPEED    17   HIGHEST GUST DIRECTION    NW (320)
  AVERAGE WIND SPEED     7.4


SKY COVER
  AVERAGE SKY COVER 0.4


WEATHER CONDITIONS
 THE FOLLOWING WEATHER WAS RECORDED TODAY.
  FOG
  FOG W/VISIBILITY <= 1/4 MILE


RELATIVE HUMIDITY (PERCENT)
 HIGHEST   100           800 AM
 LOWEST     53           200 PM
 AVERAGE    77

..........................................................


THE ORLANDO  CLIMATE NORMALS FOR TOMORROW
                         NORMAL    RECORD    YEAR
 MAXIMUM TEMPERATURE (F)   74        87      1978
 MINIMUM TEMPERATURE (F)   54        29      1934


SUNRISE AND SUNSET
DECEMBER  8 2016......SUNRISE   706 AM EST   SUNSET   529 PM EST
DECEMBER  9 2016......SUNRISE   706 AM EST   SUNSET   529 PM EST


-  INDICATES NEGATIVE NUMBERS.
R  INDICATES RECORD WAS SET OR TIED.
MM INDICATES DATA IS MISSING.
T  INDICATES TRACE AMOUNT.




$$
