000
CDUS42 KMLB 142242
CLIMCO


CLIMATE REPORT
NATIONAL WEATHER SERVICE MELBOURNE FL
542 PM EST THU DEC 14 2017


...................................

...THE ORLANDO  CLIMATE SUMMARY FOR DECEMBER 14 2017...
VALID TODAY AS OF 0400 PM LOCAL TIME.

CLIMATE NORMAL PERIOD 1981 TO 2010
CLIMATE RECORD PERIOD 1892 TO 2017


WEATHER ITEM   OBSERVED TIME   RECORD YEAR NORMAL DEPARTURE LAST
                VALUE   (LST)  VALUE       VALUE  FROM      YEAR
                                                  NORMAL
..................................................................
TEMPERATURE (F)
 TODAY
  MAXIMUM         74    219 PM  86    1972  73      1       84
                                      1919
  MINIMUM         37   1250 AM  28    2010  53    -16       62
                                      1962
  AVERAGE         56                        63     -7       73

PRECIPITATION (IN)
  TODAY            0.00          1.95 1914   0.08  -0.08     0.00
  MONTH TO DATE    0.35                      1.14  -0.79     0.78
  SINCE DEC 1      0.35                      1.14  -0.79     0.78
  SINCE JAN 1     46.62                     49.29  -2.67    52.56

SNOWFALL (IN)
  TODAY            0.0
  MONTH TO DATE    0.0
  SINCE DEC 1      0.0
  SINCE JUL 1      0.0

DEGREE DAYS
 HEATING
  TODAY            9                         4      5        0
  MONTH TO DATE   69                        50     19       10
  SINCE DEC 1     69                        50     19       10
  SINCE JUL 1     93                        97     -4       33

 COOLING
  TODAY            0                         2     -2        8
  MONTH TO DATE   45                        37      8       69
  SINCE DEC 1     45                        37      8       69
  SINCE JAN 1   3648                      3391    257     3773
..................................................................


WIND (MPH)
  HIGHEST WIND SPEED    15   HIGHEST WIND DIRECTION     W (250)
  HIGHEST GUST SPEED    22   HIGHEST GUST DIRECTION    SW (210)
  AVERAGE WIND SPEED     6.0


SKY COVER
  AVERAGE SKY COVER 0.3


WEATHER CONDITIONS
 THE FOLLOWING WEATHER WAS RECORDED TODAY.
  NO SIGNIFICANT WEATHER WAS OBSERVED.


RELATIVE HUMIDITY (PERCENT)
 HIGHEST   100           800 AM
 LOWEST     46           300 PM
 AVERAGE    73

..........................................................


THE ORLANDO  CLIMATE NORMALS FOR TOMORROW
                         NORMAL    RECORD    YEAR
 MAXIMUM TEMPERATURE (F)   73        86      1971
                                             1931
                                             1919
 MINIMUM TEMPERATURE (F)   53        30      1944


SUNRISE AND SUNSET
DECEMBER 14 2017......SUNRISE   710 AM EST   SUNSET   531 PM EST
DECEMBER 15 2017......SUNRISE   710 AM EST   SUNSET   531 PM EST


-  INDICATES NEGATIVE NUMBERS.
R  INDICATES RECORD WAS SET OR TIED.
MM INDICATES DATA IS MISSING.
T  INDICATES TRACE AMOUNT.




$$
