000
CDUS42 KMLB 030627
CLIMCO


CLIMATE REPORT
NATIONAL WEATHER SERVICE MELBOURNE FL
227 AM EDT WED SEP 3 2014


...................................

...THE ORLANDO  CLIMATE SUMMARY FOR SEPTEMBER 2 2014...

CLIMATE NORMAL PERIOD 1981 TO 2010
CLIMATE RECORD PERIOD 1892 TO 2014


WEATHER ITEM   OBSERVED TIME   RECORD YEAR NORMAL DEPARTURE LAST
                VALUE   (LST)  VALUE       VALUE  FROM      YEAR
                                                  NORMAL
..................................................................
TEMPERATURE (F)
 YESTERDAY
  MAXIMUM         94    201 PM  98    1918  91      3       91
  MINIMUM         75    551 AM  64    1893  74      1       73
  AVERAGE         85                        82      3       82

PRECIPITATION (IN)
  YESTERDAY        T             2.38 1941   0.22  -0.22     0.47
  MONTH TO DATE    T                         0.44  -0.44     2.39
  SINCE SEP 1      T                         0.44  -0.44     2.39
  SINCE JAN 1     37.79                     37.05   0.74    37.98

SNOWFALL (IN)
  YESTERDAY        0.0
  MONTH TO DATE    0.0
  SINCE SEP 1      0.0
  SINCE JUL 1      0.0

DEGREE DAYS
 HEATING
  YESTERDAY        0                         0      0        0
  MONTH TO DATE    0                         0      0        0
  SINCE SEP 1      0                         0      0        0
  SINCE JUL 1      0                         0      0        0

 COOLING
  YESTERDAY       20                        17      3       17
  MONTH TO DATE   39                        34      5       35
  SINCE SEP 1     39                        34      5       35
  SINCE JAN 1   2637                      2427    210     2526
..................................................................


WIND (MPH)
  HIGHEST WIND SPEED    21   HIGHEST WIND DIRECTION     E (110)
  HIGHEST GUST SPEED    25   HIGHEST GUST DIRECTION    SE (130)
  AVERAGE WIND SPEED     5.0


SKY COVER
  AVERAGE SKY COVER 0.5


WEATHER CONDITIONS
 THE FOLLOWING WEATHER WAS RECORDED YESTERDAY.
  THUNDERSTORM
  LIGHT RAIN


RELATIVE HUMIDITY (PERCENT)
 HIGHEST   100           500 AM
 LOWEST     49          1200 PM
 AVERAGE    75

..........................................................


THE ORLANDO  CLIMATE NORMALS FOR TODAY
                         NORMAL    RECORD    YEAR
 MAXIMUM TEMPERATURE (F)   91        97      1944
                                             1921
                                             1912
 MINIMUM TEMPERATURE (F)   74        60      1934


SUNRISE AND SUNSET
SEPTEMBER  3 2014.....SUNRISE   704 AM EDT   SUNSET   744 PM EDT
SEPTEMBER  4 2014.....SUNRISE   705 AM EDT   SUNSET   743 PM EDT


-  INDICATES NEGATIVE NUMBERS.
R  INDICATES RECORD WAS SET OR TIED.
MM INDICATES DATA IS MISSING.
T  INDICATES TRACE AMOUNT.




$$
