000
CDUS42 KMLB 250648
CLIMCO


CLIMATE REPORT
NATIONAL WEATHER SERVICE MELBOURNE FL
237 AM EDT MON JUL 25 2016


...................................

...THE ORLANDO  CLIMATE SUMMARY FOR JULY 24 2016...

CLIMATE NORMAL PERIOD 1981 TO 2010
CLIMATE RECORD PERIOD 1892 TO 2016


WEATHER ITEM   OBSERVED TIME   RECORD YEAR NORMAL DEPARTURE LAST
                VALUE   (LST)  VALUE       VALUE  FROM      YEAR
                                                  NORMAL
..................................................................
TEMPERATURE (F)
 YESTERDAY
  MAXIMUM         95    243 PM  99    1892  92      3       88
  MINIMUM         74   1141 PM  66    1893  74      0       76
  AVERAGE         85                        83      2       82

PRECIPITATION (IN)
  YESTERDAY        0.00          2.48 1954   0.24  -0.24     0.15
  MONTH TO DATE    2.54                      5.58  -3.04     3.44
  SINCE JUN 1     10.25                     13.16  -2.91    10.23
  SINCE JAN 1     30.34                     27.79   2.55    24.22

SNOWFALL (IN)
  YESTERDAY        0.0
  MONTH TO DATE    0.0
  SINCE JUN 1      0.0
  SINCE JUL 1      0.0

DEGREE DAYS
 HEATING
  YESTERDAY        0                         0      0        0
  MONTH TO DATE    0                         0      0        0
  SINCE JUN 1      0                         0      0        0
  SINCE JUL 1      0                         0      0        0

 COOLING
  YESTERDAY       20                        18      2       17
  MONTH TO DATE  492                       424     68      457
  SINCE JUN 1   1031                       914    117     1003
  SINCE JAN 1   1946                      1715    231     2183
..................................................................


WIND (MPH)
  HIGHEST WIND SPEED    20   HIGHEST WIND DIRECTION    SE (120)
  HIGHEST GUST SPEED    25   HIGHEST GUST DIRECTION    SE (140)
  AVERAGE WIND SPEED     5.8


SKY COVER
  AVERAGE SKY COVER 0.4


WEATHER CONDITIONS
 THE FOLLOWING WEATHER WAS RECORDED YESTERDAY.
  NO SIGNIFICANT WEATHER WAS OBSERVED.


RELATIVE HUMIDITY (PERCENT)
 HIGHEST    94           400 AM
 LOWEST     39           100 PM
 AVERAGE    67

..........................................................


THE ORLANDO  CLIMATE NORMALS FOR TODAY
                         NORMAL    RECORD    YEAR
 MAXIMUM TEMPERATURE (F)   92        99      1962
                                             1914
 MINIMUM TEMPERATURE (F)   74        67      1918


SUNRISE AND SUNSET
JULY 25 2016..........SUNRISE   643 AM EDT   SUNSET   820 PM EDT
JULY 26 2016..........SUNRISE   644 AM EDT   SUNSET   819 PM EDT


-  INDICATES NEGATIVE NUMBERS.
R  INDICATES RECORD WAS SET OR TIED.
MM INDICATES DATA IS MISSING.
T  INDICATES TRACE AMOUNT.




$$
