000
CDUS43 KDMX 190640
CLIMCW

CLIMATE REPORT
NATIONAL WEATHER SERVICE DES MOINES IA
137 AM CDT SAT AUG 19 2017

...................................

...THE MASON CITY IA CLIMATE SUMMARY FOR AUGUST 18 2017...

CLIMATE NORMAL PERIOD 1981 TO 2010
CLIMATE RECORD PERIOD 1893 TO 2017


WEATHER ITEM   OBSERVED TIME   RECORD YEAR NORMAL DEPARTURE LAST
                VALUE   (LST)  VALUE       VALUE  FROM      YEAR
                                                  NORMAL
..................................................................
TEMPERATURE (F)
 YESTERDAY
  MAXIMUM         77    203 PM  99    1947  81     -4       88
  MINIMUM         56    239 AM  40    1895  58     -2       61
  AVERAGE         67                        69     -2       75

PRECIPITATION (IN)
  YESTERDAY        0.05          2.22 1942   0.13  -0.08     0.00
  MONTH TO DATE    1.99                      2.42  -0.43     3.84
  SINCE JUN 1      8.19                     12.26  -4.07    17.24
  SINCE JAN 1     22.34                     24.74  -2.40    28.45

SNOWFALL (IN)
  YESTERDAY        0.0          MM      MM   0.0    0.0      0.0
  MONTH TO DATE    0.0                       0.0    0.0      0.0
  SINCE JUN 1      0.0                       0.0    0.0      0.0
  SINCE JUL 1      0.0                       0.0    0.0      0.0
  SNOW DEPTH       0

DEGREE DAYS
 HEATING
  YESTERDAY        0                         1     -1        0
  MONTH TO DATE   15                        13      2        0
  SINCE JUN 1     37                        66    -29       18
  SINCE JUL 1     16                        22     -6       10

 COOLING
  YESTERDAY        2                         5     -3       10
  MONTH TO DATE   39                       104    -65      123
  SINCE JUN 1    454                       463     -9      526
  SINCE JAN 1    479                       498    -19      567
..................................................................


WIND (MPH)
  HIGHEST WIND SPEED    13   HIGHEST WIND DIRECTION    NE (50)
  HIGHEST GUST SPEED    15   HIGHEST GUST DIRECTION    NE (50)
  AVERAGE WIND SPEED     4.3


SKY COVER
  POSSIBLE SUNSHINE  MM
  AVERAGE SKY COVER 0.4


WEATHER CONDITIONS
 THE FOLLOWING WEATHER WAS RECORDED YESTERDAY.
  HEAVY RAIN
  LIGHT RAIN
  FOG


RELATIVE HUMIDITY (PERCENT)
 HIGHEST   100           200 AM
 LOWEST     54           200 PM
 AVERAGE    77

..........................................................


THE MASON CITY IA CLIMATE NORMALS FOR TODAY
                         NORMAL    RECORD    YEAR
 MAXIMUM TEMPERATURE (F)   81        98      1983
 MINIMUM TEMPERATURE (F)   58        38      1897


SUNRISE AND SUNSET
AUGUST 19 2017........SUNRISE   624 AM CDT   SUNSET   809 PM CDT
AUGUST 20 2017........SUNRISE   625 AM CDT   SUNSET   808 PM CDT


-  INDICATES NEGATIVE NUMBERS.
R  INDICATES RECORD WAS SET OR TIED.
MM INDICATES DATA IS MISSING.
T  INDICATES TRACE AMOUNT.

$$

ANSORGE
