000
CDUS43 KDMX 160638 RRA
CLIMCW

CLIMATE REPORT
NATIONAL WEATHER SERVICE DES MOINES IA
137 AM CDT TUE SEP 16 2014


...................................

...THE MASON CITY IA CLIMATE SUMMARY FOR SEPTEMBER 15 2014...

CLIMATE NORMAL PERIOD 1981 TO 2010
CLIMATE RECORD PERIOD 1893 TO 2014


WEATHER ITEM   OBSERVED TIME   RECORD YEAR NORMAL DEPARTURE LAST
                VALUE   (LST)  VALUE       VALUE  FROM      YEAR
                                                  NORMAL
..................................................................
TEMPERATURE (F)
 YESTERDAY
  MAXIMUM         62    357 PM  95    1939  74    -12       65
  MINIMUM         39   1155 PM  26    2011  49    -10       51
  AVERAGE         51                        61    -10       58

PRECIPITATION (IN)
  YESTERDAY        0.35          2.86 1936   0.11   0.24     0.26
  MONTH TO DATE    1.87                      1.69   0.18     0.66
  SINCE SEP 1      1.87                      1.69   0.18     0.66
  SINCE JAN 1     30.52                     28.05   2.47    34.04

SNOWFALL (IN)
  YESTERDAY        0.0           0.0  2002   0.0    0.0      0.0
                                      2001
  MONTH TO DATE    0.0                       0.0    0.0      0.0
  SINCE SEP 1      0.0                       0.0    0.0      0.0
  SINCE JUL 1      0.0                       0.0    0.0      0.0
  SNOW DEPTH       0

DEGREE DAYS
 HEATING
  YESTERDAY       14                         5      9        7
  MONTH TO DATE  103                        53     50       36
  SINCE SEP 1    103                        53     50       36
  SINCE JUL 1    124                        89     35       74

 COOLING
  YESTERDAY        0                         2     -2        0
  MONTH TO DATE   26                        39    -13       92
  SINCE SEP 1     26                        39    -13       92
  SINCE JAN 1    537                       595    -58      684
..................................................................


WIND (MPH)
  HIGHEST WIND SPEED    16   HIGHEST WIND DIRECTION     N (360)
  HIGHEST GUST SPEED    21   HIGHEST GUST DIRECTION     N (10)
  AVERAGE WIND SPEED     7.4


SKY COVER
  POSSIBLE SUNSHINE  MM
  AVERAGE SKY COVER 0.7


WEATHER CONDITIONS
 THE FOLLOWING WEATHER WAS RECORDED YESTERDAY.
  HEAVY RAIN
  RAIN
  LIGHT RAIN
  FOG


RELATIVE HUMIDITY (PERCENT)
 HIGHEST   100           700 AM
 LOWEST     48           400 PM
 AVERAGE    74

..........................................................


THE MASON CITY IA CLIMATE NORMALS FOR TODAY
                         NORMAL    RECORD    YEAR
 MAXIMUM TEMPERATURE (F)   73        94      1931
 MINIMUM TEMPERATURE (F)   48        30      1937


SUNRISE AND SUNSET
SEPTEMBER 16 2014.....SUNRISE   654 AM CDT   SUNSET   721 PM CDT
SEPTEMBER 17 2014.....SUNRISE   655 AM CDT   SUNSET   720 PM CDT


-  INDICATES NEGATIVE NUMBERS.
R  INDICATES RECORD WAS SET OR TIED.
MM INDICATES DATA IS MISSING.
T  INDICATES TRACE AMOUNT.




$$
