000
CDUS43 KDMX 260629 RRC
CLIMCW

CLIMATE REPORT
NATIONAL WEATHER SERVICE DES MOINES IA
126 AM CDT TUE MAY 26 2015


...................................

...THE MASON CITY IA CLIMATE SUMMARY FOR MAY 25 2015...

CLIMATE NORMAL PERIOD 1981 TO 2010
CLIMATE RECORD PERIOD 1893 TO 2015


WEATHER ITEM   OBSERVED TIME   RECORD YEAR NORMAL DEPARTURE LAST
                VALUE   (LST)  VALUE       VALUE  FROM      YEAR
                                                  NORMAL
..................................................................
TEMPERATURE (F)
 YESTERDAY
  MAXIMUM         78    458 PM  94    1978  73      5       77
  MINIMUM         62    622 AM  29    1925  50     12       52
  AVERAGE         70                        61      9       65

PRECIPITATION (IN)
  YESTERDAY        0.03          2.08 1904   0.16  -0.13     0.00
  MONTH TO DATE    2.82                      3.73  -0.91     2.10
  SINCE MAR 1      8.42                      9.71  -1.29    10.79
  SINCE JAN 1     10.49                     11.53  -1.04    13.81

SNOWFALL (IN)
  YESTERDAY        0.0          MM      MM   0.0    0.0      0.0
  MONTH TO DATE    0.0                       0.1   -0.1      0.0
  SINCE MAR 1      4.2                       8.8   -4.6     11.9
  SINCE JUL 1     40.0                      41.3   -1.3     58.0
  SNOW DEPTH       0

DEGREE DAYS
 HEATING
  YESTERDAY        0                         5     -5        0
  MONTH TO DATE  179                       209    -30      247
  SINCE MAR 1   1594                      1758   -164     2065
  SINCE JUL 1   7657                      7609     48     8611

 COOLING
  YESTERDAY        5                         1      4        0
  MONTH TO DATE   22                        17      5        7
  SINCE MAR 1     22                        22      0        7
  SINCE JAN 1     22                        22      0        7
..................................................................


WIND (MPH)
  HIGHEST WIND SPEED    26   HIGHEST WIND DIRECTION    SW (220)
  HIGHEST GUST SPEED    33   HIGHEST GUST DIRECTION    SW (220)
  AVERAGE WIND SPEED    12.8


SKY COVER
  POSSIBLE SUNSHINE  MM
  AVERAGE SKY COVER 0.7


WEATHER CONDITIONS
 THE FOLLOWING WEATHER WAS RECORDED YESTERDAY.
  THUNDERSTORM
  LIGHT RAIN
  FOG
  HAZE


RELATIVE HUMIDITY (PERCENT)
 HIGHEST   100          1200 AM
 LOWEST     48           400 PM
 AVERAGE    74

..........................................................


THE MASON CITY IA CLIMATE NORMALS FOR TODAY
                         NORMAL    RECORD    YEAR
 MAXIMUM TEMPERATURE (F)   73        93      1967
 MINIMUM TEMPERATURE (F)   50        31      1961


SUNRISE AND SUNSET
MAY 26 2015...........SUNRISE   540 AM CDT   SUNSET   841 PM CDT
MAY 27 2015...........SUNRISE   539 AM CDT   SUNSET   842 PM CDT


-  INDICATES NEGATIVE NUMBERS.
R  INDICATES RECORD WAS SET OR TIED.
MM INDICATES DATA IS MISSING.
T  INDICATES TRACE AMOUNT.




$$
