000
CDUS43 KDMX 290733
CLIMCW

CLIMATE REPORT
NATIONAL WEATHER SERVICE DES MOINES IA
225 AM CDT FRI AUG 29 2014

...................................

...THE MASON CITY IA CLIMATE SUMMARY FOR AUGUST 28 2014...

CLIMATE NORMAL PERIOD 1981 TO 2010
CLIMATE RECORD PERIOD 1893 TO 2014

WEATHER ITEM   OBSERVED TIME   RECORD YEAR NORMAL DEPARTURE LAST
                VALUE   (LST)  VALUE       VALUE  FROM      YEAR
                                                  NORMAL
..................................................................
TEMPERATURE (F)
 YESTERDAY
  MAXIMUM         71   1014 PM  97    1894  79     -8       91
  MINIMUM         62    437 AM  36    1935  56      6       69
  AVERAGE         67                        68     -1       80

PRECIPITATION (IN)
  YESTERDAY        0.62          3.12 1995   0.12   0.50     0.00
  MONTH TO DATE    3.59                      3.66  -0.07     2.26
  SINCE JUN 1     13.13                     13.50  -0.37    11.94
  SINCE JAN 1     27.17                     25.98   1.19    33.38

SNOWFALL (IN)
  YESTERDAY        0.0          MM      MM   0.0    0.0      0.0
  MONTH TO DATE    0.0                       0.0    0.0      0.0
  SINCE JUN 1      0.0                       0.0    0.0      0.0
  SINCE JUL 1      0.0                       0.0    0.0      0.0
  SNOW DEPTH       0

DEGREE DAYS
 HEATING
  YESTERDAY        0                         1     -1        0
  MONTH TO DATE    0                        23    -23       18
  SINCE JUN 1     34                        76    -42       91
  SINCE JUL 1     21                        32    -11       38

 COOLING
  YESTERDAY        2                         4     -2       15
  MONTH TO DATE  180                       150     30      146
  SINCE JUN 1    436                       509    -73      517
  SINCE JAN 1    489                       544    -55      554
..................................................................

WIND (MPH)
  HIGHEST WIND SPEED    16   HIGHEST WIND DIRECTION    SE (130)
  HIGHEST GUST SPEED    22   HIGHEST GUST DIRECTION    SE (120)
  AVERAGE WIND SPEED     8.7

SKY COVER
  POSSIBLE SUNSHINE  MM
  AVERAGE SKY COVER 0.8

WEATHER CONDITIONS
 THE FOLLOWING WEATHER WAS RECORDED YESTERDAY.
  HEAVY RAIN
  RAIN
  LIGHT RAIN
  FOG

RELATIVE HUMIDITY (PERCENT)
 HIGHEST   100          1200 AM
 LOWEST     93           100 AM
 AVERAGE    97
..........................................................

THE MASON CITY IA CLIMATE NORMALS FOR TODAY
                         NORMAL    RECORD    YEAR
 MAXIMUM TEMPERATURE (F)   79        97      2012
 MINIMUM TEMPERATURE (F)   56        34      1893

SUNRISE AND SUNSET
AUGUST 29 2014........SUNRISE   634 AM CDT   SUNSET   753 PM CDT
AUGUST 30 2014........SUNRISE   635 AM CDT   SUNSET   752 PM CDT

-  INDICATES NEGATIVE NUMBERS.
R  INDICATES RECORD WAS SET OR TIED.
MM INDICATES DATA IS MISSING.
T  INDICATES TRACE AMOUNT.

$$

FAB
