000
CDUS43 KDMX 260630 RRA
CLIMCW

CLIMATE REPORT
NATIONAL WEATHER SERVICE DES MOINES IA
1229 AM CST WED NOV 26 2014


...................................

...THE MASON CITY IA CLIMATE SUMMARY FOR NOVEMBER 25 2014...

CLIMATE NORMAL PERIOD 1981 TO 2010
CLIMATE RECORD PERIOD 1893 TO 2014


WEATHER ITEM   OBSERVED TIME   RECORD YEAR NORMAL DEPARTURE LAST
                VALUE   (LST)  VALUE       VALUE  FROM      YEAR
                                                  NORMAL
..................................................................
TEMPERATURE (F)
 YESTERDAY
  MAXIMUM         29    309 PM  68    1960  37     -8       42
  MINIMUM          7    747 AM -13    1977  19    -12       23
  AVERAGE         18                        28    -10       33

PRECIPITATION (IN)
  YESTERDAY        0.00          0.51 1942   0.05  -0.05      T
  MONTH TO DATE    0.29                      1.61  -1.32     1.44
  SINCE SEP 1      5.05                      7.33  -2.28     4.45
  SINCE JAN 1     33.70                     33.69   0.01    37.83

SNOWFALL (IN)
  YESTERDAY        0.0          10.0  1930   0.2   -0.2       T
  MONTH TO DATE    5.4                       3.1    2.3      1.5
  SINCE SEP 1      5.4                       3.5    1.9      1.5
  SINCE JUL 1      5.4                       3.5    1.9      1.5
  SNOW DEPTH       1

DEGREE DAYS
 HEATING
  YESTERDAY       47                        37     10       32
  MONTH TO DATE  939                       748    191      790
  SINCE SEP 1   1643                      1450    193     1410
  SINCE JUL 1   1664                      1486    178     1448

 COOLING
  YESTERDAY        0                         0      0        0
  MONTH TO DATE    0                         0      0        0
  SINCE SEP 1     33                        60    -27      126
  SINCE JAN 1    544                       616    -72      718
..................................................................


WIND (MPH)
  HIGHEST WIND SPEED    20   HIGHEST WIND DIRECTION    NW (320)
  HIGHEST GUST SPEED    24   HIGHEST GUST DIRECTION    NW (320)
  AVERAGE WIND SPEED     9.9


SKY COVER
  POSSIBLE SUNSHINE  MM
  AVERAGE SKY COVER 0.3


WEATHER CONDITIONS
 THE FOLLOWING WEATHER WAS RECORDED YESTERDAY.
  NO SIGNIFICANT WEATHER WAS OBSERVED.


RELATIVE HUMIDITY (PERCENT)
 HIGHEST    92           500 AM
 LOWEST     50           100 PM
 AVERAGE    71

..........................................................


THE MASON CITY IA CLIMATE NORMALS FOR TODAY
                         NORMAL    RECORD    YEAR
 MAXIMUM TEMPERATURE (F)   36        65      1998
 MINIMUM TEMPERATURE (F)   19       -16      1977


SUNRISE AND SUNSET
NOVEMBER 26 2014......SUNRISE   720 AM CST   SUNSET   441 PM CST
NOVEMBER 27 2014......SUNRISE   721 AM CST   SUNSET   441 PM CST


-  INDICATES NEGATIVE NUMBERS.
R  INDICATES RECORD WAS SET OR TIED.
MM INDICATES DATA IS MISSING.
T  INDICATES TRACE AMOUNT.




$$
