000
CDUS43 KDMX 250638
CLIMCW

CLIMATE REPORT
NATIONAL WEATHER SERVICE DES MOINES IA
138 AM CDT FRI JUL 25 2014

...................................

...THE MASON CITY IA CLIMATE SUMMARY FOR JULY 24 2014...

CLIMATE NORMAL PERIOD 1981 TO 2010
CLIMATE RECORD PERIOD 1893 TO 2014


WEATHER ITEM   OBSERVED TIME   RECORD YEAR NORMAL DEPARTURE LAST
                VALUE   (LST)  VALUE       VALUE  FROM      YEAR
                                                  NORMAL
..................................................................
TEMPERATURE (F)
 YESTERDAY
  MAXIMUM         81    156 PM 104    1901  83     -2       77
  MINIMUM         51    523 AM  46    1931  61    -10       49
  AVERAGE         66                        72     -6       63

PRECIPITATION (IN)
  YESTERDAY        0.01          2.00 1986   0.15  -0.14     0.00
  MONTH TO DATE    0.41                      3.68  -3.27     1.60
  SINCE JUN 1      9.05                      8.82   0.23     8.04
  SINCE JAN 1     23.09                     21.30   1.79    29.48

SNOWFALL (IN)
  YESTERDAY        0.0          MM      MM   0.0    0.0      0.0
  MONTH TO DATE    0.0                       0.0    0.0      0.0
  SINCE JUN 1      0.0                       0.0    0.0      0.0
  SINCE JUL 1      0.0                       0.0    0.0      0.0
  SNOW DEPTH       0

DEGREE DAYS
 HEATING
  YESTERDAY        0                         0      0        2
  MONTH TO DATE   21                         0     21        2
  SINCE JUN 1     34                        44    -10       55
  SINCE JUL 1     21                         0     21        2

 COOLING
  YESTERDAY        1                         7     -6        0
  MONTH TO DATE   96                       170    -74      211
  SINCE JUN 1    232                       308    -76      357
  SINCE JAN 1    285                       343    -58      394
..................................................................


WIND (MPH)
  HIGHEST WIND SPEED    22   HIGHEST WIND DIRECTION     S (170)
  HIGHEST GUST SPEED    26   HIGHEST GUST DIRECTION    SW (210)
  AVERAGE WIND SPEED     6.6


SKY COVER
  POSSIBLE SUNSHINE  MM
  AVERAGE SKY COVER 0.2


WEATHER CONDITIONS
 THE FOLLOWING WEATHER WAS RECORDED YESTERDAY.
  LIGHT RAIN
  FOG


RELATIVE HUMIDITY (PERCENT)
 HIGHEST   100           400 AM
 LOWEST     51           200 PM
 AVERAGE    76

..........................................................


THE MASON CITY IA CLIMATE NORMALS FOR TODAY
                         NORMAL    RECORD    YEAR
 MAXIMUM TEMPERATURE (F)   83        99      2012
 MINIMUM TEMPERATURE (F)   61        48      1895


SUNRISE AND SUNSET
JULY 25 2014..........SUNRISE   557 AM CDT   SUNSET   842 PM CDT
JULY 26 2014..........SUNRISE   558 AM CDT   SUNSET   841 PM CDT


-  INDICATES NEGATIVE NUMBERS.
R  INDICATES RECORD WAS SET OR TIED.
MM INDICATES DATA IS MISSING.
T  INDICATES TRACE AMOUNT.

$$

SMALL
