000
CDUS41 KCTP 200613
CLIMDT


CLIMATE REPORT
NATIONAL WEATHER SERVICE STATE COLLEGE PA
213 AM EDT FRI OCT 20 2017


...................................

...THE HARRISBURG PA CLIMATE SUMMARY FOR OCTOBER 19 2017...

CLIMATE NORMAL PERIOD 1981 TO 2010
CLIMATE RECORD PERIOD 1888 TO 2017


WEATHER ITEM   OBSERVED TIME   RECORD YEAR NORMAL DEPARTURE LAST
                VALUE   (LST)  VALUE       VALUE  FROM      YEAR
                                                  NORMAL
..................................................................
TEMPERATURE (F)
 YESTERDAY
  MAXIMUM         74    253 PM  85    2016  63     11       85
  MINIMUM         44    634 AM  28    1976  44      0       63
  AVERAGE         59                        53      6       74

PRECIPITATION (IN)
  YESTERDAY        0.00          1.64 1937   0.11  -0.11     0.00
  MONTH TO DATE    2.16                      2.15   0.01     0.58
  SINCE SEP 1      4.71                      6.22  -1.51     5.00
  SINCE JAN 1     38.92                     33.16   5.76    35.77

SNOWFALL (IN)
  YESTERDAY        0.0           1.2  1972   0.0    0.0      0.0
  MONTH TO DATE    0.0                       0.0    0.0      0.0
  SINCE SEP 1      0.0                       0.0    0.0      0.0
  SINCE JUL 1      0.0                       0.0    0.0      0.0
  SNOW DEPTH       0

DEGREE DAYS
 HEATING
  YESTERDAY        6                        12     -6        0
  MONTH TO DATE   70                       174   -104       91
  SINCE SEP 1    108                       244   -136      112
  SINCE JUL 1    110                       246   -136      112

 COOLING
  YESTERDAY        0                         0      0        9
  MONTH TO DATE   61                        10     51       18
  SINCE SEP 1    216                       107    109      241
  SINCE JAN 1   1214                      1003    211     1505
..................................................................


WIND (MPH)
  HIGHEST WIND SPEED    13   HIGHEST WIND DIRECTION    SW (220)
  HIGHEST GUST SPEED    17   HIGHEST GUST DIRECTION    SW (210)
  AVERAGE WIND SPEED     3.6


SKY COVER
  POSSIBLE SUNSHINE  MM
  AVERAGE SKY COVER 0.1


WEATHER CONDITIONS
 THE FOLLOWING WEATHER WAS RECORDED YESTERDAY.
  FOG
  HAZE


RELATIVE HUMIDITY (PERCENT)
 HIGHEST   100           300 AM
 LOWEST     38           300 PM
 AVERAGE    69

..........................................................


THE HARRISBURG PA CLIMATE NORMALS FOR TODAY
                         NORMAL    RECORD    YEAR
 MAXIMUM TEMPERATURE (F)   63        82      1969
 MINIMUM TEMPERATURE (F)   43        28      1992
                                             1981


SUNRISE AND SUNSET
OCTOBER 20 2017.......SUNRISE   723 AM EDT   SUNSET   620 PM EDT
OCTOBER 21 2017.......SUNRISE   724 AM EDT   SUNSET   618 PM EDT


-  INDICATES NEGATIVE NUMBERS.
R  INDICATES RECORD WAS SET OR TIED.
MM INDICATES DATA IS MISSING.
T  INDICATES TRACE AMOUNT.




$$
