000
CDUS41 KCTP 260633
CLIMDT


CLIMATE REPORT
NATIONAL WEATHER SERVICE STATE COLLEGE PA
233 AM EDT THU MAY 26 2016


...................................

...THE HARRISBURG PA CLIMATE SUMMARY FOR MAY 25 2016...

CLIMATE NORMAL PERIOD 1981 TO 2010
CLIMATE RECORD PERIOD 1888 TO 2016


WEATHER ITEM   OBSERVED TIME   RECORD YEAR NORMAL DEPARTURE LAST
                VALUE   (LST)  VALUE       VALUE  FROM      YEAR
                                                  NORMAL
..................................................................
TEMPERATURE (F)
 YESTERDAY
  MAXIMUM         86    300 PM  92    1991  75     11       85
  MINIMUM         53    359 AM  35    1956  55     -2       60
  AVERAGE         70                        65      5       73

PRECIPITATION (IN)
  YESTERDAY        0.00          2.44 1997   0.12  -0.12     0.00
  MONTH TO DATE    3.08                      3.03   0.05     1.85
  SINCE MAR 1      6.89                      9.50  -2.61     7.48
  SINCE JAN 1     16.81                     14.77   2.04    11.07

SNOWFALL (IN)
  YESTERDAY        0.0           0.0  2002   0.0    0.0      0.0
                                      2001
  MONTH TO DATE    0.0                       0.0    0.0      0.0
  SINCE MAR 1      1.4                       5.6   -4.2     11.8
  SINCE JUL 1     39.1                      30.6    8.5     39.2
  SNOW DEPTH       0

DEGREE DAYS
 HEATING
  YESTERDAY        0                         3     -3        0
  MONTH TO DATE  173                       133     40       45
  SINCE MAR 1   1084                      1248   -164     1284
  SINCE JUL 1   4456                      5236   -780     5587

 COOLING
  YESTERDAY        5                         3      2        8
  MONTH TO DATE   12                        40    -28      101
  SINCE MAR 1     24                        47    -23      101
  SINCE JAN 1     24                        47    -23      101
..................................................................


WIND (MPH)
  HIGHEST WIND SPEED    16   HIGHEST WIND DIRECTION    SW (230)
  HIGHEST GUST SPEED    21   HIGHEST GUST DIRECTION    SW (230)
  AVERAGE WIND SPEED     6.0


SKY COVER
  POSSIBLE SUNSHINE  MM
  AVERAGE SKY COVER 0.4


WEATHER CONDITIONS
 THE FOLLOWING WEATHER WAS RECORDED YESTERDAY.
  NO SIGNIFICANT WEATHER WAS OBSERVED.


RELATIVE HUMIDITY (PERCENT)
 HIGHEST    83           400 AM
 LOWEST     27           300 PM
 AVERAGE    55

..........................................................


THE HARRISBURG PA CLIMATE NORMALS FOR TODAY
                         NORMAL    RECORD    YEAR
 MAXIMUM TEMPERATURE (F)   75        93      1991
 MINIMUM TEMPERATURE (F)   56        41      1972
                                             1907


SUNRISE AND SUNSET
MAY 26 2016...........SUNRISE   543 AM EDT   SUNSET   826 PM EDT
MAY 27 2016...........SUNRISE   542 AM EDT   SUNSET   827 PM EDT


-  INDICATES NEGATIVE NUMBERS.
R  INDICATES RECORD WAS SET OR TIED.
MM INDICATES DATA IS MISSING.
T  INDICATES TRACE AMOUNT.




$$
