000
CDUS41 KCTP 240637
CLIMDT


CLIMATE REPORT
NATIONAL WEATHER SERVICE STATE COLLEGE PA
236 AM EDT SAT JUN 24 2017


...................................

...THE HARRISBURG PA CLIMATE SUMMARY FOR JUNE 23 2017...

CLIMATE NORMAL PERIOD 1981 TO 2010
CLIMATE RECORD PERIOD 1888 TO 2017


WEATHER ITEM   OBSERVED TIME   RECORD YEAR NORMAL DEPARTURE LAST
                VALUE   (LST)  VALUE       VALUE  FROM      YEAR
                                                  NORMAL
..................................................................
TEMPERATURE (F)
 YESTERDAY
  MAXIMUM         88    206 PM  97    1965  83      5       86
  MINIMUM         71    413 AM  48    1992  64      7       67
  AVERAGE         80                        74      6       77

PRECIPITATION (IN)
  YESTERDAY        0.45          1.38 1974   0.12   0.33     0.84
  MONTH TO DATE    1.76                      2.75  -0.99     1.96
  SINCE JUN 1      1.76                      2.75  -0.99     1.96
  SINCE JAN 1     18.21                     18.28  -0.07    19.15

DEGREE DAYS
 HEATING
  YESTERDAY        0                         0      0        0
  MONTH TO DATE    7                        17    -10        5
  SINCE JUN 1      7                        17    -10        5
  SINCE JUL 1   4370                      5268   -898     4461

 COOLING
  YESTERDAY       15                         9      6       12
  MONTH TO DATE  201                       146     55      194
  SINCE JUN 1    201                       146     55      194
  SINCE JAN 1    278                       211     67      291
..................................................................


WIND (MPH)
  HIGHEST WIND SPEED    23   HIGHEST WIND DIRECTION     W (290)
  HIGHEST GUST SPEED    34   HIGHEST GUST DIRECTION    SW (240)
  AVERAGE WIND SPEED     6.5


SKY COVER
  POSSIBLE SUNSHINE  MM
  AVERAGE SKY COVER 0.8


WEATHER CONDITIONS
 THE FOLLOWING WEATHER WAS RECORDED YESTERDAY.
  THUNDERSTORM
  HEAVY RAIN
  RAIN
  LIGHT RAIN
  FOG
  HAZE


RELATIVE HUMIDITY (PERCENT)
 HIGHEST    93          1200 AM
 LOWEST     59           200 PM
 AVERAGE    76

..........................................................


THE HARRISBURG PA CLIMATE NORMALS FOR TODAY
                         NORMAL    RECORD    YEAR
 MAXIMUM TEMPERATURE (F)   84        98      1966
 MINIMUM TEMPERATURE (F)   64        49      1902


SUNRISE AND SUNSET
JUNE 24 2017..........SUNRISE   539 AM EDT   SUNSET   841 PM EDT
JUNE 25 2017..........SUNRISE   539 AM EDT   SUNSET   841 PM EDT


-  INDICATES NEGATIVE NUMBERS.
R  INDICATES RECORD WAS SET OR TIED.
MM INDICATES DATA IS MISSING.
T  INDICATES TRACE AMOUNT.




$$
