000
CDUS41 KCTP 200629
CLIMDT


CLIMATE REPORT
NATIONAL WEATHER SERVICE STATE COLLEGE PA
228 AM EDT SAT SEP 20 2014


...................................

...THE HARRISBURG PA CLIMATE SUMMARY FOR SEPTEMBER 19 2014...

CLIMATE NORMAL PERIOD 1981 TO 2010
CLIMATE RECORD PERIOD 1888 TO 2014


WEATHER ITEM   OBSERVED TIME   RECORD YEAR NORMAL DEPARTURE LAST
                VALUE   (LST)  VALUE       VALUE  FROM      YEAR
                                                  NORMAL
..................................................................
TEMPERATURE (F)
 YESTERDAY
  MAXIMUM         75    227 PM  92    1983  74      1       77
                                      1965
  MINIMUM         49    442 AM  37    1943  55     -6       45
  AVERAGE         62                        65     -3       61

PRECIPITATION (IN)
  YESTERDAY        0.00          3.18 2000   0.15  -0.15     0.00
  MONTH TO DATE    0.34                      2.50  -2.16     0.38
  SINCE SEP 1      0.34                      2.50  -2.16     0.38
  SINCE JAN 1     34.01                     29.44   4.57    24.65

DEGREE DAYS
 HEATING
  YESTERDAY        3                         3      0        4
  MONTH TO DATE   21                        21      0       40
  SINCE SEP 1     21                        21      0       40
  SINCE JUL 1     21                        23     -2       40

 COOLING
  YESTERDAY        0                         2     -2        0
  MONTH TO DATE  115                        81     34      103
  SINCE SEP 1    115                        81     34      103
  SINCE JAN 1   1016                       977     39     1055
..................................................................


WIND (MPH)
  HIGHEST WIND SPEED    16   HIGHEST WIND DIRECTION    SE (140)
  HIGHEST GUST SPEED    22   HIGHEST GUST DIRECTION    SE (130)
  AVERAGE WIND SPEED     7.5


SKY COVER
  POSSIBLE SUNSHINE  MM
  AVERAGE SKY COVER 0.4


WEATHER CONDITIONS
 THE FOLLOWING WEATHER WAS RECORDED YESTERDAY.
  NO SIGNIFICANT WEATHER WAS OBSERVED.


RELATIVE HUMIDITY (PERCENT)
 HIGHEST    84          1100 PM
 LOWEST     46           200 PM
 AVERAGE    65

..........................................................


THE HARRISBURG PA CLIMATE NORMALS FOR TODAY
                         NORMAL    RECORD    YEAR
 MAXIMUM TEMPERATURE (F)   74        93      1895
 MINIMUM TEMPERATURE (F)   55        37      1979


SUNRISE AND SUNSET
SEPTEMBER 20 2014.....SUNRISE   653 AM EDT   SUNSET   708 PM EDT
SEPTEMBER 21 2014.....SUNRISE   654 AM EDT   SUNSET   706 PM EDT


-  INDICATES NEGATIVE NUMBERS.
R  INDICATES RECORD WAS SET OR TIED.
MM INDICATES DATA IS MISSING.
T  INDICATES TRACE AMOUNT.




$$
