000
CDUS41 KCTP 260609
CLIMDT


CLIMATE REPORT
NATIONAL WEATHER SERVICE STATE COLLEGE PA
208 AM EDT TUE JUL 26 2016


...................................

...THE HARRISBURG PA CLIMATE SUMMARY FOR JULY 25 2016...

CLIMATE NORMAL PERIOD 1981 TO 2010
CLIMATE RECORD PERIOD 1888 TO 2016


WEATHER ITEM   OBSERVED TIME   RECORD YEAR NORMAL DEPARTURE LAST
                VALUE   (LST)  VALUE       VALUE  FROM      YEAR
                                                  NORMAL
..................................................................
TEMPERATURE (F)
 YESTERDAY
  MAXIMUM         97    134 PM  99    1940  85     12       88
  MINIMUM         72   1155 PM  53    1953  66      6       64
  AVERAGE         85                        76      9       76

PRECIPITATION (IN)
  YESTERDAY        0.82          2.38 2011   0.14   0.68     0.00
  MONTH TO DATE    4.41                      3.76   0.65     2.20
  SINCE JUN 1      8.87                      7.36   1.51     9.04
  SINCE JAN 1     26.06                     22.89   3.17    21.78

DEGREE DAYS
 HEATING
  YESTERDAY        0                         0      0        0
  MONTH TO DATE    0                         0      0        0
  SINCE JUN 1      5                        18    -13       13
  SINCE JUL 1      0                         0      0        0

 COOLING
  YESTERDAY       20                        11      9       11
  MONTH TO DATE  360                       273     87      258
  SINCE JUN 1    626                       486    140      519
  SINCE JAN 1    723                       551    172      693
..................................................................


WIND (MPH)
  HIGHEST WIND SPEED    22   HIGHEST WIND DIRECTION    NE (30)
  HIGHEST GUST SPEED    31   HIGHEST GUST DIRECTION     N (340)
  AVERAGE WIND SPEED     3.4


SKY COVER
  POSSIBLE SUNSHINE  MM
  AVERAGE SKY COVER 0.6


WEATHER CONDITIONS
 THE FOLLOWING WEATHER WAS RECORDED YESTERDAY.
  THUNDERSTORM
  HEAVY RAIN
  RAIN
  LIGHT RAIN
  FOG


RELATIVE HUMIDITY (PERCENT)
 HIGHEST   100           400 AM
 LOWEST     53           400 PM
 AVERAGE    77

..........................................................


THE HARRISBURG PA CLIMATE NORMALS FOR TODAY
                         NORMAL    RECORD    YEAR
 MAXIMUM TEMPERATURE (F)   85       100      1966
                                             1940
 MINIMUM TEMPERATURE (F)   66        53      1976


SUNRISE AND SUNSET
JULY 26 2016..........SUNRISE   600 AM EDT   SUNSET   827 PM EDT
JULY 27 2016..........SUNRISE   601 AM EDT   SUNSET   826 PM EDT


-  INDICATES NEGATIVE NUMBERS.
R  INDICATES RECORD WAS SET OR TIED.
MM INDICATES DATA IS MISSING.
T  INDICATES TRACE AMOUNT.




$$
