000
CDUS41 KCTP 280609
CLIMDT


CLIMATE REPORT
NATIONAL WEATHER SERVICE STATE COLLEGE PA
208 AM EDT THU MAY 28 2015


...................................

...THE HARRISBURG PA CLIMATE SUMMARY FOR MAY 27 2015...

CLIMATE NORMAL PERIOD 1981 TO 2010
CLIMATE RECORD PERIOD 1888 TO 2015


WEATHER ITEM   OBSERVED TIME   RECORD YEAR NORMAL DEPARTURE LAST
                VALUE   (LST)  VALUE       VALUE  FROM      YEAR
                                                  NORMAL
..................................................................
TEMPERATURE (F)
 YESTERDAY
  MAXIMUM         87   1209 PM  92    1991  75     12       87
                                      1965
  MINIMUM         68   1159 PM  41    1915  56     12       58
  AVERAGE         78                        66     12       73

PRECIPITATION (IN)
  YESTERDAY        0.63          1.13 1946   0.12   0.51     0.96
  MONTH TO DATE    2.48                      3.27  -0.79     4.89
  SINCE MAR 1      8.11                      9.74  -1.63    14.68
  SINCE JAN 1     11.70                     15.01  -3.31    21.39

SNOWFALL (IN)
  YESTERDAY        0.0           0.0  2002   0.0    0.0      0.0
                                      2001
  MONTH TO DATE    0.0                       0.0    0.0      0.0
  SINCE MAR 1     11.8                       5.6    6.2      1.4
  SINCE JUL 1     39.2                      30.6    8.6     44.0
  SNOW DEPTH       0

DEGREE DAYS
 HEATING
  YESTERDAY        0                         3     -3        0
  MONTH TO DATE   45                       139    -94       98
  SINCE MAR 1   1284                      1254     30     1373
  SINCE JUL 1   5587                      5242    345     5717

 COOLING
  YESTERDAY       13                         3     10        8
  MONTH TO DATE  125                        46     79       46
  SINCE MAR 1    125                        53     72       52
  SINCE JAN 1    125                        53     72       52
..................................................................


WIND (MPH)
  HIGHEST WIND SPEED    35   HIGHEST WIND DIRECTION     W (270)
  HIGHEST GUST SPEED    43   HIGHEST GUST DIRECTION     W (260)
  AVERAGE WIND SPEED     6.1


SKY COVER
  POSSIBLE SUNSHINE  MM
  AVERAGE SKY COVER 0.7


WEATHER CONDITIONS
 THE FOLLOWING WEATHER WAS RECORDED YESTERDAY.
  THUNDERSTORM
  HEAVY RAIN
  RAIN
  LIGHT RAIN
  FOG


RELATIVE HUMIDITY (PERCENT)
 HIGHEST    90           200 PM
 LOWEST     55          1200 PM
 AVERAGE    73

..........................................................


THE HARRISBURG PA CLIMATE NORMALS FOR TODAY
                         NORMAL    RECORD    YEAR
 MAXIMUM TEMPERATURE (F)   75        93      1941
 MINIMUM TEMPERATURE (F)   56        41      1983


SUNRISE AND SUNSET
MAY 28 2015...........SUNRISE   542 AM EDT   SUNSET   827 PM EDT
MAY 29 2015...........SUNRISE   541 AM EDT   SUNSET   828 PM EDT


-  INDICATES NEGATIVE NUMBERS.
R  INDICATES RECORD WAS SET OR TIED.
MM INDICATES DATA IS MISSING.
T  INDICATES TRACE AMOUNT.




$$
