000
CDUS41 KCTP 190619
CLIMDT


CLIMATE REPORT
NATIONAL WEATHER SERVICE STATE COLLEGE PA
219 AM EDT SAT AUG 19 2017


...................................

...THE HARRISBURG PA CLIMATE SUMMARY FOR AUGUST 18 2017...

CLIMATE NORMAL PERIOD 1981 TO 2010
CLIMATE RECORD PERIOD 1888 TO 2017


WEATHER ITEM   OBSERVED TIME   RECORD YEAR NORMAL DEPARTURE LAST
                VALUE   (LST)  VALUE       VALUE  FROM      YEAR
                                                  NORMAL
..................................................................
TEMPERATURE (F)
 YESTERDAY
  MAXIMUM         90    110 PM  97    1965  83      7       89
  MINIMUM         76   1159 PM  48    1981  65     11       73
  AVERAGE         83                        74      9       81

PRECIPITATION (IN)
  YESTERDAY        0.46          2.46 1920   0.09   0.37      T
  MONTH TO DATE    4.00                      1.88   2.12     1.68
  SINCE JUN 1     17.09                     10.09   7.00    11.24
  SINCE JAN 1     33.54                     25.62   7.92    28.43

DEGREE DAYS
 HEATING
  YESTERDAY        0                         0      0        0
  MONTH TO DATE    0                         0      0        0
  SINCE JUN 1      7                        18    -11        5
  SINCE JUL 1      0                         0      0        0

 COOLING
  YESTERDAY       18                         9      9       16
  MONTH TO DATE  169                       175     -6      278
  SINCE JUN 1    833                       726    107      999
  SINCE JAN 1    910                       791    119     1096
..................................................................


WIND (MPH)
  HIGHEST WIND SPEED    31   HIGHEST WIND DIRECTION    SW (240)
  HIGHEST GUST SPEED    37   HIGHEST GUST DIRECTION    SW (240)
  AVERAGE WIND SPEED     5.2


SKY COVER
  POSSIBLE SUNSHINE  MM
  AVERAGE SKY COVER 0.9


WEATHER CONDITIONS
 THE FOLLOWING WEATHER WAS RECORDED YESTERDAY.
  THUNDERSTORM
  RAIN
  LIGHT RAIN
  FOG
  HAZE


RELATIVE HUMIDITY (PERCENT)
 HIGHEST   100           900 PM
 LOWEST     64           100 PM
 AVERAGE    82

..........................................................


THE HARRISBURG PA CLIMATE NORMALS FOR TODAY
                         NORMAL    RECORD    YEAR
 MAXIMUM TEMPERATURE (F)   83        97      1966
 MINIMUM TEMPERATURE (F)   64        50      1963


SUNRISE AND SUNSET
AUGUST 19 2017........SUNRISE   622 AM EDT   SUNSET   758 PM EDT
AUGUST 20 2017........SUNRISE   623 AM EDT   SUNSET   757 PM EDT


-  INDICATES NEGATIVE NUMBERS.
R  INDICATES RECORD WAS SET OR TIED.
MM INDICATES DATA IS MISSING.
T  INDICATES TRACE AMOUNT.




$$
