000
CDUS41 KCTP 290626
CLIMDT


CLIMATE REPORT
NATIONAL WEATHER SERVICE STATE COLLEGE PA
226 AM EDT SUN MAR 29 2015


...................................

...THE HARRISBURG PA CLIMATE SUMMARY FOR MARCH 28 2015...

CLIMATE NORMAL PERIOD 1981 TO 2010
CLIMATE RECORD PERIOD 1888 TO 2015


WEATHER ITEM   OBSERVED TIME   RECORD YEAR NORMAL DEPARTURE LAST
                VALUE   (LST)  VALUE       VALUE  FROM      YEAR
                                                  NORMAL
..................................................................
TEMPERATURE (F)
 YESTERDAY
  MAXIMUM         36    134 PM  84    1989  55    -19       64
                                      1945
  MINIMUM         26   1159 PM  18    1923  36    -10       35
  AVERAGE         31                        46    -15       50

PRECIPITATION (IN)
  YESTERDAY        0.01          1.68 1984   0.12  -0.11     0.11
  MONTH TO DATE    3.54                      3.02   0.52     0.71
  SINCE MAR 1      3.54                      3.02   0.52     0.71
  SINCE JAN 1      7.13                      8.29  -1.16     7.42

SNOWFALL (IN)
  YESTERDAY        0.5           8.0  1891   0.1    0.4      0.0
  MONTH TO DATE   11.8                       5.0    6.8      1.1
  SINCE MAR 1     11.8                       5.0    6.8      1.1
  SINCE JUL 1     39.2                      30.0    9.2     43.7
  SNOW DEPTH       T

DEGREE DAYS
 HEATING
  YESTERDAY       34                        19     15       15
  MONTH TO DATE  823                       667    156      819
  SINCE MAR 1    823                       667    156      819
  SINCE JUL 1   5126                      4655    471     5163

 COOLING
  YESTERDAY        0                         0      0        0
  MONTH TO DATE    0                         0      0        0
  SINCE MAR 1      0                         0      0        0
  SINCE JAN 1      0                         0      0        0
..................................................................


WIND (MPH)
  HIGHEST WIND SPEED    26   HIGHEST WIND DIRECTION     N (340)
  HIGHEST GUST SPEED    33   HIGHEST GUST DIRECTION    NW (310)
  AVERAGE WIND SPEED    14.2


SKY COVER
  POSSIBLE SUNSHINE  MM
  AVERAGE SKY COVER 0.8


WEATHER CONDITIONS
 THE FOLLOWING WEATHER WAS RECORDED YESTERDAY.
  LIGHT SNOW
  FOG
  HAZE


RELATIVE HUMIDITY (PERCENT)
 HIGHEST    81           900 AM
 LOWEST     28           900 PM
 AVERAGE    55

..........................................................


THE HARRISBURG PA CLIMATE NORMALS FOR TODAY
                         NORMAL    RECORD    YEAR
 MAXIMUM TEMPERATURE (F)   55        86      1945
 MINIMUM TEMPERATURE (F)   37        14      1923


SUNRISE AND SUNSET
MARCH 29 2015.........SUNRISE   656 AM EDT   SUNSET   728 PM EDT
MARCH 30 2015.........SUNRISE   655 AM EDT   SUNSET   729 PM EDT


-  INDICATES NEGATIVE NUMBERS.
R  INDICATES RECORD WAS SET OR TIED.
MM INDICATES DATA IS MISSING.
T  INDICATES TRACE AMOUNT.




$$
