000
CDUS41 KCTP 222117
CLIMDT


CLIMATE REPORT
NATIONAL WEATHER SERVICE STATE COLLEGE PA
517 PM EDT MON MAY 22 2017


...................................

...THE HARRISBURG PA CLIMATE SUMMARY FOR MAY 22 2017...
VALID TODAY AS OF 0500 PM LOCAL TIME.

CLIMATE NORMAL PERIOD 1981 TO 2010
CLIMATE RECORD PERIOD 1888 TO 2017


WEATHER ITEM   OBSERVED TIME   RECORD YEAR NORMAL DEPARTURE LAST
                VALUE   (LST)  VALUE       VALUE  FROM      YEAR
                                                  NORMAL
..................................................................
TEMPERATURE (F)
 TODAY
  MAXIMUM         64    359 PM  96    1941  74    -10       62
  MINIMUM         56    418 AM  38    1895  54      2       52
  AVERAGE         60                        64     -4       57

PRECIPITATION (IN)
  TODAY            0.03          1.42 1983   0.13  -0.10     0.11
  MONTH TO DATE    2.84                      2.66   0.18     2.92
  SINCE MAR 1     10.98                      9.13   1.85     6.73
  SINCE JAN 1     15.36                     14.40   0.96    16.65

SNOWFALL (IN)
  TODAY            0.0           0.0  2002   0.0    0.0      0.0
                                      2001
  MONTH TO DATE    0.0                       0.0    0.0      0.0
  SINCE MAR 1     18.4                       5.6   12.8      1.4
  SINCE JUL 1     23.9                      30.6   -6.7     39.1
  SNOW DEPTH       0

DEGREE DAYS
 HEATING
  TODAY            5                         3      2        8
  MONTH TO DATE  131                       124      7      172
  SINCE MAR 1   1109                      1239   -130     1083
  SINCE JUL 1   4347                      5227   -880     4455

 COOLING
  TODAY            0                         2     -2        0
  MONTH TO DATE   40                        31      9        2
  SINCE MAR 1     67                        38     29       14
  SINCE JAN 1     67                        38     29       14
..................................................................


WIND (MPH)
  HIGHEST WIND SPEED    14   HIGHEST WIND DIRECTION    SE (150)
  HIGHEST GUST SPEED    18   HIGHEST GUST DIRECTION    SE (140)
  AVERAGE WIND SPEED     5.9


SKY COVER
  POSSIBLE SUNSHINE  MM
  AVERAGE SKY COVER 0.9


WEATHER CONDITIONS
 THE FOLLOWING WEATHER WAS RECORDED TODAY.
  LIGHT RAIN
  FOG


RELATIVE HUMIDITY (PERCENT)
 HIGHEST   100           900 AM
 LOWEST     80           100 AM
 AVERAGE    90

..........................................................


THE HARRISBURG PA CLIMATE NORMALS FOR TOMORROW
                         NORMAL    RECORD    YEAR
 MAXIMUM TEMPERATURE (F)   74        94      1925
 MINIMUM TEMPERATURE (F)   55        40      2002


SUNRISE AND SUNSET
MAY 22 2017...........SUNRISE   545 AM EDT   SUNSET   823 PM EDT
MAY 23 2017...........SUNRISE   545 AM EDT   SUNSET   824 PM EDT


-  INDICATES NEGATIVE NUMBERS.
R  INDICATES RECORD WAS SET OR TIED.
MM INDICATES DATA IS MISSING.
T  INDICATES TRACE AMOUNT.




$$
