000
CDUS43 KLOT 230631
CLIMDW


CLIMATE REPORT
NATIONAL WEATHER SERVICE CHICAGO IL
131 AM CDT THU OCT 23 2014


...................................

...THE CHICAGO-MIDWAY CLIMATE SUMMARY FOR OCTOBER 22 2014...

CLIMATE NORMAL PERIOD 1981 TO 2010
CLIMATE RECORD PERIOD 1928 TO 2014


WEATHER ITEM   OBSERVED TIME   RECORD YEAR NORMAL DEPARTURE LAST
                VALUE   (LST)  VALUE       VALUE  FROM      YEAR
                                                  NORMAL
..................................................................
TEMPERATURE (F)
 YESTERDAY
  MAXIMUM         56    151 PM  87    1953  60     -4       41
  MINIMUM         43    544 AM  24    1930  44     -1       31
  AVERAGE         50                        52     -2       36

PRECIPITATION (IN)
  YESTERDAY        0.00          1.77 1983   0.11  -0.11     0.03
  MONTH TO DATE    3.56                      2.24   1.32     1.90
  SINCE SEP 1      6.06                      5.55   0.51     2.99
  SINCE JAN 1     39.56                     32.10   7.46    27.93

DEGREE DAYS
 HEATING
  YESTERDAY       15                        13      2       29
  MONTH TO DATE  219                       215      4      178
  SINCE SEP 1    305                       292     13      228
  SINCE JUL 1    306                       297      9      232

 COOLING
  YESTERDAY        0                         0      0        0
  MONTH TO DATE    6                        13     -7       34
  SINCE SEP 1    132                       132      0      195
  SINCE JAN 1   1064                      1042     22     1091
..................................................................


WIND (MPH)
  RESULTANT WIND SPEED   3   RESULTANT WIND DIRECTION   E (110)
  HIGHEST WIND SPEED    12   HIGHEST WIND DIRECTION    SE (140)
  HIGHEST GUST SPEED    16   HIGHEST GUST DIRECTION    NE (60)
  AVERAGE WIND SPEED     5.1



WEATHER CONDITIONS
 THE FOLLOWING WEATHER WAS RECORDED YESTERDAY.
  NO SIGNIFICANT WEATHER WAS OBSERVED.


..........................................................


THE CHICAGO-MIDWAY CLIMATE NORMALS FOR TODAY
                         NORMAL    RECORD    YEAR
 MAXIMUM TEMPERATURE (F)   60        85      1963
 MINIMUM TEMPERATURE (F)   44        25      1981


SUNRISE AND SUNSET
OCTOBER 23 2014.......SUNRISE   712 AM CDT   SUNSET   558 PM CDT
OCTOBER 24 2014.......SUNRISE   714 AM CDT   SUNSET   556 PM CDT


-  INDICATES NEGATIVE NUMBERS.
R  INDICATES RECORD WAS SET OR TIED.
MM INDICATES DATA IS MISSING.
T  INDICATES TRACE AMOUNT.




$$
