154
CDUS43 KLOT 060643
CLIMDW


CLIMATE REPORT
NATIONAL WEATHER SERVICE CHICAGO IL
1242 AM CST SAT FEB 6 2016


...................................

...THE CHICAGO-MIDWAY CLIMATE SUMMARY FOR FEBRUARY 5 2016...

CLIMATE NORMAL PERIOD 1981 TO 2010
CLIMATE RECORD PERIOD 1928 TO 2016


WEATHER ITEM   OBSERVED TIME   RECORD YEAR NORMAL DEPARTURE LAST
                VALUE   (LST)  VALUE       VALUE  FROM      YEAR
                                                  NORMAL
..................................................................
TEMPERATURE (F)
 YESTERDAY
  MAXIMUM         34    419 PM  56    1946  33      1       17
  MINIMUM         27   1159 PM -17    1979  19      8        3
  AVERAGE         31                        26      5       10

PRECIPITATION (IN)
  YESTERDAY        T             0.68 1967   0.06  -0.06     0.00
  MONTH TO DATE    T                         0.28  -0.28     0.05
  SINCE DEC 1      6.05                      4.91   1.14     2.06
  SINCE JAN 1      0.65                      2.34  -1.69     1.28

DEGREE DAYS
 HEATING
  YESTERDAY       34                        39     -5       55
  MONTH TO DATE  156                       196    -40      232
  SINCE DEC 1   2049                      2557   -508     2392
  SINCE JUL 1   2859                      3692   -833     3649

 COOLING
  YESTERDAY        0                         0      0        0
  MONTH TO DATE    0                         0      0        0
  SINCE DEC 1      0                         0      0        0
  SINCE JAN 1      0                         0      0        0
..................................................................


WIND (MPH)
  RESULTANT WIND SPEED   5   RESULTANT WIND DIRECTION   W (250)
  HIGHEST WIND SPEED    13   HIGHEST WIND DIRECTION     W (260)
  HIGHEST GUST SPEED    15   HIGHEST GUST DIRECTION    NW (330)
  AVERAGE WIND SPEED     6.9



WEATHER CONDITIONS
 THE FOLLOWING WEATHER WAS RECORDED YESTERDAY.
  LIGHT SNOW
  FOG


..........................................................


THE CHICAGO-MIDWAY CLIMATE NORMALS FOR TODAY
                         NORMAL    RECORD    YEAR
 MAXIMUM TEMPERATURE (F)   33        56      1938
 MINIMUM TEMPERATURE (F)   20       -12      1982


SUNRISE AND SUNSET
FEBRUARY  6 2016......SUNRISE   658 AM CST   SUNSET   512 PM CST
FEBRUARY  7 2016......SUNRISE   657 AM CST   SUNSET   513 PM CST


-  INDICATES NEGATIVE NUMBERS.
R  INDICATES RECORD WAS SET OR TIED.
MM INDICATES DATA IS MISSING.
T  INDICATES TRACE AMOUNT.




$$
