000
CDUS43 KLOT 280635
CLIMDW


CLIMATE REPORT
NATIONAL WEATHER SERVICE CHICAGO IL
1235 AM CST FRI NOV 28 2014


...................................

...THE CHICAGO-MIDWAY CLIMATE SUMMARY FOR NOVEMBER 27 2014...

CLIMATE NORMAL PERIOD 1981 TO 2010
CLIMATE RECORD PERIOD 1928 TO 2014


WEATHER ITEM   OBSERVED TIME   RECORD YEAR NORMAL DEPARTURE LAST
                VALUE   (LST)  VALUE       VALUE  FROM      YEAR
                                                  NORMAL
..................................................................
TEMPERATURE (F)
 YESTERDAY
  MAXIMUM         30   1105 AM  70    1990  42    -12       29
  MINIMUM         19   1012 PM   0    1930  29    -10       14
  AVERAGE         25                        36    -11       22

PRECIPITATION (IN)
  YESTERDAY        T             3.34 1990   0.11  -0.11     0.00
  MONTH TO DATE    1.27                      3.09  -1.82     2.45
  SINCE SEP 1      7.42                      9.64  -2.22     8.63
  SINCE JAN 1     40.92                     36.19   4.73    33.57

DEGREE DAYS
 HEATING
  YESTERDAY       40                        29     11       43
  MONTH TO DATE  772                       616    156      700
  SINCE SEP 1   1176                      1042    134     1097
  SINCE JUL 1   1177                      1047    130     1101

 COOLING
  YESTERDAY        0                         0      0        0
  MONTH TO DATE    0                         0      0        0
  SINCE SEP 1    134                       135     -1      195
  SINCE JAN 1   1066                      1045     21     1091
..................................................................


WIND (MPH)
  RESULTANT WIND SPEED  10   RESULTANT WIND DIRECTION  NW (310)
  HIGHEST WIND SPEED    20   HIGHEST WIND DIRECTION    NW (300)
  HIGHEST GUST SPEED    23   HIGHEST GUST DIRECTION    NW (300)
  AVERAGE WIND SPEED     9.8



WEATHER CONDITIONS
 THE FOLLOWING WEATHER WAS RECORDED YESTERDAY.
  LIGHT SNOW
  HAZE


..........................................................


THE CHICAGO-MIDWAY CLIMATE NORMALS FOR TODAY
                         NORMAL    RECORD    YEAR
 MAXIMUM TEMPERATURE (F)   42        69      1998
 MINIMUM TEMPERATURE (F)   29        -3      1930


SUNRISE AND SUNSET
NOVEMBER 28 2014......SUNRISE   656 AM CST   SUNSET   422 PM CST
NOVEMBER 29 2014......SUNRISE   657 AM CST   SUNSET   422 PM CST


-  INDICATES NEGATIVE NUMBERS.
R  INDICATES RECORD WAS SET OR TIED.
MM INDICATES DATA IS MISSING.
T  INDICATES TRACE AMOUNT.




$$
