000
CDUS43 KLOT 250634
CLIMDW


CLIMATE REPORT
NATIONAL WEATHER SERVICE CHICAGO IL
134 AM CDT THU AUG 25 2016


...................................

...THE CHICAGO-MIDWAY CLIMATE SUMMARY FOR AUGUST 24 2016...

CLIMATE NORMAL PERIOD 1981 TO 2010
CLIMATE RECORD PERIOD 1928 TO 2016


WEATHER ITEM   OBSERVED TIME   RECORD YEAR NORMAL DEPARTURE LAST
                VALUE   (LST)  VALUE       VALUE  FROM      YEAR
                                                  NORMAL
..................................................................
TEMPERATURE (F)
 YESTERDAY
  MAXIMUM         85    509 PM 100    1947  82      3       76
  MINIMUM         72    602 AM  48    1942  65      7       57
  AVERAGE         79                        73      6       67

PRECIPITATION (IN)
  YESTERDAY        0.30          1.20 2006   0.13   0.17     0.00
  MONTH TO DATE    5.27                      3.14   2.13     3.09
  SINCE JUN 1     11.78                     11.21   0.57     8.30
  SINCE JAN 1     23.50                     25.70  -2.20    17.19

DEGREE DAYS
 HEATING
  YESTERDAY        0                         0      0        0
  MONTH TO DATE    0                         0      0        0
  SINCE JUN 1      6                        32    -26       24
  SINCE JUL 1      0                         1     -1        4

 COOLING
  YESTERDAY       14                         9      5        2
  MONTH TO DATE  318                       231     87      264
  SINCE JUN 1    994                       779    215      775
  SINCE JAN 1   1101                       853    248      881
..................................................................


WIND (MPH)
  RESULTANT WIND SPEED  10   RESULTANT WIND DIRECTION  SW (210)
  HIGHEST WIND SPEED    20   HIGHEST WIND DIRECTION    SW (230)
  HIGHEST GUST SPEED    27   HIGHEST GUST DIRECTION     S (160)
  AVERAGE WIND SPEED    11.3



WEATHER CONDITIONS
 THE FOLLOWING WEATHER WAS RECORDED YESTERDAY.
  RAIN
  LIGHT RAIN
  FOG


..........................................................


THE CHICAGO-MIDWAY CLIMATE NORMALS FOR TODAY
                         NORMAL    RECORD    YEAR
 MAXIMUM TEMPERATURE (F)   81        95      1991
                                             1959
                                             1953
 MINIMUM TEMPERATURE (F)   65        47      1934


SUNRISE AND SUNSET
AUGUST 25 2016........SUNRISE   610 AM CDT   SUNSET   735 PM CDT
AUGUST 26 2016........SUNRISE   611 AM CDT   SUNSET   733 PM CDT


-  INDICATES NEGATIVE NUMBERS.
R  INDICATES RECORD WAS SET OR TIED.
MM INDICATES DATA IS MISSING.
T  INDICATES TRACE AMOUNT.




$$
