000
CDUS43 KLOT 290635
CLIMDW


CLIMATE REPORT
NATIONAL WEATHER SERVICE CHICAGO IL
134 AM CDT SUN MAY 29 2016


...................................

...THE CHICAGO-MIDWAY CLIMATE SUMMARY FOR MAY 28 2016...

CLIMATE NORMAL PERIOD 1981 TO 2010
CLIMATE RECORD PERIOD 1928 TO 2016


WEATHER ITEM   OBSERVED TIME   RECORD YEAR NORMAL DEPARTURE LAST
                VALUE   (LST)  VALUE       VALUE  FROM      YEAR
                                                  NORMAL
..................................................................
TEMPERATURE (F)
 YESTERDAY
  MAXIMUM         83    542 PM  94    2012  74      9       84
                                      2006
  MINIMUM         70   1159 PM  40    1930  55     15       60
  AVERAGE         77                        65     12       72

PRECIPITATION (IN)
  YESTERDAY        T             2.20 2013   0.15  -0.15     0.00
  MONTH TO DATE    4.59                      3.70   0.89     3.11
  SINCE MAR 1      9.97                     10.06  -0.09     6.53
  SINCE JAN 1     10.75                     14.06  -3.31     7.87

DEGREE DAYS
 HEATING
  YESTERDAY        0                         3     -3        0
  MONTH TO DATE  180                       179      1      125
  SINCE MAR 1   1237                      1439   -202     1321
  SINCE JUL 1   4875                      5950  -1075     6043

 COOLING
  YESTERDAY       12                         3      9        7
  MONTH TO DATE   65                        51     14       93
  SINCE MAR 1     78                        64     14       93
  SINCE JAN 1     78                        64     14       93
..................................................................


WIND (MPH)
  RESULTANT WIND SPEED  13   RESULTANT WIND DIRECTION   S (190)
  HIGHEST WIND SPEED    23   HIGHEST WIND DIRECTION     S (170)
  HIGHEST GUST SPEED    33   HIGHEST GUST DIRECTION    SW (220)
  AVERAGE WIND SPEED    14.0



WEATHER CONDITIONS
 THE FOLLOWING WEATHER WAS RECORDED YESTERDAY.
  NO SIGNIFICANT WEATHER WAS OBSERVED.


..........................................................


THE CHICAGO-MIDWAY CLIMATE NORMALS FOR TODAY
                         NORMAL    RECORD    YEAR
 MAXIMUM TEMPERATURE (F)   74        95      1942
 MINIMUM TEMPERATURE (F)   56        36      1930


SUNRISE AND SUNSET
MAY 29 2016...........SUNRISE   520 AM CDT   SUNSET   817 PM CDT
MAY 30 2016...........SUNRISE   519 AM CDT   SUNSET   818 PM CDT


-  INDICATES NEGATIVE NUMBERS.
R  INDICATES RECORD WAS SET OR TIED.
MM INDICATES DATA IS MISSING.
T  INDICATES TRACE AMOUNT.




$$
