000
CDUS43 KLOT 072141
CLIMDW


CLIMATE REPORT
NATIONAL WEATHER SERVICE CHICAGO IL
440 PM CDT TUE JUL 7 2015


...................................

...THE CHICAGO-MIDWAY CLIMATE SUMMARY FOR JULY 7 2015...
VALID TODAY AS OF 0400 PM LOCAL TIME.

CLIMATE NORMAL PERIOD 1981 TO 2010
CLIMATE RECORD PERIOD 1928 TO 2015


WEATHER ITEM   OBSERVED TIME   RECORD YEAR NORMAL DEPARTURE
                VALUE   (LST)  VALUE       VALUE  FROM
                                                  NORMAL
...............................................................
TEMPERATURE (F)
 TODAY
  MAXIMUM         74    154 AM 102    1936  85    -11
  MINIMUM         59    728 AM  48    1983  67     -8
  AVERAGE         67                        76     -9

PRECIPITATION (IN)
  TODAY            0.25          1.30 1932   0.13   0.12
  MONTH TO DATE    0.81                      0.81   0.00
  SINCE JUN 1      3.77                      4.87  -1.10
  SINCE JAN 1     12.66                     19.36  -6.70

DEGREE DAYS
 HEATING
  TODAY            0                         0      0
  MONTH TO DATE    3                         0      3
  SINCE JUN 1     23                        31     -8
  SINCE JUL 1      3                         0      3

 COOLING
  TODAY            2                        11     -9
  MONTH TO DATE   39                        75    -36
  SINCE JUN 1    221                       285    -64
  SINCE JAN 1    327                       359    -32
...............................................................


WIND (MPH)
  RESULTANT WIND SPEED  14   RESULTANT WIND DIRECTION   N (20)
  HIGHEST WIND SPEED    26   HIGHEST WIND DIRECTION    NE (30)
  HIGHEST GUST SPEED    32   HIGHEST GUST DIRECTION    NE (30)
  AVERAGE WIND SPEED    15.8


SKY COVER
  POSSIBLE SUNSHINE  MM
  AVERAGE SKY COVER 0.8


WEATHER CONDITIONS
 THE FOLLOWING WEATHER WAS RECORDED TODAY.
  RAIN
  LIGHT RAIN
  FOG


..........................................................


THE CHICAGO-MIDWAY CLIMATE NORMALS FOR TOMORROW
                         NORMAL    RECORD    YEAR
 MAXIMUM TEMPERATURE (F)   85       106      1936
 MINIMUM TEMPERATURE (F)   68        49      1934


SUNRISE AND SUNSET
JULY  7 2015..........SUNRISE   523 AM CDT   SUNSET   828 PM CDT
JULY  8 2015..........SUNRISE   524 AM CDT   SUNSET   828 PM CDT


-  INDICATES NEGATIVE NUMBERS.
R  INDICATES RECORD WAS SET OR TIED.
MM INDICATES DATA IS MISSING.
T  INDICATES TRACE AMOUNT.




$$
