000
CDUS44 KMEG 230634
CLIMEG


CLIMATE REPORT
NATIONAL WEATHER SERVICE MEMPHIS TN
134 AM CDT SAT MAY 23 2015


...................................

...THE MEMPHIS/GERMANTOWN WFO CLIMATE SUMMARY FOR MAY 22 2015...

CLIMATE NORMAL PERIOD 1981 TO 2010
CLIMATE RECORD PERIOD 1988 TO 2015


WEATHER ITEM   OBSERVED TIME   RECORD YEAR NORMAL DEPARTURE LAST
                VALUE   (LST)  VALUE       VALUE  FROM      YEAR
                                                  NORMAL
..................................................................
TEMPERATURE (F)
 YESTERDAY
  MAXIMUM         74    250 PM  94    2010  82     -8       89
  MINIMUM         44R   450 AM  48    2002  61    -17       64
  AVERAGE         59                        72    -13       77

PRECIPITATION (IN)
  YESTERDAY        0.00          0.64 2011   0.16  -0.16     0.00
  MONTH TO DATE    3.60                      4.23  -0.63     3.64
  SINCE MAR 1     13.68                     14.50  -0.82    15.74
  SINCE JAN 1     19.76                     23.13  -3.37    24.36

SNOWFALL (IN)
  YESTERDAY        0.0          MM      MM   0.0    0.0      0.0
  MONTH TO DATE    0.0                       0.0    0.0      0.0
  SINCE MAR 1      4.1                       0.8    3.3      0.3
  SINCE JUL 1      6.3                       2.4    3.9      0.8
  SNOW DEPTH       0

DEGREE DAYS
 HEATING
  YESTERDAY        6                         1      5        0
  MONTH TO DATE   25                        36    -11       57
  SINCE MAR 1    552                       663   -111      739
  SINCE JUL 1   3459                      3409     50     3743

 COOLING
  YESTERDAY        0                         7     -7       12
  MONTH TO DATE  141                       110     31      145
  SINCE MAR 1    218                       175     43      193
  SINCE JAN 1    218                       176     42      193
..................................................................







THE MEMPHIS/GERMANTOWN WFO CLIMATE NORMALS FOR TODAY
                         NORMAL    RECORD    YEAR
 MAXIMUM TEMPERATURE (F)   82        94      2010
 MINIMUM TEMPERATURE (F)   61        47      1990


SUNRISE AND SUNSET
MAY 23 2015...........SUNRISE   550 AM CDT   SUNSET   802 PM CDT
MAY 24 2015...........SUNRISE   550 AM CDT   SUNSET   803 PM CDT


-  INDICATES NEGATIVE NUMBERS.
R  INDICATES RECORD WAS SET OR TIED.
MM INDICATES DATA IS MISSING.
T  INDICATES TRACE AMOUNT.




$$
