000
CDUS44 KMEG 260638
CLIMEG


CLIMATE REPORT
NATIONAL WEATHER SERVICE MEMPHIS TN
137 AM CDT WED APR 26 2017


...................................

...THE MEMPHIS/GERMANTOWN WFO CLIMATE SUMMARY FOR APRIL 25 2017...

CLIMATE NORMAL PERIOD 1981 TO 2010
CLIMATE RECORD PERIOD 1988 TO 2017


WEATHER ITEM   OBSERVED TIME   RECORD YEAR NORMAL DEPARTURE LAST
                VALUE   (LST)  VALUE       VALUE  FROM      YEAR
                                                  NORMAL
..................................................................
TEMPERATURE (F)
 YESTERDAY
  MAXIMUM         83        MM  87    1990  75      8       83
  MINIMUM         53        MM  36    2013  52      1       62
  AVERAGE         68                        63      5       73

PRECIPITATION (IN)
  YESTERDAY        0.00          2.51 2011   0.19  -0.19     0.00
  MONTH TO DATE    2.99                      4.40  -1.41     4.09
  SINCE MAR 1      7.72                      9.35  -1.63    20.78
  SINCE JAN 1     12.93                     17.98  -5.05    29.73

SNOWFALL (IN)
  YESTERDAY        0.0          MM      MM                   0.0
  MONTH TO DATE    0.0                                       0.0
  SINCE MAR 1      0.4                                        T
  SINCE JUL 1      1.4                                       0.9
  SNOW DEPTH       0

DEGREE DAYS
 HEATING
  YESTERDAY        0                         4     -4        0
  MONTH TO DATE   58                       173   -115      104
  SINCE MAR 1    365                       609   -244      358
  SINCE JUL 1   2206                      3355  -1149     2445

 COOLING
  YESTERDAY        3                         2      1        8
  MONTH TO DATE   85                        40     45       27
  SINCE MAR 1    118                        51     67       40
  SINCE JAN 1    132                        52     80       40
..................................................................







THE MEMPHIS/GERMANTOWN WFO CLIMATE NORMALS FOR TODAY
                         NORMAL    RECORD    YEAR
 MAXIMUM TEMPERATURE (F)   75        86      2016
                                             2009
 MINIMUM TEMPERATURE (F)   52        42      1992


SUNRISE AND SUNSET
APRIL 26 2017.........SUNRISE   613 AM CDT   SUNSET   741 PM CDT
APRIL 27 2017.........SUNRISE   612 AM CDT   SUNSET   742 PM CDT


-  INDICATES NEGATIVE NUMBERS.
R  INDICATES RECORD WAS SET OR TIED.
MM INDICATES DATA IS MISSING.
T  INDICATES TRACE AMOUNT.




$$
