000
CDUS44 KMEG 170635
CLIMEG


CLIMATE REPORT
NATIONAL WEATHER SERVICE MEMPHIS TN
134 AM CDT THU AUG 17 2017


...................................

...THE MEMPHIS/GERMANTOWN WFO CLIMATE SUMMARY FOR AUGUST 16 2017...

CLIMATE NORMAL PERIOD 1981 TO 2010
CLIMATE RECORD PERIOD 1988 TO 2017


WEATHER ITEM   OBSERVED TIME   RECORD YEAR NORMAL DEPARTURE LAST
                VALUE   (LST)  VALUE       VALUE  FROM      YEAR
                                                  NORMAL
..................................................................
TEMPERATURE (F)
 YESTERDAY
  MAXIMUM         91    455 PM 103    2007  91      0       82
  MINIMUM         75    452 AM  54    1992  70      5       72
  AVERAGE         83                        80      3       77

PRECIPITATION (IN)
  YESTERDAY        0.00          1.52 2002   0.10  -0.10     0.75
  MONTH TO DATE    1.82                      1.87  -0.05     2.96
  SINCE JUN 1     11.53                     10.09   1.44    13.05
  SINCE JAN 1     32.44                     34.58  -2.14    49.50

SNOWFALL (IN)
  YESTERDAY        0.0          MM      MM                   0.0
  MONTH TO DATE    0.0                                       0.0
  SINCE JUN 1      0.0                                       0.0
  SINCE JUL 1      0.0                                       0.0
  SNOW DEPTH       0

DEGREE DAYS
 HEATING
  YESTERDAY        0                         0      0        0
  MONTH TO DATE    0                         0      0        0
  SINCE JUN 1      0                         2     -2        0
  SINCE JUL 1      0                         0      0        0

 COOLING
  YESTERDAY       18                        15      3       12
  MONTH TO DATE  222                       253    -31      301
  SINCE JUN 1   1144                      1130     14     1349
  SINCE JAN 1   1489                      1381    108     1594
..................................................................


THE MEMPHIS/GERMANTOWN WFO CLIMATE NORMALS FOR TODAY
                         NORMAL    RECORD    YEAR
 MAXIMUM TEMPERATURE (F)   91       103      2007
 MINIMUM TEMPERATURE (F)   70        55      1992


SUNRISE AND SUNSET
AUGUST 17 2017........SUNRISE   621 AM CDT   SUNSET   745 PM CDT
AUGUST 18 2017........SUNRISE   622 AM CDT   SUNSET   744 PM CDT


-  INDICATES NEGATIVE NUMBERS.
R  INDICATES RECORD WAS SET OR TIED.
MM INDICATES DATA IS MISSING.
T  INDICATES TRACE AMOUNT.


$$
