000
CDUS44 KMEG 240632
CLIMEG


CLIMATE REPORT
NATIONAL WEATHER SERVICE MEMPHIS TN
132 AM CDT SAT JUN 24 2017


...................................

...THE MEMPHIS/GERMANTOWN WFO CLIMATE SUMMARY FOR JUNE 23 2017...

CLIMATE NORMAL PERIOD 1981 TO 2010
CLIMATE RECORD PERIOD 1988 TO 2017


WEATHER ITEM   OBSERVED TIME   RECORD YEAR NORMAL DEPARTURE LAST
                VALUE   (LST)  VALUE       VALUE  FROM      YEAR
                                                  NORMAL
..................................................................
TEMPERATURE (F)
 YESTERDAY
  MAXIMUM         85        MM  99    1988  89     -4       93
  MINIMUM         71        MM  52    1992  69      2       79
  AVERAGE         78                        79     -1       86

PRECIPITATION (IN)
  YESTERDAY        1.80R         0.63 1991   0.12   1.68     0.00
  MONTH TO DATE    3.66                      2.79   0.87     2.83
  SINCE JUN 1      3.66                      2.79   0.87     2.83
  SINCE JAN 1     24.57                     27.28  -2.71    39.28

SNOWFALL (IN)
  YESTERDAY        0.0          MM      MM                   0.0
  MONTH TO DATE    0.0                                       0.0
  SINCE JUN 1      0.0                                       0.0
  SINCE JUL 1      1.4                                       0.9
  SNOW DEPTH       0

DEGREE DAYS
 HEATING
  YESTERDAY        0                         0      0        0
  MONTH TO DATE    0                         0      0        0
  SINCE JUN 1      0                         0      0        0
  SINCE JUL 1   2240                      3412  -1172     2485

 COOLING
  YESTERDAY       13                        14     -1       21
  MONTH TO DATE  285                       276      9      354
  SINCE JUN 1    285                       276      9      354
  SINCE JAN 1    630                       527    103      599
..................................................................







THE MEMPHIS/GERMANTOWN WFO CLIMATE NORMALS FOR TODAY
                         NORMAL    RECORD    YEAR
 MAXIMUM TEMPERATURE (F)   90       100      1988
 MINIMUM TEMPERATURE (F)   69        59      1992


SUNRISE AND SUNSET
JUNE 24 2017..........SUNRISE   546 AM CDT   SUNSET   817 PM CDT
JUNE 25 2017..........SUNRISE   546 AM CDT   SUNSET   817 PM CDT


-  INDICATES NEGATIVE NUMBERS.
R  INDICATES RECORD WAS SET OR TIED.
MM INDICATES DATA IS MISSING.
T  INDICATES TRACE AMOUNT.




$$
