000
CDUS44 KMEG 290732
CLIMEG


CLIMATE REPORT
NATIONAL WEATHER SERVICE MEMPHIS TN
131 AM CST MON DEC 29 2014


...................................

...THE MEMPHIS/GERMANTOWN WFO CLIMATE SUMMARY FOR DECEMBER 28 2014...

CLIMATE NORMAL PERIOD 1981 TO 2010
CLIMATE RECORD PERIOD 1988 TO 2014


WEATHER ITEM   OBSERVED TIME   RECORD YEAR NORMAL DEPARTURE LAST
                VALUE   (LST)  VALUE       VALUE  FROM      YEAR
                                                  NORMAL
..................................................................
TEMPERATURE (F)
 YESTERDAY
  MAXIMUM         47        MM  68    1988  49     -2       47
  MINIMUM         37        MM  21    2010  30      7       30
  AVERAGE         42                        39      3       39

PRECIPITATION (IN)
  YESTERDAY        0.08          2.45 1988   0.17  -0.09     0.09
  MONTH TO DATE    2.56                      5.43  -2.87     5.44
  SINCE DEC 1      2.56                      5.43  -2.87     5.44
  SINCE JAN 1     57.71                     54.38   3.33    64.01

SNOWFALL (IN)
  YESTERDAY        0.0          MM      MM   0.0    0.0      0.0
  MONTH TO DATE    T                         0.1   -0.1       T
  SINCE DEC 1      T                         0.1   -0.1       T
  SINCE JUL 1      0.3                       0.1    0.2       T
  SNOW DEPTH       0

DEGREE DAYS
 HEATING
  YESTERDAY       23                        26     -3       26
  MONTH TO DATE  522                       647   -125      638
  SINCE DEC 1    522                       647   -125      638
  SINCE JUL 1   1201                      1246    -45     1298

 COOLING
  YESTERDAY        0                         0      0        0
  MONTH TO DATE    0                         0      0        1
  SINCE DEC 1      0                         0      0        1
  SINCE JAN 1   1967                      1926     41     1965
..................................................................







THE MEMPHIS/GERMANTOWN WFO CLIMATE NORMALS FOR TODAY
                         NORMAL    RECORD    YEAR
 MAXIMUM TEMPERATURE (F)   49        69      1996
 MINIMUM TEMPERATURE (F)   30        16      1995


SUNRISE AND SUNSET
DECEMBER 29 2014......SUNRISE   707 AM CST   SUNSET   456 PM CST
DECEMBER 30 2014......SUNRISE   707 AM CST   SUNSET   457 PM CST


-  INDICATES NEGATIVE NUMBERS.
R  INDICATES RECORD WAS SET OR TIED.
MM INDICATES DATA IS MISSING.
T  INDICATES TRACE AMOUNT.




$$
