000
CDUS44 KMEG 010735
CLIMEG


CLIMATE REPORT
NATIONAL WEATHER SERVICE MEMPHIS TN
135 AM CST WED MAR 1 2017


...................................

...THE MEMPHIS/GERMANTOWN WFO CLIMATE SUMMARY FOR FEBRUARY 28 2017...

CLIMATE NORMAL PERIOD 1981 TO 2010
CLIMATE RECORD PERIOD 1988 TO 2017


WEATHER ITEM   OBSERVED TIME   RECORD YEAR NORMAL DEPARTURE LAST
                VALUE   (LST)  VALUE       VALUE  FROM      YEAR
                                                  NORMAL
..................................................................
TEMPERATURE (F)
 YESTERDAY
  MAXIMUM         75    515 PM  76    1996  57     18       68
  MINIMUM         56   1214 AM  19    2002  36     20       47
  AVERAGE         66                        46     20       58

PRECIPITATION (IN)
  YESTERDAY        T             1.15 2009   0.17  -0.17      T
  MONTH TO DATE    1.55                      4.67  -3.12     6.21
  SINCE DEC 1     12.52                     14.57  -2.05    14.50
  SINCE JAN 1      5.21                      8.63  -3.42     8.95

SNOWFALL (IN)
  YESTERDAY        0.0           5.3  2009                   0.0
  MONTH TO DATE    0.0                                        T
  SINCE DEC 1      1.0                                       0.9
  SINCE JUL 1      1.0                                       0.9
  SNOW DEPTH      MM

DEGREE DAYS
 HEATING
  YESTERDAY        0                        19    -19        7
  MONTH TO DATE  312                       618   -306      525
  SINCE DEC 1   1519                      2147   -628     1698
  SINCE JUL 1   1841                      2746   -905     2079

 COOLING
  YESTERDAY        1                         0      1        0
  MONTH TO DATE   14                         1     13        0
  SINCE DEC 1     19                         2     17       13
  SINCE JAN 1     14                         1     13        0
..................................................................







THE MEMPHIS/GERMANTOWN WFO CLIMATE NORMALS FOR TODAY
                         NORMAL    RECORD    YEAR
 MAXIMUM TEMPERATURE (F)   58        77      2012
 MINIMUM TEMPERATURE (F)   36        23      2009


SUNRISE AND SUNSET
MARCH  1 2017.........SUNRISE   628 AM CST   SUNSET   555 PM CST
MARCH  2 2017.........SUNRISE   627 AM CST   SUNSET   556 PM CST


-  INDICATES NEGATIVE NUMBERS.
R  INDICATES RECORD WAS SET OR TIED.
MM INDICATES DATA IS MISSING.
T  INDICATES TRACE AMOUNT.




$$
