000
CDUS44 KMEG 242151
CLIMEG


CLIMATE REPORT
NATIONAL WEATHER SERVICE MEMPHIS TN
450 PM CDT THU APR 24 2014


...................................

...THE MEMPHIS/GERMANTOWN WFO CLIMATE SUMMARY FOR APRIL 24 2014...
VALID TODAY AS OF 0400 PM LOCAL TIME.

CLIMATE NORMAL PERIOD 1981 TO 2010
CLIMATE RECORD PERIOD 1988 TO 2014


WEATHER ITEM   OBSERVED TIME   RECORD YEAR NORMAL DEPARTURE LAST
                VALUE   (LST)  VALUE       VALUE  FROM      YEAR
                                                  NORMAL
..................................................................
TEMPERATURE (F)
 TODAY
  MAXIMUM         83    300 PM  88    2006  75      8       65
  MINIMUM         47    500 AM  39    2005  52     -5       40
  AVERAGE         65                        63      2       53

PRECIPITATION (IN)
  TODAY            0.00          2.97 2010   0.19  -0.19     0.89
  MONTH TO DATE    2.91                      4.21  -1.30     6.71
  SINCE MAR 1      8.95                      9.16  -0.21     9.95
  SINCE JAN 1     17.57                     17.79  -0.22    24.64

SNOWFALL (IN)
  TODAY            0.0

DEGREE DAYS
 HEATING
  TODAY            0                         4     -4       12
  MONTH TO DATE  144                       169    -25      170
  SINCE MAR 1    666                       605     61      726
  SINCE JUL 1   3670                      3351    319     3146

 COOLING
  TODAY            0                         2     -2        0
  MONTH TO DATE   39                        38      1       61
  SINCE MAR 1     41                        49     -8       62
  SINCE JAN 1     41                        50     -9       68
..................................................................







THE MEMPHIS/GERMANTOWN WFO CLIMATE NORMALS FOR TOMORROW
                         NORMAL    RECORD    YEAR
 MAXIMUM TEMPERATURE (F)   75        87      1990
 MINIMUM TEMPERATURE (F)   52        36      2013


SUNRISE AND SUNSET
APRIL 24 2014.........SUNRISE   616 AM CDT   SUNSET   739 PM CDT
APRIL 25 2014.........SUNRISE   615 AM CDT   SUNSET   740 PM CDT


-  INDICATES NEGATIVE NUMBERS.
R  INDICATES RECORD WAS SET OR TIED.
MM INDICATES DATA IS MISSING.
T  INDICATES TRACE AMOUNT.




$$
