000
CDUS44 KMEG 290632
CLIMEG


CLIMATE REPORT
NATIONAL WEATHER SERVICE MEMPHIS TN
132 AM CDT SUN MAR 29 2015


...................................

...THE MEMPHIS/GERMANTOWN WFO CLIMATE SUMMARY FOR MARCH 28 2015...

CLIMATE NORMAL PERIOD 1981 TO 2010
CLIMATE RECORD PERIOD 1988 TO 2015


WEATHER ITEM   OBSERVED TIME   RECORD YEAR NORMAL DEPARTURE LAST
                VALUE   (LST)  VALUE       VALUE  FROM      YEAR
                                                  NORMAL
..................................................................
TEMPERATURE (F)
 YESTERDAY
  MAXIMUM         44        MM  84    2012  67    -23       74
  MINIMUM         32        MM  29    1990  43    -11       59
  AVERAGE         38                        55    -17       67

PRECIPITATION (IN)
  YESTERDAY        T             1.79 1994   0.16  -0.16     1.25
  MONTH TO DATE    5.68                      4.43   1.25     5.74
  SINCE MAR 1      5.68                      4.43   1.25     5.74
  SINCE JAN 1     11.76                     13.06  -1.30    14.36

SNOWFALL (IN)
  YESTERDAY        T   R         0.0    MM   0.0    0.0      0.0
  MONTH TO DATE    4.1                       0.8    3.3      0.3
  SINCE MAR 1      4.1                       0.8    3.3      0.3
  SINCE JUL 1      6.3                       2.4    3.9      0.8
  SNOW DEPTH       0

DEGREE DAYS
 HEATING
  YESTERDAY       27                        11     16        0
  MONTH TO DATE  403                       405     -2      486
  SINCE MAR 1    403                       405     -2      486
  SINCE JUL 1   3310                      3151    159     3490

 COOLING
  YESTERDAY        0                         1     -1        2
  MONTH TO DATE    3                         5     -2        2
  SINCE MAR 1      3                         5     -2        2
  SINCE JAN 1      3                         6     -3        2
..................................................................







THE MEMPHIS/GERMANTOWN WFO CLIMATE NORMALS FOR TODAY
                         NORMAL    RECORD    YEAR
 MAXIMUM TEMPERATURE (F)   67        89      2007
 MINIMUM TEMPERATURE (F)   44        31      1994


SUNRISE AND SUNSET
MARCH 29 2015.........SUNRISE   651 AM CDT   SUNSET   718 PM CDT
MARCH 30 2015.........SUNRISE   649 AM CDT   SUNSET   719 PM CDT


-  INDICATES NEGATIVE NUMBERS.
R  INDICATES RECORD WAS SET OR TIED.
MM INDICATES DATA IS MISSING.
T  INDICATES TRACE AMOUNT.




$$
