000
CDUS44 KMEG 270733
CLIMEG


CLIMATE REPORT
NATIONAL WEATHER SERVICE MEMPHIS TN
133 AM CST TUE JAN 27 2015


...................................

...THE MEMPHIS/GERMANTOWN WFO CLIMATE SUMMARY FOR JANUARY 26 2015...

CLIMATE NORMAL PERIOD 1981 TO 2010
CLIMATE RECORD PERIOD 1988 TO 2015


WEATHER ITEM   OBSERVED TIME   RECORD YEAR NORMAL DEPARTURE LAST
                VALUE   (LST)  VALUE       VALUE  FROM      YEAR
                                                  NORMAL
..................................................................
TEMPERATURE (F)
 YESTERDAY
  MAXIMUM         49    350 PM  71    1989  49      0       62
  MINIMUM         34   1150 PM  17    2000  30      4       26
  AVERAGE         42                        39      3       44

PRECIPITATION (IN)
  YESTERDAY        0.00          0.42 2012   0.12  -0.12     0.00
  MONTH TO DATE    1.34                      3.33  -1.99     3.23
  SINCE DEC 1      3.91                      9.27  -5.36     8.79
  SINCE JAN 1      1.34                      3.33  -1.99     3.23

SNOWFALL (IN)
  YESTERDAY        0.0          MM      MM   0.1   -0.1      0.0
  MONTH TO DATE    T                         0.2   -0.2       T
  SINCE DEC 1      T                         0.3   -0.3       T
  SINCE JUL 1      0.3                       0.3    0.0       T
  SNOW DEPTH       0

DEGREE DAYS
 HEATING
  YESTERDAY       23                        26     -3       21
  MONTH TO DATE  684                       676      8      759
  SINCE DEC 1   1295                      1401   -106     1480
  SINCE JUL 1   1974                      2000    -26     2140

 COOLING
  YESTERDAY        0                         0      0        0
  MONTH TO DATE    0                         0      0        0
  SINCE DEC 1      0                         1     -1        1
  SINCE JAN 1      0                         0      0        0
..................................................................







THE MEMPHIS/GERMANTOWN WFO CLIMATE NORMALS FOR TODAY
                         NORMAL    RECORD    YEAR
 MAXIMUM TEMPERATURE (F)   49        74      1999
 MINIMUM TEMPERATURE (F)   30        17      2003


SUNRISE AND SUNSET
JANUARY 27 2015.......SUNRISE   702 AM CST   SUNSET   522 PM CST
JANUARY 28 2015.......SUNRISE   701 AM CST   SUNSET   523 PM CST


-  INDICATES NEGATIVE NUMBERS.
R  INDICATES RECORD WAS SET OR TIED.
MM INDICATES DATA IS MISSING.
T  INDICATES TRACE AMOUNT.




$$
