000
CDUS44 KJAN 172208
CLIMEI


CLIMATE REPORT
NATIONAL WEATHER SERVICE JACKSON MS
406 PM CST FRI NOV 17 2017


...................................

...THE MERIDIAN CLIMATE SUMMARY FOR NOVEMBER 17 2017...
VALID TODAY AS OF 0400 PM LOCAL TIME.

CLIMATE NORMAL PERIOD 1981 TO 2010
CLIMATE RECORD PERIOD 1889 TO 2017


WEATHER ITEM   OBSERVED TIME   RECORD YEAR NORMAL DEPARTURE LAST
                VALUE   (LST)  VALUE       VALUE  FROM      YEAR
                                                  NORMAL
..................................................................
TEMPERATURE (F)
 TODAY
  MAXIMUM         76    240 PM  83    2016  67      9       83
                                      1964
                                      1958
  MINIMUM         49    701 AM  23    1997  41      8       40
                                      1901
  AVERAGE         63                        54      9       62

PRECIPITATION (IN)
  TODAY            0.00          1.41 1902   0.17  -0.17     0.00
  MONTH TO DATE    1.06                      2.62  -1.56     0.21
  SINCE SEP 1      4.54                      9.81  -5.27     0.78
  SINCE JAN 1     57.42                     48.77   8.65    38.11

SNOWFALL (IN)
  TODAY            0.0           0.0  2002   0.0    0.0      0.0
                                      2001
  MONTH TO DATE    0.0                       0.0    0.0      0.0
  SINCE SEP 1      0.0                       0.0    0.0      0.0
  SINCE JUL 1      0.0                       0.0    0.0      0.0

DEGREE DAYS
 HEATING
  TODAY            2                        11     -9        3
  MONTH TO DATE   78                       155    -77       68
  SINCE SEP 1    172                       279   -107       84
  SINCE JUL 1    172                       279   -107       84

 COOLING
  TODAY            0                         0      0        0
  MONTH TO DATE   48                        13     35       22
  SINCE SEP 1    577                       406    171      745
  SINCE JAN 1   2541                      2026    515     2856
..................................................................


WIND (MPH)
  HIGHEST WIND SPEED    13   HIGHEST WIND DIRECTION    SW (210)
  HIGHEST GUST SPEED    20   HIGHEST GUST DIRECTION     S (180)
  AVERAGE WIND SPEED     3.3


SKY COVER
  POSSIBLE SUNSHINE  MM
  AVERAGE SKY COVER 0.2


WEATHER CONDITIONS
 THE FOLLOWING WEATHER WAS RECORDED TODAY.
  FOG


RELATIVE HUMIDITY (PERCENT)
 HIGHEST   100          1200 AM
 LOWEST     58           200 PM
 AVERAGE    79

..........................................................


THE MERIDIAN CLIMATE NORMALS FOR TOMORROW
                         NORMAL    RECORD    YEAR
 MAXIMUM TEMPERATURE (F)   67        83      1930
                                             1921
 MINIMUM TEMPERATURE (F)   41        20      1951


SUNRISE AND SUNSET
NOVEMBER 17 2017......SUNRISE   626 AM CST   SUNSET   453 PM CST
NOVEMBER 18 2017......SUNRISE   627 AM CST   SUNSET   453 PM CST


-  INDICATES NEGATIVE NUMBERS.
R  INDICATES RECORD WAS SET OR TIED.
MM INDICATES DATA IS MISSING.
T  INDICATES TRACE AMOUNT.




$$
