166
CDUS44 KJAN 052109
CLIMEI


CLIMATE REPORT
NATIONAL WEATHER SERVICE JACKSON MS
408 PM CDT THU MAY 5 2016


...................................

...THE MERIDIAN CLIMATE SUMMARY FOR MAY 5 2016...
VALID TODAY AS OF 0400 PM LOCAL TIME.

CLIMATE NORMAL PERIOD 1981 TO 2010
CLIMATE RECORD PERIOD 1889 TO 2016


WEATHER ITEM   OBSERVED TIME   RECORD YEAR NORMAL DEPARTURE LAST
                VALUE   (LST)  VALUE       VALUE  FROM      YEAR
                                                  NORMAL
..................................................................
TEMPERATURE (F)
 TODAY
  MAXIMUM         75    236 PM  94    1952  81     -6       83
  MINIMUM         52    533 AM  39    2011  55     -3       53
  AVERAGE         64                        68     -4       68

PRECIPITATION (IN)
  TODAY            0.00          4.04 1908   0.14  -0.14     0.00
  MONTH TO DATE    0.64                      0.73  -0.09     0.00
  SINCE MAR 1     17.17                     10.93   6.24    10.06
  SINCE JAN 1     24.66                     21.66   3.00    20.90

SNOWFALL (IN)
  TODAY            0.0           0.0    MM   0.0    0.0      0.0
  MONTH TO DATE    0.0                       0.0    0.0      0.0
  SINCE MAR 1      0.0                       0.3   -0.3       T
  SINCE JUL 1      T                         0.6   -0.6       T

DEGREE DAYS
 HEATING
  TODAY            1                         1      0        0
  MONTH TO DATE    2                         6     -4        6
  SINCE MAR 1    247                       443   -196      263
  SINCE JUL 1   1809                      2540   -731     2504

 COOLING
  TODAY            0                         4     -4        3
  MONTH TO DATE   12                        19     -7        5
  SINCE MAR 1    108                        95     13      145
  SINCE JAN 1    113                       102     11      145
..................................................................


WIND (MPH)
  HIGHEST WIND SPEED    22   HIGHEST WIND DIRECTION    NW (300)
  HIGHEST GUST SPEED    29   HIGHEST GUST DIRECTION     W (280)
  AVERAGE WIND SPEED     6.8


SKY COVER
  POSSIBLE SUNSHINE  MM
  AVERAGE SKY COVER 0.0


WEATHER CONDITIONS
 THE FOLLOWING WEATHER WAS RECORDED TODAY.
  NO SIGNIFICANT WEATHER WAS OBSERVED.


RELATIVE HUMIDITY (PERCENT)
 HIGHEST    93           200 AM
 LOWEST     29          1100 AM
 AVERAGE    61

..........................................................


THE MERIDIAN CLIMATE NORMALS FOR TOMORROW
                         NORMAL    RECORD    YEAR
 MAXIMUM TEMPERATURE (F)   81        94      1952
 MINIMUM TEMPERATURE (F)   56        40      1957
                                             1945


SUNRISE AND SUNSET
MAY  5 2016...........SUNRISE   604 AM CDT   SUNSET   739 PM CDT
MAY  6 2016...........SUNRISE   604 AM CDT   SUNSET   740 PM CDT


-  INDICATES NEGATIVE NUMBERS.
R  INDICATES RECORD WAS SET OR TIED.
MM INDICATES DATA IS MISSING.
T  INDICATES TRACE AMOUNT.




$$
