813
CDUS44 KJAN 050753
CLIMEI


CLIMATE REPORT
NATIONAL WEATHER SERVICE JACKSON MS
150 AM CST MON DEC 5 2016


...................................

...THE MERIDIAN CLIMATE SUMMARY FOR DECEMBER 4 2016...

CLIMATE NORMAL PERIOD 1981 TO 2010
CLIMATE RECORD PERIOD 1889 TO 2016


WEATHER ITEM   OBSERVED TIME   RECORD YEAR NORMAL DEPARTURE LAST
                VALUE   (LST)  VALUE       VALUE  FROM      YEAR
                                                  NORMAL
..................................................................
TEMPERATURE (F)
 YESTERDAY
  MAXIMUM         55    808 PM  79    2005  62     -7       59
  MINIMUM         47    217 AM  20    1989  38      9       33
  AVERAGE         51                        50      1       46

PRECIPITATION (IN)
  YESTERDAY        0.33          4.16 1982   0.19   0.14     0.00
  MONTH TO DATE    0.70                      0.75  -0.05     1.26
  SINCE DEC 1      0.70                      0.75  -0.05     1.26
  SINCE JAN 1     42.53                     51.85  -9.32    54.40

SNOWFALL (IN)
  YESTERDAY        0.0           0.0  2001   0.0    0.0      0.0
  MONTH TO DATE    0.0                       0.0    0.0      0.0
  SINCE DEC 1      0.0                       0.0    0.0      0.0
  SINCE JUL 1      0.0                       0.0    0.0      0.0

DEGREE DAYS
 HEATING
  YESTERDAY       14                        16     -2       19
  MONTH TO DATE   61                        62     -1       57
  SINCE DEC 1     61                        62     -1       57
  SINCE JUL 1    270                       512   -242      308

 COOLING
  YESTERDAY        0                         0      0        0
  MONTH TO DATE    0                         0      0        0
  SINCE DEC 1      0                         0      0        0
  SINCE JAN 1   2856                      2029    827     2295
..................................................................


WIND (MPH)
  HIGHEST WIND SPEED    17   HIGHEST WIND DIRECTION    SE (140)
  HIGHEST GUST SPEED    22   HIGHEST GUST DIRECTION    SE (140)
  AVERAGE WIND SPEED     4.8


SKY COVER
  POSSIBLE SUNSHINE  MM
  AVERAGE SKY COVER 0.9


WEATHER CONDITIONS
 THE FOLLOWING WEATHER WAS RECORDED YESTERDAY.
  RAIN
  LIGHT RAIN
  FOG


RELATIVE HUMIDITY (PERCENT)
 HIGHEST    93           200 AM
 LOWEST     80           400 AM
 AVERAGE    87

..........................................................


THE MERIDIAN CLIMATE NORMALS FOR TODAY
                         NORMAL    RECORD    YEAR
 MAXIMUM TEMPERATURE (F)   61        82      2013
 MINIMUM TEMPERATURE (F)   37        18      2006


SUNRISE AND SUNSET
DECEMBER  5 2016......SUNRISE   642 AM CST   SUNSET   450 PM CST
DECEMBER  6 2016......SUNRISE   643 AM CST   SUNSET   450 PM CST


-  INDICATES NEGATIVE NUMBERS.
R  INDICATES RECORD WAS SET OR TIED.
MM INDICATES DATA IS MISSING.
T  INDICATES TRACE AMOUNT.




$$
