000
CDUS44 KJAN 290649
CLIMEI


CLIMATE REPORT
NATIONAL WEATHER SERVICE JACKSON MS
137 AM CDT SAT AUG 29 2015


...................................

...THE MERIDIAN CLIMATE SUMMARY FOR AUGUST 28 2015...

CLIMATE NORMAL PERIOD 1981 TO 2010
CLIMATE RECORD PERIOD 1889 TO 2015


WEATHER ITEM   OBSERVED TIME   RECORD YEAR NORMAL DEPARTURE LAST
                VALUE   (LST)  VALUE       VALUE  FROM      YEAR
                                                  NORMAL
..................................................................
TEMPERATURE (F)
 YESTERDAY
  MAXIMUM         91    213 PM 103    2000  91      0       95
  MINIMUM         60    537 AM  56    1952  68     -8       63
  AVERAGE         76                        79     -3       79

PRECIPITATION (IN)
  YESTERDAY        0.00          2.32 1902   0.10  -0.10     0.00
  MONTH TO DATE    3.20                      3.66  -0.46     1.69
  SINCE JUN 1     11.74                     13.20  -1.46     6.03
  SINCE JAN 1     34.80                     38.63  -3.83    37.75

SNOWFALL (IN)
  YESTERDAY        0.0           0.0  2002   0.0    0.0      0.0
                                      2001
  MONTH TO DATE    0.0                       0.0    0.0      0.0
  SINCE JUN 1      0.0                       0.0    0.0      0.0
  SINCE JUL 1      0.0                       0.0    0.0      0.0

DEGREE DAYS
 HEATING
  YESTERDAY        0                         0      0        0
  MONTH TO DATE    0                         0      0        0
  SINCE JUN 1      0                         0      0        0
  SINCE JUL 1      0                         0      0        0

 COOLING
  YESTERDAY       11                        14     -3       14
  MONTH TO DATE  452                       433     19      437
  SINCE JUN 1   1415                      1297    118     1272
  SINCE JAN 1   1780                      1580    200     1542
..................................................................


WIND (MPH)
  HIGHEST WIND SPEED    12   HIGHEST WIND DIRECTION     E (80)
  HIGHEST GUST SPEED    14   HIGHEST GUST DIRECTION     E (80)
  AVERAGE WIND SPEED     3.1


SKY COVER
  POSSIBLE SUNSHINE  MM
  AVERAGE SKY COVER 0.1


WEATHER CONDITIONS
 THE FOLLOWING WEATHER WAS RECORDED YESTERDAY.
  NO SIGNIFICANT WEATHER WAS OBSERVED.


RELATIVE HUMIDITY (PERCENT)
 HIGHEST    97           400 AM
 LOWEST     38           300 PM
 AVERAGE    68

..........................................................


THE MERIDIAN CLIMATE NORMALS FOR TODAY
                         NORMAL    RECORD    YEAR
 MAXIMUM TEMPERATURE (F)   91       106      2000
 MINIMUM TEMPERATURE (F)   68        51      1891


SUNRISE AND SUNSET
AUGUST 29 2015........SUNRISE   628 AM CDT   SUNSET   723 PM CDT
AUGUST 30 2015........SUNRISE   629 AM CDT   SUNSET   722 PM CDT


-  INDICATES NEGATIVE NUMBERS.
R  INDICATES RECORD WAS SET OR TIED.
MM INDICATES DATA IS MISSING.
T  INDICATES TRACE AMOUNT.




$$
