000
CDUS44 KJAN 210713
CLIMEI


CLIMATE REPORT
NATIONAL WEATHER SERVICE JACKSON MS
111 AM CST SUN JAN 21 2018


...................................

...THE MERIDIAN CLIMATE SUMMARY FOR JANUARY 20 2018...

CLIMATE NORMAL PERIOD 1981 TO 2010
CLIMATE RECORD PERIOD 1889 TO 2018


WEATHER ITEM   OBSERVED TIME   RECORD YEAR NORMAL DEPARTURE LAST
                VALUE   (LST)  VALUE       VALUE  FROM      YEAR
                                                  NORMAL
..................................................................
TEMPERATURE (F)
 YESTERDAY
  MAXIMUM         70    250 PM  81    1982  57     13       77
  MINIMUM         34    553 AM   6    1985  33      1       57
  AVERAGE         52                        45      7       67

PRECIPITATION (IN)
  YESTERDAY        0.00          3.44 1979   0.18  -0.18     0.00
  MONTH TO DATE    0.77                      3.09  -2.32     4.65
  SINCE DEC 1      4.86                      8.15  -3.29     8.55
  SINCE JAN 1      0.77                      3.09  -2.32     4.65

SNOWFALL (IN)
  YESTERDAY        0.0           T    2011   0.0    0.0      0.0
                                      1985
                                      1966
  MONTH TO DATE    0.3                       0.1    0.2      0.8
  SINCE DEC 1      5.3                       0.2    5.1      0.8
  SINCE JUL 1      5.3                       0.2    5.1      0.8

DEGREE DAYS
 HEATING
  YESTERDAY       13                        20     -7        0
  MONTH TO DATE  525                       411    114      191
  SINCE DEC 1   1056                       969     87      595
  SINCE JUL 1   1397                      1419    -22      804

 COOLING
  YESTERDAY        0                         0      0        2
  MONTH TO DATE    2                         0      2       22
  SINCE DEC 1      5                         6     -1       40
  SINCE JAN 1      2                         0      2       22
..................................................................


WIND (MPH)
  HIGHEST WIND SPEED    15   HIGHEST WIND DIRECTION     S (180)
  HIGHEST GUST SPEED    21   HIGHEST GUST DIRECTION     S (170)
  AVERAGE WIND SPEED     5.2


SKY COVER
  POSSIBLE SUNSHINE  MM
  AVERAGE SKY COVER 0.5


WEATHER CONDITIONS
 THE FOLLOWING WEATHER WAS RECORDED YESTERDAY.
  NO SIGNIFICANT WEATHER WAS OBSERVED.


RELATIVE HUMIDITY (PERCENT)
 HIGHEST    82           900 PM
 LOWEST     33           200 PM
 AVERAGE    58

..........................................................


THE MERIDIAN CLIMATE NORMALS FOR TODAY
                         NORMAL    RECORD    YEAR
 MAXIMUM TEMPERATURE (F)   57        80      1982
                                             1937
 MINIMUM TEMPERATURE (F)   33         5      1985


SUNRISE AND SUNSET
JANUARY 21 2018.......SUNRISE   655 AM CST   SUNSET   518 PM CST
JANUARY 22 2018.......SUNRISE   654 AM CST   SUNSET   519 PM CST


-  INDICATES NEGATIVE NUMBERS.
R  INDICATES RECORD WAS SET OR TIED.
MM INDICATES DATA IS MISSING.
T  INDICATES TRACE AMOUNT.




$$
