000
CDUS44 KJAN 200648
CLIMEI


CLIMATE REPORT
NATIONAL WEATHER SERVICE JACKSON MS
1246 AM CST MON FEB 20 2017


...................................

...THE MERIDIAN CLIMATE SUMMARY FOR FEBRUARY 19 2017...

CLIMATE NORMAL PERIOD 1981 TO 2010
CLIMATE RECORD PERIOD 1889 TO 2017


WEATHER ITEM   OBSERVED TIME   RECORD YEAR NORMAL DEPARTURE LAST
                VALUE   (LST)  VALUE       VALUE  FROM      YEAR
                                                  NORMAL
..................................................................
TEMPERATURE (F)
 YESTERDAY
  MAXIMUM         83R   355 PM  81    1986  62     21       74
  MINIMUM         45    645 AM  19    2015  37      8       38
                                      1978
  AVERAGE         64                        50     14       56

PRECIPITATION (IN)
  YESTERDAY        0.00          4.94 1991   0.20  -0.20     0.00
  MONTH TO DATE    0.91                      3.86  -2.95     1.89
  SINCE DEC 1     12.18                     14.05  -1.87    11.21
  SINCE JAN 1      8.28                      8.99  -0.71     5.13

SNOWFALL (IN)
  YESTERDAY        0.0           0.0    MM   0.0    0.0      0.0
  MONTH TO DATE    0.0                       0.0    0.0      0.0
  SINCE DEC 1      0.8                       0.3    0.5       T
  SINCE JUL 1      0.8                       0.3    0.5       T

DEGREE DAYS
 HEATING
  YESTERDAY        1                        15    -14        9
  MONTH TO DATE  149                       332   -183      309
  SINCE DEC 1    879                      1519   -640     1215
  SINCE JUL 1   1088                      1969   -881     1466

 COOLING
  YESTERDAY        0                         0      0        0
  MONTH TO DATE   12                         0     12        4
  SINCE DEC 1     54                         9     45       47
  SINCE JAN 1     36                         3     33        4
..................................................................


WIND (MPH)
  HIGHEST WIND SPEED    12   HIGHEST WIND DIRECTION     E (70)
  HIGHEST GUST SPEED    14   HIGHEST GUST DIRECTION     N (20)
  AVERAGE WIND SPEED     1.8


SKY COVER
  POSSIBLE SUNSHINE  MM
  AVERAGE SKY COVER 0.0


WEATHER CONDITIONS
 THE FOLLOWING WEATHER WAS RECORDED YESTERDAY.
  FOG


RELATIVE HUMIDITY (PERCENT)
 HIGHEST   100           100 AM
 LOWEST     40           400 PM
 AVERAGE    70

..........................................................


THE MERIDIAN CLIMATE NORMALS FOR TODAY
                         NORMAL    RECORD    YEAR
 MAXIMUM TEMPERATURE (F)   62        81      2014
                                             1997
 MINIMUM TEMPERATURE (F)   38        17      1978


SUNRISE AND SUNSET
FEBRUARY 20 2017......SUNRISE   632 AM CST   SUNSET   546 PM CST
FEBRUARY 21 2017......SUNRISE   631 AM CST   SUNSET   546 PM CST


-  INDICATES NEGATIVE NUMBERS.
R  INDICATES RECORD WAS SET OR TIED.
MM INDICATES DATA IS MISSING.
T  INDICATES TRACE AMOUNT.




$$
