762
CDUS44 KJAN 250702
CLIMEI


CLIMATE REPORT
NATIONAL WEATHER SERVICE JACKSON MS
200 AM CDT MON JUL 25 2016


...................................

...THE MERIDIAN CLIMATE SUMMARY FOR JULY 24 2016...

CLIMATE NORMAL PERIOD 1981 TO 2010
CLIMATE RECORD PERIOD 1889 TO 2016


WEATHER ITEM   OBSERVED TIME   RECORD YEAR NORMAL DEPARTURE LAST
                VALUE   (LST)  VALUE       VALUE  FROM      YEAR
                                                  NORMAL
..................................................................
TEMPERATURE (F)
 YESTERDAY
  MAXIMUM         98    318 PM 104    1981  92      6       90
  MINIMUM         76    458 AM  60    1894  70      6       73
  AVERAGE         87                        81      6       82

PRECIPITATION (IN)
  YESTERDAY        0.24          2.61 2011   0.17   0.07     0.93
  MONTH TO DATE    1.62                      4.02  -2.40     3.57
  SINCE JUN 1      6.53                      8.42  -1.89     8.54
  SINCE JAN 1     31.52                     33.85  -2.33    31.60

SNOWFALL (IN)
  YESTERDAY        0.0           0.0    MM   0.0    0.0      0.0
  MONTH TO DATE    0.0                       0.0    0.0      0.0
  SINCE JUN 1      0.0                       0.0    0.0      0.0
  SINCE JUL 1      0.0                       0.0    0.0      0.0

DEGREE DAYS
 HEATING
  YESTERDAY        0                         0      0        0
  MONTH TO DATE    0                         0      0        0
  SINCE JUN 1      0                         0      0        0
  SINCE JUL 1      0                         0      0        0

 COOLING
  YESTERDAY       22                        16      6       17
  MONTH TO DATE  496                       375    121      413
  SINCE JUN 1   1040                       755    285      829
  SINCE JAN 1   1352                      1038    314     1194
..................................................................


WIND (MPH)
  HIGHEST WIND SPEED    25   HIGHEST WIND DIRECTION     S (160)
  HIGHEST GUST SPEED    29   HIGHEST GUST DIRECTION     S (160)
  AVERAGE WIND SPEED     3.5


SKY COVER
  POSSIBLE SUNSHINE  MM
  AVERAGE SKY COVER 0.2


WEATHER CONDITIONS
 THE FOLLOWING WEATHER WAS RECORDED YESTERDAY.
  THUNDERSTORM
  HEAVY RAIN
  RAIN
  LIGHT RAIN
  FOG


RELATIVE HUMIDITY (PERCENT)
 HIGHEST    94           300 AM
 LOWEST     43           400 PM
 AVERAGE    69

..........................................................


THE MERIDIAN CLIMATE NORMALS FOR TODAY
                         NORMAL    RECORD    YEAR
 MAXIMUM TEMPERATURE (F)   92       100      1981
 MINIMUM TEMPERATURE (F)   70        58      1904


SUNRISE AND SUNSET
JULY 25 2016..........SUNRISE   605 AM CDT   SUNSET   757 PM CDT
JULY 26 2016..........SUNRISE   606 AM CDT   SUNSET   757 PM CDT


-  INDICATES NEGATIVE NUMBERS.
R  INDICATES RECORD WAS SET OR TIED.
MM INDICATES DATA IS MISSING.
T  INDICATES TRACE AMOUNT.




$$
