000
CDUS44 KJAN 020844
CLIMEI


CLIMATE REPORT
NATIONAL WEATHER SERVICE JACKSON MS
338 AM CDT THU JUL 2 2015


...................................

...THE MERIDIAN CLIMATE SUMMARY FOR JULY 1 2015...

CLIMATE NORMAL PERIOD 1981 TO 2010
CLIMATE RECORD PERIOD 1889 TO 2015


WEATHER ITEM   OBSERVED TIME   RECORD YEAR NORMAL DEPARTURE LAST
                VALUE   (LST)  VALUE       VALUE  FROM      YEAR
                                                  NORMAL
..................................................................
TEMPERATURE (F)
 YESTERDAY
  MAXIMUM         90    344 PM 100    2009  91     -1       95
                                      2006
                                      1969
  MINIMUM         67    529 AM  56    1950  69     -2       71
  AVERAGE         79                        80     -1       83

PRECIPITATION (IN)
  YESTERDAY        0.15          2.71 1941   0.17  -0.02     0.00
  MONTH TO DATE    0.15                      0.17  -0.02     0.00
  SINCE JUN 1      5.12                      4.57   0.55     2.54
  SINCE JAN 1     28.18                     30.00  -1.82    34.26

SNOWFALL (IN)
  YESTERDAY        0.0           0.0    MM   0.0    0.0      0.0
  MONTH TO DATE    0.0                       0.0    0.0      0.0
  SINCE JUN 1      0.0                       0.0    0.0      0.0
  SINCE JUL 1      0.0                       0.0    0.0      0.0

DEGREE DAYS
 HEATING
  YESTERDAY        0                         0      0        0
  MONTH TO DATE    0                         0      0        0
  SINCE JUN 1      0                         0      0        0
  SINCE JUL 1      0                         0      0        0

 COOLING
  YESTERDAY       14                        15     -1       18
  MONTH TO DATE   14                        15     -1       18
  SINCE JUN 1    430                       395     35      428
  SINCE JAN 1    795                       678    117      698
..................................................................


WIND (MPH)
  HIGHEST WIND SPEED    30   HIGHEST WIND DIRECTION    SW (230)
  HIGHEST GUST SPEED    38   HIGHEST GUST DIRECTION    SW (230)
  AVERAGE WIND SPEED     7.4


SKY COVER
  POSSIBLE SUNSHINE  MM
  AVERAGE SKY COVER 0.1


WEATHER CONDITIONS
 THE FOLLOWING WEATHER WAS RECORDED YESTERDAY.
  THUNDERSTORM
  HEAVY RAIN
  RAIN
  LIGHT RAIN
  FOG


RELATIVE HUMIDITY (PERCENT)
 HIGHEST   100           300 AM
 LOWEST     46          1100 AM
 AVERAGE    73

..........................................................


THE MERIDIAN CLIMATE NORMALS FOR TODAY
                         NORMAL    RECORD    YEAR
 MAXIMUM TEMPERATURE (F)   91       101      1977
                                             1970
 MINIMUM TEMPERATURE (F)   69        57      2008


SUNRISE AND SUNSET
JULY  2 2015..........SUNRISE   552 AM CDT   SUNSET   806 PM CDT
JULY  3 2015..........SUNRISE   552 AM CDT   SUNSET   806 PM CDT


-  INDICATES NEGATIVE NUMBERS.
R  INDICATES RECORD WAS SET OR TIED.
MM INDICATES DATA IS MISSING.
T  INDICATES TRACE AMOUNT.




$$
