000
CDUS44 KJAN 242234
CLIMEI


CLIMATE REPORT
NATIONAL WEATHER SERVICE JACKSON MS
534 PM CDT SAT SEP 24 2016


...................................

...THE MERIDIAN CLIMATE SUMMARY FOR SEPTEMBER 24 2016...
VALID AS OF 0500 PM LOCAL TIME.

CLIMATE NORMAL PERIOD 1981 TO 2010
CLIMATE RECORD PERIOD 1889 TO 2016


WEATHER ITEM   OBSERVED TIME   RECORD YEAR NORMAL DEPARTURE LAST
                VALUE   (LST)  VALUE       VALUE  FROM      YEAR
                                                  NORMAL
..................................................................
TEMPERATURE (F)
 TODAY
  MAXIMUM        101R   214 PM  97    1993  84     17       89
                                      1931
                                      1921
  MINIMUM         69    603 AM  43    1990  60      9       61
  AVERAGE         85                        72     13       75

PRECIPITATION (IN)
  TODAY            0.00          2.82 1991   0.12  -0.12     0.00
  MONTH TO DATE    0.55                      2.72  -2.17     0.94
  SINCE SEP 1      0.55                      2.72  -2.17     0.94
  SINCE JAN 1     37.88                     41.68  -3.80    36.64

SNOWFALL (IN)
  TODAY            0.0           0.0  2002   0.0    0.0      0.0
                                      2001
  MONTH TO DATE    0.0                       0.0    0.0      0.0
  SINCE SEP 1      0.0                       0.0    0.0      0.0
  SINCE JUL 1      0.0                       0.0    0.0      0.0

DEGREE DAYS
 HEATING
  TODAY            0                         0      0        0
  MONTH TO DATE    0                         0      0        1
  SINCE SEP 1      0                         0      0        1
  SINCE JUL 1      0                         0      0        1

 COOLING
  TODAY           20                         8     12       10
  MONTH TO DATE  439                       265    174      275
  SINCE SEP 1    439                       265    174      275
  SINCE JAN 1   2550                      1885    665     2100
..................................................................


WIND (MPH)
  HIGHEST WIND SPEED    17   HIGHEST WIND DIRECTION    NE (50)
  HIGHEST GUST SPEED    20   HIGHEST GUST DIRECTION    NE (50)
  AVERAGE WIND SPEED     2.6


SKY COVER
  POSSIBLE SUNSHINE  MM
  AVERAGE SKY COVER 0.1


WEATHER CONDITIONS
 THE FOLLOWING WEATHER WAS RECORDED TODAY.
  THUNDERSTORM


RELATIVE HUMIDITY (PERCENT)
 HIGHEST    90           400 AM
 LOWEST     27           200 PM
 AVERAGE    59

..........................................................


THE MERIDIAN CLIMATE NORMALS FOR TOMORROW
                         NORMAL    RECORD    YEAR
 MAXIMUM TEMPERATURE (F)   84        96      2010
 MINIMUM TEMPERATURE (F)   60        45      1990
                                             1965


SUNRISE AND SUNSET
SEPTEMBER 24 2016.....SUNRISE   645 AM CDT   SUNSET   648 PM CDT
SEPTEMBER 25 2016.....SUNRISE   645 AM CDT   SUNSET   647 PM CDT


-  INDICATES NEGATIVE NUMBERS.
R  INDICATES RECORD WAS SET OR TIED.
MM INDICATES DATA IS MISSING.
T  INDICATES TRACE AMOUNT.




$$
