000
CDUS44 KJAN 290738
CLIMEI


CLIMATE REPORT
NATIONAL WEATHER SERVICE JACKSON MS
234 AM CDT WED MAR 29 2017


...................................

...THE MERIDIAN CLIMATE SUMMARY FOR MARCH 28 2017...

CLIMATE NORMAL PERIOD 1981 TO 2010
CLIMATE RECORD PERIOD 1889 TO 2017


WEATHER ITEM   OBSERVED TIME   RECORD YEAR NORMAL DEPARTURE LAST
                VALUE   (LST)  VALUE       VALUE  FROM      YEAR
                                                  NORMAL
..................................................................
TEMPERATURE (F)
 YESTERDAY
  MAXIMUM         85    248 PM  89    1910  72     13       73
  MINIMUM         65   1216 AM  29    1894  45     20       47
  AVERAGE         75                        58     17       60

PRECIPITATION (IN)
  YESTERDAY        0.00          4.38 1951   0.16  -0.16     0.00
  MONTH TO DATE    5.62                      4.91   0.71     9.49
  SINCE MAR 1      5.62                      4.91   0.71     9.49
  SINCE JAN 1     15.19                     15.64  -0.45    16.98

SNOWFALL (IN)
  YESTERDAY        0.0           0.0  2002   0.0    0.0      0.0
                                      2001
  MONTH TO DATE    0.0                       0.2   -0.2      0.0
  SINCE MAR 1      0.0                       0.2   -0.2      0.0
  SINCE JUL 1      0.8                       0.5    0.3       T

DEGREE DAYS
 HEATING
  YESTERDAY        0                         7     -7        5
  MONTH TO DATE  190                       286    -96      175
  SINCE MAR 1    190                       286    -96      175
  SINCE JUL 1   1318                      2383  -1065     1737

 COOLING
  YESTERDAY       10                         1      9        0
  MONTH TO DATE   58                        20     38       25
  SINCE MAR 1     58                        20     38       25
  SINCE JAN 1    104                        27     77       30
..................................................................


WIND (MPH)
  HIGHEST WIND SPEED    12   HIGHEST WIND DIRECTION     S (180)
  HIGHEST GUST SPEED    15   HIGHEST GUST DIRECTION    SW (230)
  AVERAGE WIND SPEED     4.9


SKY COVER
  POSSIBLE SUNSHINE  MM
  AVERAGE SKY COVER 0.5


WEATHER CONDITIONS
 THE FOLLOWING WEATHER WAS RECORDED YESTERDAY.
  FOG


RELATIVE HUMIDITY (PERCENT)
 HIGHEST   100          1200 AM
 LOWEST     51           300 PM
 AVERAGE    76

..........................................................


THE MERIDIAN CLIMATE NORMALS FOR TODAY
                         NORMAL    RECORD    YEAR
 MAXIMUM TEMPERATURE (F)   72        88      1974
 MINIMUM TEMPERATURE (F)   45        27      1955


SUNRISE AND SUNSET
MARCH 29 2017.........SUNRISE   647 AM CDT   SUNSET   713 PM CDT
MARCH 30 2017.........SUNRISE   645 AM CDT   SUNSET   714 PM CDT


-  INDICATES NEGATIVE NUMBERS.
R  INDICATES RECORD WAS SET OR TIED.
MM INDICATES DATA IS MISSING.
T  INDICATES TRACE AMOUNT.




$$
