711
CDUS44 KJAN 252214
CLIMEI


CLIMATE REPORT
NATIONAL WEATHER SERVICE JACKSON MS
514 PM CDT THU MAY 25 2017


...................................

...THE MERIDIAN CLIMATE SUMMARY FOR MAY 25 2017...
VALID AS OF 0500 PM LOCAL TIME.

CLIMATE NORMAL PERIOD 1981 TO 2010
CLIMATE RECORD PERIOD 1889 TO 2017


WEATHER ITEM   OBSERVED TIME   RECORD YEAR NORMAL DEPARTURE LAST
                VALUE   (LST)  VALUE       VALUE  FROM      YEAR
                                                  NORMAL
..................................................................
TEMPERATURE (F)
 TODAY
  MAXIMUM         81    326 PM  95    1953  85     -4       90
  MINIMUM         52    519 AM  47    1979  61     -9       61
  AVERAGE         67                        73     -6       76

PRECIPITATION (IN)
  TODAY            0.00          2.97 1909   0.15  -0.15     0.00
  MONTH TO DATE    3.13                      3.64  -0.51     0.96
  SINCE MAR 1     18.83                     13.84   4.99    17.49
  SINCE JAN 1     28.40                     24.57   3.83    24.98

SNOWFALL (IN)
  TODAY            0.0           0.0    MM   0.0    0.0      0.0
  MONTH TO DATE    0.0                       0.0    0.0      0.0
  SINCE MAR 1      0.0                       0.3   -0.3      0.0
  SINCE JUL 1      0.8                       0.6    0.2       T

DEGREE DAYS
 HEATING
  TODAY            0                         0      0        0
  MONTH TO DATE   13                        16     -3        8
  SINCE MAR 1    234                       453   -219      253
  SINCE JUL 1   1362                      2550  -1188     1815

 COOLING
  TODAY            2                         8     -6       11
  MONTH TO DATE  160                       145     15      118
  SINCE MAR 1    377                       221    156      214
  SINCE JAN 1    423                       228    195      219
..................................................................


WIND (MPH)
  HIGHEST WIND SPEED    16   HIGHEST WIND DIRECTION     W (250)
  HIGHEST GUST SPEED    23   HIGHEST GUST DIRECTION     W (290)
  AVERAGE WIND SPEED     6.6


SKY COVER
  POSSIBLE SUNSHINE  MM
  AVERAGE SKY COVER 0.1


WEATHER CONDITIONS
 THE FOLLOWING WEATHER WAS RECORDED TODAY.
  NO SIGNIFICANT WEATHER WAS OBSERVED.


RELATIVE HUMIDITY (PERCENT)
 HIGHEST   100           500 AM
 LOWEST     35           300 PM
 AVERAGE    68

..........................................................


THE MERIDIAN CLIMATE NORMALS FOR TOMORROW
                         NORMAL    RECORD    YEAR
 MAXIMUM TEMPERATURE (F)   86        96      1964
                                             1950
 MINIMUM TEMPERATURE (F)   61        42      1979


SUNRISE AND SUNSET
MAY 25 2017...........SUNRISE   551 AM CDT   SUNSET   753 PM CDT
MAY 26 2017...........SUNRISE   551 AM CDT   SUNSET   754 PM CDT


-  INDICATES NEGATIVE NUMBERS.
R  INDICATES RECORD WAS SET OR TIED.
MM INDICATES DATA IS MISSING.
T  INDICATES TRACE AMOUNT.




$$
