000
CDUS44 KJAN 230807
CLIMEI


CLIMATE REPORT
NATIONAL WEATHER SERVICE JACKSON MS
302 AM CDT SAT AUG 23 2014


...................................

...THE MERIDIAN CLIMATE SUMMARY FOR AUGUST 22 2014...

CLIMATE NORMAL PERIOD 1981 TO 2010
CLIMATE RECORD PERIOD 1889 TO 2014


WEATHER ITEM   OBSERVED TIME   RECORD YEAR NORMAL DEPARTURE LAST
                VALUE   (LST)  VALUE       VALUE  FROM      YEAR
                                                  NORMAL
..................................................................
TEMPERATURE (F)
 YESTERDAY
  MAXIMUM         97    243 PM 101    2007  91      6       90
  MINIMUM         71    558 AM  53    1956  69      2       70
  AVERAGE         84                        80      4       80

PRECIPITATION (IN)
  YESTERDAY        0.00          2.37 1926   0.12  -0.12     0.00
  MONTH TO DATE    1.69                      2.98  -1.29     3.52
  SINCE JUN 1      6.03                     12.52  -6.49    14.72
  SINCE JAN 1     37.75                     37.95  -0.20    49.35

SNOWFALL (IN)
  YESTERDAY        0.0           0.0  2002   0.0    0.0      0.0
                                      2001
  MONTH TO DATE    0.0                       0.0    0.0      0.0
  SINCE JUN 1      0.0                       0.0    0.0      0.0
  SINCE JUL 1      0.0                       0.0    0.0      0.0

DEGREE DAYS
 HEATING
  YESTERDAY        0                         0      0        0
  MONTH TO DATE    0                         0      0        0
  SINCE JUN 1      0                         0      0        0
  SINCE JUL 1      0                         0      0        0

 COOLING
  YESTERDAY       19                        15      4       15
  MONTH TO DATE  337                       344     -7      337
  SINCE JUN 1   1172                      1208    -36     1201
  SINCE JAN 1   1442                      1491    -49     1461
..................................................................


WIND (MPH)
  HIGHEST WIND SPEED    12   HIGHEST WIND DIRECTION     W (290)
  HIGHEST GUST SPEED    16   HIGHEST GUST DIRECTION     W (270)
  AVERAGE WIND SPEED     3.2


SKY COVER
  POSSIBLE SUNSHINE  MM
  AVERAGE SKY COVER 0.1


WEATHER CONDITIONS
 THE FOLLOWING WEATHER WAS RECORDED YESTERDAY.
  NO SIGNIFICANT WEATHER WAS OBSERVED.


RELATIVE HUMIDITY (PERCENT)
 HIGHEST    94          1100 PM
 LOWEST     36           100 PM
 AVERAGE    65

..........................................................


THE MERIDIAN CLIMATE NORMALS FOR TODAY
                         NORMAL    RECORD    YEAR
 MAXIMUM TEMPERATURE (F)   91       105      2007
 MINIMUM TEMPERATURE (F)   69        54      1956


SUNRISE AND SUNSET
AUGUST 23 2014........SUNRISE   624 AM CDT   SUNSET   730 PM CDT
AUGUST 24 2014........SUNRISE   625 AM CDT   SUNSET   729 PM CDT


-  INDICATES NEGATIVE NUMBERS.
R  INDICATES RECORD WAS SET OR TIED.
MM INDICATES DATA IS MISSING.
T  INDICATES TRACE AMOUNT.




$$
