000
CDUS44 KMEG 250635
CLIMEM


CLIMATE REPORT
NATIONAL WEATHER SERVICE MEMPHIS TN
135 AM CDT MON MAY 25 2015


...................................

...THE MEMPHIS CLIMATE SUMMARY FOR MAY 24 2015...

CLIMATE NORMAL PERIOD 1981 TO 2010
CLIMATE RECORD PERIOD 1872 TO 2015


WEATHER ITEM   OBSERVED TIME   RECORD YEAR NORMAL DEPARTURE LAST
                VALUE   (LST)  VALUE       VALUE  FROM      YEAR
                                                  NORMAL
..................................................................
TEMPERATURE (F)
 YESTERDAY
  MAXIMUM         87    411 PM  93    1996  83      4       89
  MINIMUM         70   1159 PM  47    1925  65      5       69
  AVERAGE         79                        74      5       79

PRECIPITATION (IN)
  YESTERDAY        0.40          1.34 1927   0.16   0.24     0.00
  MONTH TO DATE    3.84                      4.17  -0.33     2.59
  SINCE MAR 1     12.39                     14.83  -2.44    16.11
  SINCE JAN 1     18.04                     23.20  -5.16    24.23

SNOWFALL (IN)
  YESTERDAY        0.0          MM      MM   0.0    0.0      0.0
  MONTH TO DATE    0.0                       0.0    0.0      0.0
  SINCE MAR 1      3.6                       0.4    3.2      0.5
  SINCE JUL 1      6.1                       3.8    2.3      0.8
  SNOW DEPTH       0

DEGREE DAYS
 HEATING
  YESTERDAY        0                         0      0        0
  MONTH TO DATE   13                        17     -4       49
  SINCE MAR 1    461                       512    -51      658
  SINCE JUL 1   3184                      2962    222     3484

 COOLING
  YESTERDAY       14                         9      5       14
  MONTH TO DATE  188                       155     33      170
  SINCE MAR 1    278                       247     31      226
  SINCE JAN 1    278                       250     28      226
..................................................................


WIND (MPH)
  HIGHEST WIND SPEED    25   HIGHEST WIND DIRECTION     S (160)
  HIGHEST GUST SPEED    32   HIGHEST GUST DIRECTION    SE (150)
  AVERAGE WIND SPEED    12.8


SKY COVER
  POSSIBLE SUNSHINE  MM
  AVERAGE SKY COVER 0.6


WEATHER CONDITIONS
 THE FOLLOWING WEATHER WAS RECORDED YESTERDAY.
  THUNDERSTORM
  RAIN
  LIGHT RAIN
  FOG


RELATIVE HUMIDITY (PERCENT)
 HIGHEST    84           800 PM
 LOWEST     50           200 PM
 AVERAGE    67

..........................................................


THE MEMPHIS CLIMATE NORMALS FOR TODAY
                         NORMAL    RECORD    YEAR
 MAXIMUM TEMPERATURE (F)   84        95      1962
 MINIMUM TEMPERATURE (F)   65        44      1925


SUNRISE AND SUNSET
MAY 25 2015...........SUNRISE   550 AM CDT   SUNSET   804 PM CDT
MAY 26 2015...........SUNRISE   550 AM CDT   SUNSET   805 PM CDT


-  INDICATES NEGATIVE NUMBERS.
R  INDICATES RECORD WAS SET OR TIED.
MM INDICATES DATA IS MISSING.
T  INDICATES TRACE AMOUNT.




$$
