000
CDUS44 KMEG 270635
CLIMEM


CLIMATE REPORT
NATIONAL WEATHER SERVICE MEMPHIS TN
132 AM CDT FRI MAY 27 2016


...................................

...THE MEMPHIS CLIMATE SUMMARY FOR MAY 26 2016...

CLIMATE NORMAL PERIOD 1981 TO 2010
CLIMATE RECORD PERIOD 1872 TO 2016


WEATHER ITEM   OBSERVED TIME   RECORD YEAR NORMAL DEPARTURE LAST
                VALUE   (LST)  VALUE       VALUE  FROM      YEAR
                                                  NORMAL
..................................................................
TEMPERATURE (F)
 YESTERDAY
  MAXIMUM         90    306 PM  95    1962  84      6       82
  MINIMUM         70   1159 PM  47    1925  65      5       67
  AVERAGE         80                        74      6       75

PRECIPITATION (IN)
  YESTERDAY        0.15          2.28 1975   0.16  -0.01     0.10
  MONTH TO DATE    3.83                      4.48  -0.65     4.08
  SINCE MAR 1     26.00                     15.14  10.86    12.63
  SINCE JAN 1     33.85                     23.51  10.34    18.28

SNOWFALL (IN)
  YESTERDAY        0.0          MM      MM   0.0    0.0      0.0
  MONTH TO DATE    0.0                       0.0    0.0      0.0
  SINCE MAR 1      0.0                       0.4   -0.4      3.6
  SINCE JUL 1      0.3                       3.8   -3.5      6.1
  SNOW DEPTH       0

DEGREE DAYS
 HEATING
  YESTERDAY        0                         0      0        0
  MONTH TO DATE   22                        17      5       13
  SINCE MAR 1    315                       512   -197      461
  SINCE JUL 1   2186                      2962   -776     3184

 COOLING
  YESTERDAY       15                        10      5       10
  MONTH TO DATE  132                       174    -42      210
  SINCE MAR 1    236                       266    -30      300
  SINCE JAN 1    239                       269    -30      300
..................................................................


WIND (MPH)
  HIGHEST WIND SPEED    20   HIGHEST WIND DIRECTION     E (70)
  HIGHEST GUST SPEED    25   HIGHEST GUST DIRECTION     E (100)
  AVERAGE WIND SPEED     9.6


SKY COVER
  POSSIBLE SUNSHINE  MM
  AVERAGE SKY COVER 0.8


WEATHER CONDITIONS
 THE FOLLOWING WEATHER WAS RECORDED YESTERDAY.
  THUNDERSTORM
  HEAVY RAIN
  LIGHT RAIN
  FOG


RELATIVE HUMIDITY (PERCENT)
 HIGHEST    84           500 AM
 LOWEST     56           300 PM
 AVERAGE    70

..........................................................


THE MEMPHIS CLIMATE NORMALS FOR TODAY
                         NORMAL    RECORD    YEAR
 MAXIMUM TEMPERATURE (F)   84        95      1911
 MINIMUM TEMPERATURE (F)   65        41      1961


SUNRISE AND SUNSET
MAY 27 2016...........SUNRISE   549 AM CDT   SUNSET   806 PM CDT
MAY 28 2016...........SUNRISE   548 AM CDT   SUNSET   807 PM CDT


-  INDICATES NEGATIVE NUMBERS.
R  INDICATES RECORD WAS SET OR TIED.
MM INDICATES DATA IS MISSING.
T  INDICATES TRACE AMOUNT.




$$
