336
CDUS44 KMEG 160734
CLIMEM


CLIMATE REPORT
NATIONAL WEATHER SERVICE MEMPHIS TN
132 AM CST MON JAN 16 2017


...................................

...THE MEMPHIS CLIMATE SUMMARY FOR JANUARY 15 2017...

CLIMATE NORMAL PERIOD 1981 TO 2010
CLIMATE RECORD PERIOD 1872 TO 2017


WEATHER ITEM   OBSERVED TIME   RECORD YEAR NORMAL DEPARTURE LAST
                VALUE   (LST)  VALUE       VALUE  FROM      YEAR
                                                  NORMAL
..................................................................
TEMPERATURE (F)
 YESTERDAY
  MAXIMUM         60    335 PM  74    1953  49     11       65
  MINIMUM         44    340 AM   8    1927  32     12       41
  AVERAGE         52                        41     11       53

PRECIPITATION (IN)
  YESTERDAY        0.00          3.42 1954   0.12  -0.12     0.05
  MONTH TO DATE    2.43                      1.95   0.48     1.47
  SINCE DEC 1      9.76                      7.69   2.07     6.24
  SINCE JAN 1      2.43                      1.95   0.48     1.47

SNOWFALL (IN)
  YESTERDAY        0.0           4.8  1917   0.1   -0.1      0.0
  MONTH TO DATE    2.0                       0.9    1.1      0.0
  SINCE DEC 1      2.0                       1.1    0.9      0.0
  SINCE JUL 1      2.0                       1.1    0.9      0.0
  SNOW DEPTH       0

DEGREE DAYS
 HEATING
  YESTERDAY       13                        24    -11       12
  MONTH TO DATE  308                       360    -52      347
  SINCE DEC 1    938                      1025    -87      695
  SINCE JUL 1   1208                      1524   -316      996

 COOLING
  YESTERDAY        0                         0      0        0
  MONTH TO DATE    1                         0      1        0
  SINCE DEC 1      4                         2      2       19
  SINCE JAN 1      1                         0      1        0
..................................................................


WIND (MPH)
  HIGHEST WIND SPEED    12   HIGHEST WIND DIRECTION    NE (30)
  HIGHEST GUST SPEED    16   HIGHEST GUST DIRECTION    NE (40)
  AVERAGE WIND SPEED     5.7


SKY COVER
  POSSIBLE SUNSHINE  MM
  AVERAGE SKY COVER 0.9


WEATHER CONDITIONS
 THE FOLLOWING WEATHER WAS RECORDED YESTERDAY.
  FOG
  HAZE


RELATIVE HUMIDITY (PERCENT)
 HIGHEST   100          1200 AM
 LOWEST     72           300 PM
 AVERAGE    86

..........................................................


THE MEMPHIS CLIMATE NORMALS FOR TODAY
                         NORMAL    RECORD    YEAR
 MAXIMUM TEMPERATURE (F)   50        77      1943
 MINIMUM TEMPERATURE (F)   32         3      1982


SUNRISE AND SUNSET
JANUARY 16 2017.......SUNRISE   707 AM CST   SUNSET   513 PM CST
JANUARY 17 2017.......SUNRISE   707 AM CST   SUNSET   514 PM CST


-  INDICATES NEGATIVE NUMBERS.
R  INDICATES RECORD WAS SET OR TIED.
MM INDICATES DATA IS MISSING.
T  INDICATES TRACE AMOUNT.




$$
