000
CDUS44 KMEG 220634
CLIMEM


CLIMATE REPORT
NATIONAL WEATHER SERVICE MEMPHIS TN
133 AM CDT SUN OCT 22 2017


...................................

...THE MEMPHIS CLIMATE SUMMARY FOR OCTOBER 21 2017...

CLIMATE NORMAL PERIOD 1981 TO 2010
CLIMATE RECORD PERIOD 1872 TO 2017


WEATHER ITEM   OBSERVED TIME   RECORD YEAR NORMAL DEPARTURE LAST
                VALUE   (LST)  VALUE       VALUE  FROM      YEAR
                                                  NORMAL
..................................................................
TEMPERATURE (F)
 YESTERDAY
  MAXIMUM         82    252 PM  89    1979  73      9       67
                                      1947
  MINIMUM         63    515 AM  32    1952  52     11       46
  AVERAGE         73                        62     11       57

PRECIPITATION (IN)
  YESTERDAY        0.00          1.97 1996   0.13  -0.13     0.00
  MONTH TO DATE    2.55                      2.61  -0.06     1.21
  SINCE SEP 1      4.16                      5.70  -1.54     1.88
  SINCE JAN 1     40.82                     41.08  -0.26    51.69

SNOWFALL (IN)
  YESTERDAY        0.0           0.0  2002   0.0    0.0      0.0
                                      2001
  MONTH TO DATE    0.0                       0.0    0.0      0.0
  SINCE SEP 1      0.0                       0.0    0.0      0.0
  SINCE JUL 1      0.0                       0.0    0.0      0.0
  SNOW DEPTH       0

DEGREE DAYS
 HEATING
  YESTERDAY        0                         5     -5        8
  MONTH TO DATE   23                        59    -36       10
  SINCE SEP 1     26                        70    -44       10
  SINCE JUL 1     26                        70    -44       10

 COOLING
  YESTERDAY        8                         2      6        0
  MONTH TO DATE  143                        75     68      151
  SINCE SEP 1    464                       391     73      621
  SINCE JAN 1   2280                      2226     54     2722
..................................................................


WIND (MPH)
  HIGHEST WIND SPEED    20   HIGHEST WIND DIRECTION    SE (150)
  HIGHEST GUST SPEED    24   HIGHEST GUST DIRECTION    SE (150)
  AVERAGE WIND SPEED    11.6


SKY COVER
  POSSIBLE SUNSHINE  MM
  AVERAGE SKY COVER 0.7


WEATHER CONDITIONS
 THE FOLLOWING WEATHER WAS RECORDED YESTERDAY.
  NO SIGNIFICANT WEATHER WAS OBSERVED.


RELATIVE HUMIDITY (PERCENT)
 HIGHEST    78           200 AM
 LOWEST     47           200 PM
 AVERAGE    63

..........................................................


THE MEMPHIS CLIMATE NORMALS FOR TODAY
                         NORMAL    RECORD    YEAR
 MAXIMUM TEMPERATURE (F)   72        88      1953
                                             1941
 MINIMUM TEMPERATURE (F)   52        28      1952


SUNRISE AND SUNSET
OCTOBER 22 2017.......SUNRISE   712 AM CDT   SUNSET   616 PM CDT
OCTOBER 23 2017.......SUNRISE   713 AM CDT   SUNSET   615 PM CDT


-  INDICATES NEGATIVE NUMBERS.
R  INDICATES RECORD WAS SET OR TIED.
MM INDICATES DATA IS MISSING.
T  INDICATES TRACE AMOUNT.




$$
