000
CDUS44 KMEG 272148
CLIMEM


CLIMATE REPORT
NATIONAL WEATHER SERVICE MEMPHIS TN
447 PM CDT MON JUL 27 2015


...................................

...THE MEMPHIS CLIMATE SUMMARY FOR JULY 27 2015...
VALID TODAY AS OF 0400 PM LOCAL TIME.

CLIMATE NORMAL PERIOD 1981 TO 2010
CLIMATE RECORD PERIOD 1872 TO 2015


WEATHER ITEM   OBSERVED TIME   RECORD YEAR NORMAL DEPARTURE LAST
                VALUE   (LST)  VALUE       VALUE  FROM      YEAR
                                                  NORMAL
..................................................................
TEMPERATURE (F)
 TODAY
  MAXIMUM         96    323 PM 105    1952  92      4       93
  MINIMUM         79    257 AM  60    1962  74      5       79
  AVERAGE         88                        83      5       86

PRECIPITATION (IN)
  TODAY            0.00          1.35 1984   0.15  -0.15     0.00
  MONTH TO DATE    5.17                      4.04   1.13     2.55
  SINCE JUN 1      9.64                      7.67   1.97    15.95
  SINCE JAN 1     29.86                     31.95  -2.09    41.91

SNOWFALL (IN)
  TODAY            0.0

DEGREE DAYS
 HEATING
  TODAY            0                         0      0        0
  MONTH TO DATE    0                         0      0        0
  SINCE JUN 1      0                         0      0        0
  SINCE JUL 1      0                         0      0        0

 COOLING
  TODAY           23                        18      5       21
  MONTH TO DATE  524                       482     42      363
  SINCE JUN 1   1001                       920     81      800
  SINCE JAN 1   1355                      1241    114     1111
..................................................................


WIND (MPH)
  HIGHEST WIND SPEED    13   HIGHEST WIND DIRECTION    SW (210)
  HIGHEST GUST SPEED    21   HIGHEST GUST DIRECTION     W (250)
  AVERAGE WIND SPEED     3.4


SKY COVER
  POSSIBLE SUNSHINE  MM
  AVERAGE SKY COVER 0.3


WEATHER CONDITIONS
 THE FOLLOWING WEATHER WAS RECORDED TODAY.
  NO SIGNIFICANT WEATHER WAS OBSERVED.


RELATIVE HUMIDITY (PERCENT)
 HIGHEST    85           300 AM
 LOWEST     46           300 PM
 AVERAGE    66

..........................................................


THE MEMPHIS CLIMATE NORMALS FOR TOMORROW
                         NORMAL    RECORD    YEAR
 MAXIMUM TEMPERATURE (F)   92       106      1952
                                             1930
 MINIMUM TEMPERATURE (F)   74        65      2004
                                             1920
                                             1891


SUNRISE AND SUNSET
JULY 27 2015..........SUNRISE   605 AM CDT   SUNSET   807 PM CDT
JULY 28 2015..........SUNRISE   606 AM CDT   SUNSET   806 PM CDT


-  INDICATES NEGATIVE NUMBERS.
R  INDICATES RECORD WAS SET OR TIED.
MM INDICATES DATA IS MISSING.
T  INDICATES TRACE AMOUNT.




$$
