000
CDUS44 KMEG 200737
CLIMEM


CLIMATE REPORT
NATIONAL WEATHER SERVICE MEMPHIS TN
137 AM CST TUE FEB 20 2018


...................................

...THE MEMPHIS CLIMATE SUMMARY FOR FEBRUARY 19 2018...

CLIMATE NORMAL PERIOD 1981 TO 2010
CLIMATE RECORD PERIOD 1872 TO 2018


WEATHER ITEM   OBSERVED TIME   RECORD YEAR NORMAL DEPARTURE LAST
                VALUE   (LST)  VALUE       VALUE  FROM      YEAR
                                                  NORMAL
..................................................................
TEMPERATURE (F)
 YESTERDAY
  MAXIMUM         77R   312 PM  77    2017  56     21       77
  MINIMUM         56   1205 AM   9    1958  37     19       46
  AVERAGE         67                        47     20       62

PRECIPITATION (IN)
  YESTERDAY        0.00          1.99 1991   0.16  -0.16     0.00
  MONTH TO DATE    5.36                      2.93   2.43     1.00
  SINCE DEC 1     16.64                     12.65   3.99    12.59
  SINCE JAN 1      9.38                      6.91   2.47     5.26

SNOWFALL (IN)
  YESTERDAY        0.0           2.0  1921   0.0    0.0      0.0
  MONTH TO DATE    0.0                       1.0   -1.0      0.0
  SINCE DEC 1      2.5                       3.1   -0.6      2.0
  SINCE JUL 1      2.5                       3.1   -0.6      2.0
  SNOW DEPTH       0

DEGREE DAYS
 HEATING
  YESTERDAY        0                        18    -18        3
  MONTH TO DATE  373                       394    -21      242
  SINCE DEC 1   1913                      1797    116     1375
  SINCE JUL 1   2359                      2296     63     1645

 COOLING
  YESTERDAY        2                         0      2        0
  MONTH TO DATE    7                         0      7       11
  SINCE DEC 1      7                         3      4       16
  SINCE JAN 1      7                         1      6       13
..................................................................


WIND (MPH)
  HIGHEST WIND SPEED    29   HIGHEST WIND DIRECTION     S (190)
  HIGHEST GUST SPEED    36   HIGHEST GUST DIRECTION     S (190)
  AVERAGE WIND SPEED    14.7


SKY COVER
  POSSIBLE SUNSHINE  MM
  AVERAGE SKY COVER 0.8


WEATHER CONDITIONS
 THE FOLLOWING WEATHER WAS RECORDED YESTERDAY.
  NO SIGNIFICANT WEATHER WAS OBSERVED.


RELATIVE HUMIDITY (PERCENT)
 HIGHEST   100          1200 AM
 LOWEST     50           200 PM
 AVERAGE    75

..........................................................


THE MEMPHIS CLIMATE NORMALS FOR TODAY
                         NORMAL    RECORD    YEAR
 MAXIMUM TEMPERATURE (F)   56        80      1986
 MINIMUM TEMPERATURE (F)   38        13      1958


SUNRISE AND SUNSET
FEBRUARY 20 2018......SUNRISE   640 AM CST   SUNSET   547 PM CST
FEBRUARY 21 2018......SUNRISE   639 AM CST   SUNSET   548 PM CST


-  INDICATES NEGATIVE NUMBERS.
R  INDICATES RECORD WAS SET OR TIED.
MM INDICATES DATA IS MISSING.
T  INDICATES TRACE AMOUNT.




$$
