298
CDUS44 KMEG 130733
CLIMEM


CLIMATE REPORT
NATIONAL WEATHER SERVICE MEMPHIS TN
131 AM CST SAT FEB 13 2016


...................................

...THE MEMPHIS CLIMATE SUMMARY FOR FEBRUARY 12 2016...

CLIMATE NORMAL PERIOD 1981 TO 2010
CLIMATE RECORD PERIOD 1872 TO 2016


WEATHER ITEM   OBSERVED TIME   RECORD YEAR NORMAL DEPARTURE LAST
                VALUE   (LST)  VALUE       VALUE  FROM      YEAR
                                                  NORMAL
..................................................................
TEMPERATURE (F)
 YESTERDAY
  MAXIMUM         54    314 PM  76    1990  54      0       41
                                      1962
  MINIMUM         33    713 AM  -9    1899  36     -3       26
  AVERAGE         44                        45     -1       34

PRECIPITATION (IN)
  YESTERDAY        0.00          3.08 1948   0.16  -0.16     0.00
  MONTH TO DATE    1.74                      1.83  -0.09     0.72
  SINCE DEC 1      8.78                     11.55  -2.77     4.62
  SINCE JAN 1      4.01                      5.81  -1.80     2.02

SNOWFALL (IN)
  YESTERDAY        0.0           2.7  1971   0.1   -0.1      0.0
  MONTH TO DATE    0.0                       0.7   -0.7      0.0
  SINCE DEC 1      0.3                       2.8   -2.5      0.0
  SINCE JUL 1      0.3                       2.8   -2.5      0.2
  SNOW DEPTH       0

DEGREE DAYS
 HEATING
  YESTERDAY       21                        20      1       31
  MONTH TO DATE  243                       259    -16      269
  SINCE DEC 1   1327                      1662   -335     1581
  SINCE JUL 1   1628                      2161   -533     2190

 COOLING
  YESTERDAY        0                         0      0        0
  MONTH TO DATE    1                         0      1        0
  SINCE DEC 1     22                         3     19        0
  SINCE JAN 1      3                         1      2        0
..................................................................


WIND (MPH)
  HIGHEST WIND SPEED    18   HIGHEST WIND DIRECTION    NW (330)
  HIGHEST GUST SPEED    29   HIGHEST GUST DIRECTION    SW (220)
  AVERAGE WIND SPEED     7.0


SKY COVER
  POSSIBLE SUNSHINE  MM
  AVERAGE SKY COVER 0.2


WEATHER CONDITIONS
 THE FOLLOWING WEATHER WAS RECORDED YESTERDAY.
  NO SIGNIFICANT WEATHER WAS OBSERVED.


RELATIVE HUMIDITY (PERCENT)
 HIGHEST    69           600 AM
 LOWEST     38          1200 PM
 AVERAGE    54

..........................................................


THE MEMPHIS CLIMATE NORMALS FOR TODAY
                         NORMAL    RECORD    YEAR
 MAXIMUM TEMPERATURE (F)   54        81      1962
 MINIMUM TEMPERATURE (F)   36        -6      1899


SUNRISE AND SUNSET
FEBRUARY 13 2016......SUNRISE   649 AM CST   SUNSET   540 PM CST
FEBRUARY 14 2016......SUNRISE   647 AM CST   SUNSET   541 PM CST


-  INDICATES NEGATIVE NUMBERS.
R  INDICATES RECORD WAS SET OR TIED.
MM INDICATES DATA IS MISSING.
T  INDICATES TRACE AMOUNT.




$$
