000
CDUS44 KMEG 200632
CLIMEM


CLIMATE REPORT
NATIONAL WEATHER SERVICE MEMPHIS TN
132 AM CDT SUN APR 20 2014


...................................

...THE MEMPHIS CLIMATE SUMMARY FOR APRIL 19 2014...

CLIMATE NORMAL PERIOD 1981 TO 2010
CLIMATE RECORD PERIOD 1872 TO 2014


WEATHER ITEM   OBSERVED TIME   RECORD YEAR NORMAL DEPARTURE LAST
                VALUE   (LST)  VALUE       VALUE  FROM      YEAR
                                                  NORMAL
..................................................................
TEMPERATURE (F)
 YESTERDAY
  MAXIMUM         79    311 PM  89    2006  74      5       56
  MINIMUM         51    543 AM  33    1953  54     -3       43
  AVERAGE         65                        64      1       50

PRECIPITATION (IN)
  YESTERDAY        0.00          3.26 1894   0.19  -0.19     0.00
  MONTH TO DATE    2.51                      3.45  -0.94     5.38
  SINCE MAR 1      9.89                      8.61   1.28     8.76
  SINCE JAN 1     18.01                     16.98   1.03    22.33

SNOWFALL (IN)
  YESTERDAY        0.0          MM      MM   0.0    0.0      0.0
  MONTH TO DATE    0.0                       0.0    0.0      0.0
  SINCE MAR 1      0.5                       0.4    0.1       T
  SINCE JUL 1      0.8                       3.8   -3.0      0.9
  SNOW DEPTH       0

DEGREE DAYS
 HEATING
  YESTERDAY        0                         4     -4       15
  MONTH TO DATE  120                       108     12      122
  SINCE MAR 1    595                       466    129      628
  SINCE JUL 1   3421                      2916    505     2826

 COOLING
  YESTERDAY        0                         3     -3        0
  MONTH TO DATE   32                        39     -7       55
  SINCE MAR 1     34                        56    -22       57
  SINCE JAN 1     34                        59    -25       66
..................................................................


WIND (MPH)
  HIGHEST WIND SPEED    14   HIGHEST WIND DIRECTION     N (20)
  HIGHEST GUST SPEED    21   HIGHEST GUST DIRECTION    NE (40)
  AVERAGE WIND SPEED     3.4


SKY COVER
  POSSIBLE SUNSHINE  MM
  AVERAGE SKY COVER 0.3


WEATHER CONDITIONS
 THE FOLLOWING WEATHER WAS RECORDED YESTERDAY.
  NO SIGNIFICANT WEATHER WAS OBSERVED.


RELATIVE HUMIDITY (PERCENT)
 HIGHEST    89           300 AM
 LOWEST     27          1100 AM
 AVERAGE    58

..........................................................


THE MEMPHIS CLIMATE NORMALS FOR TODAY
                         NORMAL    RECORD    YEAR
 MAXIMUM TEMPERATURE (F)   74        92      1987
 MINIMUM TEMPERATURE (F)   54        38      1953
                                             1904


SUNRISE AND SUNSET
APRIL 20 2014.........SUNRISE   622 AM CDT   SUNSET   737 PM CDT
APRIL 21 2014.........SUNRISE   620 AM CDT   SUNSET   737 PM CDT


-  INDICATES NEGATIVE NUMBERS.
R  INDICATES RECORD WAS SET OR TIED.
MM INDICATES DATA IS MISSING.
T  INDICATES TRACE AMOUNT.




$$
