000
CDUS44 KMEG 232200
CLIMEM


CLIMATE REPORT
NATIONAL WEATHER SERVICE MEMPHIS TN
500 PM CDT FRI JUN 23 2017


...................................

...THE MEMPHIS CLIMATE SUMMARY FOR JUNE 23 2017...
VALID TODAY AS OF 0500 PM LOCAL TIME.

CLIMATE NORMAL PERIOD 1981 TO 2010
CLIMATE RECORD PERIOD 1872 TO 2017


WEATHER ITEM   OBSERVED TIME   RECORD YEAR NORMAL DEPARTURE LAST
                VALUE   (LST)  VALUE       VALUE  FROM      YEAR
                                                  NORMAL
..................................................................
TEMPERATURE (F)
 TODAY
  MAXIMUM         85    315 PM 101    1988  91     -6       96
  MINIMUM         74    913 AM  57    1972  72      2       79
  AVERAGE         80                        81     -1       88

PRECIPITATION (IN)
  TODAY            1.35          1.37 1899   0.11   1.24     0.00
  MONTH TO DATE    4.24                      2.85   1.39     0.60
  SINCE JUN 1      4.24                      2.85   1.39     0.60
  SINCE JAN 1     23.09                     27.13  -4.04    35.69

SNOWFALL (IN)
  TODAY            0.0

DEGREE DAYS
 HEATING
  TODAY            0                         0      0        0
  MONTH TO DATE    0                         0      0        0
  SINCE JUN 1      0                         0      0        0
  SINCE JUL 1   2059                      2964   -905     2186

 COOLING
  TODAY           15                        16     -1       23
  MONTH TO DATE  318                       322     -4      406
  SINCE JUN 1    318                       322     -4      406
  SINCE JAN 1    698                       643     55      711
..................................................................


WIND (MPH)
  HIGHEST WIND SPEED    37   HIGHEST WIND DIRECTION     S (190)
  HIGHEST GUST SPEED    47   HIGHEST GUST DIRECTION     S (190)
  AVERAGE WIND SPEED    16.6


SKY COVER
  POSSIBLE SUNSHINE  MM
  AVERAGE SKY COVER 1.0


WEATHER CONDITIONS
 THE FOLLOWING WEATHER WAS RECORDED TODAY.
  HEAVY RAIN
  RAIN
  LIGHT RAIN
  FOG


RELATIVE HUMIDITY (PERCENT)
 HIGHEST   100           800 AM
 LOWEST     82           300 PM
 AVERAGE    91

..........................................................


THE MEMPHIS CLIMATE NORMALS FOR TOMORROW
                         NORMAL    RECORD    YEAR
 MAXIMUM TEMPERATURE (F)   91       100      1953
 MINIMUM TEMPERATURE (F)   72        56      1887


SUNRISE AND SUNSET
JUNE 23 2017..........SUNRISE   547 AM CDT   SUNSET   818 PM CDT
JUNE 24 2017..........SUNRISE   547 AM CDT   SUNSET   818 PM CDT


-  INDICATES NEGATIVE NUMBERS.
R  INDICATES RECORD WAS SET OR TIED.
MM INDICATES DATA IS MISSING.
T  INDICATES TRACE AMOUNT.




$$
