000
CDUS44 KMEG 102245
CLIMEM


CLIMATE REPORT
NATIONAL WEATHER SERVICE MEMPHIS TN
445 PM CST SUN DEC 10 2017


...................................

...THE MEMPHIS CLIMATE SUMMARY FOR DECEMBER 10 2017...
VALID TODAY AS OF 0400 PM LOCAL TIME.

CLIMATE NORMAL PERIOD 1981 TO 2010
CLIMATE RECORD PERIOD 1872 TO 2017


WEATHER ITEM   OBSERVED TIME   RECORD YEAR NORMAL DEPARTURE LAST
                VALUE   (LST)  VALUE       VALUE  FROM      YEAR
                                                  NORMAL
..................................................................
TEMPERATURE (F)
 TODAY
  MAXIMUM         54    225 PM  75    1918  53      1       47
  MINIMUM         25    631 AM   8    1917  36    -11       24
  AVERAGE         40                        45     -5       36

PRECIPITATION (IN)
  TODAY            0.00          2.22 1911   0.20  -0.20     0.00
  MONTH TO DATE    1.11                      1.97  -0.86     2.32
  SINCE DEC 1      1.11                      1.97  -0.86     2.32
  SINCE JAN 1     45.23                     49.91  -4.68    56.58

SNOWFALL (IN)
  TODAY            0.0

DEGREE DAYS
 HEATING
  TODAY           25                        21      4       29
  MONTH TO DATE  182                       193    -11      225
  SINCE DEC 1    182                       193    -11      225
  SINCE JUL 1    628                       692    -64      495

 COOLING
  TODAY            0                         0      0        0
  MONTH TO DATE    0                         0      0        0
  SINCE DEC 1      0                         0      0        0
  SINCE JAN 1   2302                      2256     46     2804
..................................................................


WIND (MPH)
  HIGHEST WIND SPEED    20   HIGHEST WIND DIRECTION    SW (210)
  HIGHEST GUST SPEED    27   HIGHEST GUST DIRECTION     S (200)
  AVERAGE WIND SPEED     7.0


SKY COVER
  POSSIBLE SUNSHINE  MM
  AVERAGE SKY COVER 0.0


WEATHER CONDITIONS
 THE FOLLOWING WEATHER WAS RECORDED TODAY.
  NO SIGNIFICANT WEATHER WAS OBSERVED.


RELATIVE HUMIDITY (PERCENT)
 HIGHEST    84           400 AM
 LOWEST     35           100 PM
 AVERAGE    60

..........................................................


THE MEMPHIS CLIMATE NORMALS FOR TOMORROW
                         NORMAL    RECORD    YEAR
 MAXIMUM TEMPERATURE (F)   53        77      2015
                                             2007
                                             1949
 MINIMUM TEMPERATURE (F)   36         9      1917


SUNRISE AND SUNSET
DECEMBER 10 2017......SUNRISE   657 AM CST   SUNSET   448 PM CST
DECEMBER 11 2017......SUNRISE   658 AM CST   SUNSET   449 PM CST


-  INDICATES NEGATIVE NUMBERS.
R  INDICATES RECORD WAS SET OR TIED.
MM INDICATES DATA IS MISSING.
T  INDICATES TRACE AMOUNT.




$$
