000
CDUS44 KMEG 260816
CLIMEM


CLIMATE REPORT
NATIONAL WEATHER SERVICE MEMPHIS TN
137 AM CST FRI DEC 26 2014


...................................

...THE MEMPHIS CLIMATE SUMMARY FOR DECEMBER 25 2014...

CLIMATE NORMAL PERIOD 1981 TO 2010
CLIMATE RECORD PERIOD 1872 TO 2014


WEATHER ITEM   OBSERVED TIME   RECORD YEAR NORMAL DEPARTURE LAST
                VALUE   (LST)  VALUE       VALUE  FROM      YEAR
                                                  NORMAL
..................................................................
TEMPERATURE (F)
 YESTERDAY
  MAXIMUM         54    347 PM  76    1889  50      4       50
  MINIMUM         33    709 AM   0    1983  34     -1       25
  AVERAGE         44                        42      2       38

PRECIPITATION (IN)
  YESTERDAY        0.00          4.24 1987   0.18  -0.18     0.00
  MONTH TO DATE    2.15                      4.76  -2.61     4.74
  SINCE DEC 1      2.15                      4.76  -2.61     4.74
  SINCE JAN 1     57.18                     52.70   4.48    59.35

SNOWFALL (IN)
  YESTERDAY        0.0           3.5  1913   0.0    0.0      0.0
                                      1992
                                      1980
  MONTH TO DATE    0.0                       0.1   -0.1       T
  SINCE DEC 1      0.0                       0.1   -0.1       T
  SINCE JUL 1      0.2                       0.1    0.1       T
  SNOW DEPTH       0

DEGREE DAYS
 HEATING
  YESTERDAY       21                        23     -2       27
  MONTH TO DATE  437                       525    -88      532
  SINCE DEC 1    437                       525    -88      532
  SINCE JUL 1   1046                      1024     22     1117

 COOLING
  YESTERDAY        0                         0      0        0
  MONTH TO DATE    0                         0      0        3
  SINCE DEC 1      0                         0      0        3
  SINCE JAN 1   2161                      2256    -95     2245
..................................................................


WIND (MPH)
  HIGHEST WIND SPEED    18   HIGHEST WIND DIRECTION     S (170)
  HIGHEST GUST SPEED    23   HIGHEST GUST DIRECTION     S (180)
  AVERAGE WIND SPEED     8.6


SKY COVER
  POSSIBLE SUNSHINE  MM
  AVERAGE SKY COVER 0.3


WEATHER CONDITIONS
 THE FOLLOWING WEATHER WAS RECORDED YESTERDAY.
  NO SIGNIFICANT WEATHER WAS OBSERVED.


RELATIVE HUMIDITY (PERCENT)
 HIGHEST    89           500 AM
 LOWEST     41           400 PM
 AVERAGE    65

..........................................................


THE MEMPHIS CLIMATE NORMALS FOR TODAY
                         NORMAL    RECORD    YEAR
 MAXIMUM TEMPERATURE (F)   50        74      1889
 MINIMUM TEMPERATURE (F)   33         9      1983


SUNRISE AND SUNSET
DECEMBER 26 2014......SUNRISE   706 AM CST   SUNSET   455 PM CST
DECEMBER 27 2014......SUNRISE   707 AM CST   SUNSET   455 PM CST


-  INDICATES NEGATIVE NUMBERS.
R  INDICATES RECORD WAS SET OR TIED.
MM INDICATES DATA IS MISSING.
T  INDICATES TRACE AMOUNT.




$$
