000
CDUS41 KCLE 240545
CLIMFD


CLIMATE REPORT
NATIONAL WEATHER SERVICE CLEVELAND OH
145 AM EDT TUE OCT 24 2017


...................................

...THE MANSFIELD OH CLIMATE SUMMARY FOR OCTOBER 23 2017...

CLIMATE NORMAL PERIOD 1981 TO 2010
CLIMATE RECORD PERIOD 1916 TO 2017


WEATHER ITEM   OBSERVED TIME   RECORD YEAR NORMAL DEPARTURE LAST
                VALUE   (LST)  VALUE       VALUE  FROM      YEAR
                                                  NORMAL
..................................................................
TEMPERATURE (F)
 YESTERDAY
  MAXIMUM         67   1053 AM  78    1963  59      8       68
                                      1931
  MINIMUM         51   1159 PM  21    1944  40     11       45
  AVERAGE         59                        50      9       57

PRECIPITATION (IN)
  YESTERDAY        0.28                      0.10   0.18     0.00
  MONTH TO DATE    2.49                      2.15   0.34     2.92
  SINCE SEP 1      4.09                      5.47  -1.38     6.63
  SINCE JAN 1     40.67                     36.30   4.37    30.26

SNOWFALL (IN)
  YESTERDAY        0.0                       0.0    0.0      0.0
  MONTH TO DATE    0.0                       0.2   -0.2      0.0
  SINCE SEP 1      0.0                       0.2   -0.2      0.0
  SINCE JUL 1      0.0                       0.2   -0.2      0.0
  SNOW DEPTH       0

DEGREE DAYS
 HEATING
  YESTERDAY        6                        16    -10        8
  MONTH TO DATE   88                       283   -195      152
  SINCE SEP 1    178                       408   -230      186
  SINCE JUL 1    192                       433   -241      187

 COOLING
  YESTERDAY        0                         0      0        0
  MONTH TO DATE   19                         5     14       28
  SINCE SEP 1    131                        68     63      174
  SINCE JAN 1    748                       630    118     1078
..................................................................


WIND (MPH)
  HIGHEST WIND SPEED    23   HIGHEST WIND DIRECTION    SE (130)
  HIGHEST GUST SPEED    32   HIGHEST GUST DIRECTION     S (180)
  AVERAGE WIND SPEED    14.0


SKY COVER
  POSSIBLE SUNSHINE  MM
  AVERAGE SKY COVER 0.6


WEATHER CONDITIONS
 THE FOLLOWING WEATHER WAS RECORDED YESTERDAY.
  HEAVY RAIN
  RAIN
  LIGHT RAIN
  FOG


RELATIVE HUMIDITY (PERCENT)
 HIGHEST   100           200 PM
 LOWEST     60          1200 AM
 AVERAGE    80

..........................................................


THE MANSFIELD OH CLIMATE NORMALS FOR TODAY
                         NORMAL    RECORD    YEAR
 MAXIMUM TEMPERATURE (F)   59        78      1963
 MINIMUM TEMPERATURE (F)   40        24      1981


SUNRISE AND SUNSET
OCTOBER 24 2017.......SUNRISE   752 AM EDT   SUNSET   636 PM EDT
OCTOBER 25 2017.......SUNRISE   753 AM EDT   SUNSET   635 PM EDT


-  INDICATES NEGATIVE NUMBERS.
R  INDICATES RECORD WAS SET OR TIED.
MM INDICATES DATA IS MISSING.
T  INDICATES TRACE AMOUNT.




$$
