000
CDUS41 KCLE 312111
CLIMFD


CLIMATE REPORT
NATIONAL WEATHER SERVICE CLEVELAND OH
511 PM EDT FRI OCT 31 2014


...................................

...THE MANSFIELD OH CLIMATE SUMMARY FOR OCTOBER 31 2014...
VALID TODAY AS OF 0500 PM LOCAL TIME.

CLIMATE NORMAL PERIOD 1981 TO 2010
CLIMATE RECORD PERIOD 1916 TO 2014


WEATHER ITEM   OBSERVED TIME   RECORD YEAR NORMAL DEPARTURE LAST
                VALUE   (LST)  VALUE       VALUE  FROM      YEAR
                                                  NORMAL
..................................................................
TEMPERATURE (F)
 TODAY
  MAXIMUM         46   1159 AM  78    1950  56    -10       66
  MINIMUM         39    511 AM  22    1988  38      1       58
                                      1925
  AVERAGE         43                        47     -4       62

PRECIPITATION (IN)
  TODAY            0.04                      0.11  -0.07     1.15
  MONTH TO DATE    1.58                      2.94  -1.36     4.94
  SINCE SEP 1      3.05                      6.26  -3.21     7.67
  SINCE JAN 1     32.27                     37.09  -4.82    36.59

SNOWFALL (IN)
  TODAY            0.0                       0.0    0.0      0.0
  MONTH TO DATE    0.0                       0.5   -0.5       T
  SINCE SEP 1      0.0                       0.5   -0.5       T
  SINCE JUL 1      0.0                       0.5   -0.5       T
  SNOW DEPTH       0

DEGREE DAYS
 HEATING
  TODAY           22                        18      4        3
  MONTH TO DATE  386                       418    -32      370
  SINCE SEP 1    498                       543    -45      488
  SINCE JUL 1    525                       568    -43      516

 COOLING
  TODAY            0                         0      0        0
  MONTH TO DATE    4                         7     -3       24
  SINCE SEP 1     69                        70     -1       99
  SINCE JAN 1    623                       632     -9      741
..................................................................


WIND (MPH)
  HIGHEST WIND SPEED    13   HIGHEST WIND DIRECTION    SW (210)
  HIGHEST GUST SPEED    15   HIGHEST GUST DIRECTION    SW (210)


SKY COVER
  POSSIBLE SUNSHINE  MM
  AVERAGE SKY COVER 1.0


WEATHER CONDITIONS
 THE FOLLOWING WEATHER WAS RECORDED TODAY.
  LIGHT RAIN
  FOG


RELATIVE HUMIDITY (PERCENT)
 HIGHEST    79           400 AM
 LOWEST     65          1100 AM
 AVERAGE    72

..........................................................


THE MANSFIELD OH CLIMATE NORMALS FOR TOMORROW
                         NORMAL    RECORD    YEAR
 MAXIMUM TEMPERATURE (F)   56        78      1968
 MINIMUM TEMPERATURE (F)   38        23      1949
                                             1925


SUNRISE AND SUNSET
OCTOBER 31 2014.......SUNRISE   759 AM EDT   SUNSET   627 PM EDT
NOVEMBER  1 2014......SUNRISE   801 AM EDT   SUNSET   626 PM EDT


-  INDICATES NEGATIVE NUMBERS.
R  INDICATES RECORD WAS SET OR TIED.
MM INDICATES DATA IS MISSING.
T  INDICATES TRACE AMOUNT.




$$
