567
CDUS41 KCLE 300545
CLIMFD


CLIMATE REPORT
NATIONAL WEATHER SERVICE CLEVELAND OH
145 AM EDT MON MAY 30 2016


...................................

...THE MANSFIELD OH CLIMATE SUMMARY FOR MAY 29 2016...

CLIMATE NORMAL PERIOD 1981 TO 2010
CLIMATE RECORD PERIOD 1916 TO 2016


WEATHER ITEM   OBSERVED TIME   RECORD YEAR NORMAL DEPARTURE LAST
                VALUE   (LST)  VALUE       VALUE  FROM      YEAR
                                                  NORMAL
..................................................................
TEMPERATURE (F)
 YESTERDAY
  MAXIMUM         83    443 PM  89    1991  73     10       82
                                      1969
                                      1941
  MINIMUM         62    628 PM  33    1958  52     10       62
  AVERAGE         73                        63     10       72

PRECIPITATION (IN)
  YESTERDAY        0.52                      0.16   0.36     0.21
  MONTH TO DATE    3.83                      4.21  -0.38     2.82
  SINCE MAR 1     11.50                     11.74  -0.24    11.06
  SINCE JAN 1     16.40                     17.00  -0.60    16.22

SNOWFALL (IN)
  YESTERDAY        0.0                       0.0    0.0      0.0
  MONTH TO DATE    0.0                       0.0    0.0      0.0
  SINCE MAR 1      7.2                      10.4   -3.2     10.7
  SINCE JUL 1     27.6                      48.3  -20.7     63.2
  SNOW DEPTH       0

DEGREE DAYS
 HEATING
  YESTERDAY        0                         5     -5        0
  MONTH TO DATE  239                       224     15      115
  SINCE MAR 1   1390                      1584   -194     1492
  SINCE JUL 1   5162                      6209  -1047     6564

 COOLING
  YESTERDAY        8                         2      6        7
  MONTH TO DATE   48                        32     16      108
  SINCE MAR 1     48                        40      8      108
  SINCE JAN 1     48                        40      8      108
..................................................................


WIND (MPH)
  HIGHEST WIND SPEED    24   HIGHEST WIND DIRECTION     S (190)
  HIGHEST GUST SPEED    32   HIGHEST GUST DIRECTION     S (190)
  AVERAGE WIND SPEED     8.8


SKY COVER
  POSSIBLE SUNSHINE  MM
  AVERAGE SKY COVER 0.2


WEATHER CONDITIONS
 THE FOLLOWING WEATHER WAS RECORDED YESTERDAY.
  THUNDERSTORM
  HEAVY RAIN
  RAIN
  LIGHT RAIN
  FOG
  HAZE


RELATIVE HUMIDITY (PERCENT)
 HIGHEST   100           200 AM
 LOWEST     51           400 PM
 AVERAGE    76

..........................................................


THE MANSFIELD OH CLIMATE NORMALS FOR TODAY
                         NORMAL    RECORD    YEAR
 MAXIMUM TEMPERATURE (F)   73        91      1929
 MINIMUM TEMPERATURE (F)   53        32      1947


SUNRISE AND SUNSET
MAY 30 2016...........SUNRISE   602 AM EDT   SUNSET   854 PM EDT
MAY 31 2016...........SUNRISE   601 AM EDT   SUNSET   855 PM EDT


-  INDICATES NEGATIVE NUMBERS.
R  INDICATES RECORD WAS SET OR TIED.
MM INDICATES DATA IS MISSING.
T  INDICATES TRACE AMOUNT.




$$
