000
CDUS44 KBRO 040630
CLIMFE


CLIMATE REPORT
NATIONAL WEATHER SERVICE BROWNSVILLE TX
129 AM CDT TUE AUG 4 2015


...................................

...THE MCALLEN CLIMATE SUMMARY FOR AUGUST 3 2015...

CLIMATE NORMAL PERIOD 1981 TO 2010
CLIMATE RECORD PERIOD 1941 TO 2015


WEATHER ITEM   OBSERVED TIME   RECORD YEAR NORMAL DEPARTURE LAST
                VALUE   (LST)  VALUE       VALUE  FROM      YEAR
                                                  NORMAL
..................................................................
TEMPERATURE (F)
 YESTERDAY
  MAXIMUM        104    310 PM 105    1996  98      6      100
  MINIMUM         80    524 AM  68    1970  77      3       79
                                      1974
  AVERAGE         92                        88      4

PRECIPITATION (IN)
  YESTERDAY        T             0.65 1985   0.05  -0.05     0.00
  MONTH TO DATE    T                         0.14  -0.14     0.00
  SINCE JUN 1      5.64                      4.72   0.92     0.90
  SINCE JAN 1     17.11                     11.50   5.61     3.78

SNOWFALL (IN)
  YESTERDAY        0.0
  MONTH TO DATE    0.0
  SINCE JUN 1      0.0
  SINCE JUL 1      0.0

DEGREE DAYS
 HEATING
  YESTERDAY        0                         0      0        0
  MONTH TO DATE    0                         0      0        0
  SINCE JUN 1      0                         0      0        0
  SINCE JUL 1      0                         0      0        0

 COOLING
  YESTERDAY       27                        23      4       25
  MONTH TO DATE   77                        68      9       77
  SINCE JUN 1   1471                      1370    101     1459
  SINCE JAN 1   2716                      2625     91     2515
..................................................................


WIND (MPH)
  HIGHEST WIND SPEED    25   HIGHEST WIND DIRECTION    SE (130)
  HIGHEST GUST SPEED    30   HIGHEST GUST DIRECTION    SE (140)
  AVERAGE WIND SPEED    12.4



WEATHER CONDITIONS
 THE FOLLOWING WEATHER WAS RECORDED YESTERDAY.
  LIGHT RAIN
  HAZE


RELATIVE HUMIDITY (PERCENT)
 HIGHEST    85
 LOWEST     25
 AVERAGE    55

..........................................................


THE MCALLEN CLIMATE NORMALS FOR TODAY
                         NORMAL    RECORD    YEAR
 MAXIMUM TEMPERATURE (F)   99       104      2009
 MINIMUM TEMPERATURE (F)   77        68      1974


SUNRISE AND SUNSET
AUGUST  4 2015........SUNRISE   700 AM CDT   SUNSET   818 PM CDT
AUGUST  5 2015........SUNRISE   701 AM CDT   SUNSET   817 PM CDT


-  INDICATES NEGATIVE NUMBERS.
R  INDICATES RECORD WAS SET OR TIED.
MM INDICATES DATA IS MISSING.
T  INDICATES TRACE AMOUNT.




$$
