569
CDUS44 KBRO 230734
CLIMFE


CLIMATE REPORT
NATIONAL WEATHER SERVICE BROWNSVILLE TX
132 AM CST MON JAN 23 2017


...................................

...THE MCALLEN CLIMATE SUMMARY FOR JANUARY 22 2017...

CLIMATE NORMAL PERIOD 1981 TO 2010
CLIMATE RECORD PERIOD 1961 TO 2017


WEATHER ITEM   OBSERVED TIME   RECORD YEAR NORMAL DEPARTURE LAST
                VALUE   (LST)  VALUE       VALUE  FROM      YEAR
                                                  NORMAL
..................................................................
TEMPERATURE (F)
 YESTERDAY
  MAXIMUM         85    312 PM  91    1982  71     14       74
                                      1972
  MINIMUM         57   1147 PM  34    1985  51      6       45
                                      1978
  AVERAGE         71                        61     10

PRECIPITATION (IN)
  YESTERDAY        0.00          0.87 1975   0.04  -0.04     0.00
  MONTH TO DATE    0.80                      0.73   0.07     0.40
  SINCE DEC 1      1.43                      1.92  -0.49     0.44
  SINCE JAN 1      0.80                      0.73   0.07     0.40

SNOWFALL (IN)
  YESTERDAY        0.0
  MONTH TO DATE    0.0
  SINCE DEC 1      0.0
  SINCE JUL 1      0.0

DEGREE DAYS
 HEATING
  YESTERDAY        0                         6     -6        5
  MONTH TO DATE   60                       143    -83      131
  SINCE DEC 1    146                       320   -174      200
  SINCE JUL 1    153                       380   -227      234

 COOLING
  YESTERDAY        6                         2      4        0
  MONTH TO DATE  155                        44    111       23
  SINCE DEC 1    338                       127    211      167
  SINCE JAN 1    155                        44    111       23
..................................................................


WIND (MPH)
  HIGHEST WIND SPEED    32   HIGHEST WIND DIRECTION    NW (310)
  HIGHEST GUST SPEED    45   HIGHEST GUST DIRECTION    NW (320)
  AVERAGE WIND SPEED    14.5



WEATHER CONDITIONS
 THE FOLLOWING WEATHER WAS RECORDED YESTERDAY.
  NO SIGNIFICANT WEATHER WAS OBSERVED.


RELATIVE HUMIDITY (PERCENT)
 HIGHEST    49
 LOWEST      9
 AVERAGE    29

..........................................................


THE MCALLEN CLIMATE NORMALS FOR TODAY
                         NORMAL    RECORD    YEAR
 MAXIMUM TEMPERATURE (F)   72        92      1972
 MINIMUM TEMPERATURE (F)   51        29      1966


SUNRISE AND SUNSET
JANUARY 23 2017.......SUNRISE   721 AM CST   SUNSET   609 PM CST
JANUARY 24 2017.......SUNRISE   720 AM CST   SUNSET   610 PM CST


-  INDICATES NEGATIVE NUMBERS.
R  INDICATES RECORD WAS SET OR TIED.
MM INDICATES DATA IS MISSING.
T  INDICATES TRACE AMOUNT.




$$
