000
CDUS44 KBRO 290625
CLIMFE


CLIMATE REPORT
NATIONAL WEATHER SERVICE BROWNSVILLE TX
125 AM CDT FRI JUL 29 2016


...................................

...THE MCALLEN CLIMATE SUMMARY FOR JULY 28 2016...

CLIMATE NORMAL PERIOD 1981 TO 2010
CLIMATE RECORD PERIOD 1961 TO 2016


WEATHER ITEM   OBSERVED TIME   RECORD YEAR NORMAL DEPARTURE LAST
                VALUE   (LST)  VALUE       VALUE  FROM      YEAR
                                                  NORMAL
..................................................................
TEMPERATURE (F)
 YESTERDAY
  MAXIMUM        103    233 PM 104    1988  98      5      102
  MINIMUM         82    235 AM  71    1961  77      5       82
  AVERAGE         93                        87      6

PRECIPITATION (IN)
  YESTERDAY        0.00          1.21 2010   0.05  -0.05     0.00
  MONTH TO DATE    0.25                      1.86  -1.61     0.25
  SINCE JUN 1      0.49                      4.44  -3.95     5.64
  SINCE JAN 1      8.46                     11.22  -2.76    17.11

SNOWFALL (IN)
  YESTERDAY        0.0
  MONTH TO DATE    0.0
  SINCE JUN 1      0.0
  SINCE JUL 1      0.0

DEGREE DAYS
 HEATING
  YESTERDAY        0                         0      0        0
  MONTH TO DATE    0                         0      0        0
  SINCE JUN 1      0                         0      0        0
  SINCE JUL 1      0                         0      0        0

 COOLING
  YESTERDAY       28                        22      6       27
  MONTH TO DATE  742                       606    136      676
  SINCE JUN 1   1399                      1234    165     1317
  SINCE JAN 1   3017                      2489    528     2562
..................................................................


WIND (MPH)
  HIGHEST WIND SPEED    25   HIGHEST WIND DIRECTION    SE (130)
  HIGHEST GUST SPEED    30   HIGHEST GUST DIRECTION    SE (140)
  AVERAGE WIND SPEED    13.4



WEATHER CONDITIONS
 THE FOLLOWING WEATHER WAS RECORDED YESTERDAY.
  NO SIGNIFICANT WEATHER WAS OBSERVED.


RELATIVE HUMIDITY (PERCENT)
 HIGHEST    85
 LOWEST     31
 AVERAGE    58

..........................................................


THE MCALLEN CLIMATE NORMALS FOR TODAY
                         NORMAL    RECORD    YEAR
 MAXIMUM TEMPERATURE (F)   98       103      2015
                                             1995
                                             1991
 MINIMUM TEMPERATURE (F)   77        70      1965


SUNRISE AND SUNSET
JULY 29 2016..........SUNRISE   657 AM CDT   SUNSET   821 PM CDT
JULY 30 2016..........SUNRISE   658 AM CDT   SUNSET   820 PM CDT


-  INDICATES NEGATIVE NUMBERS.
R  INDICATES RECORD WAS SET OR TIED.
MM INDICATES DATA IS MISSING.
T  INDICATES TRACE AMOUNT.




$$
