906
CDUS44 KBRO 212235
CLIMFE


CLIMATE REPORT
NATIONAL WEATHER SERVICE BROWNSVILLE TX
435 PM CST TUE FEB 21 2017


...................................

...THE MCALLEN CLIMATE SUMMARY FOR FEBRUARY 21 2017...
VALID TODAY AS OF 0400 PM LOCAL TIME.

CLIMATE NORMAL PERIOD 1981 TO 2010
CLIMATE RECORD PERIOD 1961 TO 2017


WEATHER ITEM   OBSERVED TIME   RECORD YEAR NORMAL DEPARTURE LAST
                VALUE   (LST)  VALUE       VALUE  FROM      YEAR
                                                  NORMAL
..................................................................
TEMPERATURE (F)
 TODAY
  MAXIMUM         94    255 PM  96    1996  76     18       88
  MINIMUM         57    716 AM  39    1964  55      2       68
  AVERAGE         76                        66     10       78

PRECIPITATION (IN)
  TODAY            0.00          0.87 1966   0.04  -0.04     0.00
  MONTH TO DATE    0.65                      0.88  -0.23     0.00
  SINCE DEC 1      2.26                      3.12  -0.86     0.44
  SINCE JAN 1      1.63                      1.93  -0.30     0.40

SNOWFALL (IN)
  TODAY            0.0
  MONTH TO DATE    0.0
  SINCE DEC 1      0.0
  SINCE JUL 1      0.0
  SNOW DEPTH       0

DEGREE DAYS
 HEATING
  TODAY            0                         3     -3        0
  MONTH TO DATE    8                        88    -80       38
  SINCE DEC 1    181                       455   -274      273
  SINCE JUL 1    188                       515   -327      307

 COOLING
  TODAY           11                         4      7       13
  MONTH TO DATE  208                        66    142      116
  SINCE DEC 1    570                       211    359      305
  SINCE JAN 1    387                       128    259      161
..................................................................


WIND (MPH)
  HIGHEST WIND SPEED    20   HIGHEST WIND DIRECTION    NW (320)
  HIGHEST GUST SPEED    27   HIGHEST GUST DIRECTION     W (290)
  AVERAGE WIND SPEED     7.0



WEATHER CONDITIONS
 THE FOLLOWING WEATHER WAS RECORDED TODAY.
  FOG


..........................................................


THE MCALLEN CLIMATE NORMALS FOR TOMORROW
                         NORMAL    RECORD    YEAR
 MAXIMUM TEMPERATURE (F)   77        93      1975
 MINIMUM TEMPERATURE (F)   56        33      1978


SUNRISE AND SUNSET
FEBRUARY 21 2017......SUNRISE   703 AM CST   SUNSET   630 PM CST
FEBRUARY 22 2017......SUNRISE   702 AM CST   SUNSET   631 PM CST


-  INDICATES NEGATIVE NUMBERS.
R  INDICATES RECORD WAS SET OR TIED.
MM INDICATES DATA IS MISSING.
T  INDICATES TRACE AMOUNT.




$$
