000
CDUS44 KBRO 292139
CLIMFE


CLIMATE REPORT
NATIONAL WEATHER SERVICE BROWNSVILLE TX
437 PM CDT THU SEP 29 2016


...................................

...THE MCALLEN CLIMATE SUMMARY FOR SEPTEMBER 29 2016...
VALID TODAY AS OF 0400 PM LOCAL TIME.

CLIMATE NORMAL PERIOD 1981 TO 2010
CLIMATE RECORD PERIOD 1961 TO 2016


WEATHER ITEM   OBSERVED TIME   RECORD YEAR NORMAL DEPARTURE LAST
                VALUE   (LST)  VALUE       VALUE  FROM      YEAR
                                                  NORMAL
..................................................................
TEMPERATURE (F)
 TODAY
  MAXIMUM         96    336 PM 101    2005  90      6       97
  MINIMUM         77    644 AM  56    1984  71      6       74
  AVERAGE         87                        80      7       86

PRECIPITATION (IN)
  TODAY            0.00          1.55 1994   0.12  -0.12     0.00
  MONTH TO DATE    0.68                      4.36  -3.68     5.44
  SINCE SEP 1      0.68                      4.36  -3.68     5.44
  SINCE JAN 1      9.98                     17.93  -7.95    25.20

DEGREE DAYS
 HEATING
  TODAY            0                         0      0        0
  MONTH TO DATE    0                         0      0        0
  SINCE SEP 1      0                         0      0        0
  SINCE JUL 1      0                         0      0        0

 COOLING
  TODAY           22                        16      6       21
  MONTH TO DATE  701                       534    167      600
  SINCE SEP 1    701                       534    167      600
  SINCE JAN 1   4603                      3785    818     4027
..................................................................


WIND (MPH)
  HIGHEST WIND SPEED    15   HIGHEST WIND DIRECTION    NE (50)
  HIGHEST GUST SPEED    18   HIGHEST GUST DIRECTION    NE (60)
  AVERAGE WIND SPEED     6.0



WEATHER CONDITIONS
 THE FOLLOWING WEATHER WAS RECORDED TODAY.
  NO SIGNIFICANT WEATHER WAS OBSERVED.


..........................................................


THE MCALLEN CLIMATE NORMALS FOR TOMORROW
                         NORMAL    RECORD    YEAR
 MAXIMUM TEMPERATURE (F)   90       101      1986
 MINIMUM TEMPERATURE (F)   70        57      1984


SUNRISE AND SUNSET
SEPTEMBER 29 2016.....SUNRISE   725 AM CDT   SUNSET   721 PM CDT
SEPTEMBER 30 2016.....SUNRISE   725 AM CDT   SUNSET   720 PM CDT


-  INDICATES NEGATIVE NUMBERS.
R  INDICATES RECORD WAS SET OR TIED.
MM INDICATES DATA IS MISSING.
T  INDICATES TRACE AMOUNT.

$$
