000
CDUS44 KBRO 180725
CLIMFE


CLIMATE REPORT
NATIONAL WEATHER SERVICE BROWNSVILLE TX
125 AM CST THU DEC 18 2014


...................................

...THE MCALLEN CLIMATE SUMMARY FOR DECEMBER 17 2014...

CLIMATE NORMAL PERIOD 1981 TO 2010
CLIMATE RECORD PERIOD 1941 TO 2014


WEATHER ITEM   OBSERVED TIME   RECORD YEAR NORMAL DEPARTURE LAST
                VALUE   (LST)  VALUE       VALUE  FROM      YEAR
                                                  NORMAL
..................................................................
TEMPERATURE (F)
 YESTERDAY
  MAXIMUM         77    128 PM  89    1977  72      5       74
  MINIMUM         67    606 AM  31    1989  52     15       45
  AVERAGE         72                        62     10

PRECIPITATION (IN)
  YESTERDAY        0.04          0.58 1985   0.04   0.00     0.00
  MONTH TO DATE    0.37                      0.62  -0.25     0.02
  SINCE DEC 1      0.37                      0.62  -0.25     0.02
  SINCE JAN 1     19.64                     21.63  -1.99    15.49

SNOWFALL (IN)
  YESTERDAY        0.0
  MONTH TO DATE    0.0
  SINCE DEC 1      0.0
  SINCE JUL 1      0.0

DEGREE DAYS
 HEATING
  YESTERDAY        0                         6     -6        5
  MONTH TO DATE   21                        85    -64      147
  SINCE DEC 1     21                        85    -64      147
  SINCE JUL 1    150                       145      5      273

 COOLING
  YESTERDAY        7                         3      4        0
  MONTH TO DATE   72                        53     19       20
  SINCE DEC 1     72                        53     19       20
  SINCE JAN 1   4306                      4422   -116     4555
..................................................................


WIND (MPH)
  HIGHEST WIND SPEED    22   HIGHEST WIND DIRECTION    SE (140)
  HIGHEST GUST SPEED    27   HIGHEST GUST DIRECTION    SE (140)
  AVERAGE WIND SPEED    12.0



WEATHER CONDITIONS
 THE FOLLOWING WEATHER WAS RECORDED YESTERDAY.
  LIGHT RAIN
  FOG


RELATIVE HUMIDITY (PERCENT)
 HIGHEST   100
 LOWEST     64
 AVERAGE    82

..........................................................


THE MCALLEN CLIMATE NORMALS FOR TODAY
                         NORMAL    RECORD    YEAR
 MAXIMUM TEMPERATURE (F)   71        89      1990
 MINIMUM TEMPERATURE (F)   51        31      1943


SUNRISE AND SUNSET
DECEMBER 18 2014......SUNRISE   714 AM CST   SUNSET   545 PM CST
DECEMBER 19 2014......SUNRISE   715 AM CST   SUNSET   545 PM CST


-  INDICATES NEGATIVE NUMBERS.
R  INDICATES RECORD WAS SET OR TIED.
MM INDICATES DATA IS MISSING.
T  INDICATES TRACE AMOUNT.




$$
