000
CDUS44 KBRO 160727
CLIMFE


CLIMATE REPORT
NATIONAL WEATHER SERVICE BROWNSVILLE TX
127 AM CST TUE JAN 16 2018


...................................

...THE MCALLEN CLIMATE SUMMARY FOR JANUARY 15 2018...

CLIMATE NORMAL PERIOD 1981 TO 2010
CLIMATE RECORD PERIOD 1961 TO 2018


WEATHER ITEM   OBSERVED TIME   RECORD YEAR NORMAL DEPARTURE LAST
                VALUE   (LST)  VALUE       VALUE  FROM      YEAR
                                                  NORMAL
..................................................................
TEMPERATURE (F)
 YESTERDAY
  MAXIMUM         77    249 PM  86    2017  71      6       86
                                      2016
  MINIMUM         55    754 AM  32    1979  50      5       69
  AVERAGE         66                        61      5

PRECIPITATION (IN)
  YESTERDAY        0.00          1.00 2008   0.04  -0.04      T
  MONTH TO DATE    0.12                      0.50  -0.38     0.16
  SINCE DEC 1      1.35                      1.69  -0.34     0.79
  SINCE JAN 1      0.12                      0.50  -0.38     0.16

SNOWFALL (IN)
  YESTERDAY        0.0
  MONTH TO DATE    0.0
  SINCE DEC 1      0.3
  SINCE JUL 1      0.3

DEGREE DAYS
 HEATING
  YESTERDAY        0                         6     -6        0
  MONTH TO DATE  128                       101     27       60
  SINCE DEC 1    340                       278     62      146
  SINCE JUL 1    369                       338     31      153

 COOLING
  YESTERDAY        1                         2     -1       13
  MONTH TO DATE   13                        30    -17      103
  SINCE DEC 1    101                       113    -12      286
  SINCE JAN 1     13                        30    -17      103
..................................................................


WIND (MPH)
  HIGHEST WIND SPEED    24   HIGHEST WIND DIRECTION    SE (130)
  HIGHEST GUST SPEED    29   HIGHEST GUST DIRECTION    SE (130)
  AVERAGE WIND SPEED    11.3



WEATHER CONDITIONS
 THE FOLLOWING WEATHER WAS RECORDED YESTERDAY.
  NO SIGNIFICANT WEATHER WAS OBSERVED.


RELATIVE HUMIDITY (PERCENT)
 HIGHEST    86
 LOWEST     49
 AVERAGE    68

..........................................................


THE MCALLEN CLIMATE NORMALS FOR TODAY
                         NORMAL    RECORD    YEAR
 MAXIMUM TEMPERATURE (F)   71        88      2006
 MINIMUM TEMPERATURE (F)   51        32      1961


SUNRISE AND SUNSET
JANUARY 16 2018.......SUNRISE   722 AM CST   SUNSET   604 PM CST
JANUARY 17 2018.......SUNRISE   722 AM CST   SUNSET   605 PM CST


-  INDICATES NEGATIVE NUMBERS.
R  INDICATES RECORD WAS SET OR TIED.
MM INDICATES DATA IS MISSING.
T  INDICATES TRACE AMOUNT.




$$
