000
CDUS44 KBRO 170629
CLIMFE


CLIMATE REPORT
NATIONAL WEATHER SERVICE BROWNSVILLE TX
128 AM CDT WED SEP 17 2014


...................................

...THE MCALLEN CLIMATE SUMMARY FOR SEPTEMBER 16 2014...

CLIMATE NORMAL PERIOD 1981 TO 2010
CLIMATE RECORD PERIOD 1941 TO 2014


WEATHER ITEM   OBSERVED TIME   RECORD YEAR NORMAL DEPARTURE LAST
                VALUE   (LST)  VALUE       VALUE  FROM      YEAR
                                                  NORMAL
..................................................................
TEMPERATURE (F)
 YESTERDAY
  MAXIMUM         87    528 PM 101    2009  93     -6       87
  MINIMUM         77    703 AM  59    1945  73      4       76
  AVERAGE         82                        83     -1

PRECIPITATION (IN)
  YESTERDAY        0.08          2.79 1988   0.17  -0.09     2.42
  MONTH TO DATE    6.30                      2.63   3.67     5.45
  SINCE SEP 1      6.30                      2.63   3.67     5.45
  SINCE JAN 1     13.16                     16.20  -3.04    11.39

SNOWFALL (IN)
  YESTERDAY        0.0
  MONTH TO DATE    0.0
  SINCE SEP 1      0.0
  SINCE JUL 1      0.0

DEGREE DAYS
 HEATING
  YESTERDAY        0                         0      0        0
  MONTH TO DATE    0                         0      0        0
  SINCE SEP 1      0                         0      0        0
  SINCE JUL 1      0                         0      0        0

 COOLING
  YESTERDAY       17                        18     -1       17
  MONTH TO DATE  293                       315    -22      302
  SINCE SEP 1    293                       315    -22      302
  SINCE JAN 1   3488                      3566    -78     3689
..................................................................


WIND (MPH)
  HIGHEST WIND SPEED    13   HIGHEST WIND DIRECTION    SE (140)
  HIGHEST GUST SPEED    15   HIGHEST GUST DIRECTION    SE (150)
  AVERAGE WIND SPEED     3.1



WEATHER CONDITIONS
 THE FOLLOWING WEATHER WAS RECORDED YESTERDAY.
  HEAVY RAIN
  RAIN
  LIGHT RAIN
  FOG


RELATIVE HUMIDITY (PERCENT)
 HIGHEST    97
 LOWEST     68
 AVERAGE    83

..........................................................


THE MCALLEN CLIMATE NORMALS FOR TODAY
                         NORMAL    RECORD    YEAR
 MAXIMUM TEMPERATURE (F)   93       102      1968
 MINIMUM TEMPERATURE (F)   73        61      2008
                                             1945


SUNRISE AND SUNSET
SEPTEMBER 17 2014.....SUNRISE   719 AM CDT   SUNSET   735 PM CDT
SEPTEMBER 18 2014.....SUNRISE   720 AM CDT   SUNSET   734 PM CDT


-  INDICATES NEGATIVE NUMBERS.
R  INDICATES RECORD WAS SET OR TIED.
MM INDICATES DATA IS MISSING.
T  INDICATES TRACE AMOUNT.




$$
