000
CDUS44 KBRO 132126
CLIMFE


CLIMATE REPORT
NATIONAL WEATHER SERVICE BROWNSVILLE TX
426 PM CDT SUN JUL 13 2014


...................................

...THE MCALLEN CLIMATE SUMMARY FOR JULY 13 2014...
VALID TODAY AS OF 0400 PM LOCAL TIME.

CLIMATE NORMAL PERIOD 1981 TO 2010
CLIMATE RECORD PERIOD 1941 TO 2014


WEATHER ITEM   OBSERVED TIME   RECORD YEAR NORMAL DEPARTURE LAST
                VALUE   (LST)  VALUE       VALUE  FROM      YEAR
                                                  NORMAL
..................................................................
TEMPERATURE (F)
 TODAY
  MAXIMUM         98    257 PM 103    2009  97      1      100
                                      1996
                                      1998
  MINIMUM         73    537 AM  69    1971  76     -3       75
                                      1976
  AVERAGE         86                        86      0       88

PRECIPITATION (IN)
  TODAY            0.00          3.89 1975   0.08  -0.08     0.00
  MONTH TO DATE    0.60                      0.99  -0.39     0.80
  SINCE JUN 1      0.90                      3.57  -2.67     1.68
  SINCE JAN 1      3.78                     10.35  -6.57     5.10

SNOWFALL (IN)
  TODAY            0.0
  MONTH TO DATE    0.0
  SINCE JUN 1      0.0
  SINCE JUL 1      0.0
  SNOW DEPTH       0

DEGREE DAYS
 HEATING
  TODAY            0                         0      0        0
  MONTH TO DATE    0                         0      0        0
  SINCE JUN 1      0                         0      0        0
  SINCE JUL 1      0                         0      0        0

 COOLING
  TODAY           21                        22     -1       23
  MONTH TO DATE  263                       276    -13      274
  SINCE JUN 1    933                       904     29      951
  SINCE JAN 1   1989                      2159   -170     2247
..................................................................


WIND (MPH)
  HIGHEST WIND SPEED    14   HIGHEST WIND DIRECTION    SE (130)
  HIGHEST GUST SPEED    21   HIGHEST GUST DIRECTION    SE (140)
  AVERAGE WIND SPEED     6.3



WEATHER CONDITIONS
 THE FOLLOWING WEATHER WAS RECORDED TODAY.
  FOG
  FOG W/VISIBILITY <= 1/4 MILE


..........................................................


THE MCALLEN CLIMATE NORMALS FOR TOMORROW
                         NORMAL    RECORD    YEAR
 MAXIMUM TEMPERATURE (F)   97       104      1998
 MINIMUM TEMPERATURE (F)   76        63      1971


SUNRISE AND SUNSET
JULY 13 2014..........SUNRISE   649 AM CDT   SUNSET   828 PM CDT
JULY 14 2014..........SUNRISE   650 AM CDT   SUNSET   828 PM CDT


-  INDICATES NEGATIVE NUMBERS.
R  INDICATES RECORD WAS SET OR TIED.
MM INDICATES DATA IS MISSING.
T  INDICATES TRACE AMOUNT.




$$
