000
CDUS44 KBRO 170627
CLIMFE


CLIMATE REPORT
NATIONAL WEATHER SERVICE BROWNSVILLE TX
126 AM CDT TUE OCT 17 2017


...................................

...THE MCALLEN CLIMATE SUMMARY FOR OCTOBER 16 2017...

CLIMATE NORMAL PERIOD 1981 TO 2010
CLIMATE RECORD PERIOD 1961 TO 2017


WEATHER ITEM   OBSERVED TIME   RECORD YEAR NORMAL DEPARTURE LAST
                VALUE   (LST)  VALUE       VALUE  FROM      YEAR
                                                  NORMAL
..................................................................
TEMPERATURE (F)
 YESTERDAY
  MAXIMUM         85    343 PM  99    2016  88     -3       99
  MINIMUM         63   1155 PM  48    1961  67     -4       74
  AVERAGE         74                        77     -3

PRECIPITATION (IN)
  YESTERDAY        T             0.66 1967   0.06  -0.06     0.00
  MONTH TO DATE    6.00                      1.17   4.83     0.05
  SINCE SEP 1      8.44                      5.64   2.80     1.74
  SINCE JAN 1     15.23                     19.21  -3.98    11.04

SNOWFALL (IN)
  YESTERDAY        0.0
  MONTH TO DATE    0.0
  SINCE SEP 1      0.0
  SINCE JUL 1      0.0

DEGREE DAYS
 HEATING
  YESTERDAY        0                         0      0        0
  MONTH TO DATE    0                         0      0        0
  SINCE SEP 1      0                         0      0        0
  SINCE JUL 1      0                         0      0        0

 COOLING
  YESTERDAY        9                        12     -3       22
  MONTH TO DATE  265                       221     44      312
  SINCE SEP 1    915                       769    146     1033
  SINCE JAN 1   5181                      4020   1161     4935
..................................................................


WIND (MPH)
  HIGHEST WIND SPEED    22   HIGHEST WIND DIRECTION     N (340)
  HIGHEST GUST SPEED    29   HIGHEST GUST DIRECTION     N (340)
  AVERAGE WIND SPEED    13.7



WEATHER CONDITIONS
 THE FOLLOWING WEATHER WAS RECORDED YESTERDAY.
  LIGHT RAIN


RELATIVE HUMIDITY (PERCENT)
 HIGHEST    62
 LOWEST     29
 AVERAGE    46

..........................................................


THE MCALLEN CLIMATE NORMALS FOR TODAY
                         NORMAL    RECORD    YEAR
 MAXIMUM TEMPERATURE (F)   88       100      2016
 MINIMUM TEMPERATURE (F)   67        46      1961


SUNRISE AND SUNSET
OCTOBER 17 2017.......SUNRISE   733 AM CDT   SUNSET   703 PM CDT
OCTOBER 18 2017.......SUNRISE   734 AM CDT   SUNSET   702 PM CDT


-  INDICATES NEGATIVE NUMBERS.
R  INDICATES RECORD WAS SET OR TIED.
MM INDICATES DATA IS MISSING.
T  INDICATES TRACE AMOUNT.




$$
