000
CDUS46 KMFR 251207
CLIMFR

CLIMATE REPORT
NATIONAL WEATHER SERVICE MEDFORD, OR
0410 AM PST SUN JAN 25 2015


...................................

...THE MEDFORD OR CLIMATE SUMMARY FOR JANUARY 24 2015...

CLIMATE NORMAL PERIOD 1981 TO 2010
CLIMATE RECORD PERIOD 1911 TO 2015


WEATHER ITEM   OBSERVED TIME   RECORD YEAR NORMAL DEPARTURE LAST
                VALUE   (LST)  VALUE       VALUE  FROM      YEAR
                                                  NORMAL
..................................................................
TEMPERATURE (F)
 YESTERDAY
  MAXIMUM         60    409 PM  70    2014  49     11       70
  MINIMUM         32    759 AM   5    1949  33     -1       36
  AVERAGE         46                        41      5       53

PRECIPITATION (IN)
  YESTERDAY        0.00          0.93 1933   0.07  -0.07     0.00
  MONTH TO DATE    1.25                      1.98  -0.73     0.53
  SINCE OCT 1      8.10                      9.62  -1.52     2.21
  SINCE JAN 1      1.25                      1.98  -0.73     0.53

SNOWFALL (IN)
  YESTERDAY        0.0                       0.0    0.0      0.0
  MONTH TO DATE    T                         1.0   -1.0       T
  SINCE JUL 1      T                         2.7   -2.7      3.4
  SNOW DEPTH       0

DEGREE DAYS
 HEATING
  YESTERDAY       19                        24     -5       12
  MONTH TO DATE  558                       603    -45      615
  SINCE DEC 1   1150                      1400   -250     1655
  SINCE JUL 1   1824                      2369   -545     2706

 COOLING
  YESTERDAY        0                         0      0        0
  MONTH TO DATE    0                         0      0        0
  SINCE DEC 1      0                         0      0        0
  SINCE JAN 1      0                         0      0        0
..................................................................


WIND (MPH)
  HIGHEST WIND SPEED     7   HIGHEST WIND DIRECTION    SE (150)
  HIGHEST GUST SPEED     8   HIGHEST GUST DIRECTION    SW (240)
  AVERAGE WIND SPEED     1.2


SKY COVER
  POSSIBLE SUNSHINE  MM
  AVERAGE SKY COVER 0.2


WEATHER CONDITIONS
 THE FOLLOWING WEATHER WAS RECORDED YESTERDAY.
  FOG
  FOG W/VISIBILITY <= 1/4 MILE


RELATIVE HUMIDITY (PERCENT)
 HIGHEST   100           300 AM
 LOWEST     53           400 PM
 AVERAGE    77

..........................................................


THE MEDFORD OR CLIMATE NORMALS FOR TODAY
                         NORMAL    RECORD    YEAR
 MAXIMUM TEMPERATURE (F)   49        65      2014
 MINIMUM TEMPERATURE (F)   33         8      1949


SUNRISE AND SUNSET
JANUARY 25 2015.......SUNRISE   732 AM PST   SUNSET   516 PM PST
JANUARY 26 2015.......SUNRISE   731 AM PST   SUNSET   518 PM PST


-  INDICATES NEGATIVE NUMBERS.
R  INDICATES RECORD WAS SET OR TIED.
MM INDICATES DATA IS MISSING.
T  INDICATES TRACE AMOUNT.

&&

LOW TEMPERATURE THIS MORNING.....32
24-HOUR PRECIPITATION..........NONE

$$
