000
CDUS46 KMFR 300035
CLIMFR


CLIMATE REPORT
NATIONAL WEATHER SERVICE MEDFORD, OR
535 PM PDT WED MAR 29 2017


...................................

...THE MEDFORD OR CLIMATE SUMMARY FOR MARCH 29 2017...
VALID TODAY AS OF 0500 PM LOCAL TIME.

CLIMATE NORMAL PERIOD 1981 TO 2010
CLIMATE RECORD PERIOD 1911 TO 2017


WEATHER ITEM   OBSERVED TIME   RECORD YEAR NORMAL DEPARTURE LAST
                VALUE   (LST)  VALUE       VALUE  FROM      YEAR
                                                  NORMAL
..................................................................
TEMPERATURE (F)
 TODAY
  MAXIMUM         56   1127 AM  84    1911  61     -5       62
  MINIMUM         50    632 AM  22    1929  39     11       34
  AVERAGE         53                        50      3       48

PRECIPITATION (IN)
  TODAY            0.11          1.00 1974   0.05   0.06     0.00
  MONTH TO DATE    1.69                      1.61   0.08     2.45
  SINCE OCT 1     22.39                     13.69   8.70    17.46
  SINCE JAN 1     10.70                      6.05   4.65     7.70

SNOWFALL (IN)
  TODAY            0.0                       0.0    0.0      0.0
  MONTH TO DATE    T                         0.5   -0.5      0.0
  SINCE JUL 1     11.8                       4.1    7.7      1.9
  SNOW DEPTH       0

DEGREE DAYS
 HEATING
  TODAY           12                        15     -3       17
  MONTH TO DATE  437                       488    -51      426
  SINCE MAR 1    437                       488    -51      426
  SINCE JUL 1   3482                      3602   -120     3100

 COOLING
  TODAY            0                         0      0        0
  MONTH TO DATE    0                         0      0        0
  SINCE MAR 1      0                         0      0        0
  SINCE JAN 1      0                         0      0        0
..................................................................


WIND (MPH)
  HIGHEST WIND SPEED    14   HIGHEST WIND DIRECTION    NW (310)
  HIGHEST GUST SPEED    18   HIGHEST GUST DIRECTION    NW (310)
  AVERAGE WIND SPEED     2.2


SKY COVER
  POSSIBLE SUNSHINE  MM
  AVERAGE SKY COVER 0.9


WEATHER CONDITIONS
 THE FOLLOWING WEATHER WAS RECORDED TODAY.
  LIGHT RAIN
  FOG


RELATIVE HUMIDITY (PERCENT)
 HIGHEST    89           200 PM
 LOWEST     66          1200 AM
 AVERAGE    78

..........................................................


THE MEDFORD OR CLIMATE NORMALS FOR TOMORROW
                         NORMAL    RECORD    YEAR
 MAXIMUM TEMPERATURE (F)   61        86      1911
 MINIMUM TEMPERATURE (F)   39        23      1936


SUNRISE AND SUNSET
MARCH 29 2017.........SUNRISE   658 AM PDT   SUNSET   734 PM PDT
MARCH 30 2017.........SUNRISE   657 AM PDT   SUNSET   736 PM PDT


-  INDICATES NEGATIVE NUMBERS.
R  INDICATES RECORD WAS SET OR TIED.
MM INDICATES DATA IS MISSING.
T  INDICATES TRACE AMOUNT.




$$
