000
CDUS46 KMFR 290035
CLIMFR


CLIMATE REPORT
NATIONAL WEATHER SERVICE MEDFORD, OR
535 PM PDT MON JUL 28 2014


...................................

...THE MEDFORD OR CLIMATE SUMMARY FOR JULY 28 2014...
VALID TODAY AS OF 0500 PM LOCAL TIME.

CLIMATE NORMAL PERIOD 1981 TO 2010
CLIMATE RECORD PERIOD 1911 TO 2014


WEATHER ITEM   OBSERVED TIME   RECORD YEAR NORMAL DEPARTURE LAST
                VALUE   (LST)  VALUE       VALUE  FROM      YEAR
                                                  NORMAL
..................................................................
TEMPERATURE (F)
 TODAY
  MAXIMUM        106    354 PM 108    2009  93     13       92
  MINIMUM         64    535 AM  45    1959  59      5       55
                                      1948
  AVERAGE         85                        76      9       74

PRECIPITATION (IN)
  TODAY            0.00          0.02 1975   0.01  -0.01     0.00
                                      1947
  MONTH TO DATE    0.10                      0.26  -0.16     0.00
  SINCE SEP 1     15.20                     17.93  -2.73    16.88
  SINCE JAN 1     10.76                      9.72   1.04     4.13

SNOWFALL (IN)
  TODAY            0.0                       0.0    0.0      0.0
  MONTH TO DATE    0.0                       0.0    0.0      0.0
  SINCE JUL 1      0.0                       0.0    0.0      0.0
  SNOW DEPTH       0

DEGREE DAYS
 HEATING
  TODAY            0                         0      0        0
  MONTH TO DATE    0                         1     -1        0
  SINCE JUN 1     22                        55    -33       35
  SINCE JUL 1      0                         1     -1        0

 COOLING
  TODAY           20                        11      9        9
  MONTH TO DATE  411                       255    156      408
  SINCE JUN 1    522                       363    159      554
  SINCE JAN 1    578                       401    177      589
..................................................................


WIND (MPH)
  HIGHEST WIND SPEED    12   HIGHEST WIND DIRECTION     W (290)
  HIGHEST GUST SPEED    17   HIGHEST GUST DIRECTION    NW (300)
  AVERAGE WIND SPEED     2.5


SKY COVER
  POSSIBLE SUNSHINE  MM
  AVERAGE SKY COVER 0.1


WEATHER CONDITIONS
 THE FOLLOWING WEATHER WAS RECORDED TODAY.
  HAZE


RELATIVE HUMIDITY (PERCENT)
 HIGHEST    67           500 AM
 LOWEST     11           400 PM
 AVERAGE    39

..........................................................


THE MEDFORD OR CLIMATE NORMALS FOR TOMORROW
                         NORMAL    RECORD    YEAR
 MAXIMUM TEMPERATURE (F)   93       109      2009
 MINIMUM TEMPERATURE (F)   59        44      1950
                                             1917


SUNRISE AND SUNSET
JULY 28 2014..........SUNRISE   600 AM PDT   SUNSET   835 PM PDT
JULY 29 2014..........SUNRISE   601 AM PDT   SUNSET   834 PM PDT


-  INDICATES NEGATIVE NUMBERS.
R  INDICATES RECORD WAS SET OR TIED.
MM INDICATES DATA IS MISSING.
T  INDICATES TRACE AMOUNT.




$$
