000
CDUS46 KMFR 231210
CLIMFR

CLIMATE REPORT
NATIONAL WEATHER SERVICE MEDFORD, OR
509 AM PDT SAT AUG 23 2014


...................................

...THE MEDFORD OR CLIMATE SUMMARY FOR AUGUST 22 2014...

CLIMATE NORMAL PERIOD 1981 TO 2010
CLIMATE RECORD PERIOD 1911 TO 2014


WEATHER ITEM   OBSERVED TIME   RECORD YEAR NORMAL DEPARTURE LAST
                VALUE   (LST)  VALUE       VALUE  FROM      YEAR
                                                  NORMAL
..................................................................
TEMPERATURE (F)
 YESTERDAY
  MAXIMUM         85    356 PM 104    1988  90     -5       83
                                      1942
  MINIMUM         59    612 AM  43    1943  56      3       60
  AVERAGE         72                        73     -1       72

PRECIPITATION (IN)
  YESTERDAY        T             0.40 1983   0.02  -0.02     0.07
  MONTH TO DATE    0.63                      0.27   0.36     0.10
  SINCE SEP 1     15.83                     18.22  -2.39    16.98
  SINCE JAN 1     11.39                     10.01   1.38     4.23

SNOWFALL (IN)
  YESTERDAY        0.0                       0.0    0.0      0.0
  MONTH TO DATE    0.0                       0.0    0.0      0.0
  SINCE JUL 1      0.0                       0.0    0.0      0.0
  SNOW DEPTH       0

DEGREE DAYS
 HEATING
  YESTERDAY        0                         0      0        0
  MONTH TO DATE    0                         0      0        0
  SINCE JUN 1     22                        60    -38       35
  SINCE JUL 1      0                         6     -6        0

 COOLING
  YESTERDAY        7                         8     -1        7
  MONTH TO DATE  280                       213     67      226
  SINCE JUN 1    862                       607    255      809
  SINCE JAN 1    918                       645    273      844
..................................................................


WIND (MPH)
  HIGHEST WIND SPEED    16   HIGHEST WIND DIRECTION     N (340)
  HIGHEST GUST SPEED    23   HIGHEST GUST DIRECTION     N (10)
  AVERAGE WIND SPEED     4.9


SKY COVER
  POSSIBLE SUNSHINE  MM
  AVERAGE SKY COVER 0.2


WEATHER CONDITIONS
 THE FOLLOWING WEATHER WAS RECORDED YESTERDAY.

  HAZE


RELATIVE HUMIDITY (PERCENT)
 HIGHEST    62           600 AM
 LOWEST     23           400 PM
 AVERAGE    43

..........................................................


THE MEDFORD OR CLIMATE NORMALS FOR TODAY
                         NORMAL    RECORD    YEAR
 MAXIMUM TEMPERATURE (F)   90       105      1917
 MINIMUM TEMPERATURE (F)   56        44      1971


SUNRISE AND SUNSET
AUGUST 23 2014........SUNRISE   627 AM PDT   SUNSET   800 PM PDT
AUGUST 24 2014........SUNRISE   628 AM PDT   SUNSET   758 PM PDT


-  INDICATES NEGATIVE NUMBERS.
R  INDICATES RECORD WAS SET OR TIED.
MM INDICATES DATA IS MISSING.
T  INDICATES TRACE AMOUNT.

&&

LOW TEMPERATURE THIS MORNING.... 56
24-HOUR PRECIPITATION........... 0.00

$$
