000
CDUS46 KMFR 160846
CLIMFR


CLIMATE REPORT
NATIONAL WEATHER SERVICE MEDFORD, OR
1246 AM PST SAT DEC 16 2017


...................................

...THE MEDFORD OR CLIMATE SUMMARY FOR DECEMBER 15 2017...

CLIMATE NORMAL PERIOD 1981 TO 2010
CLIMATE RECORD PERIOD 1911 TO 2017


WEATHER ITEM   OBSERVED TIME   RECORD YEAR NORMAL DEPARTURE LAST
                VALUE   (LST)  VALUE       VALUE  FROM      YEAR
                                                  NORMAL
..................................................................
TEMPERATURE (F)
 YESTERDAY
  MAXIMUM         42    229 PM  64    1941  46     -4       48
  MINIMUM         27    449 AM   0    1919  33     -6       39
  AVERAGE         35                        39     -4       44

PRECIPITATION (IN)
  YESTERDAY        T             1.08 1929   0.11  -0.11     0.66
  MONTH TO DATE    0.20                      1.74  -1.54     3.44
  SINCE OCT 1      3.96                      5.89  -1.93    10.57
  SINCE JAN 1     17.48                     16.60   0.88    20.59

SNOWFALL (IN)
  YESTERDAY        0.0                       0.0    0.0      0.0
  MONTH TO DATE    0.0                       0.5   -0.5      0.4
  SINCE JUL 1      0.0                       0.7   -0.7      0.4
  SNOW DEPTH       0

DEGREE DAYS
 HEATING
  YESTERDAY       30                        26      4       21
  MONTH TO DATE  423                       378     45      374
  SINCE DEC 1    423                       378     45      374
  SINCE JUL 1   1358                      1347     11     1147

 COOLING
  YESTERDAY        0                         0      0        0
  MONTH TO DATE    0                         0      0        0
  SINCE DEC 1      0                         0      0        0
  SINCE JAN 1   1281                       829    452     1058
..................................................................


WIND (MPH)
  HIGHEST WIND SPEED    14   HIGHEST WIND DIRECTION    NW (320)
  HIGHEST GUST SPEED    17   HIGHEST GUST DIRECTION    NW (320)
  AVERAGE WIND SPEED     2.0


SKY COVER
  POSSIBLE SUNSHINE  MM
  AVERAGE SKY COVER 0.5


WEATHER CONDITIONS
 THE FOLLOWING WEATHER WAS RECORDED YESTERDAY.
  LIGHT RAIN
  FOG
  HAZE


RELATIVE HUMIDITY (PERCENT)
 HIGHEST   100           100 AM
 LOWEST     79           200 PM
 AVERAGE    90

..........................................................


THE MEDFORD OR CLIMATE NORMALS FOR TODAY
                         NORMAL    RECORD    YEAR
 MAXIMUM TEMPERATURE (F)   46        62      1988
 MINIMUM TEMPERATURE (F)   33        10      1919


SUNRISE AND SUNSET
DECEMBER 16 2017......SUNRISE   735 AM PST   SUNSET   440 PM PST
DECEMBER 17 2017......SUNRISE   735 AM PST   SUNSET   440 PM PST


-  INDICATES NEGATIVE NUMBERS.
R  INDICATES RECORD WAS SET OR TIED.
MM INDICATES DATA IS MISSING.
T  INDICATES TRACE AMOUNT.




$$
