000
CDUS46 KMFR 021704 RRA
CLIMFR

CLIMATE REPORT
NATIONAL WEATHER SERVICE MEDFORD, OR
1004 AM PDT TUE SEP 2 2014


...................................

...THE MEDFORD OR CLIMATE SUMMARY FOR SEPTEMBER 1 2014...

CLIMATE NORMAL PERIOD 1981 TO 2010
CLIMATE RECORD PERIOD 1911 TO 2014


WEATHER ITEM   OBSERVED TIME   RECORD YEAR NORMAL DEPARTURE LAST
                VALUE   (LST)  VALUE       VALUE  FROM      YEAR
                                                  NORMAL
..................................................................
TEMPERATURE (F)
 YESTERDAY
  MAXIMUM         92    523 PM 107    1998  87      5       88
                                      1988
  MINIMUM         53    556 AM  38    1924  54     -1       59
  AVERAGE         73                        71      2       74

PRECIPITATION (IN)
  YESTERDAY        0.00          0.82 1941   0.01  -0.01     0.00
  MONTH TO DATE    0.00                      0.01  -0.01     0.00
  SINCE SEP 1      0.00                      0.01  -0.01     0.00
  SINCE JAN 1     11.39                     10.15   1.24     4.55

SNOWFALL (IN)
  YESTERDAY        0.0                       0.0    0.0      0.0
  MONTH TO DATE    0.0                       0.0    0.0      0.0
  SINCE JUL 1      0.0                       0.0    0.0      0.0
  SNOW DEPTH       0

DEGREE DAYS
 HEATING
  YESTERDAY        0                         1     -1        0
  MONTH TO DATE    0                         1     -1        0
  SINCE SEP 1      0                         1     -1        0
  SINCE JUL 1      0                        11    -11        0

 COOLING
  YESTERDAY        8                         6      2        9
  MONTH TO DATE    8                         6      2        9
  SINCE SEP 1      8                         6      2        9
  SINCE JAN 1   1022                       713    309      924
..................................................................


WIND (MPH)
  HIGHEST WIND SPEED    14   HIGHEST WIND DIRECTION     N (350)
  HIGHEST GUST SPEED    17   HIGHEST GUST DIRECTION     N (350)
  AVERAGE WIND SPEED     2.6


SKY COVER
  POSSIBLE SUNSHINE  MM
  AVERAGE SKY COVER 0.0


WEATHER CONDITIONS
 THE FOLLOWING WEATHER WAS RECORDED YESTERDAY.

  NO SIGNIFICANT WEATHER WAS OBSERVED.


RELATIVE HUMIDITY (PERCENT)
 HIGHEST    71           600 AM
 LOWEST     13           400 PM
 AVERAGE    42

..........................................................


THE MEDFORD OR CLIMATE NORMALS FOR TODAY
                         NORMAL    RECORD    YEAR
 MAXIMUM TEMPERATURE (F)   87       110      1988
 MINIMUM TEMPERATURE (F)   54        40      1975


SUNRISE AND SUNSET
SEPTEMBER  2 2014.....SUNRISE   638 AM PDT   SUNSET   744 PM PDT
SEPTEMBER  3 2014.....SUNRISE   639 AM PDT   SUNSET   742 PM PDT


-  INDICATES NEGATIVE NUMBERS.
R  INDICATES RECORD WAS SET OR TIED.
MM INDICATES DATA IS MISSING.
T  INDICATES TRACE AMOUNT.

&&

LOW TEMPERATURE SINCE MIDNIGHT...55 DEGREES
24-HOUR PRECIPITATION............0

$$
