000
CDUS44 KBMX 252141
CLIMGM


CLIMATE REPORT
NATIONAL WEATHER SERVICE BIRMINGHAM, AL
441 PM CDT MON SEP 25 2017


...................................

...THE MONTGOMERY CLIMATE SUMMARY FOR SEPTEMBER 25 2017...
VALID TODAY AS OF 0400 PM LOCAL TIME.

CLIMATE NORMAL PERIOD 1981 TO 2010
CLIMATE RECORD PERIOD 1872 TO 2017


WEATHER ITEM   OBSERVED TIME   RECORD YEAR NORMAL DEPARTURE LAST
                VALUE   (LST)  VALUE       VALUE  FROM      YEAR
                                                  NORMAL
..................................................................
TEMPERATURE (F)
 TODAY
  MAXIMUM         91    154 PM  98    2016  85      6       98
  MINIMUM         72    232 AM  42    1990  62     10       70
  AVERAGE         82                        73      9       84

PRECIPITATION (IN)
  TODAY            0.00          3.26 1956   0.13  -0.13     0.00
  MONTH TO DATE    2.25                      3.37  -1.12     2.24
  SINCE SEP 1      2.25                      3.37  -1.12     2.24
  SINCE JAN 1     60.85                     40.08  20.77    35.28

DEGREE DAYS

 COOLING
  TODAY           17                         9      8       19
  MONTH TO DATE  315                       304     11      463
  SINCE SEP 1    315                       304     11      463
  SINCE JAN 1   2483                      2093    390     2692
..................................................................


WIND (MPH)
  HIGHEST WIND SPEED    13   HIGHEST WIND DIRECTION     E (80)
  HIGHEST GUST SPEED    20   HIGHEST GUST DIRECTION     E (100)
  AVERAGE WIND SPEED     5.1


SKY COVER
  AVERAGE SKY COVER 0.3


WEATHER CONDITIONS
 THE FOLLOWING WEATHER WAS RECORDED TODAY.
  NO SIGNIFICANT WEATHER WAS OBSERVED.


RELATIVE HUMIDITY (PERCENT)
 HIGHEST    79           100 AM
 LOWEST     38           200 PM
 AVERAGE    59

..........................................................


THE MONTGOMERY CLIMATE NORMALS FOR TOMORROW
                         NORMAL    RECORD    YEAR
 MAXIMUM TEMPERATURE (F)   84        94      2016
                                             1984
                                             1954
 MINIMUM TEMPERATURE (F)   62        43      2001


SUNRISE AND SUNSET
SEPTEMBER 25 2017.....SUNRISE   636 AM CDT   SUNSET   638 PM CDT
SEPTEMBER 26 2017.....SUNRISE   636 AM CDT   SUNSET   637 PM CDT


-  INDICATES NEGATIVE NUMBERS.
R  INDICATES RECORD WAS SET OR TIED.
MM INDICATES DATA IS MISSING.
T  INDICATES TRACE AMOUNT.




$$
