000
CDUS44 KBMX 170658
CLIMGM


CLIMATE REPORT
NATIONAL WEATHER SERVICE BIRMINGHAM, AL
1256 AM CST WED DEC 17 2014


...................................

...THE MONTGOMERY CLIMATE SUMMARY FOR DECEMBER 16 2014...

CLIMATE NORMAL PERIOD 1981 TO 2010
CLIMATE RECORD PERIOD 1872 TO 2014


WEATHER ITEM   OBSERVED TIME   RECORD YEAR NORMAL DEPARTURE LAST
                VALUE   (LST)  VALUE       VALUE  FROM      YEAR
                                                  NORMAL
..................................................................
TEMPERATURE (F)
 YESTERDAY
  MAXIMUM         67    339 AM  83    1971  59      8       58
  MINIMUM         40   1158 PM  13    1901  37      3       27
  AVERAGE         54                        48      6       43

PRECIPITATION (IN)
  YESTERDAY        0.12          3.92 1992   0.15  -0.03     0.00
  MONTH TO DATE    0.15                      2.58  -2.43     1.97
  SINCE DEC 1      0.15                      2.58  -2.43     1.97
  SINCE JAN 1     43.86                     50.79  -6.93    49.23

SNOWFALL (IN)
  YESTERDAY        0.0                       0.0    0.0      0.0
  MONTH TO DATE    0.0                       0.0    0.0      0.0
  SINCE DEC 1      0.0                       0.0    0.0      0.0
  SINCE JUL 1      0.0                       0.0    0.0      0.0
  SNOW DEPTH       0

DEGREE DAYS
 HEATING
  YESTERDAY       11                        17     -6       22
  MONTH TO DATE  178                       247    -69      184
  SINCE DEC 1    178                       247    -69      184
  SINCE JUL 1    641                       618     23      552
..................................................................


WIND (MPH)
  HIGHEST WIND SPEED    18   HIGHEST WIND DIRECTION    NW (300)
  HIGHEST GUST SPEED    24   HIGHEST GUST DIRECTION     W (290)
  AVERAGE WIND SPEED     9.3


SKY COVER
  AVERAGE SKY COVER 0.3


WEATHER CONDITIONS
 THE FOLLOWING WEATHER WAS RECORDED YESTERDAY.
  HEAVY RAIN
  LIGHT RAIN
  FOG


RELATIVE HUMIDITY (PERCENT)
 HIGHEST    84           100 AM
 LOWEST     34           200 PM
 AVERAGE    59

..........................................................


THE MONTGOMERY CLIMATE NORMALS FOR TODAY
                         NORMAL    RECORD    YEAR
 MAXIMUM TEMPERATURE (F)   59        79      1984
 MINIMUM TEMPERATURE (F)   37        20      1901


SUNRISE AND SUNSET
DECEMBER 17 2014......SUNRISE   641 AM CST   SUNSET   443 PM CST
DECEMBER 18 2014......SUNRISE   641 AM CST   SUNSET   443 PM CST


-  INDICATES NEGATIVE NUMBERS.
R  INDICATES RECORD WAS SET OR TIED.
MM INDICATES DATA IS MISSING.
T  INDICATES TRACE AMOUNT.




$$
