000
CDUS44 KBMX 270834
CLIMGM


CLIMATE REPORT
NATIONAL WEATHER SERVICE BIRMINGHAM, AL
333 AM CDT THU JUL 27 2017


...................................

...THE MONTGOMERY CLIMATE SUMMARY FOR JULY 26 2017...

CLIMATE NORMAL PERIOD 1981 TO 2010
CLIMATE RECORD PERIOD 1872 TO 2017


WEATHER ITEM   OBSERVED TIME   RECORD YEAR NORMAL DEPARTURE LAST
                VALUE   (LST)  VALUE       VALUE  FROM      YEAR
                                                  NORMAL
..................................................................
TEMPERATURE (F)
 YESTERDAY
  MAXIMUM         98    141 PM 100    1987  92      6       96
  MINIMUM         75   1159 PM  63    1911  72      3       74
  AVERAGE         87                        82      5       85

PRECIPITATION (IN)
  YESTERDAY        0.00          1.74 1958   0.15  -0.15     0.53
                                      1930
  MONTH TO DATE    3.27                      4.51  -1.24     5.60
  SINCE JUN 1     15.31                      8.58   6.73     8.33
  SINCE JAN 1     49.23                     32.02  17.21    30.56

DEGREE DAYS
 COOLING
  YESTERDAY       22                        17      5       20
  MONTH TO DATE  502                       436     66      521
  SINCE JUN 1    938                       855     83     1039
  SINCE JAN 1   1520                      1194    326     1500
..................................................................


WIND (MPH)
  HIGHEST WIND SPEED    17   HIGHEST WIND DIRECTION    NW (300)
  HIGHEST GUST SPEED    21   HIGHEST GUST DIRECTION    NW (320)
  AVERAGE WIND SPEED     4.1


SKY COVER
  AVERAGE SKY COVER 0.4


WEATHER CONDITIONS
 THE FOLLOWING WEATHER WAS RECORDED YESTERDAY.
  THUNDERSTORM
  FOG
  FOG W/VISIBILITY <= 1/4 MILE
  HAZE


RELATIVE HUMIDITY (PERCENT)
 HIGHEST    88           500 AM
 LOWEST     42           200 PM
 AVERAGE    65

..........................................................


THE MONTGOMERY CLIMATE NORMALS FOR TODAY
                         NORMAL    RECORD    YEAR
 MAXIMUM TEMPERATURE (F)   92       101      1987
 MINIMUM TEMPERATURE (F)   72        62      1911


SUNRISE AND SUNSET
JULY 27 2017..........SUNRISE   557 AM CDT   SUNSET   747 PM CDT
JULY 28 2017..........SUNRISE   558 AM CDT   SUNSET   746 PM CDT


-  INDICATES NEGATIVE NUMBERS.
R  INDICATES RECORD WAS SET OR TIED.
MM INDICATES DATA IS MISSING.
T  INDICATES TRACE AMOUNT.




$$
