000
CDUS44 KBMX 041244 CCB
CLIMGM

CLIMATE REPORT...CORRECTED PRECIP
NATIONAL WEATHER SERVICE BIRMINGHAM, AL
644 AM CST WED MAR 4 2015


...................................

...THE MONTGOMERY CLIMATE SUMMARY FOR MARCH 3 2015...

CLIMATE NORMAL PERIOD 1981 TO 2010
CLIMATE RECORD PERIOD 1994 TO 2015


WEATHER ITEM   OBSERVED TIME   RECORD YEAR NORMAL DEPARTURE LAST
                VALUE   (LST)  VALUE       VALUE  FROM      YEAR
                                                  NORMAL
..................................................................
TEMPERATURE (F)
 YESTERDAY
  MAXIMUM         79    321 PM  84    1951  66     13       62
                                      1899
  MINIMUM         58    434 AM  19    1980  43     15       35
  AVERAGE         69                        54     15       49

PRECIPITATION (IN)
  YESTERDAY        0.00          4.95 1917   0.20  -0.20     0.15
  MONTH TO DATE    0.13                      0.58  -0.45     0.15
  SINCE MAR 1      0.13                      0.58  -0.45     0.15
  SINCE JAN 1      7.79                     10.51  -2.72     7.82

SNOWFALL (IN)
  YESTERDAY        0.0                       0.0    0.0      0.0
  MONTH TO DATE    0.0                       0.0    0.0      0.0
  SINCE MAR 1      0.0                       0.0    0.0      0.0
  SINCE JUL 1      0.0                       0.1   -0.1      0.5
  SNOW DEPTH       0

DEGREE DAYS
 HEATING
  YESTERDAY        0                        11    -11       16
  MONTH TO DATE   23                        33    -10       22
  SINCE MAR 1     23                        33    -10       22
  SINCE JUL 1   1993                      1905     88     1980

 COOLING
  YESTERDAY        4                         0      4        0
  MONTH TO DATE    4                         0      4        0
  SINCE MAR 1      4                         0      4        0
  SINCE JAN 1      4                         6     -2        7
..................................................................


WIND (MPH)
  HIGHEST WIND SPEED    14   HIGHEST WIND DIRECTION     S (170)
  HIGHEST GUST SPEED    17   HIGHEST GUST DIRECTION     S (180)
  AVERAGE WIND SPEED     4.0


SKY COVER
  AVERAGE SKY COVER 0.7


WEATHER CONDITIONS
 THE FOLLOWING WEATHER WAS RECORDED YESTERDAY.
  FOG
  FOG W/VISIBILITY <= 1/4 MILE


RELATIVE HUMIDITY (PERCENT)
 HIGHEST    97           800 AM
 LOWEST     54           300 PM
 AVERAGE    76

..........................................................


THE MONTGOMERY CLIMATE NORMALS FOR TODAY
                         NORMAL    RECORD    YEAR
 MAXIMUM TEMPERATURE (F)   67        82      1976
                                             1955
                                             1880
 MINIMUM TEMPERATURE (F)   43        21      1943


SUNRISE AND SUNSET
MARCH  4 2015.........SUNRISE   610 AM CST   SUNSET   545 PM CST
MARCH  5 2015.........SUNRISE   609 AM CST   SUNSET   546 PM CST


-  INDICATES NEGATIVE NUMBERS.
R  INDICATES RECORD WAS SET OR TIED.
MM INDICATES DATA IS MISSING.
T  INDICATES TRACE AMOUNT.




$$
