000
CDUS44 KBMX 100837
CLIMGM


CLIMATE REPORT
NATIONAL WEATHER SERVICE BIRMINGHAM, AL
235 AM CST WED FEB 10 2016


...................................

...THE MONTGOMERY CLIMATE SUMMARY FOR FEBRUARY 9 2016...

CLIMATE NORMAL PERIOD 1981 TO 2010
CLIMATE RECORD PERIOD 1872 TO 2016


WEATHER ITEM   OBSERVED TIME   RECORD YEAR NORMAL DEPARTURE LAST
                VALUE   (LST)  VALUE       VALUE  FROM      YEAR
                                                  NORMAL
..................................................................
TEMPERATURE (F)
 YESTERDAY
  MAXIMUM         47    437 PM  83    1994  60    -13       72
  MINIMUM         31   1133 PM  13    1933  38     -7       48
  AVERAGE         39                        49    -10       60

PRECIPITATION (IN)
  YESTERDAY        0.00          4.35 1909   0.18  -0.18     0.14
  MONTH TO DATE    1.45                      1.69  -0.24     1.32
  SINCE DEC 1     20.83                     11.20   9.63     9.03
  SINCE JAN 1      6.70                      6.34   0.36     4.14

SNOWFALL (IN)
  YESTERDAY        0.0                       0.0    0.0      0.0
  MONTH TO DATE    0.0                       0.0    0.0      0.0
  SINCE DEC 1      T                         0.1   -0.1      0.0
  SINCE JUL 1      T                         0.1   -0.1      0.0
  SNOW DEPTH       0

DEGREE DAYS
 HEATING
  YESTERDAY       26                        16     10        5
  MONTH TO DATE  130                       150    -20      153
  SINCE DEC 1    918                      1241   -323     1098
  SINCE JUL 1   1105                      1612   -507     1561
..................................................................


WIND (MPH)
  HIGHEST WIND SPEED    28   HIGHEST WIND DIRECTION     W (270)
  HIGHEST GUST SPEED    35   HIGHEST GUST DIRECTION     W (280)
  AVERAGE WIND SPEED    12.4


SKY COVER
  AVERAGE SKY COVER 0.2


WEATHER CONDITIONS
 THE FOLLOWING WEATHER WAS RECORDED YESTERDAY.
  NO SIGNIFICANT WEATHER WAS OBSERVED.


RELATIVE HUMIDITY (PERCENT)
 HIGHEST    61           600 AM
 LOWEST     25           400 PM
 AVERAGE    43

..........................................................


THE MONTGOMERY CLIMATE NORMALS FOR TODAY
                         NORMAL    RECORD    YEAR
 MAXIMUM TEMPERATURE (F)   61        82      1939
 MINIMUM TEMPERATURE (F)   38        16      1971


SUNRISE AND SUNSET
FEBRUARY 10 2016......SUNRISE   633 AM CST   SUNSET   527 PM CST
FEBRUARY 11 2016......SUNRISE   632 AM CST   SUNSET   528 PM CST


-  INDICATES NEGATIVE NUMBERS.
R  INDICATES RECORD WAS SET OR TIED.
MM INDICATES DATA IS MISSING.
T  INDICATES TRACE AMOUNT.




$$
