000
CDUS44 KBMX 210937
CLIMGM


CLIMATE REPORT
NATIONAL WEATHER SERVICE BIRMINGHAM, AL
437 AM CDT SUN SEP 21 2014


...................................

...THE MONTGOMERY CLIMATE SUMMARY FOR SEPTEMBER 20 2014...

CLIMATE NORMAL PERIOD 1981 TO 2010
CLIMATE RECORD PERIOD 1872 TO 2014


WEATHER ITEM   OBSERVED TIME   RECORD YEAR NORMAL DEPARTURE LAST
                VALUE   (LST)  VALUE       VALUE  FROM      YEAR
                                                  NORMAL
..................................................................
TEMPERATURE (F)
 YESTERDAY
  MAXIMUM         85    232 PM 101    1925  86     -1       92
  MINIMUM         68   1159 PM  50    1889  64      4       65
  AVERAGE         77                        75      2       79

PRECIPITATION (IN)
  YESTERDAY        0.00          3.83 1926   0.13  -0.13     0.00
  MONTH TO DATE    0.51                      2.73  -2.22     0.10
  SINCE SEP 1      0.51                      2.73  -2.22     0.10
  SINCE JAN 1     40.26                     39.44   0.82    43.11

DEGREE DAYS
 HEATING
  YESTERDAY        0                         0      0        0
  MONTH TO DATE    0                         0      0        0
  SINCE SEP 1      0                         0      0        0
  SINCE JUL 1      0                         0      0        0

 COOLING
  YESTERDAY       12                        10      2       14
  MONTH TO DATE  348                       257     91      315
  SINCE SEP 1    348                       257     91      315
  SINCE JAN 1   2247                      2046    201     2137
..................................................................


WIND (MPH)
  HIGHEST WIND SPEED    17   HIGHEST WIND DIRECTION     E (80)
  HIGHEST GUST SPEED    21   HIGHEST GUST DIRECTION     E (70)
  AVERAGE WIND SPEED     7.1


SKY COVER
  AVERAGE SKY COVER 0.4


WEATHER CONDITIONS
 THE FOLLOWING WEATHER WAS RECORDED YESTERDAY.
  NO SIGNIFICANT WEATHER WAS OBSERVED.


RELATIVE HUMIDITY (PERCENT)
 HIGHEST    87          1000 PM
 LOWEST     51           200 PM
 AVERAGE    69

..........................................................


THE MONTGOMERY CLIMATE NORMALS FOR TODAY
                         NORMAL    RECORD    YEAR
 MAXIMUM TEMPERATURE (F)   86       100      1925
 MINIMUM TEMPERATURE (F)   64        46      1918


SUNRISE AND SUNSET
SEPTEMBER 21 2014.....SUNRISE   633 AM CDT   SUNSET   644 PM CDT
SEPTEMBER 22 2014.....SUNRISE   634 AM CDT   SUNSET   642 PM CDT


-  INDICATES NEGATIVE NUMBERS.
R  INDICATES RECORD WAS SET OR TIED.
MM INDICATES DATA IS MISSING.
T  INDICATES TRACE AMOUNT.




$$
