748
CDUS44 KBMX 182214
CLIMGM


CLIMATE REPORT
NATIONAL WEATHER SERVICE BIRMINGHAM, AL
414 PM CST SAT NOV 18 2017


...................................

...THE MONTGOMERY CLIMATE SUMMARY FOR NOVEMBER 18 2017...
VALID TODAY AS OF 0400 PM LOCAL TIME.

CLIMATE NORMAL PERIOD 1981 TO 2010
CLIMATE RECORD PERIOD 1872 TO 2017


WEATHER ITEM   OBSERVED TIME   RECORD YEAR NORMAL DEPARTURE LAST
                VALUE   (LST)  VALUE       VALUE  FROM      YEAR
                                                  NORMAL
..................................................................
TEMPERATURE (F)
 TODAY
  MAXIMUM         78    210 PM  85    1985  68     10       82
  MINIMUM         47    551 AM  19    2014  43      4       44
  AVERAGE         63                        56      7       63

PRECIPITATION (IN)
  TODAY            0.00          2.41 2015   0.16  -0.16     0.00
                                      2003
  MONTH TO DATE    0.51                      2.58  -2.07      T
  SINCE SEP 1      8.40                      9.47  -1.07     2.36
  SINCE JAN 1     67.00                     46.18  20.82    35.40

SNOWFALL (IN)
  TODAY            0.0                       0.0    0.0      0.0
  MONTH TO DATE    0.0                       0.0    0.0      0.0
  SINCE SEP 1      0.0                       0.0    0.0      0.0
  SINCE JUL 1      0.0                       0.0    0.0      0.0
  SNOW DEPTH       0

..................................................................


WIND (MPH)
  HIGHEST WIND SPEED    22   HIGHEST WIND DIRECTION    SW (210)
  HIGHEST GUST SPEED    27   HIGHEST GUST DIRECTION    SW (210)
  AVERAGE WIND SPEED     7.4


SKY COVER
  AVERAGE SKY COVER 0.5


WEATHER CONDITIONS
 THE FOLLOWING WEATHER WAS RECORDED TODAY.
  NO SIGNIFICANT WEATHER WAS OBSERVED.


RELATIVE HUMIDITY (PERCENT)
 HIGHEST    86           600 AM
 LOWEST     56           200 PM
 AVERAGE    71

..........................................................


THE MONTGOMERY CLIMATE NORMALS FOR TOMORROW
                         NORMAL    RECORD    YEAR
 MAXIMUM TEMPERATURE (F)   68        84      1906
 MINIMUM TEMPERATURE (F)   43        16      2014


SUNRISE AND SUNSET
NOVEMBER 18 2017......SUNRISE   618 AM CST   SUNSET   444 PM CST
NOVEMBER 19 2017......SUNRISE   619 AM CST   SUNSET   443 PM CST


-  INDICATES NEGATIVE NUMBERS.
R  INDICATES RECORD WAS SET OR TIED.
MM INDICATES DATA IS MISSING.
T  INDICATES TRACE AMOUNT.




$$
