000
CDUS44 KBMX 260831
CLIMGM


CLIMATE REPORT
NATIONAL WEATHER SERVICE BIRMINGHAM, AL
330 AM CDT MON SEP 26 2016


...................................

...THE MONTGOMERY CLIMATE SUMMARY FOR SEPTEMBER 25 2016...

CLIMATE NORMAL PERIOD 1981 TO 2010
CLIMATE RECORD PERIOD 1872 TO 2016


WEATHER ITEM   OBSERVED TIME   RECORD YEAR NORMAL DEPARTURE LAST
                VALUE   (LST)  VALUE       VALUE  FROM      YEAR
                                                  NORMAL
..................................................................
TEMPERATURE (F)
 YESTERDAY
  MAXIMUM         98R   143 PM  97    2010  85     13       85
  MINIMUM         70    442 AM  42    1990  62      8       65
  AVERAGE         84                        73     11       75

PRECIPITATION (IN)
  YESTERDAY        0.00          3.26 1956   0.13  -0.13     0.00
  MONTH TO DATE    2.24                      3.37  -1.13     2.02
  SINCE SEP 1      2.24                      3.37  -1.13     2.02
  SINCE JAN 1     35.28                     40.08  -4.80    33.12

DEGREE DAYS
 HEATING
  YESTERDAY        0                         0      0        0
  MONTH TO DATE    0                         0      0        0
  SINCE SEP 1      0                         0      0        0
  SINCE JUL 1      0                         0      0        0

 COOLING
  YESTERDAY       19                         9     10       10
  MONTH TO DATE  463                       304    159      304
  SINCE SEP 1    463                       304    159      304
  SINCE JAN 1   2692                      2093    599     2525
..................................................................


WIND (MPH)
  HIGHEST WIND SPEED    13   HIGHEST WIND DIRECTION    SE (150)
  HIGHEST GUST SPEED    16   HIGHEST GUST DIRECTION     S (160)
  AVERAGE WIND SPEED     2.3


SKY COVER
  AVERAGE SKY COVER 0.1


WEATHER CONDITIONS
 THE FOLLOWING WEATHER WAS RECORDED YESTERDAY.
  THUNDERSTORM


RELATIVE HUMIDITY (PERCENT)
 HIGHEST    84           100 AM
 LOWEST     29           300 PM
 AVERAGE    57

..........................................................


THE MONTGOMERY CLIMATE NORMALS FOR TODAY
                         NORMAL    RECORD    YEAR
 MAXIMUM TEMPERATURE (F)   84        94      1984
                                             1954
 MINIMUM TEMPERATURE (F)   62        43      2001


SUNRISE AND SUNSET
SEPTEMBER 26 2016.....SUNRISE   637 AM CDT   SUNSET   636 PM CDT
SEPTEMBER 27 2016.....SUNRISE   637 AM CDT   SUNSET   635 PM CDT


-  INDICATES NEGATIVE NUMBERS.
R  INDICATES RECORD WAS SET OR TIED.
MM INDICATES DATA IS MISSING.
T  INDICATES TRACE AMOUNT.




$$
