000
CDUS41 KPBZ 260730
CLIMGW


CLIMATE REPORT
NATIONAL WEATHER SERVICE PITTSBURGH PA
330 AM EDT TUE JUL 26 2016


...................................

...THE MORGANTOWN WV CLIMATE SUMMARY FOR JULY 25 2016...

CLIMATE NORMAL PERIOD 1981 TO 2010
CLIMATE RECORD PERIOD 1948 TO 2016


WEATHER ITEM   OBSERVED TIME   RECORD YEAR NORMAL DEPARTURE LAST
                VALUE   (LST)  VALUE       VALUE  FROM      YEAR
                                                  NORMAL
..................................................................
TEMPERATURE (F)
 YESTERDAY
  MAXIMUM         94R   102 PM  94    1993  83     11       89
  MINIMUM         71    458 PM  50    1957  63      8       63
  AVERAGE         83                        73     10       76

PRECIPITATION (IN)
  YESTERDAY        2.08         MM      MM   0.14   1.94     0.00
  MONTH TO DATE    3.80                      3.82  -0.02     3.37
  SINCE JUN 1      8.28                      7.93   0.35     9.52
  SINCE JAN 1     24.32                     25.12  -0.80    26.77

DEGREE DAYS
 HEATING
  YESTERDAY        0                         0      0        0
  MONTH TO DATE    0                         0      0        0
  SINCE JUN 1     10                        31    -21       13
  SINCE JUL 1      0                         0      0        0

 COOLING
  YESTERDAY       18                         8     10       11
  MONTH TO DATE  272                       200     72      245
  SINCE JUN 1    494                       362    132      467
  SINCE JAN 1    568                       429    139      651
..................................................................


WIND (MPH)
  HIGHEST WIND SPEED    23   HIGHEST WIND DIRECTION     N (350)
  HIGHEST GUST SPEED    31   HIGHEST GUST DIRECTION     N (360)
  AVERAGE WIND SPEED     5.2


SKY COVER
  POSSIBLE SUNSHINE  MM
  AVERAGE SKY COVER 0.5


WEATHER CONDITIONS
 THE FOLLOWING WEATHER WAS RECORDED YESTERDAY.
  THUNDERSTORM
  HEAVY RAIN
  RAIN
  LIGHT RAIN
  FOG
  FOG W/VISIBILITY <= 1/4 MILE
  HAZE


RELATIVE HUMIDITY (PERCENT)
 HIGHEST    93           600 AM
 LOWEST     49          1200 PM
 AVERAGE    71

..........................................................


THE MORGANTOWN WV CLIMATE NORMALS FOR TODAY
                         NORMAL    RECORD    YEAR
 MAXIMUM TEMPERATURE (F)   83        94      1993
 MINIMUM TEMPERATURE (F)   63        53      2013
                                             1975


SUNRISE AND SUNSET
JULY 26 2016..........SUNRISE   614 AM EDT   SUNSET   838 PM EDT
JULY 27 2016..........SUNRISE   615 AM EDT   SUNSET   837 PM EDT


-  INDICATES NEGATIVE NUMBERS.
R  INDICATES RECORD WAS SET OR TIED.
MM INDICATES DATA IS MISSING.
T  INDICATES TRACE AMOUNT.




$$
