000
CDUS41 KPBZ 251320
CLIMGW


CLIMATE REPORT
NATIONAL WEATHER SERVICE PITTSBURGH PA
820 AM EST SUN FEB 25 2018


...................................

...THE MORGANTOWN WV CLIMATE SUMMARY FOR FEBRUARY 25 2018...
VALID AS OF 0800 AM LOCAL TIME.

CLIMATE NORMAL PERIOD 1981 TO 2010
CLIMATE RECORD PERIOD 1872 TO 2018


WEATHER ITEM   OBSERVED TIME   RECORD YEAR NORMAL DEPARTURE LAST
                VALUE   (LST)  VALUE       VALUE  FROM      YEAR
                                                  NORMAL
..................................................................
TEMPERATURE (F)
 TODAY
  MAXIMUM         59    437 AM  74    2000
  MINIMUM         51    136 AM -10    1914  27     24       30

PRECIPITATION (IN)
  TODAY            0.57          0.85 1916   0.10   0.47     0.41
  MONTH TO DATE    6.37                      2.30   4.07     2.16
  SINCE JUN 1     35.48                     29.75   5.73    35.62
  SINCE JAN 1      9.15                      5.11   4.04     6.21

DEGREE DAYS
 HEATING
  TODAY           10

 COOLING
  TODAY            0
..................................................................





WEATHER CONDITIONS
 THE FOLLOWING WEATHER WAS RECORDED TODAY.
  HEAVY RAIN
  RAIN
  LIGHT RAIN
  FOG


RELATIVE HUMIDITY (PERCENT)
 HIGHEST    93           500 AM

..........................................................


THE MORGANTOWN WV CLIMATE NORMALS FOR TOMORROW
                         NORMAL    RECORD    YEAR
 MAXIMUM TEMPERATURE (F)   46        77      2000
 MINIMUM TEMPERATURE (F)   27        -5      1963


SUNRISE AND SUNSET
FEBRUARY 25 2018......SUNRISE   658 AM EST   SUNSET   607 PM EST
FEBRUARY 26 2018......SUNRISE   657 AM EST   SUNSET   609 PM EST


-  INDICATES NEGATIVE NUMBERS.
R  INDICATES RECORD WAS SET OR TIED.
MM INDICATES DATA IS MISSING.
T  INDICATES TRACE AMOUNT.




$$
