000
CDUS41 KPBZ 210703
CLIMGW


CLIMATE REPORT
NATIONAL WEATHER SERVICE PITTSBURGH PA
301 AM EDT THU AUG 21 2014


...................................

...THE MORGANTOWN WV CLIMATE SUMMARY FOR AUGUST 20 2014...

CLIMATE NORMAL PERIOD 1981 TO 2010
CLIMATE RECORD PERIOD 1948 TO 2014


WEATHER ITEM   OBSERVED TIME   RECORD YEAR NORMAL DEPARTURE LAST
                VALUE   (LST)  VALUE       VALUE  FROM      YEAR
                                                  NORMAL
..................................................................
TEMPERATURE (F)
 YESTERDAY
  MAXIMUM         85    426 PM  98    1983  82      3       82
  MINIMUM         67    751 AM  48    1953  62      5       58
  AVERAGE         76                        72      4       70

PRECIPITATION (IN)
  YESTERDAY        0.41         MM      MM   0.12   0.29     0.00
  MONTH TO DATE    3.95                      2.35   1.60     3.22
  SINCE JUN 1     13.91                     11.08   2.83    14.64
  SINCE JAN 1     29.40                     28.27   1.13    27.28

DEGREE DAYS
 HEATING
  YESTERDAY        0                         0      0        0
  MONTH TO DATE    3                         0      3        8
  SINCE JUN 1      8                        34    -26       20
  SINCE JUL 1      6                         3      3        9

 COOLING
  YESTERDAY       11                         7      4        5
  MONTH TO DATE  144                       154    -10      105
  SINCE JUN 1    622                       571     51      553
  SINCE JAN 1    731                       638     93      699
..................................................................


WIND (MPH)
  HIGHEST WIND SPEED    13   HIGHEST WIND DIRECTION     N (10)
  HIGHEST GUST SPEED    19   HIGHEST GUST DIRECTION     N (360)
  AVERAGE WIND SPEED     3.9


SKY COVER
  POSSIBLE SUNSHINE  MM
  AVERAGE SKY COVER 0.5


WEATHER CONDITIONS
 THE FOLLOWING WEATHER WAS RECORDED YESTERDAY.
  HEAVY RAIN
  RAIN
  LIGHT RAIN
  FOG
  HAZE


RELATIVE HUMIDITY (PERCENT)
 HIGHEST    87           800 AM
 LOWEST     51           400 PM
 AVERAGE    69

..........................................................


THE MORGANTOWN WV CLIMATE NORMALS FOR TODAY
                         NORMAL    RECORD    YEAR
 MAXIMUM TEMPERATURE (F)   82        93      1983
 MINIMUM TEMPERATURE (F)   61        45      1950


SUNRISE AND SUNSET
AUGUST 21 2014........SUNRISE   638 AM EDT   SUNSET   807 PM EDT
AUGUST 22 2014........SUNRISE   638 AM EDT   SUNSET   806 PM EDT


-  INDICATES NEGATIVE NUMBERS.
R  INDICATES RECORD WAS SET OR TIED.
MM INDICATES DATA IS MISSING.
T  INDICATES TRACE AMOUNT.




$$
