000
CDUS41 KPBZ 250702
CLIMGW


CLIMATE REPORT
NATIONAL WEATHER SERVICE PITTSBURGH PA
302 AM EDT FRI JUL 25 2014


...................................

...THE MORGANTOWN WV CLIMATE SUMMARY FOR JULY 24 2014...

CLIMATE NORMAL PERIOD 1981 TO 2010
CLIMATE RECORD PERIOD 1948 TO 2014


WEATHER ITEM   OBSERVED TIME   RECORD YEAR NORMAL DEPARTURE LAST
                VALUE   (LST)  VALUE       VALUE  FROM      YEAR
                                                  NORMAL
..................................................................
TEMPERATURE (F)
 YESTERDAY
  MAXIMUM         80    345 PM  94    2010  83     -3       73
  MINIMUM         62   1136 PM  49    1954  63     -1       60
  AVERAGE         71                        73     -2       67

PRECIPITATION (IN)
  YESTERDAY        0.00         MM      MM   0.15  -0.15     0.00
  MONTH TO DATE    3.43                      3.68  -0.25     5.49
  SINCE JUN 1      7.95                      7.79   0.16    10.27
  SINCE JAN 1     23.44                     24.98  -1.54    22.91

DEGREE DAYS
 HEATING
  YESTERDAY        0                         0      0        0
  MONTH TO DATE    0                         0      0        0
  SINCE JUN 1      2                        31    -29       11
  SINCE JUL 1      0                         0      0        0

 COOLING
  YESTERDAY        6                         8     -2        2
  MONTH TO DATE  210                       192     18      267
  SINCE JUN 1    450                       354     96      436
  SINCE JAN 1    559                       421    138      582
..................................................................


WIND (MPH)
  HIGHEST WIND SPEED    15   HIGHEST WIND DIRECTION     N (360)
  HIGHEST GUST SPEED    19   HIGHEST GUST DIRECTION     N (10)
  AVERAGE WIND SPEED     6.8


SKY COVER
  POSSIBLE SUNSHINE  MM
  AVERAGE SKY COVER 0.6


WEATHER CONDITIONS
 THE FOLLOWING WEATHER WAS RECORDED YESTERDAY.
  NO SIGNIFICANT WEATHER WAS OBSERVED.


RELATIVE HUMIDITY (PERCENT)
 HIGHEST    81           400 AM
 LOWEST     40           600 PM
 AVERAGE    61

..........................................................


THE MORGANTOWN WV CLIMATE NORMALS FOR TODAY
                         NORMAL    RECORD    YEAR
 MAXIMUM TEMPERATURE (F)   83        94      1993
 MINIMUM TEMPERATURE (F)   63        50      1957


SUNRISE AND SUNSET
JULY 25 2014..........SUNRISE   613 AM EDT   SUNSET   839 PM EDT
JULY 26 2014..........SUNRISE   614 AM EDT   SUNSET   838 PM EDT


-  INDICATES NEGATIVE NUMBERS.
R  INDICATES RECORD WAS SET OR TIED.
MM INDICATES DATA IS MISSING.
T  INDICATES TRACE AMOUNT.




$$
