000
CDUS41 KPBZ 210804
CLIMGW


CLIMATE REPORT
NATIONAL WEATHER SERVICE PITTSBURGH PA
304 AM EST TUE NOV 21 2017


...................................

...THE MORGANTOWN WV CLIMATE SUMMARY FOR NOVEMBER 20 2017...

CLIMATE NORMAL PERIOD 1981 TO 2010
CLIMATE RECORD PERIOD 1872 TO 2017


WEATHER ITEM   OBSERVED TIME   RECORD YEAR NORMAL DEPARTURE LAST
                VALUE   (LST)  VALUE       VALUE  FROM      YEAR
                                                  NORMAL
..................................................................
TEMPERATURE (F)
 YESTERDAY
  MAXIMUM         44    251 PM  76    1906  52     -8       34
  MINIMUM         28    743 AM  16    1984  35     -7       31
  AVERAGE         36                        43     -7       33

PRECIPITATION (IN)
  YESTERDAY        0.00          1.26 1988   0.12  -0.12     0.03
  MONTH TO DATE    2.97                      2.30   0.67     0.91
  SINCE JUN 1     24.70                     20.57   4.13    24.50
  SINCE JAN 1     47.79                     37.76  10.03    40.54

DEGREE DAYS
 HEATING
  YESTERDAY       29                        22      7       32
  MONTH TO DATE  402                       368     34      285
  SINCE SEP 1    690                       799   -109      480
  SINCE JUL 1    692                       810   -118      480

 COOLING
  YESTERDAY        0                         0      0        0
  MONTH TO DATE    0                         0      0        5
  SINCE SEP 1    166                       104     62      272
  SINCE JAN 1    919                       813    106     1283
..................................................................


WIND (MPH)
  HIGHEST WIND SPEED    14   HIGHEST WIND DIRECTION    SW (220)
  HIGHEST GUST SPEED    22   HIGHEST GUST DIRECTION     S (190)
  AVERAGE WIND SPEED     6.2


SKY COVER
  POSSIBLE SUNSHINE  MM
  AVERAGE SKY COVER 0.3


WEATHER CONDITIONS
 THE FOLLOWING WEATHER WAS RECORDED YESTERDAY.
  NO SIGNIFICANT WEATHER WAS OBSERVED.


RELATIVE HUMIDITY (PERCENT)
 HIGHEST    69           500 AM
 LOWEST     43           200 PM
 AVERAGE    56

..........................................................


THE MORGANTOWN WV CLIMATE NORMALS FOR TODAY
                         NORMAL    RECORD    YEAR
 MAXIMUM TEMPERATURE (F)   51        79      1898
 MINIMUM TEMPERATURE (F)   35        11      1969


SUNRISE AND SUNSET
NOVEMBER 21 2017......SUNRISE   711 AM EST   SUNSET   500 PM EST
NOVEMBER 22 2017......SUNRISE   712 AM EST   SUNSET   459 PM EST


-  INDICATES NEGATIVE NUMBERS.
R  INDICATES RECORD WAS SET OR TIED.
MM INDICATES DATA IS MISSING.
T  INDICATES TRACE AMOUNT.




$$
