000
CDUS41 KPBZ 300809
CLIMGW


CLIMATE REPORT
NATIONAL WEATHER SERVICE PITTSBURGH PA
309 AM EST FRI JAN 30 2015


...................................

...THE MORGANTOWN WV CLIMATE SUMMARY FOR JANUARY 29 2015...

CLIMATE NORMAL PERIOD 1981 TO 2010
CLIMATE RECORD PERIOD 1948 TO 2015


WEATHER ITEM   OBSERVED TIME   RECORD YEAR NORMAL DEPARTURE LAST
                VALUE   (LST)  VALUE       VALUE  FROM      YEAR
                                                  NORMAL
..................................................................
TEMPERATURE (F)
 YESTERDAY
  MAXIMUM         47   1150 AM  69    1975  40      7       15
  MINIMUM         19    148 AM -12    1963  24     -5       -9
  AVERAGE         33                        32      1        3

PRECIPITATION (IN)
  YESTERDAY        0.15         MM      MM   0.09   0.06     0.00
  MONTH TO DATE    2.53                      2.63  -0.10     1.82
  SINCE JUN 1     28.76                     27.27   1.49    30.25
  SINCE JAN 1      2.53                      2.63  -0.10     1.82

DEGREE DAYS
 HEATING
  YESTERDAY       32                        33     -1       62
  MONTH TO DATE 1039                       979     60     1086
  SINCE DEC 1   1866                      1915    -49     1923
  SINCE JUL 1   2896                      2963    -67     3040

 COOLING
  YESTERDAY        0                         0      0        0
  MONTH TO DATE    0                         0      0        0
  SINCE DEC 1      0                         0      0        1
  SINCE JAN 1      0                         0      0        0
..................................................................


WIND (MPH)
  HIGHEST WIND SPEED    16   HIGHEST WIND DIRECTION     W (280)
  HIGHEST GUST SPEED    26   HIGHEST GUST DIRECTION     W (270)
  AVERAGE WIND SPEED     5.8


SKY COVER
  POSSIBLE SUNSHINE  MM
  AVERAGE SKY COVER 0.7


WEATHER CONDITIONS
 THE FOLLOWING WEATHER WAS RECORDED YESTERDAY.
  RAIN
  LIGHT RAIN
  HAZE


RELATIVE HUMIDITY (PERCENT)
 HIGHEST    82          1100 PM
 LOWEST     27          1100 AM
 AVERAGE    55

..........................................................


THE MORGANTOWN WV CLIMATE NORMALS FOR TODAY
                         NORMAL    RECORD    YEAR
 MAXIMUM TEMPERATURE (F)   40        74      2013
 MINIMUM TEMPERATURE (F)   24        -2      2014


SUNRISE AND SUNSET
JANUARY 30 2015.......SUNRISE   729 AM EST   SUNSET   537 PM EST
JANUARY 31 2015.......SUNRISE   729 AM EST   SUNSET   538 PM EST


-  INDICATES NEGATIVE NUMBERS.
R  INDICATES RECORD WAS SET OR TIED.
MM INDICATES DATA IS MISSING.
T  INDICATES TRACE AMOUNT.




$$
