000
CDUS41 KPBZ 101030
CLIMGW


CLIMATE REPORT
NATIONAL WEATHER SERVICE PITTSBURGH PA
530 AM EST WED FEB 10 2016


...................................

...THE MORGANTOWN WV CLIMATE SUMMARY FOR FEBRUARY 9 2016...

CLIMATE NORMAL PERIOD 1981 TO 2010
CLIMATE RECORD PERIOD 1948 TO 2016


WEATHER ITEM   OBSERVED TIME   RECORD YEAR NORMAL DEPARTURE LAST
                VALUE   (LST)  VALUE       VALUE  FROM      YEAR
                                                  NORMAL
..................................................................
TEMPERATURE (F)
 YESTERDAY
  MAXIMUM         34   1232 AM  72    2001  42     -8       53
  MINIMUM         22   1159 PM  -1    1948  25     -3       25
  AVERAGE         28                        33     -5       39

PRECIPITATION (IN)
  YESTERDAY        0.48         MM      MM   0.09   0.39     0.25
  MONTH TO DATE    1.02                      0.81   0.21     0.99
  SINCE JUN 1     26.60                     28.26  -1.66    29.78
  SINCE JAN 1      3.06                      3.62  -0.56     3.55

DEGREE DAYS
 HEATING
  YESTERDAY       37                        32      5       26
  MONTH TO DATE  232                       292    -60      287
  SINCE DEC 1   1867                      2271   -404     2240
  SINCE JUL 1   2586                      3319   -733     3270

 COOLING
  YESTERDAY        0                         0      0        0
  MONTH TO DATE    0                         0      0        0
  SINCE DEC 1      0                         0      0        0
  SINCE JAN 1      0                         0      0        0
..................................................................


WIND (MPH)
  HIGHEST WIND SPEED    15   HIGHEST WIND DIRECTION    SW (210)
  HIGHEST GUST SPEED    23   HIGHEST GUST DIRECTION    SW (230)
  AVERAGE WIND SPEED     6.0


SKY COVER
  POSSIBLE SUNSHINE  MM
  AVERAGE SKY COVER 1.0


WEATHER CONDITIONS
 THE FOLLOWING WEATHER WAS RECORDED YESTERDAY.
  HEAVY SNOW
  SNOW
  LIGHT SNOW
  FOG
  FOG W/VISIBILITY <= 1/4 MILE
  HAZE


RELATIVE HUMIDITY (PERCENT)
 HIGHEST    92           500 AM
 LOWEST     74          1200 PM
 AVERAGE    83

..........................................................


THE MORGANTOWN WV CLIMATE NORMALS FOR TODAY
                         NORMAL    RECORD    YEAR
 MAXIMUM TEMPERATURE (F)   42        68      1960
 MINIMUM TEMPERATURE (F)   25        -3      1972


SUNRISE AND SUNSET
FEBRUARY 10 2016......SUNRISE   719 AM EST   SUNSET   550 PM EST
FEBRUARY 11 2016......SUNRISE   717 AM EST   SUNSET   551 PM EST


-  INDICATES NEGATIVE NUMBERS.
R  INDICATES RECORD WAS SET OR TIED.
MM INDICATES DATA IS MISSING.
T  INDICATES TRACE AMOUNT.




$$
