995
CDUS41 KPBZ 230808
CLIMGW


CLIMATE REPORT
NATIONAL WEATHER SERVICE PITTSBURGH PA
307 AM EST THU FEB 23 2017


...................................

...THE MORGANTOWN WV CLIMATE SUMMARY FOR FEBRUARY 22 2017...

CLIMATE NORMAL PERIOD 1981 TO 2010
CLIMATE RECORD PERIOD 1948 TO 2017


WEATHER ITEM   OBSERVED TIME   RECORD YEAR NORMAL DEPARTURE LAST
                VALUE   (LST)  VALUE       VALUE  FROM      YEAR
                                                  NORMAL
..................................................................
TEMPERATURE (F)
 YESTERDAY
  MAXIMUM         67    342 PM  70    1980  45     22       54
  MINIMUM         53    712 AM  -5    1963  27     26       31
  AVERAGE         60                        36     24       43

PRECIPITATION (IN)
  YESTERDAY        0.00         MM      MM   0.10  -0.10     0.00
  MONTH TO DATE    1.75                      2.01  -0.26     1.29
  SINCE JUN 1     35.21                     29.46   5.75    26.87
  SINCE JAN 1      5.80                      4.82   0.98     3.33

DEGREE DAYS
 HEATING
  YESTERDAY        5                        29    -24       22
  MONTH TO DATE  515                       691   -176      594
  SINCE DEC 1   2234                      2670   -436     2229
  SINCE JUL 1   2920                      3718   -798     2948

 COOLING
  YESTERDAY        0                         0      0        0
  MONTH TO DATE    0                         0      0        0
  SINCE DEC 1      0                         0      0        0
  SINCE JAN 1      0                         0      0        0
..................................................................


WIND (MPH)
  HIGHEST WIND SPEED    10   HIGHEST WIND DIRECTION    SW (210)
  HIGHEST GUST SPEED    16   HIGHEST GUST DIRECTION    SW (240)
  AVERAGE WIND SPEED     4.6


SKY COVER
  POSSIBLE SUNSHINE  MM
  AVERAGE SKY COVER 0.8


WEATHER CONDITIONS
 THE FOLLOWING WEATHER WAS RECORDED YESTERDAY.
  FOG
  HAZE


RELATIVE HUMIDITY (PERCENT)
 HIGHEST    80          1100 PM
 LOWEST     47          1200 AM
 AVERAGE    64

..........................................................


THE MORGANTOWN WV CLIMATE NORMALS FOR TODAY
                         NORMAL    RECORD    YEAR
 MAXIMUM TEMPERATURE (F)   45        68      1996
 MINIMUM TEMPERATURE (F)   27         2      1963


SUNRISE AND SUNSET
FEBRUARY 23 2017......SUNRISE   701 AM EST   SUNSET   605 PM EST
FEBRUARY 24 2017......SUNRISE   700 AM EST   SUNSET   607 PM EST


-  INDICATES NEGATIVE NUMBERS.
R  INDICATES RECORD WAS SET OR TIED.
MM INDICATES DATA IS MISSING.
T  INDICATES TRACE AMOUNT.




$$
