000
CDUS43 KFSD 230654
CLIMHE


CLIMATE REPORT
NATIONAL WEATHER SERVICE SIOUX FALLS SD
1241 AM CST FRI FEB 23 2018


...................................

...THE MITCHELL SD CLIMATE SUMMARY FOR FEBRUARY 22 2018...

CLIMATE NORMAL PERIOD 1981 TO 2010
CLIMATE RECORD PERIOD 1893 TO 2018


WEATHER ITEM   OBSERVED TIME   RECORD YEAR NORMAL DEPARTURE LAST
                VALUE   (LST)  VALUE       VALUE  FROM      YEAR
                                                  NORMAL
..................................................................
TEMPERATURE (F)
 YESTERDAY
  MAXIMUM         23    920 PM  66    2000  36    -13       61
  MINIMUM          8    331 AM -21    1962  16     -8       33
  AVERAGE         16                        26    -10       47

PRECIPITATION (IN)
  YESTERDAY       MM             0.43 1922   0.01  MM        0.00
  MONTH TO DATE    0.49                      0.27   0.22     0.18
  SINCE DEC 1      1.27                      0.94   0.33     2.05
  SINCE JAN 1      0.65                      0.49   0.16     0.94

SNOWFALL (IN)
  YESTERDAY        3.5           4.3  1922  MM     MM        0.0
  MONTH TO DATE   11.3                      MM     MM         T
  SINCE DEC 1     23.8                      MM     MM       17.5
  SINCE JUL 1     25.0                      MM     MM       23.0
  SNOW DEPTH       6

DEGREE DAYS
 HEATING
  YESTERDAY       49                        39     10       18
  MONTH TO DATE 1155                       928    227      677
  SINCE DEC 1   3886                      3727    159     3432
  SINCE JUL 1   5275                      5295    -20     4526

 COOLING
  YESTERDAY        0                         0      0        0
  MONTH TO DATE    0                         0      0        0
  SINCE DEC 1      0                         0      0        0
  SINCE JAN 1      0                         0      0        0
..................................................................


WIND (MPH)
  HIGHEST WIND SPEED    16   HIGHEST WIND DIRECTION    SE (140)
  HIGHEST GUST SPEED    18   HIGHEST GUST DIRECTION    SE (150)
  AVERAGE WIND SPEED     7.6


SKY COVER
  POSSIBLE SUNSHINE  MM
  AVERAGE SKY COVER 0.8


WEATHER CONDITIONS
 THE FOLLOWING WEATHER WAS RECORDED YESTERDAY.
  HEAVY SNOW
  SNOW
  LIGHT SNOW
  FOG
  FOG W/VISIBILITY <= 1/4 MILE


RELATIVE HUMIDITY (PERCENT)
 HIGHEST   100           800 PM
 LOWEST     74           600 AM
 AVERAGE    87

..........................................................


THE MITCHELL SD CLIMATE NORMALS FOR TODAY
                         NORMAL    RECORD    YEAR
 MAXIMUM TEMPERATURE (F)   36        70      1958
 MINIMUM TEMPERATURE (F)   17       -24      1914


SUNRISE AND SUNSET
FEBRUARY 23 2018......SUNRISE   719 AM CST   SUNSET   613 PM CST
FEBRUARY 24 2018......SUNRISE   717 AM CST   SUNSET   614 PM CST


-  INDICATES NEGATIVE NUMBERS.
R  INDICATES RECORD WAS SET OR TIED.
MM INDICATES DATA IS MISSING.
T  INDICATES TRACE AMOUNT.




$$
