739
CDUS43 KFSD 010629
CLIMHE


CLIMATE REPORT
NATIONAL WEATHER SERVICE SIOUX FALLS SD
128 AM CDT SUN MAY 1 2016


...................................

...THE MITCHELL SD CLIMATE SUMMARY FOR APRIL 30 2016...

CLIMATE NORMAL PERIOD 1981 TO 2010
CLIMATE RECORD PERIOD 1893 TO 2016


WEATHER ITEM   OBSERVED TIME   RECORD YEAR NORMAL DEPARTURE LAST
                VALUE   (LST)  VALUE       VALUE  FROM      YEAR
                                                  NORMAL
..................................................................
TEMPERATURE (F)
 YESTERDAY
  MAXIMUM         46    608 PM  96    1992  67    -21       79
                                      1934
  MINIMUM         43    614 AM  14    1903  42      1       42
  AVERAGE         45                        54     -9       61

PRECIPITATION (IN)
  YESTERDAY        0.87          1.40 1911   0.10   0.77      T
  MONTH TO DATE    5.37                      2.18   3.19     1.42
  SINCE MAR 1      6.73                      3.24   3.49     1.55
  SINCE JAN 1      7.96                      3.80   4.16     2.32

SNOWFALL (IN)
  YESTERDAY        0.0           0.5  1954  MM     MM        0.0
  MONTH TO DATE    0.2                      MM     MM        0.0
  SINCE MAR 1      3.9                      MM     MM        0.7
  SINCE JUL 1     46.3                      MM     MM       22.6
  SNOW DEPTH       0

DEGREE DAYS
 HEATING
  YESTERDAY       20                        11      9        4
  MONTH TO DATE  488                       518    -30      396
  SINCE MAR 1   1193                      1478   -285     1164
  SINCE JUL 1   5982                      7000  -1018     6654

 COOLING
  YESTERDAY        0                         0      0        0
  MONTH TO DATE    4                         2      2        2
  SINCE MAR 1      4                         2      2        6
  SINCE JAN 1      4                         2      2        6
..................................................................


WIND (MPH)
  HIGHEST WIND SPEED    30   HIGHEST WIND DIRECTION    NE (40)
  HIGHEST GUST SPEED    37   HIGHEST GUST DIRECTION    NE (50)
  AVERAGE WIND SPEED    14.1


SKY COVER
  POSSIBLE SUNSHINE  MM
  AVERAGE SKY COVER 0.8


WEATHER CONDITIONS
 THE FOLLOWING WEATHER WAS RECORDED YESTERDAY.
  RAIN
  LIGHT RAIN
  FOG


RELATIVE HUMIDITY (PERCENT)
 HIGHEST    96           300 AM
 LOWEST     71          1000 AM
 AVERAGE    84

..........................................................


THE MITCHELL SD CLIMATE NORMALS FOR TODAY
                         NORMAL    RECORD    YEAR
 MAXIMUM TEMPERATURE (F)   67        98      1959
 MINIMUM TEMPERATURE (F)   42        19      1909


SUNRISE AND SUNSET
MAY  1 2016...........SUNRISE   624 AM CDT   SUNSET   836 PM CDT
MAY  2 2016...........SUNRISE   622 AM CDT   SUNSET   837 PM CDT


-  INDICATES NEGATIVE NUMBERS.
R  INDICATES RECORD WAS SET OR TIED.
MM INDICATES DATA IS MISSING.
T  INDICATES TRACE AMOUNT.




$$
