000
CDUS43 KFSD 280717
CLIMHE


CLIMATE REPORT
NATIONAL WEATHER SERVICE SIOUX FALLS SD
215 AM CDT FRI AUG 28 2015


...................................

...THE MITCHELL SD CLIMATE SUMMARY FOR AUGUST 27 2015...

CLIMATE NORMAL PERIOD 1981 TO 2010
CLIMATE RECORD PERIOD 1893 TO 2015


WEATHER ITEM   OBSERVED TIME   RECORD YEAR NORMAL DEPARTURE LAST
                VALUE   (LST)  VALUE       VALUE  FROM      YEAR
                                                  NORMAL
..................................................................
TEMPERATURE (F)
 YESTERDAY
  MAXIMUM         81    433 PM 104    1926  82     -1       79
  MINIMUM         65    436 AM  40    1896  58      7       57
  AVERAGE         73                        70      3       68

PRECIPITATION (IN)
  YESTERDAY        0.16          1.12 1977   0.07   0.09      T
  MONTH TO DATE    3.65                      2.09   1.56     3.81
  SINCE JUN 1      9.83                      9.33   0.50     9.36
  SINCE JAN 1     16.92                     16.06   0.86    14.09

SNOWFALL (IN)
  YESTERDAY        0.0           0.0    MM  MM     MM        0.0
  MONTH TO DATE    0.0                      MM     MM        0.0
  SINCE JUN 1      0.0                      MM     MM        0.0
  SINCE JUL 1      0.0                      MM     MM        0.0
  SNOW DEPTH       0

DEGREE DAYS
 HEATING
  YESTERDAY        0                         1     -1        0
  MONTH TO DATE   26                         2     24        3
  SINCE JUN 1     31                        42    -11       38
  SINCE JUL 1     28                         7     21       12

 COOLING
  YESTERDAY        8                         6      2        3
  MONTH TO DATE  171                       207    -36      170
  SINCE JUN 1    661                       685    -24      544
  SINCE JAN 1    692                       725    -33      622
..................................................................


WIND (MPH)
  HIGHEST WIND SPEED    20   HIGHEST WIND DIRECTION    NE (50)
  HIGHEST GUST SPEED    25   HIGHEST GUST DIRECTION    NE (50)
  AVERAGE WIND SPEED     9.5


SKY COVER
  POSSIBLE SUNSHINE  MM
  AVERAGE SKY COVER 0.2


WEATHER CONDITIONS
 THE FOLLOWING WEATHER WAS RECORDED YESTERDAY.
  THUNDERSTORM
  LIGHT RAIN
  FOG


RELATIVE HUMIDITY (PERCENT)
 HIGHEST   100           800 PM
 LOWEST     67           500 PM
 AVERAGE    84

..........................................................


THE MITCHELL SD CLIMATE NORMALS FOR TODAY
                         NORMAL    RECORD    YEAR
 MAXIMUM TEMPERATURE (F)   82       102      1937
 MINIMUM TEMPERATURE (F)   58        34      1911


SUNRISE AND SUNSET
AUGUST 28 2015........SUNRISE   651 AM CDT   SUNSET   815 PM CDT
AUGUST 29 2015........SUNRISE   652 AM CDT   SUNSET   813 PM CDT


-  INDICATES NEGATIVE NUMBERS.
R  INDICATES RECORD WAS SET OR TIED.
MM INDICATES DATA IS MISSING.
T  INDICATES TRACE AMOUNT.




$$
