000
CDUS43 KTOP 240635
CLIMHK


CLIMATE REPORT
NATIONAL WEATHER SERVICE TOPEKA KS
134 AM CDT FRI OCT 24 2014


...................................

...THE MANHATTAN KS CLIMATE SUMMARY FOR OCTOBER 23 2014...

CLIMATE NORMAL PERIOD 1981 TO 2010
CLIMATE RECORD PERIOD 9999 TO 9999


WEATHER ITEM   OBSERVED NORMAL DEPARTURE LAST
                VALUE   VALUE  FROM      YEAR
                               NORMAL
...............................................
TEMPERATURE (F)
 YESTERDAY
  MAXIMUM         76     65     11       63
  MINIMUM         55     40     15       33
  AVERAGE         66     52     14       48

PRECIPITATION (IN)
  YESTERDAY        0.24   0.06   0.18     0.00
  MONTH TO DATE    2.45   1.73   0.72     2.63
  SINCE SEP 1      3.72   4.90  -1.18     5.73
  SINCE JAN 1     20.62  29.44  -8.82    26.95

DEGREE DAYS
 HEATING
  YESTERDAY        0     13    -13       17
  MONTH TO DATE  176    213    -37      204
  SINCE SEP 1    232    280    -48      221
  SINCE JUL 1    233    283    -50      224

 COOLING
  YESTERDAY        1      0      1        0
  MONTH TO DATE   15     21     -6       33
  SINCE SEP 1    190    175     15      285
  SINCE JAN 1   1568   1358    210     1513
...............................................


WIND (MPH)
  HIGHEST WIND SPEED    10   HIGHEST WIND DIRECTION    SW (230)
  HIGHEST GUST SPEED    13   HIGHEST GUST DIRECTION    SW (230)
  AVERAGE WIND SPEED     3.1


SKY COVER
  AVERAGE SKY COVER 0.5


WEATHER CONDITIONS
 THE FOLLOWING WEATHER WAS RECORDED YESTERDAY.
  RAIN
  LIGHT RAIN
  FOG


RELATIVE HUMIDITY (PERCENT)
 HIGHEST   100
 LOWEST     50
 AVERAGE    75

..........................................................


THE MANHATTAN KS CLIMATE NORMALS FOR TODAY
                         NORMAL
 MAXIMUM TEMPERATURE (F)   65
 MINIMUM TEMPERATURE (F)   39


SUNRISE AND SUNSET
OCTOBER 24 2014.......SUNRISE   746 AM CDT   SUNSET   635 PM CDT
OCTOBER 25 2014.......SUNRISE   747 AM CDT   SUNSET   634 PM CDT


-  INDICATES NEGATIVE NUMBERS.
R  INDICATES RECORD WAS SET OR TIED.
MM INDICATES DATA IS MISSING.
T  INDICATES TRACE AMOUNT.




$$
