000
CDUS43 KTOP 132240
CLIMHK


CLIMATE REPORT
NATIONAL WEATHER SERVICE TOPEKA KS
439 PM CST SAT FEB 13 2016


...................................

...THE MANHATTAN KS CLIMATE SUMMARY FOR FEBRUARY 13 2016...
VALID TODAY AS OF 0400 PM LOCAL TIME.

CLIMATE NORMAL PERIOD 1981 TO 2010
CLIMATE RECORD PERIOD 9999 TO 9999


WEATHER ITEM   OBSERVED NORMAL DEPARTURE LAST
                VALUE   VALUE  FROM      YEAR
                               NORMAL
...............................................
TEMPERATURE (F)
 TODAY
  MAXIMUM         31     45    -14       56
  MINIMUM         19     20     -1       20
  AVERAGE         25     32     -7       38

PRECIPITATION (IN)
  TODAY            0.00   0.03  -0.03     0.00
  MONTH TO DATE    0.39   0.46  -0.07     0.22
  SINCE DEC 1      4.04   2.13   1.91     3.36
  SINCE JAN 1      0.95   1.11  -0.16     1.14

DEGREE DAYS
 HEATING
  TODAY           40     33      7       27
  MONTH TO DATE  408    440    -32      415
  SINCE DEC 1   2230   2631   -401     2425
  SINCE JUL 1   2969   3706   -737     3562

 COOLING
  TODAY            0      0      0        0
  MONTH TO DATE    0      0      0        0
  SINCE DEC 1      0      0      0        0
  SINCE JAN 1      0      0      0        0
...............................................


WIND (MPH)
  HIGHEST WIND SPEED    18   HIGHEST WIND DIRECTION     E (100)
  HIGHEST GUST SPEED    27   HIGHEST GUST DIRECTION     E (100)
  AVERAGE WIND SPEED    11.6



WEATHER CONDITIONS
 THE FOLLOWING WEATHER WAS RECORDED TODAY.
  NO SIGNIFICANT WEATHER WAS OBSERVED.


RELATIVE HUMIDITY (PERCENT)
 HIGHEST    62
 LOWEST     28
 AVERAGE    45

..........................................................


THE MANHATTAN KS CLIMATE NORMALS FOR TOMORROW
                         NORMAL
 MAXIMUM TEMPERATURE (F)   45
 MINIMUM TEMPERATURE (F)   21


SUNRISE AND SUNSET
FEBRUARY 13 2016......SUNRISE   721 AM CST   SUNSET   601 PM CST
FEBRUARY 14 2016......SUNRISE   720 AM CST   SUNSET   602 PM CST


-  INDICATES NEGATIVE NUMBERS.
R  INDICATES RECORD WAS SET OR TIED.
MM INDICATES DATA IS MISSING.
T  INDICATES TRACE AMOUNT.




$$
