767
CDUS43 KTOP 202134
CLIMHK


CLIMATE REPORT
NATIONAL WEATHER SERVICE TOPEKA KS
434 PM CDT THU JUL 20 2017


...................................

...THE MANHATTAN KS CLIMATE SUMMARY FOR JULY 20 2017...
VALID TODAY AS OF 430 PM LOCAL TIME.

CLIMATE NORMAL PERIOD 1981 TO 2010
CLIMATE RECORD PERIOD 9999 TO 9999


WEATHER ITEM   OBSERVED NORMAL DEPARTURE LAST
                VALUE   VALUE  FROM      YEAR
                               NORMAL
...............................................
TEMPERATURE (F)
 TODAY
  MAXIMUM        105     92     13       99
  MINIMUM         76     67      9       79
  AVERAGE         91     80     11       89

PRECIPITATION (IN)
  TODAY            0.00   0.11  -0.11     0.00
  MONTH TO DATE    T      2.74  -2.74     2.33
  SINCE JUN 1      2.63   7.83  -5.20     3.58
  SINCE JAN 1     16.49  19.03  -2.54    18.86

DEGREE DAYS
 HEATING
  TODAY            0      0      0        0
  MONTH TO DATE    0      0      0        0
  SINCE JUN 1      2     11     -9        0
  SINCE JUL 1      0      0      0        0

 COOLING
  TODAY           26     15     11       24
  MONTH TO DATE  342    276     66      315
  SINCE JUN 1    687    546    141      773
  SINCE JAN 1    821    646    175      883
...............................................


WIND (MPH)
  HIGHEST WIND SPEED    20   HIGHEST WIND DIRECTION    SW (220)
  HIGHEST GUST SPEED    24   HIGHEST GUST DIRECTION    SW (220)
  AVERAGE WIND SPEED    10.9



WEATHER CONDITIONS
 THE FOLLOWING WEATHER WAS RECORDED TODAY.
  NO SIGNIFICANT WEATHER WAS OBSERVED.


RELATIVE HUMIDITY (PERCENT)
 HIGHEST    76
 LOWEST     33
 AVERAGE    55

..........................................................


THE MANHATTAN KS CLIMATE NORMALS FOR TOMORROW
                         NORMAL
 MAXIMUM TEMPERATURE (F)   92
 MINIMUM TEMPERATURE (F)   67


SUNRISE AND SUNSET
JULY 20 2017..........SUNRISE   617 AM CDT   SUNSET   849 PM CDT
JULY 21 2017..........SUNRISE   618 AM CDT   SUNSET   848 PM CDT


-  INDICATES NEGATIVE NUMBERS.
R  INDICATES RECORD WAS SET OR TIED.
MM INDICATES DATA IS MISSING.
T  INDICATES TRACE AMOUNT.




$$
