000
CDUS43 KTOP 270634
CLIMHK


CLIMATE REPORT
NATIONAL WEATHER SERVICE TOPEKA KS
1234 AM CST THU NOV 27 2014


...................................

...THE MANHATTAN KS CLIMATE SUMMARY FOR NOVEMBER 26 2014...

CLIMATE NORMAL PERIOD 1981 TO 2010
CLIMATE RECORD PERIOD 9999 TO 9999


WEATHER ITEM   OBSERVED NORMAL DEPARTURE LAST
                VALUE   VALUE  FROM      YEAR
                               NORMAL
...............................................
TEMPERATURE (F)
 YESTERDAY
  MAXIMUM         46     49     -3       40
  MINIMUM         19     26     -7       17
  AVERAGE         33     38     -5       29

PRECIPITATION (IN)
  YESTERDAY        T      0.04  -0.04     0.00
  MONTH TO DATE    0.11   1.47  -1.36     0.54
  SINCE SEP 1      3.83   6.86  -3.03     7.38
  SINCE JAN 1     20.73  31.40 -10.67    28.60

DEGREE DAYS
 HEATING
  YESTERDAY       32     27      5       36
  MONTH TO DATE  740    562    178      603
  SINCE SEP 1   1039    958     81      952
  SINCE JUL 1   1040    961     79      955

 COOLING
  YESTERDAY        0      0      0        0
  MONTH TO DATE    0      0      0        0
  SINCE SEP 1    203    178     25      285
  SINCE JAN 1   1581   1361    220     1513
...............................................


WIND (MPH)
  HIGHEST WIND SPEED    20   HIGHEST WIND DIRECTION    NW (320)
  HIGHEST GUST SPEED    33   HIGHEST GUST DIRECTION    NW (320)
  AVERAGE WIND SPEED     7.8


SKY COVER
  AVERAGE SKY COVER 0.5


WEATHER CONDITIONS
 THE FOLLOWING WEATHER WAS RECORDED YESTERDAY.
  LIGHT RAIN


RELATIVE HUMIDITY (PERCENT)
 HIGHEST    88
 LOWEST     45
 AVERAGE    67

..........................................................


THE MANHATTAN KS CLIMATE NORMALS FOR TODAY
                         NORMAL
 MAXIMUM TEMPERATURE (F)   49
 MINIMUM TEMPERATURE (F)   25


SUNRISE AND SUNSET
NOVEMBER 27 2014......SUNRISE   723 AM CST   SUNSET   505 PM CST
NOVEMBER 28 2014......SUNRISE   724 AM CST   SUNSET   505 PM CST


-  INDICATES NEGATIVE NUMBERS.
R  INDICATES RECORD WAS SET OR TIED.
MM INDICATES DATA IS MISSING.
T  INDICATES TRACE AMOUNT.




$$
