000
CDUS43 KTOP 310635
CLIMHK


CLIMATE REPORT
NATIONAL WEATHER SERVICE TOPEKA KS
133 AM CDT FRI OCT 31 2014


...................................

...THE MANHATTAN KS CLIMATE SUMMARY FOR OCTOBER 30 2014...

CLIMATE NORMAL PERIOD 1981 TO 2010
CLIMATE RECORD PERIOD 9999 TO 9999


WEATHER ITEM   OBSERVED NORMAL DEPARTURE LAST
                VALUE   VALUE  FROM      YEAR
                               NORMAL
...............................................
TEMPERATURE (F)
 YESTERDAY
  MAXIMUM         71     63      8       59
  MINIMUM         43     37      6       50
  AVERAGE         57     50      7       55

PRECIPITATION (IN)
  YESTERDAY        0.00   0.06  -0.06     0.90
  MONTH TO DATE    2.45   2.16   0.29     3.62
  SINCE SEP 1      3.72   5.33  -1.61     6.72
  SINCE JAN 1     20.62  29.87  -9.25    27.94

DEGREE DAYS
 HEATING
  YESTERDAY        8     15     -7       10
  MONTH TO DATE  216    312    -96      319
  SINCE SEP 1    272    379   -107      336
  SINCE JUL 1    273    382   -109      339

 COOLING
  YESTERDAY        0      0      0        0
  MONTH TO DATE   28     21      7       33
  SINCE SEP 1    203    175     28      285
  SINCE JAN 1   1581   1358    223     1513
...............................................


WIND (MPH)
  HIGHEST WIND SPEED    20   HIGHEST WIND DIRECTION    SW (220)
  HIGHEST GUST SPEED    26   HIGHEST GUST DIRECTION    NW (320)
  AVERAGE WIND SPEED     9.4


SKY COVER
  AVERAGE SKY COVER 0.0


WEATHER CONDITIONS
 THE FOLLOWING WEATHER WAS RECORDED YESTERDAY.
  NO SIGNIFICANT WEATHER WAS OBSERVED.


RELATIVE HUMIDITY (PERCENT)
 HIGHEST    76
 LOWEST     31
 AVERAGE    54

..........................................................


THE MANHATTAN KS CLIMATE NORMALS FOR TODAY
                         NORMAL
 MAXIMUM TEMPERATURE (F)   62
 MINIMUM TEMPERATURE (F)   37


SUNRISE AND SUNSET
OCTOBER 31 2014.......SUNRISE   753 AM CDT   SUNSET   627 PM CDT
NOVEMBER  1 2014......SUNRISE   754 AM CDT   SUNSET   626 PM CDT


-  INDICATES NEGATIVE NUMBERS.
R  INDICATES RECORD WAS SET OR TIED.
MM INDICATES DATA IS MISSING.
T  INDICATES TRACE AMOUNT.




$$
