000
CDUS46 KMFR 300835
CLIMHS


CLIMATE REPORT
NATIONAL WEATHER SERVICE MEDFORD, OR
135 AM PDT SAT MAY 30 2015


...................................

...THE MT SHASTA CITY CA CLIMATE SUMMARY FOR MAY 29 2015...

CLIMATE NORMAL PERIOD 1981 TO 2010
CLIMATE RECORD PERIOD 1908 TO 2015


WEATHER ITEM   OBSERVED TIME   RECORD YEAR NORMAL DEPARTURE LAST
                VALUE   (LST)  VALUE       VALUE  FROM      YEAR
                                                  NORMAL
..................................................................
TEMPERATURE (F)
 YESTERDAY
  MAXIMUM         85    247 PM  93    1984  73     12       76
  MINIMUM         48    518 AM  30    1929  43      5       41
  AVERAGE         67                        58      9       59

PRECIPITATION (IN)
  YESTERDAY        0.00          1.43 1956   0.07  -0.07     0.00
  MONTH TO DATE    1.76                      2.08  -0.32     0.44
  SINCE OCT 1     34.67                     40.47  -5.80    12.90
  SINCE JAN 1     15.15                     25.26 -10.11    11.79

SNOWFALL (IN)
  YESTERDAY       MM                         0.0   MM       MM
  MONTH TO DATE   MM                         0.3   MM       MM
  SINCE JUL 1     MM                        91.8   MM        0.0
  SNOW DEPTH      MM

DEGREE DAYS
 HEATING
  YESTERDAY        0                         8     -8        6
  MONTH TO DATE  229                       320    -91      201
  SINCE MAR 1   1183                      1560   -377     1224
  SINCE JUL 1   4149                      5535  -1386     4840

 COOLING
  YESTERDAY        2                         1      1        0
  MONTH TO DATE    3                         1      2        8
  SINCE MAR 1      3                         1      2        9
  SINCE JAN 1      3                         1      2        9
..................................................................


WIND (MPH)
  HIGHEST WIND SPEED     6   HIGHEST WIND DIRECTION    SE (120)
  HIGHEST GUST SPEED    13   HIGHEST GUST DIRECTION    SE (140)
  AVERAGE WIND SPEED     0.7


SKY COVER
  POSSIBLE SUNSHINE  MM
  AVERAGE SKY COVER 0.0


WEATHER CONDITIONS
 THE FOLLOWING WEATHER WAS RECORDED YESTERDAY.
  NO SIGNIFICANT WEATHER WAS OBSERVED.


RELATIVE HUMIDITY (PERCENT)
 HIGHEST    86           400 AM
 LOWEST     26           200 PM

..........................................................


THE MT SHASTA CITY CA CLIMATE NORMALS FOR TODAY
                         NORMAL    RECORD    YEAR
 MAXIMUM TEMPERATURE (F)   73        99      1910
 MINIMUM TEMPERATURE (F)   43        24      1908


SUNRISE AND SUNSET
MAY 30 2015...........SUNRISE   539 AM PDT   SUNSET   835 PM PDT
MAY 31 2015...........SUNRISE   539 AM PDT   SUNSET   835 PM PDT


-  INDICATES NEGATIVE NUMBERS.
R  INDICATES RECORD WAS SET OR TIED.
MM INDICATES DATA IS MISSING.
T  INDICATES TRACE AMOUNT.




$$
