000
CDUS46 KMFR 210036
CLIMHS


CLIMATE REPORT
NATIONAL WEATHER SERVICE MEDFORD, OR
436 PM PST SAT JAN 20 2018


...................................

...THE MT SHASTA CITY CA CLIMATE SUMMARY FOR JANUARY 20 2018...
VALID TODAY AS OF 0400 PM LOCAL TIME.

CLIMATE NORMAL PERIOD 1981 TO 2010
CLIMATE RECORD PERIOD 1908 TO 2018


WEATHER ITEM   OBSERVED TIME   RECORD YEAR NORMAL DEPARTURE LAST
                VALUE   (LST)  VALUE       VALUE  FROM      YEAR
                                                  NORMAL
..................................................................
TEMPERATURE (F)
 TODAY
  MAXIMUM         43    239 PM  65    1961  46     -3       36
  MINIMUM         26    454 AM  -2    1937  27     -1       32
  AVERAGE         35                        36     -1       34

PRECIPITATION (IN)
  TODAY            0.00          3.82 1993   0.22  -0.22     1.16
  MONTH TO DATE    2.81                      4.70  -1.89     8.69
  SINCE OCT 1      8.64                     19.91 -11.27    29.85
  SINCE JAN 1      2.81                      4.70  -1.89     8.69

SNOWFALL (IN)
  TODAY           MM                         0.6   MM       MM
  MONTH TO DATE   MM                        14.3   MM       MM
  SINCE JUL 1     MM                        47.0   MM       MM
  SNOW DEPTH      MM

DEGREE DAYS
 HEATING
  TODAY           30                        29      1       31
  MONTH TO DATE  452                       590   -138      648
  SINCE DEC 1   1306                      1515   -209     1630
  SINCE JUL 1   2557                      2912   -355     2815

 COOLING
  TODAY            0                         0      0        0
  MONTH TO DATE    0                         0      0        0
  SINCE DEC 1      0                         0      0        0
  SINCE JAN 1      0                         0      0        0
..................................................................


WIND (MPH)
  HIGHEST WIND SPEED     9   HIGHEST WIND DIRECTION     N (10)
  HIGHEST GUST SPEED    15   HIGHEST GUST DIRECTION     N (10)
  AVERAGE WIND SPEED     3.1


SKY COVER
  POSSIBLE SUNSHINE  MM
  AVERAGE SKY COVER 0.1


WEATHER CONDITIONS
 THE FOLLOWING WEATHER WAS RECORDED TODAY.
  NO SIGNIFICANT WEATHER WAS OBSERVED.


RELATIVE HUMIDITY (PERCENT)
 HIGHEST    92           600 AM
 LOWEST     45           200 PM

..........................................................


THE MT SHASTA CITY CA CLIMATE NORMALS FOR TOMORROW
                         NORMAL    RECORD    YEAR
 MAXIMUM TEMPERATURE (F)   46        61      2005
                                             1961
 MINIMUM TEMPERATURE (F)   27        -2      1962


SUNRISE AND SUNSET
JANUARY 20 2018.......SUNRISE   730 AM PST   SUNSET   511 PM PST
JANUARY 21 2018.......SUNRISE   729 AM PST   SUNSET   512 PM PST


-  INDICATES NEGATIVE NUMBERS.
R  INDICATES RECORD WAS SET OR TIED.
MM INDICATES DATA IS MISSING.
T  INDICATES TRACE AMOUNT.




$$
