000
CDUS46 KMFR 220837
CLIMHS


CLIMATE REPORT
NATIONAL WEATHER SERVICE MEDFORD, OR
1236 AM PST MON DEC 22 2014


...................................

...THE MT SHASTA CITY CA CLIMATE SUMMARY FOR DECEMBER 21 2014...

CLIMATE NORMAL PERIOD 1981 TO 2010
CLIMATE RECORD PERIOD 1908 TO 2014


WEATHER ITEM   OBSERVED TIME   RECORD YEAR NORMAL DEPARTURE LAST
                VALUE   (LST)  VALUE       VALUE  FROM      YEAR
                                                  NORMAL
..................................................................
TEMPERATURE (F)
 YESTERDAY
  MAXIMUM         55    708 PM  57    1950  44     11       54
  MINIMUM         45   1159 PM  -6    1998  26     19       36
  AVERAGE         50                        35     15       45

PRECIPITATION (IN)
  YESTERDAY        0.00          4.01 1955   0.28  -0.28     0.00
  MONTH TO DATE   12.35                      5.24   7.11     0.24
  SINCE SEP 1     21.60                     13.27   8.33     2.82
  SINCE JAN 1     33.88                     40.60  -6.72    10.00

SNOWFALL (IN)
  YESTERDAY       MM                         1.0   MM       MM
  MONTH TO DATE   MM                        15.3   MM       MM
  SINCE JUL 1     MM                        23.1   MM        0.0
  SNOW DEPTH      MM

DEGREE DAYS
 HEATING
  YESTERDAY       15                        30    -15       20
  MONTH TO DATE  448                       622   -174      693
  SINCE DEC 1    448                       622   -174      693
  SINCE JUL 1   1458                      2019   -561     1930

 COOLING
  YESTERDAY        0                         0      0        0
  MONTH TO DATE    0                         0      0        0
  SINCE DEC 1      0                         0      0        0
  SINCE JAN 1    547                       288    259      474
..................................................................


WIND (MPH)
  HIGHEST WIND SPEED    13   HIGHEST WIND DIRECTION     N (350)
  HIGHEST GUST SPEED    27   HIGHEST GUST DIRECTION     N (350)
  AVERAGE WIND SPEED     1.5


SKY COVER
  POSSIBLE SUNSHINE  MM
  AVERAGE SKY COVER 0.9


WEATHER CONDITIONS
 THE FOLLOWING WEATHER WAS RECORDED YESTERDAY.
  FOG
  FOG W/VISIBILITY <= 1/4 MILE
  HAZE


RELATIVE HUMIDITY (PERCENT)
 HIGHEST   100           500 PM
 LOWEST     71           700 PM

..........................................................


THE MT SHASTA CITY CA CLIMATE NORMALS FOR TODAY
                         NORMAL    RECORD    YEAR
 MAXIMUM TEMPERATURE (F)   44        60      1960
 MINIMUM TEMPERATURE (F)   26       -13      1990


SUNRISE AND SUNSET
DECEMBER 22 2014......SUNRISE   732 AM PST   SUNSET   444 PM PST
DECEMBER 23 2014......SUNRISE   733 AM PST   SUNSET   444 PM PST


-  INDICATES NEGATIVE NUMBERS.
R  INDICATES RECORD WAS SET OR TIED.
MM INDICATES DATA IS MISSING.
T  INDICATES TRACE AMOUNT.




$$
