000
CDUS46 KMFR 230041
CLIMHS


CLIMATE REPORT
NATIONAL WEATHER SERVICE MEDFORD, OR
441 PM PST SAT NOV 22 2014


...................................

...THE MT SHASTA CITY CA CLIMATE SUMMARY FOR NOVEMBER 22 2014...
VALID TODAY AS OF 0400 PM LOCAL TIME.

CLIMATE NORMAL PERIOD 1981 TO 2010
CLIMATE RECORD PERIOD 1908 TO 2014


WEATHER ITEM   OBSERVED TIME   RECORD YEAR NORMAL DEPARTURE LAST
                VALUE   (LST)  VALUE       VALUE  FROM      YEAR
                                                  NORMAL
..................................................................
TEMPERATURE (F)
 TODAY
  MAXIMUM         52   1230 PM  75    1914  49      3       52
                                      1954
  MINIMUM         41    656 AM  10    1994  29     12       26
  AVERAGE         47                        38      9       39

PRECIPITATION (IN)
  TODAY            0.39          3.10 1946   0.18   0.21     0.00
  MONTH TO DATE    1.48                      3.51  -2.03     0.22
  SINCE SEP 1      8.87                      6.46   2.41     2.58
  SINCE JAN 1     21.15                     33.79 -12.64     9.76

SNOWFALL (IN)
  TODAY           MM                         0.3   MM       MM
  MONTH TO DATE   MM                         4.4   MM       MM
  SINCE JUL 1     MM                         4.6   MM        0.0
  SNOW DEPTH      MM

DEGREE DAYS
 HEATING
  TODAY           18                        26     -8       26
  MONTH TO DATE  434                       513    -79      426
  SINCE SEP 1    836                      1102   -266     1053
  SINCE JUL 1    841                      1177   -336     1065

 COOLING
  TODAY            0                         0      0        0
  MONTH TO DATE    0                         0      0        0
  SINCE SEP 1     49                        28     21       47
  SINCE JAN 1    547                       288    259      474
..................................................................


WIND (MPH)
  HIGHEST WIND SPEED    12   HIGHEST WIND DIRECTION     N (340)
  HIGHEST GUST SPEED    18   HIGHEST GUST DIRECTION     N (360)
  AVERAGE WIND SPEED     3.5


SKY COVER
  POSSIBLE SUNSHINE  MM
  AVERAGE SKY COVER 0.9


WEATHER CONDITIONS
 THE FOLLOWING WEATHER WAS RECORDED TODAY.
  HEAVY RAIN
  RAIN
  LIGHT RAIN
  FOG


RELATIVE HUMIDITY (PERCENT)
 HIGHEST    96           300 AM
 LOWEST     53           300 PM

..........................................................


THE MT SHASTA CITY CA CLIMATE NORMALS FOR TOMORROW
                         NORMAL    RECORD    YEAR
 MAXIMUM TEMPERATURE (F)   48        70      1939
 MINIMUM TEMPERATURE (F)   28        12      1993


SUNRISE AND SUNSET
NOVEMBER 22 2014......SUNRISE   706 AM PST   SUNSET   445 PM PST
NOVEMBER 23 2014......SUNRISE   707 AM PST   SUNSET   444 PM PST


-  INDICATES NEGATIVE NUMBERS.
R  INDICATES RECORD WAS SET OR TIED.
MM INDICATES DATA IS MISSING.
T  INDICATES TRACE AMOUNT.




$$
