000
CDUS42 KMFL 220928
CLIMIA


CLIMATE REPORT
NATIONAL WEATHER SERVICE MIAMI, FL
428 AM EST MON DEC 22 2014


...................................

...THE MIAMI CLIMATE SUMMARY FOR DECEMBER 21 2014...

CLIMATE NORMAL PERIOD 1981 TO 2010
CLIMATE RECORD PERIOD 1895 TO 2014


WEATHER ITEM   OBSERVED TIME   RECORD YEAR NORMAL DEPARTURE LAST
                VALUE   (LST)  VALUE       VALUE  FROM      YEAR
                                                  NORMAL
..................................................................
TEMPERATURE (F)
 YESTERDAY
  MAXIMUM         80    113 PM  85    1948  77      3       83
                                      1946
                                      1940
  MINIMUM         65    647 AM  37    1935  62      3       75
  AVERAGE         73                        70      3       79

PRECIPITATION (IN)
  YESTERDAY        0.00          3.15 1994   0.07  -0.07     0.00
  MONTH TO DATE    0.88                      1.45  -0.57     0.46
  SINCE NOV 1      3.54                      4.72  -1.18     6.19
  SINCE JAN 1     63.16                     61.31   1.85    66.21

SNOWFALL (IN)
  YESTERDAY        0.0
  MONTH TO DATE    0.0
  SINCE DEC 1      0.0
  SINCE JUL 1      0.0
  SNOW DEPTH       0

DEGREE DAYS
 HEATING
  YESTERDAY        0                         1     -1
  MONTH TO DATE   18                        17      1
  SINCE DEC 1     18                        17      1
  SINCE JUL 1     29                        20      9

 COOLING
  YESTERDAY        8                         6      2
  MONTH TO DATE  116                       146    -30
  SINCE DEC 1    116                       146    -30
  SINCE JAN 1   4660                      4518    142
..................................................................


WIND (MPH)
  HIGHEST WIND SPEED    13   HIGHEST WIND DIRECTION    SE (130)
  HIGHEST GUST SPEED    23   HIGHEST GUST DIRECTION    SE (140)
  AVERAGE WIND SPEED     5.0


SKY COVER
  POSSIBLE SUNSHINE  54 PERCENT
  AVERAGE SKY COVER 0.8


WEATHER CONDITIONS
 THE FOLLOWING WEATHER WAS RECORDED YESTERDAY.
  NO SIGNIFICANT WEATHER WAS OBSERVED.


RELATIVE HUMIDITY (PERCENT)
 HIGHEST    93
 LOWEST     60
 AVERAGE    77

..........................................................


THE MIAMI CLIMATE NORMALS FOR TODAY
                         NORMAL    RECORD    YEAR
 MAXIMUM TEMPERATURE (F)   77        86      1948
 MINIMUM TEMPERATURE (F)   62        39      1973
                                             1960
                                             1927


SUNRISE AND SUNSET
DECEMBER 22 2014......SUNRISE   704 AM EST   SUNSET   536 PM EST
DECEMBER 23 2014......SUNRISE   704 AM EST   SUNSET   536 PM EST


-  INDICATES NEGATIVE NUMBERS.
R  INDICATES RECORD WAS SET OR TIED.
MM INDICATES DATA IS MISSING.
T  INDICATES TRACE AMOUNT.




$$
