000
CDUS42 KMFL 190933
CLIMIA


CLIMATE REPORT
NATIONAL WEATHER SERVICE MIAMI, FL
431 AM EST MON FEB 19 2018


...................................

...THE MIAMI CLIMATE SUMMARY FOR FEBRUARY 18 2018...

CLIMATE NORMAL PERIOD 1981 TO 2010
CLIMATE RECORD PERIOD 1895 TO 2018


WEATHER ITEM   OBSERVED TIME   RECORD YEAR NORMAL DEPARTURE LAST
                VALUE   (LST)  VALUE       VALUE  FROM      YEAR
                                                  NORMAL
..................................................................
TEMPERATURE (F)
 YESTERDAY
  MAXIMUM         84   1205 PM  88    1942  78      6       80
  MINIMUM         70    212 AM  40    1996  63      7       62
  AVERAGE         77                        71      6       71

PRECIPITATION (IN)
  YESTERDAY        0.00          3.62 1934   0.07  -0.07     0.00
  MONTH TO DATE    0.16                      1.45  -1.29      T
  SINCE NOV 1      6.24                      8.38  -2.14     6.67
  SINCE JAN 1      1.17                      3.07  -1.90     3.40

SNOWFALL (IN)
  YESTERDAY        0.0
  MONTH TO DATE    0.0
  SINCE DEC 1      0.0
  SINCE JUL 1      0.0
  SNOW DEPTH       0

DEGREE DAYS
 HEATING
  YESTERDAY        0                         1     -1        0
  MONTH TO DATE    0                        18    -18        0
  SINCE DEC 1     78                       105    -27       14
  SINCE JUL 1     78                       108    -30       14

 COOLING
  YESTERDAY       12                         6      6        6
  MONTH TO DATE  202                       102    100      138
  SINCE DEC 1    596                       456    140      767
  SINCE JAN 1    354                       253    101      396
..................................................................


WIND (MPH)
  HIGHEST WIND SPEED    18   HIGHEST WIND DIRECTION    SE (120)
  HIGHEST GUST SPEED    28   HIGHEST GUST DIRECTION     E (90)
  AVERAGE WIND SPEED     9.0


SKY COVER
  POSSIBLE SUNSHINE  MM
  AVERAGE SKY COVER 0.3


WEATHER CONDITIONS
 THE FOLLOWING WEATHER WAS RECORDED YESTERDAY.
  NO SIGNIFICANT WEATHER WAS OBSERVED.


RELATIVE HUMIDITY (PERCENT)
 HIGHEST    93
 LOWEST     55
 AVERAGE    74

..........................................................


THE MIAMI CLIMATE NORMALS FOR TODAY
                         NORMAL    RECORD    YEAR
 MAXIMUM TEMPERATURE (F)   79        87      2012
 MINIMUM TEMPERATURE (F)   63        30      1900


SUNRISE AND SUNSET
FEBRUARY 19 2018......SUNRISE   653 AM EST   SUNSET   617 PM EST
FEBRUARY 20 2018......SUNRISE   652 AM EST   SUNSET   618 PM EST


-  INDICATES NEGATIVE NUMBERS.
R  INDICATES RECORD WAS SET OR TIED.
MM INDICATES DATA IS MISSING.
T  INDICATES TRACE AMOUNT.




$$
