000
CDUS42 KMFL 230822
CLIMIA


CLIMATE REPORT
NATIONAL WEATHER SERVICE MIAMI, FL
422 AM EDT WED APR 23 2014


...................................

...THE MIAMI CLIMATE SUMMARY FOR APRIL 22 2014...

CLIMATE NORMAL PERIOD 1981 TO 2010
CLIMATE RECORD PERIOD 1839 TO 2014


WEATHER ITEM   OBSERVED TIME   RECORD YEAR NORMAL DEPARTURE LAST
                VALUE   (LST)  VALUE       VALUE  FROM      YEAR
                                                  NORMAL
..................................................................
TEMPERATURE (F)
 YESTERDAY
  MAXIMUM         85    128 PM  91    1908  84      1       81
  MINIMUM         66    616 AM  45    1940  69     -3       71
  AVERAGE         76                        77     -1

PRECIPITATION (IN)
  YESTERDAY        0.00          2.43 1924   0.11  -0.11     0.29
  MONTH TO DATE    1.18                      2.33  -1.15     2.73
  SINCE OCT 1     24.13                     20.84   3.29    13.36
  SINCE JAN 1      6.86                      9.20  -2.34     5.93

SNOWFALL (IN)
  YESTERDAY        0.0
  MONTH TO DATE    0.0
  SINCE MAR 1      0.0
  SINCE JUL 1      0.0
  SNOW DEPTH       0

DEGREE DAYS
 HEATING
  YESTERDAY        0                         0      0
  MONTH TO DATE    0                         0      0
  SINCE MAR 1      0                        11    -11
  SINCE JUL 1     61                       127    -66

 COOLING
  YESTERDAY       11                        12     -1
  MONTH TO DATE  257                       226     31
  SINCE MAR 1    534                       473     61
  SINCE JAN 1    955                       795    160
..................................................................


WIND (MPH)
  HIGHEST WIND SPEED    14   HIGHEST WIND DIRECTION    SE (130)
  HIGHEST GUST SPEED    20   HIGHEST GUST DIRECTION     S (160)
  AVERAGE WIND SPEED     6.2


SKY COVER
  POSSIBLE SUNSHINE  MM
  AVERAGE SKY COVER 0.5


WEATHER CONDITIONS
 THE FOLLOWING WEATHER WAS RECORDED YESTERDAY.
  NO SIGNIFICANT WEATHER WAS OBSERVED.


RELATIVE HUMIDITY (PERCENT)
 HIGHEST    87
 LOWEST     47
 AVERAGE    67

..........................................................


THE MIAMI CLIMATE NORMALS FOR TODAY
                         NORMAL    RECORD    YEAR
 MAXIMUM TEMPERATURE (F)   84        91      2002
                                             1991
 MINIMUM TEMPERATURE (F)   69        51      1940
                                             1901


SUNRISE AND SUNSET
APRIL 23 2014.........SUNRISE   651 AM EDT   SUNSET   748 PM EDT
APRIL 24 2014.........SUNRISE   650 AM EDT   SUNSET   749 PM EDT


-  INDICATES NEGATIVE NUMBERS.
R  INDICATES RECORD WAS SET OR TIED.
MM INDICATES DATA IS MISSING.
T  INDICATES TRACE AMOUNT.




$$
