000
CDUS42 KMFL 222118
CLIMIA


CLIMATE REPORT
NATIONAL WEATHER SERVICE MIAMI, FL
416 PM EST SUN JAN 22 2017


...................................

...THE MIAMI CLIMATE SUMMARY FOR JANUARY 22 2017...
VALID TODAY AS OF 0400 PM LOCAL TIME.

CLIMATE NORMAL PERIOD 1981 TO 2010
CLIMATE RECORD PERIOD 1895 TO 2017


WEATHER ITEM   OBSERVED TIME   RECORD YEAR NORMAL DEPARTURE LAST
                VALUE   (LST)  VALUE       VALUE  FROM      YEAR
                                                  NORMAL
..................................................................
TEMPERATURE (F)
 TODAY
  MAXIMUM         87R   248 PM  86    2010  76     11       72
                                      1990
  MINIMUM         75    613 AM  30    1985  60     15       63
  AVERAGE         81                        68     13       68

PRECIPITATION (IN)
  TODAY            0.00          2.19 1936   0.06  -0.06     0.99
  MONTH TO DATE    1.54                      1.12   0.42     4.93
  SINCE NOV 1      4.81                      6.43  -1.62    22.30
  SINCE JAN 1      1.54                      1.12   0.42     4.93

SNOWFALL (IN)
  TODAY            0.0
  MONTH TO DATE    0.0
  SINCE DEC 1      0.0
  SINCE JUL 1      0.0
  SNOW DEPTH       0

DEGREE DAYS
 HEATING
  TODAY            0                         2     -2        0
  MONTH TO DATE    6                        44    -38       16
  SINCE DEC 1      6                        78    -72       16
  SINCE JUL 1      6                        81    -75       16

 COOLING
  TODAY           16                         5     11        3
  MONTH TO DATE  214                       110    104       94
  SINCE DEC 1    585                       313    272      482
  SINCE JAN 1    214                       110    104       94
..................................................................


WIND (MPH)
  HIGHEST WIND SPEED    28   HIGHEST WIND DIRECTION     S (190)
  HIGHEST GUST SPEED    36   HIGHEST GUST DIRECTION     S (200)
  AVERAGE WIND SPEED    MM


SKY COVER
  AVERAGE SKY COVER  MM


WEATHER CONDITIONS
 THE FOLLOWING WEATHER WAS RECORDED TODAY.
  NO SIGNIFICANT WEATHER WAS OBSERVED.


RELATIVE HUMIDITY (PERCENT)
 HIGHEST    MM
 LOWEST     MM
 AVERAGE    MM

..........................................................


THE MIAMI CLIMATE NORMALS FOR TOMORROW
                         NORMAL    RECORD    YEAR
 MAXIMUM TEMPERATURE (F)   77        85      2007
 MINIMUM TEMPERATURE (F)   60        36      1985


SUNRISE AND SUNSET
JANUARY 22 2017.......SUNRISE   708 AM EST   SUNSET   557 PM EST
JANUARY 23 2017.......SUNRISE   708 AM EST   SUNSET   558 PM EST


-  INDICATES NEGATIVE NUMBERS.
R  INDICATES RECORD WAS SET OR TIED.
MM INDICATES DATA IS MISSING.
T  INDICATES TRACE AMOUNT.




$$
