617
CDUS42 KMFL 252015
CLIMIA


CLIMATE REPORT
NATIONAL WEATHER SERVICE MIAMI, FL
415 PM EDT WED MAY 25 2016


...................................

...THE MIAMI CLIMATE SUMMARY FOR MAY 25 2016...
VALID TODAY AS OF 0400 PM LOCAL TIME.

CLIMATE NORMAL PERIOD 1981 TO 2010
CLIMATE RECORD PERIOD 1895 TO 2016


WEATHER ITEM   OBSERVED TIME   RECORD YEAR NORMAL DEPARTURE LAST
                VALUE   (LST)  VALUE       VALUE  FROM      YEAR
                                                  NORMAL
..................................................................
TEMPERATURE (F)
 TODAY
  MAXIMUM         86   1225 PM  93    2005  88     -2       89
                                      1996
                                      1989
  MINIMUM         77    548 AM  64    1928  74      3       79
  AVERAGE         82                        81      1       84

PRECIPITATION (IN)
  TODAY            0.00          5.03 1925   0.22  -0.22     0.19
  MONTH TO DATE    8.18                      3.84   4.34     1.50
  SINCE NOV 1     37.67                     19.16  18.51    14.59
  SINCE JAN 1     20.30                     13.85   6.45    10.61

SNOWFALL (IN)
  TODAY            0.0
  MONTH TO DATE    0.0
  SINCE MAR 1      0.0
  SINCE JUL 1      0.0
  SNOW DEPTH       0

DEGREE DAYS
 HEATING
  TODAY            0                         0      0        0
  MONTH TO DATE    0                         0      0        0
  SINCE MAR 1      0                        12    -12        0
  SINCE JUL 1     67                       128    -61       76

 COOLING
  TODAY           17                        16      1       19
  MONTH TO DATE  379                       364     15      396
  SINCE MAR 1   1110                       935    175     1236
  SINCE JAN 1   1367                      1257    110     1575
..................................................................


WIND (MPH)
  HIGHEST WIND SPEED    20   HIGHEST WIND DIRECTION     E (80)
  HIGHEST GUST SPEED    26   HIGHEST GUST DIRECTION    NE (40)
  AVERAGE WIND SPEED    11.5


SKY COVER
  AVERAGE SKY COVER 0.4


WEATHER CONDITIONS
 THE FOLLOWING WEATHER WAS RECORDED TODAY.
  NO SIGNIFICANT WEATHER WAS OBSERVED.


RELATIVE HUMIDITY (PERCENT)
 HIGHEST    76
 LOWEST     55
 AVERAGE    66

..........................................................


THE MIAMI CLIMATE NORMALS FOR TOMORROW
                         NORMAL    RECORD    YEAR
 MAXIMUM TEMPERATURE (F)   88        94      1949
 MINIMUM TEMPERATURE (F)   74        65      1950
                                             1908


SUNRISE AND SUNSET
MAY 25 2016...........SUNRISE   631 AM EDT   SUNSET   805 PM EDT
MAY 26 2016...........SUNRISE   631 AM EDT   SUNSET   806 PM EDT


-  INDICATES NEGATIVE NUMBERS.
R  INDICATES RECORD WAS SET OR TIED.
MM INDICATES DATA IS MISSING.
T  INDICATES TRACE AMOUNT.




$$
