000
CDUS42 KMFL 240921
CLIMIA


CLIMATE REPORT
NATIONAL WEATHER SERVICE MIAMI, FL
420 AM EST FRI NOV 24 2017


...................................

...THE MIAMI CLIMATE SUMMARY FOR NOVEMBER 23 2017...

CLIMATE NORMAL PERIOD 1981 TO 2010
CLIMATE RECORD PERIOD 1895 TO 2017


WEATHER ITEM   OBSERVED TIME   RECORD YEAR NORMAL DEPARTURE LAST
                VALUE   (LST)  VALUE       VALUE  FROM      YEAR
                                                  NORMAL
..................................................................
TEMPERATURE (F)
 YESTERDAY
  MAXIMUM         84   1226 PM  87    2009  81      3       81
                                      1989
  MINIMUM         72   1137 PM  44    1944  67      5       65
  AVERAGE         78                        74      4       73

PRECIPITATION (IN)
  YESTERDAY        0.32          0.41 1965   0.08   0.24      T
  MONTH TO DATE    4.01                      2.67   1.34     0.88
  SINCE NOV 1      4.01                      2.67   1.34     0.88
  SINCE JAN 1     82.06                     59.26  22.80    63.54

SNOWFALL (IN)
  YESTERDAY        0.0
  MONTH TO DATE    0.0
  SINCE SEP 1      0.0
  SINCE JUL 1      0.0
  SNOW DEPTH       0

DEGREE DAYS
 HEATING
  YESTERDAY        0                         0      0        0
  MONTH TO DATE    0                         0      0        0
  SINCE SEP 1      0                         0      0        0
  SINCE JUL 1      0                         0      0        0

 COOLING
  YESTERDAY       13                         9      4        8
  MONTH TO DATE  301                       241     60      218
  SINCE SEP 1   1402                      1238    164     1274
  SINCE JAN 1   4976                      4313    663     4506
..................................................................


WIND (MPH)
  HIGHEST WIND SPEED    20   HIGHEST WIND DIRECTION     S (170)
  HIGHEST GUST SPEED    29   HIGHEST GUST DIRECTION     S (180)
  AVERAGE WIND SPEED     6.4


SKY COVER
  POSSIBLE SUNSHINE  MM
  AVERAGE SKY COVER 0.6


WEATHER CONDITIONS
 THE FOLLOWING WEATHER WAS RECORDED YESTERDAY.
  THUNDERSTORM
  HEAVY RAIN
  RAIN
  LIGHT RAIN
  FOG


RELATIVE HUMIDITY (PERCENT)
 HIGHEST    94
 LOWEST     69
 AVERAGE    82

..........................................................


THE MIAMI CLIMATE NORMALS FOR TODAY
                         NORMAL    RECORD    YEAR
 MAXIMUM TEMPERATURE (F)   81        88      2014
 MINIMUM TEMPERATURE (F)   67        42      1970


SUNRISE AND SUNSET
NOVEMBER 24 2017......SUNRISE   646 AM EST   SUNSET   530 PM EST
NOVEMBER 25 2017......SUNRISE   647 AM EST   SUNSET   530 PM EST


-  INDICATES NEGATIVE NUMBERS.
R  INDICATES RECORD WAS SET OR TIED.
MM INDICATES DATA IS MISSING.
T  INDICATES TRACE AMOUNT.




$$
