000
CDUS43 KIND 190538
CLIMIE


CLIMATE REPORT
NATIONAL WEATHER SERVICE INDIANAPOLIS IN
138 AM EDT SAT APR 19 2014


...................................

...THE MUNCIE IN CLIMATE SUMMARY FOR APRIL 18 2014...

CLIMATE NORMAL PERIOD 1981 TO 2010
CLIMATE RECORD PERIOD 9999 TO 9999


WEATHER ITEM   OBSERVED TIME   NORMAL DEPARTURE LAST
                VALUE   (LST)  VALUE  FROM      YEAR
                                      NORMAL
......................................................
TEMPERATURE (F)
 YESTERDAY
  MAXIMUM         69    248 PM  63      6       79
  MINIMUM         39    421 AM  42     -3       58
  AVERAGE         54            52      2       69

PRECIPITATION (IN)
  YESTERDAY        0.00          0.13  -0.13     0.29
  MONTH TO DATE    4.63          2.21   2.42     3.67
  SINCE MAR 1      6.16          5.16   1.00     4.90
  SINCE JAN 1      9.12          9.70  -0.58    10.57

DEGREE DAYS
 HEATING
  YESTERDAY       11            13     -2        0
  MONTH TO DATE  283           291     -8      211
  SINCE MAR 1   1235          1078    157     1116
  SINCE JUL 1   6145          5461    684     5130

 COOLING
  YESTERDAY        0             1     -1        4
  MONTH TO DATE    6             1      5       10
  SINCE MAR 1      6             2      4       10
  SINCE JAN 1      6             2      4       10
......................................................


WIND (MPH)
  HIGHEST WIND SPEED    17   HIGHEST WIND DIRECTION    NW (320)
  HIGHEST GUST SPEED    22   HIGHEST GUST DIRECTION    NW (320)
  AVERAGE WIND SPEED     6.1


SKY COVER
  AVERAGE SKY COVER 0.1


WEATHER CONDITIONS
 THE FOLLOWING WEATHER WAS RECORDED YESTERDAY.
  NO SIGNIFICANT WEATHER WAS OBSERVED.


RELATIVE HUMIDITY (PERCENT)
 HIGHEST    76           300 AM
 LOWEST     31           200 PM
 AVERAGE    54

..........................................................


THE MUNCIE IN CLIMATE NORMALS FOR TODAY
                         NORMAL
 MAXIMUM TEMPERATURE (F)   63
 MINIMUM TEMPERATURE (F)   42


SUNRISE AND SUNSET
APRIL 19 2014.........SUNRISE   658 AM EDT   SUNSET   824 PM EDT
APRIL 20 2014.........SUNRISE   656 AM EDT   SUNSET   825 PM EDT


-  INDICATES NEGATIVE NUMBERS.
R  INDICATES RECORD WAS SET OR TIED.
MM INDICATES DATA IS MISSING.
T  INDICATES TRACE AMOUNT.




$$
