000
CDUS43 KIND 230538
CLIMIE


CLIMATE REPORT
NATIONAL WEATHER SERVICE INDIANAPOLIS IN
135 AM EDT SUN JUL 23 2017


...................................

...THE MUNCIE IN CLIMATE SUMMARY FOR JULY 22 2017...

CLIMATE NORMAL PERIOD 1981 TO 2010
CLIMATE RECORD PERIOD 9999 TO 9999


WEATHER ITEM   OBSERVED TIME   NORMAL DEPARTURE LAST
                VALUE   (LST)  VALUE  FROM      YEAR
                                      NORMAL
......................................................
TEMPERATURE (F)
 YESTERDAY
  MAXIMUM         86    353 PM  84      2       89
  MINIMUM         72    338 AM  64      8       74
  AVERAGE         79            74      5       82

PRECIPITATION (IN)
  YESTERDAY        0.69          0.14   0.55     0.01
  MONTH TO DATE    4.24          3.22   1.02     2.24
  SINCE JUN 1     13.40          7.88   5.52     5.86
  SINCE JAN 1     32.97         23.45   9.52    19.93

DEGREE DAYS
 HEATING
  YESTERDAY        0             0      0        0
  MONTH TO DATE    0             0      0        3
  SINCE JUN 1      3            24    -21        6
  SINCE JUL 1      0             0      0        3

 COOLING
  YESTERDAY       14             9      5       17
  MONTH TO DATE  255           216     39      221
  SINCE JUN 1    503           432     71      500
  SINCE JAN 1    619           515    104      607
......................................................


WIND (MPH)
  HIGHEST WIND SPEED    39   HIGHEST WIND DIRECTION    NW (320)
  HIGHEST GUST SPEED    56   HIGHEST GUST DIRECTION    NW (320)
  AVERAGE WIND SPEED     5.7


SKY COVER
  AVERAGE SKY COVER 0.5


WEATHER CONDITIONS
 THE FOLLOWING WEATHER WAS RECORDED YESTERDAY.
  THUNDERSTORM
  HEAVY RAIN
  RAIN
  LIGHT RAIN
  FOG
  HAZE


RELATIVE HUMIDITY (PERCENT)
 HIGHEST    88           100 AM
 LOWEST     61           400 PM
 AVERAGE    75

..........................................................


THE MUNCIE IN CLIMATE NORMALS FOR TODAY
                         NORMAL
 MAXIMUM TEMPERATURE (F)   84
 MINIMUM TEMPERATURE (F)   64


SUNRISE AND SUNSET
JULY 23 2017..........SUNRISE   631 AM EDT   SUNSET   904 PM EDT
JULY 24 2017..........SUNRISE   632 AM EDT   SUNSET   903 PM EDT


-  INDICATES NEGATIVE NUMBERS.
R  INDICATES RECORD WAS SET OR TIED.
MM INDICATES DATA IS MISSING.
T  INDICATES TRACE AMOUNT.




$$
