000
CDUS43 KIND 230536
CLIMIE


CLIMATE REPORT
NATIONAL WEATHER SERVICE INDIANAPOLIS IN
136 AM EDT WED APR 23 2014


...................................

...THE MUNCIE IN CLIMATE SUMMARY FOR APRIL 22 2014...

CLIMATE NORMAL PERIOD 1981 TO 2010
CLIMATE RECORD PERIOD 9999 TO 9999


WEATHER ITEM   OBSERVED TIME   NORMAL DEPARTURE LAST
                VALUE   (LST)  VALUE  FROM      YEAR
                                      NORMAL
......................................................
TEMPERATURE (F)
 YESTERDAY
  MAXIMUM         60   1203 AM  64     -4       68
  MINIMUM         39   1159 PM  43     -4       34
  AVERAGE         50            54     -4       51

PRECIPITATION (IN)
  YESTERDAY        0.15          0.13   0.02     0.00
  MONTH TO DATE    4.79          2.70   2.09     4.18
  SINCE MAR 1      6.32          5.65   0.67     5.41
  SINCE JAN 1      9.28         10.19  -0.91    11.08

DEGREE DAYS
 HEATING
  YESTERDAY       15            12      3       14
  MONTH TO DATE  325           340    -15      289
  SINCE MAR 1   1277          1127    150     1194
  SINCE JUL 1   6187          5510    677     5208

 COOLING
  YESTERDAY        0             1     -1        0
  MONTH TO DATE    6             5      1       10
  SINCE MAR 1      6             6      0       10
  SINCE JAN 1      6             6      0       10
......................................................


WIND (MPH)
  HIGHEST WIND SPEED    26   HIGHEST WIND DIRECTION     N (340)
  HIGHEST GUST SPEED    33   HIGHEST GUST DIRECTION    NW (310)
  AVERAGE WIND SPEED    13.9


SKY COVER
  AVERAGE SKY COVER 0.3


WEATHER CONDITIONS
 THE FOLLOWING WEATHER WAS RECORDED YESTERDAY.
  RAIN
  LIGHT RAIN
  FOG
  HAZE


RELATIVE HUMIDITY (PERCENT)
 HIGHEST    93           500 AM
 LOWEST     41           400 PM
 AVERAGE    67

..........................................................


THE MUNCIE IN CLIMATE NORMALS FOR TODAY
                         NORMAL
 MAXIMUM TEMPERATURE (F)   65
 MINIMUM TEMPERATURE (F)   44


SUNRISE AND SUNSET
APRIL 23 2014.........SUNRISE   652 AM EDT   SUNSET   829 PM EDT
APRIL 24 2014.........SUNRISE   650 AM EDT   SUNSET   830 PM EDT


-  INDICATES NEGATIVE NUMBERS.
R  INDICATES RECORD WAS SET OR TIED.
MM INDICATES DATA IS MISSING.
T  INDICATES TRACE AMOUNT.




$$
