000
CDUS43 KIND 210538
CLIMIE


CLIMATE REPORT
NATIONAL WEATHER SERVICE INDIANAPOLIS IN
1237 AM EST SAT JAN 21 2017


...................................

...THE MUNCIE IN CLIMATE SUMMARY FOR JANUARY 20 2017...

CLIMATE NORMAL PERIOD 1981 TO 2010
CLIMATE RECORD PERIOD 9999 TO 9999


WEATHER ITEM   OBSERVED TIME   NORMAL DEPARTURE LAST
                VALUE   (LST)  VALUE  FROM      YEAR
                                      NORMAL
......................................................
TEMPERATURE (F)
 YESTERDAY
  MAXIMUM         55    549 PM  34     21       23
  MINIMUM         43    549 AM  19     24        6
  AVERAGE         49            26     23       15

PRECIPITATION (IN)
  YESTERDAY        0.79          0.06   0.73     0.07
  MONTH TO DATE    4.67          1.42   3.25     1.20
  SINCE DEC 1      5.86          4.30   1.56     6.28
  SINCE JAN 1      4.67          1.42   3.25     1.20

DEGREE DAYS
 HEATING
  YESTERDAY       16            39    -23       50
  MONTH TO DATE  638           771   -133      757
  SINCE DEC 1   1696          1834   -138     1397
  SINCE JUL 1   2398          2969   -571     2356

 COOLING
  YESTERDAY        0             0      0        0
  MONTH TO DATE    0             0      0        0
  SINCE DEC 1      0             0      0        1
  SINCE JAN 1      0             0      0        0
......................................................


WIND (MPH)
  HIGHEST WIND SPEED    17   HIGHEST WIND DIRECTION     W (250)
  HIGHEST GUST SPEED    23   HIGHEST GUST DIRECTION     W (250)
  AVERAGE WIND SPEED     7.2


SKY COVER
  AVERAGE SKY COVER 1.0


WEATHER CONDITIONS
 THE FOLLOWING WEATHER WAS RECORDED YESTERDAY.
  RAIN
  LIGHT RAIN
  FOG


RELATIVE HUMIDITY (PERCENT)
 HIGHEST   100           400 AM
 LOWEST     72           500 PM
 AVERAGE    86

..........................................................


THE MUNCIE IN CLIMATE NORMALS FOR TODAY
                         NORMAL
 MAXIMUM TEMPERATURE (F)   34
 MINIMUM TEMPERATURE (F)   19


SUNRISE AND SUNSET
JANUARY 21 2017.......SUNRISE   759 AM EST   SUNSET   547 PM EST
JANUARY 22 2017.......SUNRISE   758 AM EST   SUNSET   549 PM EST


-  INDICATES NEGATIVE NUMBERS.
R  INDICATES RECORD WAS SET OR TIED.
MM INDICATES DATA IS MISSING.
T  INDICATES TRACE AMOUNT.




$$
