000
CDUS43 KIND 280530
CLIMIE


CLIMATE REPORT
NATIONAL WEATHER SERVICE INDIANAPOLIS IN
130 AM EDT MON JUL 28 2014


...................................

...THE MUNCIE IN CLIMATE SUMMARY FOR JULY 27 2014...

CLIMATE NORMAL PERIOD 1981 TO 2010
CLIMATE RECORD PERIOD 9999 TO 9999


WEATHER ITEM   OBSERVED TIME   NORMAL DEPARTURE LAST
                VALUE   (LST)  VALUE  FROM      YEAR
                                      NORMAL
......................................................
TEMPERATURE (F)
 YESTERDAY
  MAXIMUM         83    350 PM  84     -1       77
  MINIMUM         65   1159 PM  64      1       55
  AVERAGE         74            74      0       66

PRECIPITATION (IN)
  YESTERDAY        0.10          0.12  -0.02     0.07
  MONTH TO DATE    2.12          3.88  -1.76     1.63
  SINCE JUN 1      7.58          8.54  -0.96     6.61
  SINCE JAN 1     22.35         24.11  -1.76    22.42

DEGREE DAYS
 HEATING
  YESTERDAY        0             0      0        0
  MONTH TO DATE   11             0     11        4
  SINCE JUN 1     19            24     -5       18
  SINCE JUL 1     11             0     11        4

 COOLING
  YESTERDAY        9             9      0        1
  MONTH TO DATE  145           261   -116      222
  SINCE JUN 1    390           477    -87      428
  SINCE JAN 1    505           560    -55      596
......................................................


WIND (MPH)
  HIGHEST WIND SPEED    24   HIGHEST WIND DIRECTION     W (290)
  HIGHEST GUST SPEED    33   HIGHEST GUST DIRECTION    NW (300)
  AVERAGE WIND SPEED     9.3


SKY COVER
  AVERAGE SKY COVER 0.6


WEATHER CONDITIONS
 THE FOLLOWING WEATHER WAS RECORDED YESTERDAY.
  THUNDERSTORM
  RAIN
  LIGHT RAIN
  FOG


RELATIVE HUMIDITY (PERCENT)
 HIGHEST    90           100 AM
 LOWEST     54           700 PM
 AVERAGE    72

..........................................................


THE MUNCIE IN CLIMATE NORMALS FOR TODAY
                         NORMAL
 MAXIMUM TEMPERATURE (F)   84
 MINIMUM TEMPERATURE (F)   64


SUNRISE AND SUNSET
JULY 28 2014..........SUNRISE   636 AM EDT   SUNSET   900 PM EDT
JULY 29 2014..........SUNRISE   637 AM EDT   SUNSET   859 PM EDT


-  INDICATES NEGATIVE NUMBERS.
R  INDICATES RECORD WAS SET OR TIED.
MM INDICATES DATA IS MISSING.
T  INDICATES TRACE AMOUNT.




$$
