971
CDUS43 KIND 260532
CLIMIE


CLIMATE REPORT
NATIONAL WEATHER SERVICE INDIANAPOLIS IN
131 AM EDT THU MAY 26 2016


...................................

...THE MUNCIE IN CLIMATE SUMMARY FOR MAY 25 2016...

CLIMATE NORMAL PERIOD 1981 TO 2010
CLIMATE RECORD PERIOD 9999 TO 9999


WEATHER ITEM   OBSERVED TIME   NORMAL DEPARTURE LAST
                VALUE   (LST)  VALUE  FROM      YEAR
                                      NORMAL
......................................................
TEMPERATURE (F)
 YESTERDAY
  MAXIMUM         87    305 PM  75     12       80
  MINIMUM         64    441 AM  55      9       68
  AVERAGE         76            65     11       74

PRECIPITATION (IN)
  YESTERDAY        T             0.16  -0.16      T
  MONTH TO DATE    2.64          3.47  -0.83     2.73
  SINCE MAR 1     10.90         10.09   0.81     9.89
  SINCE JAN 1     14.01         14.63  -0.62    12.83

DEGREE DAYS
 HEATING
  YESTERDAY        0             3     -3        0
  MONTH TO DATE  166           150     16       85
  SINCE MAR 1   1046          1359   -313     1320
  SINCE JUL 1   4637          5742  -1105     6185

 COOLING
  YESTERDAY       11             3      8        9
  MONTH TO DATE   26            46    -20       97
  SINCE MAR 1     36            61    -25      100
  SINCE JAN 1     36            61    -25      100
......................................................


WIND (MPH)
  HIGHEST WIND SPEED    18   HIGHEST WIND DIRECTION     W (250)
  HIGHEST GUST SPEED    24   HIGHEST GUST DIRECTION     S (190)
  AVERAGE WIND SPEED     8.6


SKY COVER
  AVERAGE SKY COVER 0.3


WEATHER CONDITIONS
 THE FOLLOWING WEATHER WAS RECORDED YESTERDAY.
  LIGHT RAIN
  HAZE


RELATIVE HUMIDITY (PERCENT)
 HIGHEST    64          1000 PM
 LOWEST     37           200 PM
 AVERAGE    51

..........................................................


THE MUNCIE IN CLIMATE NORMALS FOR TODAY
                         NORMAL
 MAXIMUM TEMPERATURE (F)   75
 MINIMUM TEMPERATURE (F)   55


SUNRISE AND SUNSET
MAY 26 2016...........SUNRISE   617 AM EDT   SUNSET   901 PM EDT
MAY 27 2016...........SUNRISE   616 AM EDT   SUNSET   902 PM EDT


-  INDICATES NEGATIVE NUMBERS.
R  INDICATES RECORD WAS SET OR TIED.
MM INDICATES DATA IS MISSING.
T  INDICATES TRACE AMOUNT.




$$
