000
CDUS43 KIND 250546
CLIMIE


CLIMATE REPORT
NATIONAL WEATHER SERVICE INDIANAPOLIS IN
1243 AM EST THU DEC 25 2014


...................................

...THE MUNCIE IN CLIMATE SUMMARY FOR DECEMBER 24 2014...

CLIMATE NORMAL PERIOD 1981 TO 2010
CLIMATE RECORD PERIOD 9999 TO 9999


WEATHER ITEM   OBSERVED TIME   NORMAL DEPARTURE LAST
                VALUE   (LST)  VALUE  FROM      YEAR
                                      NORMAL
......................................................
TEMPERATURE (F)
 YESTERDAY
  MAXIMUM         47    131 AM  36     11       18
  MINIMUM         37   1159 PM  21     16        5
  AVERAGE         42            28     14       12

PRECIPITATION (IN)
  YESTERDAY        0.42          0.10   0.32      T
  MONTH TO DATE    1.63          2.27  -0.64     4.66
  SINCE DEC 1      1.63          2.27  -0.64     4.66
  SINCE JAN 1     38.92         39.51  -0.59    39.08

DEGREE DAYS
 HEATING
  YESTERDAY       23            37    -14       53
  MONTH TO DATE  721           803    -82      847
  SINCE DEC 1    721           803    -82      847
  SINCE JUL 1   2074          1938    136     2098

 COOLING
  YESTERDAY        0             0      0        0
  MONTH TO DATE    0             0      0        0
  SINCE DEC 1      0             0      0        0
  SINCE JAN 1    831           956   -125      973
......................................................


WIND (MPH)
  HIGHEST WIND SPEED    24   HIGHEST WIND DIRECTION     W (270)
  HIGHEST GUST SPEED    33   HIGHEST GUST DIRECTION     W (280)
  AVERAGE WIND SPEED    11.9


SKY COVER
  AVERAGE SKY COVER 1.0


WEATHER CONDITIONS
 THE FOLLOWING WEATHER WAS RECORDED YESTERDAY.
  MIXED PRECIP
  RAIN
  LIGHT RAIN
  FOG


RELATIVE HUMIDITY (PERCENT)
 HIGHEST   100          1200 AM
 LOWEST     85           800 PM
 AVERAGE    93

..........................................................


THE MUNCIE IN CLIMATE NORMALS FOR TODAY
                         NORMAL
 MAXIMUM TEMPERATURE (F)   35
 MINIMUM TEMPERATURE (F)   21


SUNRISE AND SUNSET
DECEMBER 25 2014......SUNRISE   802 AM EST   SUNSET   521 PM EST
DECEMBER 26 2014......SUNRISE   803 AM EST   SUNSET   522 PM EST


-  INDICATES NEGATIVE NUMBERS.
R  INDICATES RECORD WAS SET OR TIED.
MM INDICATES DATA IS MISSING.
T  INDICATES TRACE AMOUNT.




$$
