000
CDUS43 KIND 180535
CLIMIE


CLIMATE REPORT
NATIONAL WEATHER SERVICE INDIANAPOLIS IN
1234 AM EST THU JAN 18 2018


...................................

...THE MUNCIE IN CLIMATE SUMMARY FOR JANUARY 17 2018...

CLIMATE NORMAL PERIOD 1981 TO 2010
CLIMATE RECORD PERIOD 9999 TO 9999


WEATHER ITEM   OBSERVED TIME   NORMAL DEPARTURE LAST
                VALUE   (LST)  VALUE  FROM      YEAR
                                      NORMAL
......................................................
TEMPERATURE (F)
 YESTERDAY
  MAXIMUM         19    504 PM  34    -15       58
  MINIMUM          6    535 AM  19    -13       39
  AVERAGE         13            26    -13       49

PRECIPITATION (IN)
  YESTERDAY        T             0.07  -0.07     0.14
  MONTH TO DATE    0.80          1.23  -0.43     3.28
  SINCE DEC 1      1.77          4.11  -2.34     4.47
  SINCE JAN 1      0.80          1.23  -0.43     3.28

DEGREE DAYS
 HEATING
  YESTERDAY       52            39     13       16
  MONTH TO DATE  796           654    142      572
  SINCE DEC 1   1882          1717    165     1630
  SINCE JUL 1   2794          2852    -58     2332

 COOLING
  YESTERDAY        0             0      0        0
  MONTH TO DATE    0             0      0        0
  SINCE DEC 1      0             0      0        0
  SINCE JAN 1      0             0      0        0
......................................................


WIND (MPH)
  HIGHEST WIND SPEED    14   HIGHEST WIND DIRECTION    SW (230)
  HIGHEST GUST SPEED    19   HIGHEST GUST DIRECTION    SW (220)
  AVERAGE WIND SPEED     7.6


SKY COVER
  AVERAGE SKY COVER 0.5


WEATHER CONDITIONS
 THE FOLLOWING WEATHER WAS RECORDED YESTERDAY.
  LIGHT SNOW
  FOG
  HAZE


RELATIVE HUMIDITY (PERCENT)
 HIGHEST    80          1200 AM
 LOWEST     62           400 PM
 AVERAGE    71

..........................................................


THE MUNCIE IN CLIMATE NORMALS FOR TODAY
                         NORMAL
 MAXIMUM TEMPERATURE (F)   34
 MINIMUM TEMPERATURE (F)   19


SUNRISE AND SUNSET
JANUARY 18 2018.......SUNRISE   801 AM EST   SUNSET   544 PM EST
JANUARY 19 2018.......SUNRISE   800 AM EST   SUNSET   545 PM EST


-  INDICATES NEGATIVE NUMBERS.
R  INDICATES RECORD WAS SET OR TIED.
MM INDICATES DATA IS MISSING.
T  INDICATES TRACE AMOUNT.




$$
