000
CDUS43 KIND 290539
CLIMIE


CLIMATE REPORT
NATIONAL WEATHER SERVICE INDIANAPOLIS IN
134 AM EDT MON MAY 29 2017


...................................

...THE MUNCIE IN CLIMATE SUMMARY FOR MAY 28 2017...

CLIMATE NORMAL PERIOD 1981 TO 2010
CLIMATE RECORD PERIOD 9999 TO 9999


WEATHER ITEM   OBSERVED TIME   NORMAL DEPARTURE LAST
                VALUE   (LST)  VALUE  FROM      YEAR
                                      NORMAL
......................................................
TEMPERATURE (F)
 YESTERDAY
  MAXIMUM         79    401 PM  76      3       86
  MINIMUM         61    520 AM  56      5       72
  AVERAGE         70            66      4       79

PRECIPITATION (IN)
  YESTERDAY        T             0.15  -0.15     0.01
  MONTH TO DATE    3.52          3.93  -0.41     2.65
  SINCE MAR 1     13.82         10.55   3.27    10.91
  SINCE JAN 1     19.53         15.09   4.44    14.02

DEGREE DAYS
 HEATING
  YESTERDAY        0             3     -3        0
  MONTH TO DATE  154           159     -5      166
  SINCE MAR 1   1073          1368   -295     1046
  SINCE JUL 1   4361          5751  -1390     4637

 COOLING
  YESTERDAY        5             4      1       14
  MONTH TO DATE   69            56     13       62
  SINCE MAR 1    103            71     32       72
  SINCE JAN 1    103            71     32       72
......................................................


WIND (MPH)
  HIGHEST WIND SPEED    17   HIGHEST WIND DIRECTION     W (250)
  HIGHEST GUST SPEED    23   HIGHEST GUST DIRECTION     W (250)
  AVERAGE WIND SPEED     7.9


SKY COVER
  AVERAGE SKY COVER 0.3


WEATHER CONDITIONS
 THE FOLLOWING WEATHER WAS RECORDED YESTERDAY.
  LIGHT RAIN
  FOG


RELATIVE HUMIDITY (PERCENT)
 HIGHEST    93           200 AM
 LOWEST     54           400 PM
 AVERAGE    74

..........................................................


THE MUNCIE IN CLIMATE NORMALS FOR TODAY
                         NORMAL
 MAXIMUM TEMPERATURE (F)   76
 MINIMUM TEMPERATURE (F)   56


SUNRISE AND SUNSET
MAY 29 2017...........SUNRISE   615 AM EDT   SUNSET   903 PM EDT
MAY 30 2017...........SUNRISE   615 AM EDT   SUNSET   904 PM EDT


-  INDICATES NEGATIVE NUMBERS.
R  INDICATES RECORD WAS SET OR TIED.
MM INDICATES DATA IS MISSING.
T  INDICATES TRACE AMOUNT.




$$
