000
CDUS43 KIND 280532
CLIMIE


CLIMATE REPORT
NATIONAL WEATHER SERVICE INDIANAPOLIS IN
131 AM EDT SUN AUG 28 2016


...................................

...THE MUNCIE IN CLIMATE SUMMARY FOR AUGUST 27 2016...

CLIMATE NORMAL PERIOD 1981 TO 2010
CLIMATE RECORD PERIOD 9999 TO 9999


WEATHER ITEM   OBSERVED TIME   NORMAL DEPARTURE LAST
                VALUE   (LST)  VALUE  FROM      YEAR
                                      NORMAL
......................................................
TEMPERATURE (F)
 YESTERDAY
  MAXIMUM         83    539 PM  82      1       74
  MINIMUM         70    554 AM  61      9       54
  AVERAGE         77            72      5       64

PRECIPITATION (IN)
  YESTERDAY        0.11          0.11   0.00     0.00
  MONTH TO DATE    8.24          2.86   5.38     2.13
  SINCE JUN 1     14.19         11.90   2.29    16.68
  SINCE JAN 1     28.26         27.47   0.79    31.48

DEGREE DAYS
 HEATING
  YESTERDAY        0             0      0        1
  MONTH TO DATE    0             0      0       15
  SINCE JUN 1      6            27    -21       43
  SINCE JUL 1      3             3      0       15

 COOLING
  YESTERDAY       12             7      5        0
  MONTH TO DATE  321           213    108      114
  SINCE JUN 1    942           723    219      589
  SINCE JAN 1   1049           806    243      733
......................................................


WIND (MPH)
  HIGHEST WIND SPEED    16   HIGHEST WIND DIRECTION     W (290)
  HIGHEST GUST SPEED    20   HIGHEST GUST DIRECTION    NW (300)
  AVERAGE WIND SPEED     3.8


SKY COVER
  AVERAGE SKY COVER 0.2


WEATHER CONDITIONS
 THE FOLLOWING WEATHER WAS RECORDED YESTERDAY.
  THUNDERSTORM
  LIGHT RAIN
  FOG


RELATIVE HUMIDITY (PERCENT)
 HIGHEST    97           500 AM
 LOWEST     65           600 PM
 AVERAGE    81

..........................................................


THE MUNCIE IN CLIMATE NORMALS FOR TODAY
                         NORMAL
 MAXIMUM TEMPERATURE (F)   82
 MINIMUM TEMPERATURE (F)   61


SUNRISE AND SUNSET
AUGUST 28 2016........SUNRISE   706 AM EDT   SUNSET   819 PM EDT
AUGUST 29 2016........SUNRISE   707 AM EDT   SUNSET   817 PM EDT


-  INDICATES NEGATIVE NUMBERS.
R  INDICATES RECORD WAS SET OR TIED.
MM INDICATES DATA IS MISSING.
T  INDICATES TRACE AMOUNT.




$$
