000
CDUS43 KMKX 050044
CLIMKE


CLIMATE REPORT
NATIONAL WEATHER SERVICE IN MILWAUKEE
743 PM CDT FRI SEP 4 2015


...................................

...THE MILWAUKEE WI CLIMATE SUMMARY FOR SEPTEMBER 4 2015...
VALID TODAY AS OF 0700 PM LOCAL TIME.

CLIMATE NORMAL PERIOD 1981 TO 2010
CLIMATE RECORD PERIOD 1871 TO 2015


WEATHER ITEM   OBSERVED TIME   RECORD YEAR NORMAL DEPARTURE LAST
                VALUE   (LST)  VALUE       VALUE  FROM      YEAR
                                                  NORMAL
..................................................................
TEMPERATURE (F)
 TODAY
  MAXIMUM         77   1231 PM  92    1990  76      1       85
  MINIMUM         64    526 AM  41    1974  60      4       68
  AVERAGE         71                        68      3       77

PRECIPITATION (IN)
  TODAY            0.00          2.11 1889   0.10  -0.10     0.27
  MONTH TO DATE    T                         0.41  -0.41     0.29
  SINCE SEP 1      T                         0.41  -0.41     0.29
  SINCE JAN 1     17.75                     24.59  -6.84    25.58

SNOWFALL (IN)
  TODAY            0.0           0.0    MM   0.0    0.0      0.0
  MONTH TO DATE    0.0                       0.0    0.0      0.0
  SINCE SEP 1      0.0                       0.0    0.0      0.0
  SINCE JUL 1      0.0                       0.0    0.0      0.0
  SNOW DEPTH       0

DEGREE DAYS
 HEATING
  TODAY            0                         1     -1        0
  MONTH TO DATE    0                         4     -4        0
  SINCE SEP 1      0                         4     -4        0
  SINCE JUL 1     48                        30     18       26

 COOLING
  TODAY            6                         4      2       12
  MONTH TO DATE   45                        17     28       35
  SINCE SEP 1     45                        17     28       35
  SINCE JAN 1    532                       582    -50      436
..................................................................


WIND (MPH)
  HIGHEST WIND SPEED    13   HIGHEST WIND DIRECTION    NE (60)
  HIGHEST GUST SPEED    16   HIGHEST GUST DIRECTION    NE (60)
  AVERAGE WIND SPEED     5.9


SKY COVER
  POSSIBLE SUNSHINE  MM
  AVERAGE SKY COVER 0.6


WEATHER CONDITIONS
 THE FOLLOWING WEATHER WAS RECORDED TODAY.
  FOG


RELATIVE HUMIDITY (PERCENT)
 HIGHEST   100           600 AM
 LOWEST     73          1000 AM
 AVERAGE    87

..........................................................


THE MILWAUKEE WI CLIMATE NORMALS FOR TOMORROW
                         NORMAL    RECORD    YEAR
 MAXIMUM TEMPERATURE (F)   75        94      1912
 MINIMUM TEMPERATURE (F)   59        43      1962


SUNRISE AND SUNSET
SEPTEMBER  4 2015.....SUNRISE   619 AM CDT   SUNSET   721 PM CDT
SEPTEMBER  5 2015.....SUNRISE   620 AM CDT   SUNSET   720 PM CDT


-  INDICATES NEGATIVE NUMBERS.
R  INDICATES RECORD WAS SET OR TIED.
MM INDICATES DATA IS MISSING.
T  INDICATES TRACE AMOUNT.




$$
