218
CDUS43 KMKX 080647
CLIMKE


CLIMATE REPORT
NATIONAL WEATHER SERVICE IN MILWAUKEE
1247 AM CST MON FEB 8 2016


...................................

...THE MILWAUKEE WI CLIMATE SUMMARY FOR FEBRUARY 7 2016...

CLIMATE NORMAL PERIOD 1981 TO 2010
CLIMATE RECORD PERIOD 1871 TO 2016


WEATHER ITEM   OBSERVED TIME   RECORD YEAR NORMAL DEPARTURE LAST
                VALUE   (LST)  VALUE       VALUE  FROM      YEAR
                                                  NORMAL
..................................................................
TEMPERATURE (F)
 YESTERDAY
  MAXIMUM         45    313 PM  53    2009  31     14       36
  MINIMUM         31   1159 PM -20    1875  17     14       19
  AVERAGE         38                        24     14       28

PRECIPITATION (IN)
  YESTERDAY        0.00          0.97 1933   0.05  -0.05     0.00
  MONTH TO DATE    0.30                      0.37  -0.07     0.57
  SINCE DEC 1      4.81                      4.17   0.64     2.51
  SINCE JAN 1      0.99                      2.13  -1.14     1.48

SNOWFALL (IN)
  YESTERDAY        0.0          11.5  1933   0.3   -0.3      0.0
  MONTH TO DATE    T                         2.6   -2.6     12.4
  SINCE DEC 1     14.5                      27.9  -13.4     26.1
  SINCE JUL 1     21.4                      30.6   -9.2     30.9
  SNOW DEPTH       0

DEGREE DAYS
 HEATING
  YESTERDAY       27                        41    -14       37
  MONTH TO DATE  229                       291    -62      336
  SINCE DEC 1   2366                      2811   -445     2683
  SINCE JUL 1   3405                      4176   -771     4254

 COOLING
  YESTERDAY        0                         0      0        0
  MONTH TO DATE    0                         0      0        0
  SINCE DEC 1      0                         0      0        0
  SINCE JAN 1      0                         0      0        0
..................................................................


WIND (MPH)
  HIGHEST WIND SPEED    22   HIGHEST WIND DIRECTION    SW (240)
  HIGHEST GUST SPEED    30   HIGHEST GUST DIRECTION    SW (210)
  AVERAGE WIND SPEED    13.2


SKY COVER
  POSSIBLE SUNSHINE  MM
  AVERAGE SKY COVER 0.6


WEATHER CONDITIONS
 THE FOLLOWING WEATHER WAS RECORDED YESTERDAY.
  NO SIGNIFICANT WEATHER WAS OBSERVED.


RELATIVE HUMIDITY (PERCENT)
 HIGHEST    82           100 AM
 LOWEST     57          1200 PM
 AVERAGE    70

..........................................................


THE MILWAUKEE WI CLIMATE NORMALS FOR TODAY
                         NORMAL    RECORD    YEAR
 MAXIMUM TEMPERATURE (F)   31        55      1990
                                             1925
                                             1900
 MINIMUM TEMPERATURE (F)   18       -18      1899


SUNRISE AND SUNSET
FEBRUARY  8 2016......SUNRISE   659 AM CST   SUNSET   513 PM CST
FEBRUARY  9 2016......SUNRISE   658 AM CST   SUNSET   514 PM CST


-  INDICATES NEGATIVE NUMBERS.
R  INDICATES RECORD WAS SET OR TIED.
MM INDICATES DATA IS MISSING.
T  INDICATES TRACE AMOUNT.




$$
