000
CDUS43 KMKX 180650
CLIMKE


CLIMATE REPORT
NATIONAL WEATHER SERVICE IN MILWAUKEE
1250 AM CST WED JAN 18 2017


...................................

...THE MILWAUKEE WI CLIMATE SUMMARY FOR JANUARY 17 2017...

CLIMATE NORMAL PERIOD 1981 TO 2010
CLIMATE RECORD PERIOD 1871 TO 2017


WEATHER ITEM   OBSERVED TIME   RECORD YEAR NORMAL DEPARTURE LAST
                VALUE   (LST)  VALUE       VALUE  FROM      YEAR
                                                  NORMAL
..................................................................
TEMPERATURE (F)
 YESTERDAY
  MAXIMUM         40    152 PM  54    1894  29     11        4
  MINIMUM         36   1159 PM -26    1982  15     21       -4
  AVERAGE         38                        22     16        0

PRECIPITATION (IN)
  YESTERDAY        0.11          0.77 1897   0.05   0.06     0.00
  MONTH TO DATE    1.19                      1.01   0.18     0.36
  SINCE DEC 1      3.12                      3.05   0.07     4.18
  SINCE JAN 1      1.19                      1.01   0.18     0.36

SNOWFALL (IN)
  YESTERDAY        0.0           4.8  2011   0.5   -0.5      0.0
  MONTH TO DATE    1.0                       8.3   -7.3      4.1
  SINCE DEC 1     19.8                      18.9    0.9     13.7
  SINCE JUL 1     19.8                      21.6   -1.8     20.6
  SNOW DEPTH       0

DEGREE DAYS
 HEATING
  YESTERDAY       27                        43    -16       65
  MONTH TO DATE  716                       726    -10      737
  SINCE DEC 1   1923                      1921      2     1576
  SINCE JUL 1   2753                      3286   -533     2615

 COOLING
  YESTERDAY        0                         0      0        0
  MONTH TO DATE    0                         0      0        0
  SINCE DEC 1      0                         0      0        0
  SINCE JAN 1      0                         0      0        0
..................................................................


WIND (MPH)
  HIGHEST WIND SPEED    12   HIGHEST WIND DIRECTION     W (270)
  HIGHEST GUST SPEED    15   HIGHEST GUST DIRECTION     W (270)
  AVERAGE WIND SPEED     8.3


SKY COVER
  POSSIBLE SUNSHINE  MM
  AVERAGE SKY COVER 1.0


WEATHER CONDITIONS
 THE FOLLOWING WEATHER WAS RECORDED YESTERDAY.
  RAIN
  LIGHT RAIN
  FOG


RELATIVE HUMIDITY (PERCENT)
 HIGHEST    92           100 AM
 LOWEST     85          1100 AM
 AVERAGE    89

..........................................................


THE MILWAUKEE WI CLIMATE NORMALS FOR TODAY
                         NORMAL    RECORD    YEAR
 MAXIMUM TEMPERATURE (F)   29        53      1996
 MINIMUM TEMPERATURE (F)   15       -21      1994
                                             1930


SUNRISE AND SUNSET
JANUARY 18 2017.......SUNRISE   718 AM CST   SUNSET   447 PM CST
JANUARY 19 2017.......SUNRISE   717 AM CST   SUNSET   448 PM CST


-  INDICATES NEGATIVE NUMBERS.
R  INDICATES RECORD WAS SET OR TIED.
MM INDICATES DATA IS MISSING.
T  INDICATES TRACE AMOUNT.




$$
