000
CDUS43 KMKX 220657
CLIMKE


CLIMATE REPORT
NATIONAL WEATHER SERVICE IN MILWAUKEE
157 AM CDT MON SEP 22 2014


...................................

...THE MILWAUKEE WI CLIMATE SUMMARY FOR SEPTEMBER 21 2014...

CLIMATE NORMAL PERIOD 1981 TO 2010
CLIMATE RECORD PERIOD 1871 TO 2014


WEATHER ITEM   OBSERVED TIME   RECORD YEAR NORMAL DEPARTURE LAST
                VALUE   (LST)  VALUE       VALUE  FROM      YEAR
                                                  NORMAL
..................................................................
TEMPERATURE (F)
 YESTERDAY
  MAXIMUM         63    101 AM  90    1920  69     -6       61
                                      1893
  MINIMUM         48   1159 PM  33    1962  53     -5       50
  AVERAGE         56                        61     -5       56

PRECIPITATION (IN)
  YESTERDAY        T             2.71 1947   0.11  -0.11     0.00
  MONTH TO DATE    1.07                      2.23  -1.16     1.45
  SINCE SEP 1      1.07                      2.23  -1.16     1.45
  SINCE JAN 1     26.36                     26.41  -0.05    31.58

SNOWFALL (IN)
  YESTERDAY        0.0           0.0    MM   0.0    0.0      0.0
  MONTH TO DATE    0.0                       0.0    0.0      0.0
  SINCE SEP 1      0.0                       0.0    0.0      0.0
  SINCE JUL 1      0.0                       0.0    0.0      0.0
  SNOW DEPTH       0

DEGREE DAYS
 HEATING
  YESTERDAY        9                         5      4        9
  MONTH TO DATE  112                        61     51       53
  SINCE SEP 1    112                        61     51       53
  SINCE JUL 1    138                        87     51       75

 COOLING
  YESTERDAY        0                         1     -1        0
  MONTH TO DATE   58                        61     -3       99
  SINCE SEP 1     58                        61     -3       99
  SINCE JAN 1    459                       626   -167      676
..................................................................


WIND (MPH)
  HIGHEST WIND SPEED    23   HIGHEST WIND DIRECTION     N (360)
  HIGHEST GUST SPEED    31   HIGHEST GUST DIRECTION    NW (310)
  AVERAGE WIND SPEED    12.4


SKY COVER
  POSSIBLE SUNSHINE  MM
  AVERAGE SKY COVER 0.5


WEATHER CONDITIONS
 THE FOLLOWING WEATHER WAS RECORDED YESTERDAY.
  LIGHT RAIN


RELATIVE HUMIDITY (PERCENT)
 HIGHEST    84           100 AM
 LOWEST     53           400 PM
 AVERAGE    69

..........................................................


THE MILWAUKEE WI CLIMATE NORMALS FOR TODAY
                         NORMAL    RECORD    YEAR
 MAXIMUM TEMPERATURE (F)   69        92      1937
 MINIMUM TEMPERATURE (F)   52        32      1974


SUNRISE AND SUNSET
SEPTEMBER 22 2014.....SUNRISE   639 AM CDT   SUNSET   649 PM CDT
SEPTEMBER 23 2014.....SUNRISE   640 AM CDT   SUNSET   647 PM CDT


-  INDICATES NEGATIVE NUMBERS.
R  INDICATES RECORD WAS SET OR TIED.
MM INDICATES DATA IS MISSING.
T  INDICATES TRACE AMOUNT.




$$
