000
CDUS43 KGRR 300518
CLIMKG


CLIMATE REPORT
NATIONAL WEATHER SERVICE GRAND RAPIDS, MI
117 AM EDT SAT AUG 30 2014


...................................

...THE MUSKEGON MI CLIMATE SUMMARY FOR AUGUST 29 2014...

CLIMATE NORMAL PERIOD 1981 TO 2010
CLIMATE RECORD PERIOD 1896 TO 2014


WEATHER ITEM   OBSERVED TIME   RECORD YEAR NORMAL DEPARTURE LAST
                VALUE   (LST)  VALUE       VALUE  FROM      YEAR
                                                  NORMAL
..................................................................
TEMPERATURE (F)
 YESTERDAY
  MAXIMUM         78    251 PM  94    1953  77      1       86
  MINIMUM         63    420 AM  38    1982  59      4       67
  AVERAGE         71                        68      3       77

PRECIPITATION (IN)
  YESTERDAY        0.64          1.45 1932   0.12   0.52     0.00
  MONTH TO DATE    2.56                      3.16  -0.60     1.88
  SINCE JUN 1     13.31                      8.08   5.23     8.50
  SINCE JAN 1     26.61                     20.35   6.26    31.19

SNOWFALL (IN)
  YESTERDAY        0.0          MM      MM   0.0    0.0      0.0
  MONTH TO DATE    0.0                       0.0    0.0      0.0
  SINCE JUN 1      0.0                       0.0    0.0      0.0
  SINCE JUL 1      0.0                       0.0    0.0      0.0
  SNOW DEPTH       0

DEGREE DAYS
 HEATING
  YESTERDAY        0                         1     -1        0
  MONTH TO DATE   18                        12      6       18
  SINCE JUN 1     80                        89     -9       87
  SINCE JUL 1     49                        23     26       35

 COOLING
  YESTERDAY        6                         4      2       12
  MONTH TO DATE  153                       159     -6      141
  SINCE JUN 1    362                       466   -104      459
  SINCE JAN 1    379                       495   -116      519
..................................................................


WIND (MPH)
  RESULTANT WIND SPEED  10   RESULTANT WIND DIRECTION  SE (130)
  HIGHEST WIND SPEED    18   HIGHEST WIND DIRECTION    SE (140)
  HIGHEST GUST SPEED    23   HIGHEST GUST DIRECTION    SE (140)
  AVERAGE WIND SPEED    10.3


SKY COVER
  AVERAGE SKY COVER 0.7


WEATHER CONDITIONS
 THE FOLLOWING WEATHER WAS RECORDED YESTERDAY.
  THUNDERSTORM
  HEAVY RAIN
  RAIN
  LIGHT RAIN
  FOG
  HAZE


RELATIVE HUMIDITY (PERCENT)
 HIGHEST    87           900 PM
 LOWEST     60           100 AM
 AVERAGE    74

..........................................................


THE MUSKEGON MI CLIMATE NORMALS FOR TODAY
                         NORMAL    RECORD    YEAR
 MAXIMUM TEMPERATURE (F)   77        90      2010
 MINIMUM TEMPERATURE (F)   59        41      1976


SUNRISE AND SUNSET
AUGUST 30 2014........SUNRISE   707 AM EDT   SUNSET   823 PM EDT
AUGUST 31 2014........SUNRISE   708 AM EDT   SUNSET   822 PM EDT


-  INDICATES NEGATIVE NUMBERS.
R  INDICATES RECORD WAS SET OR TIED.
MM INDICATES DATA IS MISSING.
T  INDICATES TRACE AMOUNT.




$$
