000
CDUS43 KGRR 070517
CLIMKG


CLIMATE REPORT
NATIONAL WEATHER SERVICE GRAND RAPIDS, MI
1215 AM EST SAT MAR 7 2015


...................................

...THE MUSKEGON MI CLIMATE SUMMARY FOR MARCH 6 2015...

CLIMATE NORMAL PERIOD 1981 TO 2010
CLIMATE RECORD PERIOD 1896 TO 2015


WEATHER ITEM   OBSERVED TIME   RECORD YEAR NORMAL DEPARTURE LAST
                VALUE   (LST)  VALUE       VALUE  FROM      YEAR
                                                  NORMAL
..................................................................
TEMPERATURE (F)
 YESTERDAY
  MAXIMUM         29   1159 PM  67    1983  39    -10       29
  MINIMUM         12   1204 AM  -4    1912  24    -12        2
  AVERAGE         21                        32    -11       16

PRECIPITATION (IN)
  YESTERDAY        T             1.09 1946   0.07  -0.07     0.00
  MONTH TO DATE    0.46                      0.44   0.02     0.35
  SINCE MAR 1      0.46                      0.44   0.02     0.35
  SINCE JAN 1      3.75                      4.30  -0.55     5.48

SNOWFALL (IN)
  YESTERDAY        T             5.6  1971   0.4   -0.4      0.0
  MONTH TO DATE    4.0                       2.6    1.4      6.0
  SINCE MAR 1      4.0                       2.6    1.4      6.0
  SINCE JUL 1     92.1                      85.0    7.1    129.6
  SNOW DEPTH      16

DEGREE DAYS
 HEATING
  YESTERDAY       44                        33     11       49
  MONTH TO DATE  260                       205     55      311
  SINCE MAR 1    260                       205     55      311
  SINCE JUL 1   5385                      4937    448     5451

 COOLING
  YESTERDAY        0                         0      0        0
  MONTH TO DATE    0                         0      0        0
  SINCE MAR 1      0                         0      0        0
  SINCE JAN 1      0                         0      0        0
..................................................................


WIND (MPH)
  RESULTANT WIND SPEED  13   RESULTANT WIND DIRECTION  SW (210)
  HIGHEST WIND SPEED    26   HIGHEST WIND DIRECTION     S (200)
  HIGHEST GUST SPEED    36   HIGHEST GUST DIRECTION     S (200)
  AVERAGE WIND SPEED    15.2


SKY COVER
  AVERAGE SKY COVER 0.9


WEATHER CONDITIONS
 THE FOLLOWING WEATHER WAS RECORDED YESTERDAY.
  LIGHT SNOW
  HAZE


RELATIVE HUMIDITY (PERCENT)
 HIGHEST    76           100 AM
 LOWEST     57           400 PM
 AVERAGE    67

..........................................................


THE MUSKEGON MI CLIMATE NORMALS FOR TODAY
                         NORMAL    RECORD    YEAR
 MAXIMUM TEMPERATURE (F)   39        64      2000
 MINIMUM TEMPERATURE (F)   25        -1      1986


SUNRISE AND SUNSET
MARCH  7 2015.........SUNRISE   711 AM EST   SUNSET   641 PM EST
MARCH  8 2015.........SUNRISE   810 AM EDT   SUNSET   742 PM EDT


-  INDICATES NEGATIVE NUMBERS.
R  INDICATES RECORD WAS SET OR TIED.
MM INDICATES DATA IS MISSING.
T  INDICATES TRACE AMOUNT.




$$

CAS
