000
CDUS43 KGRR 200516
CLIMKG


CLIMATE REPORT
NATIONAL WEATHER SERVICE GRAND RAPIDS, MI
1216 AM EST SAT JAN 20 2018


...................................

...THE MUSKEGON MI CLIMATE SUMMARY FOR JANUARY 19 2018...

CLIMATE NORMAL PERIOD 1981 TO 2010
CLIMATE RECORD PERIOD 1896 TO 2018


WEATHER ITEM   OBSERVED TIME   RECORD YEAR NORMAL DEPARTURE LAST
                VALUE   (LST)  VALUE       VALUE  FROM      YEAR
                                                  NORMAL
..................................................................
TEMPERATURE (F)
 YESTERDAY
  MAXIMUM         38   1159 PM  51    1973  30      8       41
  MINIMUM         33    830 AM  -7    1971  20     13       35
  AVERAGE         36                        25     11       38

PRECIPITATION (IN)
  YESTERDAY        0.00          1.08 1907   0.06  -0.06     0.00
  MONTH TO DATE    1.79                      1.31   0.48     2.21
  SINCE DEC 1      4.56                      3.86   0.70     4.43
  SINCE JAN 1      1.79                      1.31   0.48     2.21

SNOWFALL (IN)
  YESTERDAY        0.0          12.3  1985   0.9   -0.9      0.0
  MONTH TO DATE   17.5                      17.1    0.4     11.8
  SINCE DEC 1     69.2                      46.0   23.2     34.8
  SINCE JUL 1     69.2                      52.2   17.0     35.8
  SNOW DEPTH       2

DEGREE DAYS
 HEATING
  YESTERDAY       29                        40    -11       27
  MONTH TO DATE  795                       747     48      722
  SINCE DEC 1   1989                      1826    163     1782
  SINCE JUL 1   3148                      3193    -45     2687

 COOLING
  YESTERDAY        0                         0      0        0
  MONTH TO DATE    0                         0      0        0
  SINCE DEC 1      0                         0      0        0
  SINCE JAN 1      0                         0      0        0
..................................................................


WIND (MPH)
  RESULTANT WIND SPEED  18   RESULTANT WIND DIRECTION  SW (210)
  HIGHEST WIND SPEED    29   HIGHEST WIND DIRECTION    SW (210)
  HIGHEST GUST SPEED    40   HIGHEST GUST DIRECTION    SW (210)
  AVERAGE WIND SPEED    18.9


SKY COVER
  AVERAGE SKY COVER 0.6


WEATHER CONDITIONS
 THE FOLLOWING WEATHER WAS RECORDED YESTERDAY.
  NO SIGNIFICANT WEATHER WAS OBSERVED.


RELATIVE HUMIDITY (PERCENT)
 HIGHEST    76          1100 PM
 LOWEST     64           500 PM
 AVERAGE    70

..........................................................


THE MUSKEGON MI CLIMATE NORMALS FOR TODAY
                         NORMAL    RECORD    YEAR
 MAXIMUM TEMPERATURE (F)   30        47      2006
 MINIMUM TEMPERATURE (F)   20        -4      2009
                                             1962


SUNRISE AND SUNSET
JANUARY 20 2018.......SUNRISE   811 AM EST   SUNSET   541 PM EST
JANUARY 21 2018.......SUNRISE   810 AM EST   SUNSET   543 PM EST


-  INDICATES NEGATIVE NUMBERS.
R  INDICATES RECORD WAS SET OR TIED.
MM INDICATES DATA IS MISSING.
T  INDICATES TRACE AMOUNT.




$$
