000
CDUS44 KMEG 230632
CLIMKL


CLIMATE REPORT
NATIONAL WEATHER SERVICE MEMPHIS TN
132 AM CDT SUN JUL 23 2017


...................................

...THE JACKSON CLIMATE SUMMARY FOR JULY 22 2017...

CLIMATE NORMAL PERIOD 1981 TO 2010
CLIMATE RECORD PERIOD 1948 TO 2017


WEATHER ITEM   OBSERVED TIME   RECORD YEAR NORMAL DEPARTURE LAST
                VALUE   (LST)  VALUE       VALUE  FROM      YEAR
                                                  NORMAL
..................................................................
TEMPERATURE (F)
 YESTERDAY
  MAXIMUM         98    223 PM 101    1952  91      7       99
  MINIMUM         75    535 AM  57    2007  69      6       73
  AVERAGE         87                        80      7       86

PRECIPITATION (IN)
  YESTERDAY        0.00          1.79 1995   0.14  -0.14      T
  MONTH TO DATE    2.66                      3.23  -0.57     0.79
  SINCE JUN 1      4.70                      8.07  -3.37     3.09
  SINCE JAN 1     27.35                     31.61  -4.26    28.33

DEGREE DAYS
 HEATING
  YESTERDAY        0                         0      0        0
  MONTH TO DATE    0                         0      0        0
  SINCE JUN 1      0                         2     -2        0
  SINCE JUL 1      0                         0      0        0

 COOLING
  YESTERDAY       22                        15      7       21
  MONTH TO DATE  358                       323     35      374
  SINCE JUN 1    703                       662     41      797
  SINCE JAN 1    971                       877     94      981
..................................................................


WIND (MPH)
  HIGHEST WIND SPEED    14   HIGHEST WIND DIRECTION    SW (210)
  HIGHEST GUST SPEED    18   HIGHEST GUST DIRECTION     W (250)
  AVERAGE WIND SPEED     6.3


SKY COVER
  POSSIBLE SUNSHINE  MM
  AVERAGE SKY COVER 0.1


WEATHER CONDITIONS
 THE FOLLOWING WEATHER WAS RECORDED YESTERDAY.
  FOG


RELATIVE HUMIDITY (PERCENT)
 HIGHEST   100           200 AM
 LOWEST     42           200 PM
 AVERAGE    71

..........................................................


THE JACKSON CLIMATE NORMALS FOR TODAY
                         NORMAL    RECORD    YEAR
 MAXIMUM TEMPERATURE (F)   91       101      1952
 MINIMUM TEMPERATURE (F)   69        56      2007


SUNRISE AND SUNSET
JULY 23 2017..........SUNRISE   557 AM CDT   SUNSET   807 PM CDT
JULY 24 2017..........SUNRISE   558 AM CDT   SUNSET   806 PM CDT


-  INDICATES NEGATIVE NUMBERS.
R  INDICATES RECORD WAS SET OR TIED.
MM INDICATES DATA IS MISSING.
T  INDICATES TRACE AMOUNT.




$$
