000
CDUS44 KMEG 140738
CLIMKL


CLIMATE REPORT
NATIONAL WEATHER SERVICE MEMPHIS TN
137 AM CST THU DEC 14 2017


...................................

...THE JACKSON CLIMATE SUMMARY FOR DECEMBER 13 2017...

CLIMATE NORMAL PERIOD 1981 TO 2010
CLIMATE RECORD PERIOD 1948 TO 2017


WEATHER ITEM   OBSERVED TIME   RECORD YEAR NORMAL DEPARTURE LAST
                VALUE   (LST)  VALUE       VALUE  FROM      YEAR
                                                  NORMAL
..................................................................
TEMPERATURE (F)
 YESTERDAY
  MAXIMUM         57    302 PM  76    2015  51      6       47
  MINIMUM         19    336 AM  -1    1962  31    -12       35
  AVERAGE         38                        41     -3       41

PRECIPITATION (IN)
  YESTERDAY        0.00          1.96 1991   0.18  -0.18     0.05
  MONTH TO DATE    0.89                      2.41  -1.52     1.98
  SINCE DEC 1      0.89                      2.41  -1.52     1.98
  SINCE JAN 1     43.82                     50.33  -6.51    41.53

DEGREE DAYS
 HEATING
  YESTERDAY       27                        24      3       24
  MONTH TO DATE  288                       292     -4      317
  SINCE DEC 1    288                       292     -4      317
  SINCE JUL 1    889                       959    -70      701

 COOLING
  YESTERDAY        0                         0      0        0
  MONTH TO DATE    0                         0      0        0
  SINCE DEC 1      0                         0      0        0
  SINCE JAN 1   1812                      1697    115     2092
..................................................................


WIND (MPH)
  HIGHEST WIND SPEED    25   HIGHEST WIND DIRECTION    SW (240)
  HIGHEST GUST SPEED    34   HIGHEST GUST DIRECTION    SW (240)
  AVERAGE WIND SPEED    10.4


SKY COVER
  POSSIBLE SUNSHINE  MM
  AVERAGE SKY COVER 0.0


WEATHER CONDITIONS
 THE FOLLOWING WEATHER WAS RECORDED YESTERDAY.
  NO SIGNIFICANT WEATHER WAS OBSERVED.


RELATIVE HUMIDITY (PERCENT)
 HIGHEST    92           200 AM
 LOWEST     25           300 PM
 AVERAGE    59

..........................................................


THE JACKSON CLIMATE NORMALS FOR TODAY
                         NORMAL    RECORD    YEAR
 MAXIMUM TEMPERATURE (F)   51        77      1984
 MINIMUM TEMPERATURE (F)   31        11      2010


SUNRISE AND SUNSET
DECEMBER 14 2017......SUNRISE   657 AM CST   SUNSET   444 PM CST
DECEMBER 15 2017......SUNRISE   658 AM CST   SUNSET   444 PM CST


-  INDICATES NEGATIVE NUMBERS.
R  INDICATES RECORD WAS SET OR TIED.
MM INDICATES DATA IS MISSING.
T  INDICATES TRACE AMOUNT.




$$
