000
CDUS44 KMEG 290638
CLIMKL


CLIMATE REPORT
NATIONAL WEATHER SERVICE MEMPHIS TN
137 AM CDT THU SEP 29 2016


...................................

...THE JACKSON CLIMATE SUMMARY FOR SEPTEMBER 28 2016...

CLIMATE NORMAL PERIOD 1981 TO 2010
CLIMATE RECORD PERIOD 1948 TO 2016


WEATHER ITEM   OBSERVED TIME   RECORD YEAR NORMAL DEPARTURE LAST
                VALUE   (LST)  VALUE       VALUE  FROM      YEAR
                                                  NORMAL
..................................................................
TEMPERATURE (F)
 YESTERDAY
  MAXIMUM         87        MM  97    1953  79      8       76
  MINIMUM         49        MM  40    1967  54     -5       67
  AVERAGE         68                        67      1       72

PRECIPITATION (IN)
  YESTERDAY        0.00          2.53 1964   0.13  -0.13     0.28
  MONTH TO DATE    1.69                      3.11  -1.42     1.68
  SINCE SEP 1      1.69                      3.11  -1.42     1.68
  SINCE JAN 1     35.56                     38.98  -3.42    33.14

SNOWFALL (IN)
  YESTERDAY        0.0           0.0  2002   0.0    0.0      0.0
                                      2001
  MONTH TO DATE    0.0                       0.0    0.0      0.0
  SINCE SEP 1      0.0                       0.0    0.0      0.0
  SINCE JUL 1      0.0                       0.0    0.0      0.0
  SNOW DEPTH       0

DEGREE DAYS
 HEATING
  YESTERDAY        0                         2     -2        0
  MONTH TO DATE    1                        19    -18        9
  SINCE SEP 1      1                        19    -18        9
  SINCE JUL 1      1                        19    -18        9

 COOLING
  YESTERDAY        3                         4     -1        7
  MONTH TO DATE  322                       213    109      220
  SINCE SEP 1    322                       213    109      220
  SINCE JAN 1   1951                      1636    315     1782
..................................................................


WIND (MPH)
  HIGHEST WIND SPEED    17   HIGHEST WIND DIRECTION    SW (230)
  HIGHEST GUST SPEED    MM   HIGHEST GUST DIRECTION    MM
  AVERAGE WIND SPEED    10.0


SKY COVER
  POSSIBLE SUNSHINE  MM
  AVERAGE SKY COVER 0.2


WEATHER CONDITIONS
 THE FOLLOWING WEATHER WAS RECORDED YESTERDAY.
  NO SIGNIFICANT WEATHER WAS OBSERVED.


RELATIVE HUMIDITY (PERCENT)
 HIGHEST    MM
 LOWEST     MM
 AVERAGE    MM

..........................................................


THE JACKSON CLIMATE NORMALS FOR TODAY
                         NORMAL    RECORD    YEAR
 MAXIMUM TEMPERATURE (F)   79        98      1953
 MINIMUM TEMPERATURE (F)   54        36      1967


SUNRISE AND SUNSET
SEPTEMBER 29 2016.....SUNRISE   649 AM CDT   SUNSET   642 PM CDT
SEPTEMBER 30 2016.....SUNRISE   650 AM CDT   SUNSET   640 PM CDT


-  INDICATES NEGATIVE NUMBERS.
R  INDICATES RECORD WAS SET OR TIED.
MM INDICATES DATA IS MISSING.
T  INDICATES TRACE AMOUNT.




$$
