000
CDUS44 KMEG 240731
CLIMKL


CLIMATE REPORT
NATIONAL WEATHER SERVICE MEMPHIS TN
131 AM CST FRI FEB 24 2017


...................................

...THE JACKSON CLIMATE SUMMARY FOR FEBRUARY 23 2017...

CLIMATE NORMAL PERIOD 1981 TO 2010
CLIMATE RECORD PERIOD 1948 TO 2017


WEATHER ITEM   OBSERVED TIME   RECORD YEAR NORMAL DEPARTURE LAST
                VALUE   (LST)  VALUE       VALUE  FROM      YEAR
                                                  NORMAL
..................................................................
TEMPERATURE (F)
 YESTERDAY
  MAXIMUM         75    350 PM  81    1982  55     20       56
  MINIMUM         50    547 AM  17    1989  34     16       38
  AVERAGE         63                        45     18       47

PRECIPITATION (IN)
  YESTERDAY        0.00          1.64 1962   0.15  -0.15     0.90
  MONTH TO DATE    1.53                      3.44  -1.91     3.31
  SINCE DEC 1     11.63                     12.86  -1.23    10.50
  SINCE JAN 1      4.45                      7.51  -3.06     5.35

DEGREE DAYS
 HEATING
  YESTERDAY        2                        20    -18       18
  MONTH TO DATE  306                       537   -231      489
  SINCE DEC 1   1596                      2119   -523     1779
  SINCE JUL 1   1980                      2786   -806     2254

 COOLING
  YESTERDAY        0                         0      0        0
  MONTH TO DATE    2                         0      2        0
  SINCE DEC 1      4                         1      3        9
  SINCE JAN 1      2                         0      2        0
..................................................................


WIND (MPH)
  HIGHEST WIND SPEED    17   HIGHEST WIND DIRECTION     S (190)
  HIGHEST GUST SPEED    26   HIGHEST GUST DIRECTION     S (200)
  AVERAGE WIND SPEED     8.4


SKY COVER
  POSSIBLE SUNSHINE  MM
  AVERAGE SKY COVER 0.3


WEATHER CONDITIONS
 THE FOLLOWING WEATHER WAS RECORDED YESTERDAY.
  FOG


RELATIVE HUMIDITY (PERCENT)
 HIGHEST   100           300 AM
 LOWEST     57           200 PM
 AVERAGE    79

..........................................................


THE JACKSON CLIMATE NORMALS FOR TODAY
                         NORMAL    RECORD    YEAR
 MAXIMUM TEMPERATURE (F)   56        76      2000
                                             1957
 MINIMUM TEMPERATURE (F)   34        16      1967


SUNRISE AND SUNSET
FEBRUARY 24 2017......SUNRISE   632 AM CST   SUNSET   547 PM CST
FEBRUARY 25 2017......SUNRISE   630 AM CST   SUNSET   547 PM CST


-  INDICATES NEGATIVE NUMBERS.
R  INDICATES RECORD WAS SET OR TIED.
MM INDICATES DATA IS MISSING.
T  INDICATES TRACE AMOUNT.




$$
