000
CDUS44 KMEG 140734
CLIMKL


CLIMATE REPORT
NATIONAL WEATHER SERVICE MEMPHIS TN
133 AM CST SUN FEB 14 2016


...................................

...THE JACKSON CLIMATE SUMMARY FOR FEBRUARY 13 2016...

CLIMATE NORMAL PERIOD 1981 TO 2010
CLIMATE RECORD PERIOD 1948 TO 2016


WEATHER ITEM   OBSERVED TIME   RECORD YEAR NORMAL DEPARTURE LAST
                VALUE   (LST)  VALUE       VALUE  FROM      YEAR
                                                  NORMAL
..................................................................
TEMPERATURE (F)
 YESTERDAY
  MAXIMUM         34    254 PM  81    1962  52    -18       40
  MINIMUM         21    634 AM   9    1986  31    -10       19
  AVERAGE         28                        42    -14       30

PRECIPITATION (IN)
  YESTERDAY        0.00          1.86 1959   0.14  -0.14     0.00
  MONTH TO DATE    1.42                      1.95  -0.53     0.72
  SINCE DEC 1      8.61                     11.37  -2.76     4.54
  SINCE JAN 1      3.46                      6.02  -2.56     1.46

SNOWFALL (IN)
  YESTERDAY        0.0           3.0  1960   0.0    0.0      0.0
  MONTH TO DATE    T                         0.9   -0.9      0.0
  SINCE DEC 1      1.5                       3.4   -1.9       T
  SINCE JUL 1      1.5                       3.5   -2.0      0.1
  SNOW DEPTH       0

DEGREE DAYS
 HEATING
  YESTERDAY       37                        23     14       35
  MONTH TO DATE  335                       320     15      343
  SINCE DEC 1   1625                      1902   -277     1835
  SINCE JUL 1   2100                      2569   -469     2627

 COOLING
  YESTERDAY        0                         0      0        0
  MONTH TO DATE    0                         0      0        0
  SINCE DEC 1      9                         1      8        0
  SINCE JAN 1      0                         0      0        0
..................................................................


WIND (MPH)
  HIGHEST WIND SPEED    20   HIGHEST WIND DIRECTION     N (10)
  HIGHEST GUST SPEED    24   HIGHEST GUST DIRECTION     N (20)
  AVERAGE WIND SPEED     9.2


SKY COVER
  POSSIBLE SUNSHINE  MM
  AVERAGE SKY COVER 0.4


WEATHER CONDITIONS
 THE FOLLOWING WEATHER WAS RECORDED YESTERDAY.
  NO SIGNIFICANT WEATHER WAS OBSERVED.


RELATIVE HUMIDITY (PERCENT)
 HIGHEST    68           300 AM
 LOWEST     29           300 PM
 AVERAGE    49

..........................................................


THE JACKSON CLIMATE NORMALS FOR TODAY
                         NORMAL    RECORD    YEAR
 MAXIMUM TEMPERATURE (F)   53        76      1949
 MINIMUM TEMPERATURE (F)   32        11      1971


SUNRISE AND SUNSET
FEBRUARY 14 2016......SUNRISE   644 AM CST   SUNSET   536 PM CST
FEBRUARY 15 2016......SUNRISE   643 AM CST   SUNSET   537 PM CST


-  INDICATES NEGATIVE NUMBERS.
R  INDICATES RECORD WAS SET OR TIED.
MM INDICATES DATA IS MISSING.
T  INDICATES TRACE AMOUNT.




$$
