000
CDUS44 KMEG 182152
CLIMKL


CLIMATE REPORT
NATIONAL WEATHER SERVICE MEMPHIS TN
451 PM CDT THU SEP 18 2014


...................................

...THE JACKSON CLIMATE SUMMARY FOR SEPTEMBER 18 2014...
VALID TODAY AS OF 0400 PM LOCAL TIME.

CLIMATE NORMAL PERIOD 1981 TO 2010
CLIMATE RECORD PERIOD 1948 TO 2014


WEATHER ITEM   OBSERVED TIME   RECORD YEAR NORMAL DEPARTURE LAST
                VALUE   (LST)  VALUE       VALUE  FROM      YEAR
                                                  NORMAL
..................................................................
TEMPERATURE (F)
 TODAY
  MAXIMUM         75    322 PM  98    1953  83     -8       85
  MINIMUM         62   1238 AM  44    1981  58      4       66
  AVERAGE         69                        71     -2       76

PRECIPITATION (IN)
  TODAY            0.13          1.82 1986   0.11   0.02     0.00
  MONTH TO DATE    4.83                      1.86   2.97     0.24
  SINCE SEP 1      4.83                      1.86   2.97     0.24
  SINCE JAN 1     48.49                     37.73  10.76    45.33

SNOWFALL (IN)
  TODAY            0.0

DEGREE DAYS
 HEATING
  TODAY            0                         1     -1        0
  MONTH TO DATE    7                         3      4        3
  SINCE SEP 1      7                         3      4        3
  SINCE JUL 1      7                         3      4        3

 COOLING
  TODAY            4                         7     -3       11
  MONTH TO DATE  151                       162    -11      183
  SINCE SEP 1    151                       162    -11      183
  SINCE JAN 1   1468                      1585   -117     1467
..................................................................


WIND (MPH)
  HIGHEST WIND SPEED    15   HIGHEST WIND DIRECTION    NW (320)
  HIGHEST GUST SPEED    21   HIGHEST GUST DIRECTION    NW (320)
  AVERAGE WIND SPEED     2.5


SKY COVER
  POSSIBLE SUNSHINE  MM
  AVERAGE SKY COVER 0.9


WEATHER CONDITIONS
 THE FOLLOWING WEATHER WAS RECORDED TODAY.
  THUNDERSTORM
  RAIN
  LIGHT RAIN
  FOG


RELATIVE HUMIDITY (PERCENT)
 HIGHEST    93           100 AM
 LOWEST     68           300 PM
 AVERAGE    81

..........................................................


THE JACKSON CLIMATE NORMALS FOR TOMORROW
                         NORMAL    RECORD    YEAR
 MAXIMUM TEMPERATURE (F)   83        97      2010
 MINIMUM TEMPERATURE (F)   58        42      1981
                                             1973


SUNRISE AND SUNSET
SEPTEMBER 18 2014.....SUNRISE   641 AM CDT   SUNSET   658 PM CDT
SEPTEMBER 19 2014.....SUNRISE   641 AM CDT   SUNSET   657 PM CDT


-  INDICATES NEGATIVE NUMBERS.
R  INDICATES RECORD WAS SET OR TIED.
MM INDICATES DATA IS MISSING.
T  INDICATES TRACE AMOUNT.




$$
