999
CDUS44 KMEG 030722
CLIMKL


CLIMATE REPORT
NATIONAL WEATHER SERVICE MEMPHIS TN
122 AM CST SAT DEC 3 2016


...................................

...THE JACKSON CLIMATE SUMMARY FOR DECEMBER 2 2016...

CLIMATE NORMAL PERIOD 1981 TO 2010
CLIMATE RECORD PERIOD 1948 TO 2016


WEATHER ITEM   OBSERVED TIME   RECORD YEAR NORMAL DEPARTURE LAST
                VALUE   (LST)  VALUE       VALUE  FROM      YEAR
                                                  NORMAL
..................................................................
TEMPERATURE (F)
 YESTERDAY
  MAXIMUM         59    330 PM  77    1982  54      5       50
  MINIMUM         28    708 AM  16    1960  34     -6       32
  AVERAGE         44                        44      0       41

PRECIPITATION (IN)
  YESTERDAY        0.00          2.74 1967   0.19  -0.19     0.00
  MONTH TO DATE    0.00                      0.37  -0.37     0.29
  SINCE DEC 1      0.00                      0.37  -0.37     0.29
  SINCE JAN 1     39.55                     48.29  -8.74    43.36

SNOWFALL (IN)
  YESTERDAY        0.0           T    2000   0.0    0.0      0.0
                                      1971
                                      1966
  MONTH TO DATE    0.0                       0.0    0.0      0.0
  SINCE DEC 1      0.0                       0.0    0.0      0.0
  SINCE JUL 1      0.0                       0.1   -0.1      0.0
  SNOW DEPTH       0

DEGREE DAYS
 HEATING
  YESTERDAY       21                        21      0       24
  MONTH TO DATE   44                        42      2       40
  SINCE DEC 1     44                        42      2       40
  SINCE JUL 1    428                       709   -281      515

 COOLING
  YESTERDAY        0                         0      0        0
  MONTH TO DATE    0                         0      0        0
  SINCE DEC 1      0                         0      0        0
  SINCE JAN 1   2092                      1697    395     1855
..................................................................


WIND (MPH)
  HIGHEST WIND SPEED    12   HIGHEST WIND DIRECTION     W (290)
  HIGHEST GUST SPEED    14   HIGHEST GUST DIRECTION    NW (300)
  AVERAGE WIND SPEED     2.1


SKY COVER
  POSSIBLE SUNSHINE  MM
  AVERAGE SKY COVER 0.0


WEATHER CONDITIONS
 THE FOLLOWING WEATHER WAS RECORDED YESTERDAY.
  NO SIGNIFICANT WEATHER WAS OBSERVED.


RELATIVE HUMIDITY (PERCENT)
 HIGHEST   100           300 AM
 LOWEST     33           200 PM
 AVERAGE    67

..........................................................


THE JACKSON CLIMATE NORMALS FOR TODAY
                         NORMAL    RECORD    YEAR
 MAXIMUM TEMPERATURE (F)   54        76      2012
 MINIMUM TEMPERATURE (F)   34        17      1979


SUNRISE AND SUNSET
DECEMBER  3 2016......SUNRISE   649 AM CST   SUNSET   442 PM CST
DECEMBER  4 2016......SUNRISE   650 AM CST   SUNSET   442 PM CST


-  INDICATES NEGATIVE NUMBERS.
R  INDICATES RECORD WAS SET OR TIED.
MM INDICATES DATA IS MISSING.
T  INDICATES TRACE AMOUNT.




$$
