000
CDUS42 KMLB 080635
CLIMLB


CLIMATE REPORT
NATIONAL WEATHER SERVICE MELBOURNE FL
135 AM EST THU DEC 8 2016


...................................

...THE MELBOURNE CLIMATE SUMMARY FOR DECEMBER 7 2016...

CLIMATE NORMAL PERIOD 1981 TO 2010
CLIMATE RECORD PERIOD 1939 TO 2016


WEATHER ITEM   OBSERVED TIME   RECORD YEAR NORMAL DEPARTURE LAST
                VALUE   (LST)  VALUE       VALUE  FROM      YEAR
                                                  NORMAL
..................................................................
TEMPERATURE (F)
 YESTERDAY
  MAXIMUM         77    153 PM  93    1983  75      2       70
  MINIMUM         61   1159 PM  27    1937  55      6       56
  AVERAGE         69                        65      4       63

PRECIPITATION (IN)
  YESTERDAY        0.00          1.30 1942   0.08  -0.08     0.00
  MONTH TO DATE    0.14                      0.60  -0.46     2.86
  SINCE DEC 1      0.14                      0.60  -0.46     2.86
  SINCE JAN 1     59.46                     50.03   9.43    52.36

SNOWFALL (IN)
  YESTERDAY        0.0
  MONTH TO DATE    0.0
  SINCE JUL 1      0.0

DEGREE DAYS
 HEATING
  YESTERDAY        0                         3     -3        2
  MONTH TO DATE    0                        21    -21        2
  SINCE DEC 1      0                        21    -21        2
  SINCE JUL 1     19                        63    -44        7

 COOLING
  YESTERDAY        4                         3      1        0
  MONTH TO DATE   51                        21     30       52
  SINCE DEC 1     51                        21     30       52
  SINCE JAN 1   3779                      3216    563     3959
..................................................................


WIND (MPH)
  HIGHEST WIND SPEED    12   HIGHEST WIND DIRECTION    NW (330)
  HIGHEST GUST SPEED    15   HIGHEST GUST DIRECTION    SE (120)
  AVERAGE WIND SPEED     4.2


SKY COVER
  AVERAGE SKY COVER 0.2


WEATHER CONDITIONS
 THE FOLLOWING WEATHER WAS RECORDED YESTERDAY.
  FOG
  FOG W/VISIBILITY <= 1/4 MILE


RELATIVE HUMIDITY (PERCENT)
 HIGHEST   100          1200 AM
 LOWEST     60           200 PM
 AVERAGE    80

..........................................................


THE MELBOURNE CLIMATE NORMALS FOR TODAY
                         NORMAL    RECORD    YEAR
 MAXIMUM TEMPERATURE (F)   75        86      1948
 MINIMUM TEMPERATURE (F)   55        31      2010
                                             1937


SUNRISE AND SUNSET
DECEMBER  8 2016......SUNRISE   702 AM EST   SUNSET   527 PM EST
DECEMBER  9 2016......SUNRISE   703 AM EST   SUNSET   527 PM EST


-  INDICATES NEGATIVE NUMBERS.
R  INDICATES RECORD WAS SET OR TIED.
MM INDICATES DATA IS MISSING.
T  INDICATES TRACE AMOUNT.




$$
