000
CDUS42 KMLB 220646
CLIMLB


CLIMATE REPORT
NATIONAL WEATHER SERVICE MELBOURNE FL
133 AM EST WED NOV 22 2017


...................................

...THE MELBOURNE CLIMATE SUMMARY FOR NOVEMBER 21 2017...

CLIMATE NORMAL PERIOD 1981 TO 2010
CLIMATE RECORD PERIOD 1939 TO 2017


WEATHER ITEM   OBSERVED TIME   RECORD YEAR NORMAL DEPARTURE LAST
                VALUE   (LST)  VALUE       VALUE  FROM      YEAR
                                                  NORMAL
..................................................................
TEMPERATURE (F)
 YESTERDAY
  MAXIMUM         77    414 PM  86    1962  78     -1       72
  MINIMUM         67   1159 PM  34    1937  58      9       43
  AVERAGE         72                        68      4       58

PRECIPITATION (IN)
  YESTERDAY        1.02          3.04 1984   0.07   0.95     0.00
  MONTH TO DATE    1.29                      2.14  -0.85     0.12
  SINCE SEP 1     35.67                     14.84  20.83    20.61
  SINCE JAN 1     63.36                     48.69  14.67    59.17

SNOWFALL (IN)
  YESTERDAY        0.0
  MONTH TO DATE    0.0
  SINCE JUL 1      0.0

DEGREE DAYS
 HEATING
  YESTERDAY        0                         2     -2        7
  MONTH TO DATE    0                        20    -20       14
  SINCE SEP 1     13                        24    -11       14
  SINCE JUL 1     13                        24    -11       14

 COOLING
  YESTERDAY        7                         4      3        0
  MONTH TO DATE  195                       122     73      122
  SINCE SEP 1   1143                       933    210     1031
  SINCE JAN 1   4031                      3159    872     3679
..................................................................


WIND (MPH)
  HIGHEST WIND SPEED    22   HIGHEST WIND DIRECTION    SE (130)
  HIGHEST GUST SPEED    29   HIGHEST GUST DIRECTION    SE (130)
  AVERAGE WIND SPEED     8.1


SKY COVER
  AVERAGE SKY COVER 0.7


WEATHER CONDITIONS
 THE FOLLOWING WEATHER WAS RECORDED YESTERDAY.
  THUNDERSTORM
  HEAVY RAIN
  RAIN
  LIGHT RAIN
  FOG


RELATIVE HUMIDITY (PERCENT)
 HIGHEST    93          1100 AM
 LOWEST     60          1200 AM
 AVERAGE    77

..........................................................


THE MELBOURNE CLIMATE NORMALS FOR TODAY
                         NORMAL    RECORD    YEAR
 MAXIMUM TEMPERATURE (F)   77        88      1948
 MINIMUM TEMPERATURE (F)   58        36      1937


SUNRISE AND SUNSET
NOVEMBER 22 2017......SUNRISE   650 AM EST   SUNSET   527 PM EST
NOVEMBER 23 2017......SUNRISE   651 AM EST   SUNSET   527 PM EST


-  INDICATES NEGATIVE NUMBERS.
R  INDICATES RECORD WAS SET OR TIED.
MM INDICATES DATA IS MISSING.
T  INDICATES TRACE AMOUNT.




$$
