000
CDUS42 KMLB 250628
CLIMLB


CLIMATE REPORT
NATIONAL WEATHER SERVICE MELBOURNE FL
127 AM EST THU DEC 25 2014


...................................

...THE MELBOURNE CLIMATE SUMMARY FOR DECEMBER 24 2014...

CLIMATE NORMAL PERIOD 1981 TO 2010
CLIMATE RECORD PERIOD 1939 TO 2014


WEATHER ITEM   OBSERVED TIME   RECORD YEAR NORMAL DEPARTURE LAST
                VALUE   (LST)  VALUE       VALUE  FROM      YEAR
                                                  NORMAL
..................................................................
TEMPERATURE (F)
 YESTERDAY
  MAXIMUM         85R   302 PM  85    1978  72     13       73
  MINIMUM         68   1159 PM  22    1989  51     17       60
  AVERAGE         77                        62     15       67

PRECIPITATION (IN)
  YESTERDAY        0.24          1.78 1957   0.09   0.15     0.02
  MONTH TO DATE    1.37                      2.06  -0.69     1.46
  SINCE DEC 1      1.37                      2.06  -0.69     1.46
  SINCE JAN 1     56.63                     51.49   5.14    42.14

SNOWFALL (IN)
  YESTERDAY        0.0
  MONTH TO DATE    0.0
  SINCE JUL 1      0.0

DEGREE DAYS
 HEATING
  YESTERDAY        0                         5     -5        0
  MONTH TO DATE   77                        96    -19       25
  SINCE DEC 1     77                        96    -19       25
  SINCE JUL 1    142                       138      4       39

 COOLING
  YESTERDAY       12                         2     10        2
  MONTH TO DATE   91                        61     30      122
  SINCE DEC 1     91                        61     30      122
  SINCE JAN 1   3534                      3256    278     3719
..................................................................


WIND (MPH)
  HIGHEST WIND SPEED    30   HIGHEST WIND DIRECTION     W (290)
  HIGHEST GUST SPEED    38   HIGHEST GUST DIRECTION    NW (300)
  AVERAGE WIND SPEED    12.2


SKY COVER
  AVERAGE SKY COVER 0.2


WEATHER CONDITIONS
 THE FOLLOWING WEATHER WAS RECORDED YESTERDAY.
  HEAVY RAIN
  RAIN
  LIGHT RAIN
  FOG
  HAZE


RELATIVE HUMIDITY (PERCENT)
 HIGHEST    87          1200 AM
 LOWEST     51           300 PM
 AVERAGE    69

..........................................................


THE MELBOURNE CLIMATE NORMALS FOR TODAY
                         NORMAL    RECORD    YEAR
 MAXIMUM TEMPERATURE (F)   72        87      1981
 MINIMUM TEMPERATURE (F)   51        21      1983


SUNRISE AND SUNSET
DECEMBER 25 2014......SUNRISE   712 AM EST   SUNSET   534 PM EST
DECEMBER 26 2014......SUNRISE   712 AM EST   SUNSET   534 PM EST


-  INDICATES NEGATIVE NUMBERS.
R  INDICATES RECORD WAS SET OR TIED.
MM INDICATES DATA IS MISSING.
T  INDICATES TRACE AMOUNT.




$$
