000
CDUS42 KMLB 020643
CLIMLB


CLIMATE REPORT
NATIONAL WEATHER SERVICE MELBOURNE FL
233 AM EDT THU OCT 2 2014


...................................

...THE MELBOURNE CLIMATE SUMMARY FOR OCTOBER 1 2014...

CLIMATE NORMAL PERIOD 1981 TO 2010
CLIMATE RECORD PERIOD 1939 TO 2014


WEATHER ITEM   OBSERVED TIME   RECORD YEAR NORMAL DEPARTURE LAST
                VALUE   (LST)  VALUE       VALUE  FROM      YEAR
                                                  NORMAL
..................................................................
TEMPERATURE (F)
 YESTERDAY
  MAXIMUM         88   1056 AM  95    1958  87      1       87
  MINIMUM         74    553 AM  60    1938  72      2       72
  AVERAGE         81                        79      2       80

PRECIPITATION (IN)
  YESTERDAY        0.02          1.01 1966   0.21  -0.19     0.00
  MONTH TO DATE    0.02                      0.21  -0.19     0.00
  SINCE SEP 1     12.55                      7.85   4.70     4.54
  SINCE JAN 1     50.38                     41.70   8.68    35.73

SNOWFALL (IN)
  YESTERDAY        0.0
  MONTH TO DATE    0.0
  SINCE JUL 1      0.0

DEGREE DAYS
 HEATING
  YESTERDAY        0                         0      0        0
  MONTH TO DATE    0                         0      0        0
  SINCE SEP 1      0                         0      0        0
  SINCE JUL 1      0                         0      0        0

 COOLING
  YESTERDAY       16                        14      2       15
  MONTH TO DATE   16                        14      2       15
  SINCE SEP 1    495                       480     15      512
  SINCE JAN 1   2982                      2706    276     2961
..................................................................


WIND (MPH)
  HIGHEST WIND SPEED    16   HIGHEST WIND DIRECTION    NE (60)
  HIGHEST GUST SPEED    19   HIGHEST GUST DIRECTION     E (70)
  AVERAGE WIND SPEED     5.1


SKY COVER
  AVERAGE SKY COVER 0.4


WEATHER CONDITIONS
 THE FOLLOWING WEATHER WAS RECORDED YESTERDAY.
  THUNDERSTORM
  LIGHT RAIN


RELATIVE HUMIDITY (PERCENT)
 HIGHEST   100           500 AM
 LOWEST     68          1100 AM
 AVERAGE    84

..........................................................


THE MELBOURNE CLIMATE NORMALS FOR TODAY
                         NORMAL    RECORD    YEAR
 MAXIMUM TEMPERATURE (F)   87        96      1959
 MINIMUM TEMPERATURE (F)   71        58      2011


SUNRISE AND SUNSET
OCTOBER  2 2014.......SUNRISE   716 AM EDT   SUNSET   707 PM EDT
OCTOBER  3 2014.......SUNRISE   716 AM EDT   SUNSET   706 PM EDT


-  INDICATES NEGATIVE NUMBERS.
R  INDICATES RECORD WAS SET OR TIED.
MM INDICATES DATA IS MISSING.
T  INDICATES TRACE AMOUNT.




$$
