000
CDUS42 KMLB 222022
CLIMLB


CLIMATE REPORT
NATIONAL WEATHER SERVICE MELBOURNE FL
421 PM EDT FRI MAY 22 2015


...................................

...THE MELBOURNE CLIMATE SUMMARY FOR MAY 22 2015...
VALID TODAY AS OF 0400 PM LOCAL TIME.

CLIMATE NORMAL PERIOD 1981 TO 2010
CLIMATE RECORD PERIOD 1939 TO 2015


WEATHER ITEM   OBSERVED TIME   RECORD YEAR NORMAL DEPARTURE LAST
                VALUE   (LST)  VALUE       VALUE  FROM      YEAR
                                                  NORMAL
..................................................................
TEMPERATURE (F)
 TODAY
  MAXIMUM         88    218 PM  95    1998  87      1       88
                                      1962
                                      1961
  MINIMUM         72    434 AM  56    1994  69      3       62
  AVERAGE         80                        78      2       75

PRECIPITATION (IN)
  TODAY            0.00          3.16 1976   0.13  -0.13     0.00
  MONTH TO DATE    1.38                      1.95  -0.57     3.46
  SINCE MAR 1      5.55                      7.36  -1.81     9.05
  SINCE JAN 1     11.66                     12.16  -0.50    16.11

SNOWFALL (IN)
  TODAY            0.0
  MONTH TO DATE    0.0
  SINCE JUL 1      0.0

DEGREE DAYS
 HEATING
  TODAY            0                         0      0        0
  MONTH TO DATE    0                         0      0        0
  SINCE MAR 1     14                        87    -73       52
  SINCE JUL 1    424                       576   -152      358

 COOLING
  TODAY           15                        13      2       10
  MONTH TO DATE  261                       231     30      250
  SINCE MAR 1    872                       508    364      593
  SINCE JAN 1    970                       606    364      761
..................................................................


WIND (MPH)
  HIGHEST WIND SPEED    17   HIGHEST WIND DIRECTION    NE (50)
  HIGHEST GUST SPEED    20   HIGHEST GUST DIRECTION    NE (40)
  AVERAGE WIND SPEED     7.9


SKY COVER
  AVERAGE SKY COVER 0.1


WEATHER CONDITIONS
 THE FOLLOWING WEATHER WAS RECORDED TODAY.
  NO SIGNIFICANT WEATHER WAS OBSERVED.


RELATIVE HUMIDITY (PERCENT)
 HIGHEST    93           200 AM
 LOWEST     55           100 PM
 AVERAGE    74

..........................................................


THE MELBOURNE CLIMATE NORMALS FOR TOMORROW
                         NORMAL    RECORD    YEAR
 MAXIMUM TEMPERATURE (F)   87        95      1961
 MINIMUM TEMPERATURE (F)   69        57      1994


SUNRISE AND SUNSET
MAY 22 2015...........SUNRISE   629 AM EDT   SUNSET   809 PM EDT
MAY 23 2015...........SUNRISE   629 AM EDT   SUNSET   810 PM EDT


-  INDICATES NEGATIVE NUMBERS.
R  INDICATES RECORD WAS SET OR TIED.
MM INDICATES DATA IS MISSING.
T  INDICATES TRACE AMOUNT.




$$
