950
CDUS42 KMLB 090633
CLIMLB


CLIMATE REPORT
NATIONAL WEATHER SERVICE MELBOURNE FL
131 AM EST TUE FEB 9 2016


...................................

...THE MELBOURNE CLIMATE SUMMARY FOR FEBRUARY 8 2016...

CLIMATE NORMAL PERIOD 1981 TO 2010
CLIMATE RECORD PERIOD 1939 TO 2016


WEATHER ITEM   OBSERVED TIME   RECORD YEAR NORMAL DEPARTURE LAST
                VALUE   (LST)  VALUE       VALUE  FROM      YEAR
                                                  NORMAL
..................................................................
TEMPERATURE (F)
 YESTERDAY
  MAXIMUM         66    414 PM  85    1997  73     -7       74
                                      1974
                                      1949
  MINIMUM         40    633 AM  36    1976  51    -11       50
  AVERAGE         53                        62     -9       62

PRECIPITATION (IN)
  YESTERDAY        0.00          1.96 1971   0.09  -0.09     0.00
  MONTH TO DATE    1.29                      0.70   0.59     1.23
  SINCE DEC 1     12.81                      5.54   7.27     5.33
  SINCE JAN 1      9.12                      2.97   6.15     3.71

SNOWFALL (IN)
  YESTERDAY        0.0
  MONTH TO DATE    0.0
  SINCE JUL 1      0.0

DEGREE DAYS
 HEATING
  YESTERDAY       12                         5      7        3
  MONTH TO DATE   38                        40     -2       31
  SINCE DEC 1    216                       367   -151      234
  SINCE JUL 1    221                       409   -188      299

 COOLING
  YESTERDAY        0                         2     -2        0
  MONTH TO DATE   33                        16     17        3
  SINCE DEC 1    353                       136    217      201
  SINCE JAN 1     69                        60      9       70
..................................................................


WIND (MPH)
  HIGHEST WIND SPEED    23   HIGHEST WIND DIRECTION     W (250)
  HIGHEST GUST SPEED    31   HIGHEST GUST DIRECTION    SW (240)
  AVERAGE WIND SPEED    10.7


SKY COVER
  AVERAGE SKY COVER 0.1


WEATHER CONDITIONS
 THE FOLLOWING WEATHER WAS RECORDED YESTERDAY.
  NO SIGNIFICANT WEATHER WAS OBSERVED.


RELATIVE HUMIDITY (PERCENT)
 HIGHEST    92           500 AM
 LOWEST     36          1200 PM
 AVERAGE    64

..........................................................


THE MELBOURNE CLIMATE NORMALS FOR TODAY
                         NORMAL    RECORD    YEAR
 MAXIMUM TEMPERATURE (F)   73        86      1982
 MINIMUM TEMPERATURE (F)   51        30      1995


SUNRISE AND SUNSET
FEBRUARY  9 2016......SUNRISE   705 AM EST   SUNSET   609 PM EST
FEBRUARY 10 2016......SUNRISE   704 AM EST   SUNSET   609 PM EST


-  INDICATES NEGATIVE NUMBERS.
R  INDICATES RECORD WAS SET OR TIED.
MM INDICATES DATA IS MISSING.
T  INDICATES TRACE AMOUNT.




$$
