000
CDUS42 KMLB 261122 CCA
CLIMLB

CLIMATE REPORT - UPDATED
NATIONAL WEATHER SERVICE MELBOURNE FL
722 AM EDT WED JUL 26 2017


...................................

...THE MELBOURNE CLIMATE SUMMARY FOR JULY 25 2017...

CLIMATE NORMAL PERIOD 1981 TO 2010
CLIMATE RECORD PERIOD 1939 TO 2017


WEATHER ITEM   OBSERVED TIME   RECORD YEAR NORMAL DEPARTURE LAST
                VALUE   (LST)  VALUE       VALUE  FROM      YEAR
                                                  NORMAL
..................................................................
TEMPERATURE (F)
 YESTERDAY
  MAXIMUM         92    238 PM  97    1999  91      1       91
                                      1983
  MINIMUM         79    621 AM  68    1963  73      6       73
                                      1938
  AVERAGE         86                        82      4       82

PRECIPITATION (IN)
  YESTERDAY        0.00          1.15 2000   0.20  -0.20      T
  MONTH TO DATE    6.39                      4.71   1.68     1.09
  SINCE JUN 1     12.84                     11.42   1.42    10.00
  SINCE JAN 1     21.18                     24.92  -3.74    31.97

SNOWFALL (IN)
  YESTERDAY        0.0
  MONTH TO DATE    0.0
  SINCE JUL 1      0.0

DEGREE DAYS
 HEATING
  YESTERDAY        0                         0      0        0
  MONTH TO DATE    0                         0      0        0
  SINCE JUN 1      0                         0      0        0
  SINCE JUL 1      0                         0      0        0

 COOLING
  YESTERDAY       21                        17      4       17
  MONTH TO DATE  486                       414     72      494
  SINCE JUN 1   1005                       876    129     1004
  SINCE JAN 1   2152                      1602    550     1937
..................................................................


WIND (MPH)
  HIGHEST WIND SPEED    15   HIGHEST WIND DIRECTION    SE (150)
  HIGHEST GUST SPEED    20   HIGHEST GUST DIRECTION    SE (140)
  AVERAGE WIND SPEED     6.7


SKY COVER
  AVERAGE SKY COVER 0.2


WEATHER CONDITIONS
 THE FOLLOWING WEATHER WAS RECORDED YESTERDAY.
  THUNDERSTORM
  LIGHT RAIN


RELATIVE HUMIDITY (PERCENT)
 HIGHEST    91           600 AM
 LOWEST     59           700 PM
 AVERAGE    75

..........................................................


THE MELBOURNE CLIMATE NORMALS FOR TODAY
                         NORMAL    RECORD    YEAR
 MAXIMUM TEMPERATURE (F)   91        98      1983
 MINIMUM TEMPERATURE (F)   73        69      1974


SUNRISE AND SUNSET
JULY 26 2017..........SUNRISE   642 AM EDT   SUNSET   816 PM EDT
JULY 27 2017..........SUNRISE   642 AM EDT   SUNSET   815 PM EDT


-  INDICATES NEGATIVE NUMBERS.
R  INDICATES RECORD WAS SET OR TIED.
MM INDICATES DATA IS MISSING.
T  INDICATES TRACE AMOUNT.




$$
