000
CDUS42 KMLB 242017
CLIMLB


CLIMATE REPORT
NATIONAL WEATHER SERVICE MELBOURNE FL
417 PM EDT TUE MAY 24 2016


...................................

...THE MELBOURNE CLIMATE SUMMARY FOR MAY 24 2016...
VALID TODAY AS OF 0400 PM LOCAL TIME.

CLIMATE NORMAL PERIOD 1981 TO 2010
CLIMATE RECORD PERIOD 1939 TO 2016


WEATHER ITEM   OBSERVED TIME   RECORD YEAR NORMAL DEPARTURE LAST
                VALUE   (LST)  VALUE       VALUE  FROM      YEAR
                                                  NORMAL
..................................................................
TEMPERATURE (F)
 TODAY
  MAXIMUM         86    236 PM  95    2000  87     -1       86
  MINIMUM         77    605 AM  57    1994  69      8       75
  AVERAGE         82                        78      4       81

PRECIPITATION (IN)
  TODAY            0.00          2.54 1970   0.14  -0.14     0.00
  MONTH TO DATE    6.99                      2.22   4.77     1.38
  SINCE MAR 1     11.41                      7.63   3.78     5.55
  SINCE JAN 1     21.27                     12.43   8.84    11.66

SNOWFALL (IN)
  TODAY            0.0
  MONTH TO DATE    0.0
  SINCE JUL 1      0.0

DEGREE DAYS
 HEATING
  TODAY            0                         0      0        0
  MONTH TO DATE    0                         0      0        0
  SINCE MAR 1     20                        87    -67       14
  SINCE JUL 1    341                       576   -235      424

 COOLING
  TODAY           17                        13      4       16
  MONTH TO DATE  274                       257     17      292
  SINCE MAR 1    744                       534    210      903
  SINCE JAN 1    834                       632    202     1001
..................................................................


WIND (MPH)
  HIGHEST WIND SPEED    22   HIGHEST WIND DIRECTION     E (100)
  HIGHEST GUST SPEED    28   HIGHEST GUST DIRECTION     E (110)
  AVERAGE WIND SPEED    11.5


SKY COVER
  AVERAGE SKY COVER 0.3


WEATHER CONDITIONS
 THE FOLLOWING WEATHER WAS RECORDED TODAY.
  NO SIGNIFICANT WEATHER WAS OBSERVED.


RELATIVE HUMIDITY (PERCENT)
 HIGHEST    76           600 AM
 LOWEST     47           300 PM
 AVERAGE    62

..........................................................


THE MELBOURNE CLIMATE NORMALS FOR TOMORROW
                         NORMAL    RECORD    YEAR
 MAXIMUM TEMPERATURE (F)   87        95      2000
 MINIMUM TEMPERATURE (F)   69        58      1992


SUNRISE AND SUNSET
MAY 24 2016...........SUNRISE   628 AM EDT   SUNSET   811 PM EDT
MAY 25 2016...........SUNRISE   628 AM EDT   SUNSET   811 PM EDT


-  INDICATES NEGATIVE NUMBERS.
R  INDICATES RECORD WAS SET OR TIED.
MM INDICATES DATA IS MISSING.
T  INDICATES TRACE AMOUNT.




$$
