000
CDUS42 KMLB 200642
CLIMLB


CLIMATE REPORT
NATIONAL WEATHER SERVICE MELBOURNE FL
132 AM EST TUE FEB 20 2018


...................................

...THE MELBOURNE CLIMATE SUMMARY FOR FEBRUARY 19 2018...

CLIMATE NORMAL PERIOD 1981 TO 2010
CLIMATE RECORD PERIOD 1939 TO 2018


WEATHER ITEM   OBSERVED TIME   RECORD YEAR NORMAL DEPARTURE LAST
                VALUE   (LST)  VALUE       VALUE  FROM      YEAR
                                                  NORMAL
..................................................................
TEMPERATURE (F)
 YESTERDAY
  MAXIMUM         82    222 PM  88    1975  74      8       81
  MINIMUM         73    646 AM  33    1958  52     21       59
  AVERAGE         78                        63     15       70

PRECIPITATION (IN)
  YESTERDAY        T             2.03 1980   0.09  -0.09     0.00
  MONTH TO DATE    0.21                      1.68  -1.47     0.93
  SINCE DEC 1      4.21                      6.52  -2.31     2.71
  SINCE JAN 1      3.14                      3.95  -0.81     2.39

SNOWFALL (IN)
  YESTERDAY        0.0
  MONTH TO DATE    0.0
  SINCE JUL 1      0.0

DEGREE DAYS
 HEATING
  YESTERDAY        0                         4     -4        0
  MONTH TO DATE    4                        88    -84       30
  SINCE DEC 1    240                       415   -175      159
  SINCE JUL 1    253                       457   -204      178

 COOLING
  YESTERDAY       13                         2     11        5
  MONTH TO DATE  144                        38    106       53
  SINCE DEC 1    366                       158    208      307
  SINCE JAN 1    223                        82    141      131
..................................................................


WIND (MPH)
  HIGHEST WIND SPEED    17   HIGHEST WIND DIRECTION     E (100)
  HIGHEST GUST SPEED    23   HIGHEST GUST DIRECTION     E (100)
  AVERAGE WIND SPEED    11.4


SKY COVER
  AVERAGE SKY COVER 0.2


WEATHER CONDITIONS
 THE FOLLOWING WEATHER WAS RECORDED YESTERDAY.
  LIGHT RAIN


RELATIVE HUMIDITY (PERCENT)
 HIGHEST    82           700 PM
 LOWEST     58           100 PM
 AVERAGE    70

..........................................................


THE MELBOURNE CLIMATE NORMALS FOR TODAY
                         NORMAL    RECORD    YEAR
 MAXIMUM TEMPERATURE (F)   74        86      1988
                                             1975
 MINIMUM TEMPERATURE (F)   52        34      2015


SUNRISE AND SUNSET
FEBRUARY 20 2018......SUNRISE   656 AM EST   SUNSET   617 PM EST
FEBRUARY 21 2018......SUNRISE   655 AM EST   SUNSET   618 PM EST


-  INDICATES NEGATIVE NUMBERS.
R  INDICATES RECORD WAS SET OR TIED.
MM INDICATES DATA IS MISSING.
T  INDICATES TRACE AMOUNT.




$$
