000
CDUS43 KDVN 210920
CLIMLI


CLIMATE REPORT
NATIONAL WEATHER SERVICE QUAD CITIES IA IL
420 AM CDT SUN SEP 21 2014


...................................

...THE MOLINE IL CLIMATE SUMMARY FOR SEPTEMBER 20 2014...

CLIMATE NORMAL PERIOD 1981 TO 2010
CLIMATE RECORD PERIOD 1872 TO 2014


WEATHER ITEM   OBSERVED TIME   RECORD YEAR NORMAL DEPARTURE LAST
                VALUE   (LST)  VALUE       VALUE  FROM      YEAR
                                                  NORMAL
..................................................................
TEMPERATURE (F)
 YESTERDAY
  MAXIMUM         79    439 PM  92    1931  75      4       71
  MINIMUM         63    641 AM  30    1991  52     11       57
                                      1956
  AVERAGE         71                        64      7       64

PRECIPITATION (IN)
  YESTERDAY        0.07          2.89 1965   0.10  -0.03      T
  MONTH TO DATE    5.63                      2.13   3.50     0.88
  SINCE SEP 1      5.63                      2.13   3.50     0.88
  SINCE JAN 1     34.20                     29.29   4.91    33.49

SNOWFALL (IN)
  YESTERDAY        0.0          MM      MM   0.0    0.0      0.0
  MONTH TO DATE    0.0                       0.0    0.0      0.0
  SINCE SEP 1      0.0                       0.0    0.0      0.0
  SINCE JUL 1      0.0                       0.0    0.0      0.0
  SNOW DEPTH       0

DEGREE DAYS
 HEATING
  YESTERDAY        0                         4     -4        1
  MONTH TO DATE   92                        39     53       34
  SINCE SEP 1     92                        39     53       34
  SINCE JUL 1     97                        47     50       45

 COOLING
  YESTERDAY        6                         3      3        0
  MONTH TO DATE   55                        89    -34      150
  SINCE SEP 1     55                        89    -34      150
  SINCE JAN 1    821                       972   -151      964
..................................................................


WIND (MPH)
  HIGHEST WIND SPEED    25   HIGHEST WIND DIRECTION    NW (300)
  HIGHEST GUST SPEED    33   HIGHEST GUST DIRECTION    NW (300)
  AVERAGE WIND SPEED     8.7


SKY COVER
  POSSIBLE SUNSHINE  MM
  AVERAGE SKY COVER 0.4


WEATHER CONDITIONS
 THE FOLLOWING WEATHER WAS RECORDED YESTERDAY.
  LIGHT RAIN
  FOG
  HAZE


RELATIVE HUMIDITY (PERCENT)
 HIGHEST    90           900 PM
 LOWEST     67           400 PM
 AVERAGE    79

..........................................................


THE MOLINE IL CLIMATE NORMALS FOR TODAY
                         NORMAL    RECORD    YEAR
 MAXIMUM TEMPERATURE (F)   75        92      2007
                                             1940
 MINIMUM TEMPERATURE (F)   51        32      1991


SUNRISE AND SUNSET
SEPTEMBER 21 2014.....SUNRISE   648 AM CDT   SUNSET   701 PM CDT
SEPTEMBER 22 2014.....SUNRISE   649 AM CDT   SUNSET   659 PM CDT


-  INDICATES NEGATIVE NUMBERS.
R  INDICATES RECORD WAS SET OR TIED.
MM INDICATES DATA IS MISSING.
T  INDICATES TRACE AMOUNT.




$$
