000
CDUS43 KDVN 252228
CLIMLI


CLIMATE REPORT
NATIONAL WEATHER SERVICE QUAD CITIES IA IL
427 PM CST SUN FEB 25 2018


...................................

...THE MOLINE IL CLIMATE SUMMARY FOR FEBRUARY 25 2018...
VALID TODAY AS OF 0400 PM LOCAL TIME.

CLIMATE NORMAL PERIOD 1981 TO 2010
CLIMATE RECORD PERIOD 1872 TO 2018


WEATHER ITEM   OBSERVED TIME   RECORD YEAR NORMAL DEPARTURE LAST
                VALUE   (LST)  VALUE       VALUE  FROM      YEAR
                                                  NORMAL
..................................................................
TEMPERATURE (F)
 TODAY
  MAXIMUM         48    359 PM  71    2000  40      8       33
  MINIMUM         31    719 AM -10    1967  22      9       22
  AVERAGE         40                        31      9       28

PRECIPITATION (IN)
  TODAY            0.00          1.23 2000   0.07  -0.07      T
  MONTH TO DATE    3.38                      1.37   2.01     0.66
  SINCE DEC 1      4.31                      5.04  -0.73     3.78
  SINCE JAN 1      3.79                      2.86   0.93     2.16

SNOWFALL (IN)
  TODAY            0.0          MM      MM   0.1   -0.1      0.2
  MONTH TO DATE   16.3                       6.2   10.1      2.3
  SINCE DEC 1     28.1                      24.9    3.2     16.5
  SINCE JUL 1     28.1                      26.1    2.0     16.5
  SNOW DEPTH       0

DEGREE DAYS
 HEATING
  TODAY           25                        34     -9       37
  MONTH TO DATE 1026                       964     62      675
  SINCE DEC 1   3499                      3467     32     2966
  SINCE JUL 1   4572                      4698   -126     3747

 COOLING
  TODAY            0                         0      0        0
  MONTH TO DATE    0                         0      0        0
  SINCE DEC 1      0                         0      0        0
  SINCE JAN 1      0                         0      0        0
..................................................................


WIND (MPH)
  HIGHEST WIND SPEED    38   HIGHEST WIND DIRECTION     W (270)
  HIGHEST GUST SPEED    48   HIGHEST GUST DIRECTION     W (270)
  AVERAGE WIND SPEED    19.1


SKY COVER
  POSSIBLE SUNSHINE  MM
  AVERAGE SKY COVER 0.5


WEATHER CONDITIONS
 THE FOLLOWING WEATHER WAS RECORDED TODAY.
  NO SIGNIFICANT WEATHER WAS OBSERVED.


RELATIVE HUMIDITY (PERCENT)
 HIGHEST    82          1200 AM
 LOWEST     36           400 PM
 AVERAGE    59

..........................................................


THE MOLINE IL CLIMATE NORMALS FOR TOMORROW
                         NORMAL    RECORD    YEAR
 MAXIMUM TEMPERATURE (F)   40        64      1971
 MINIMUM TEMPERATURE (F)   22       -14      1963


SUNRISE AND SUNSET
FEBRUARY 25 2018......SUNRISE   643 AM CST   SUNSET   548 PM CST
FEBRUARY 26 2018......SUNRISE   641 AM CST   SUNSET   549 PM CST


-  INDICATES NEGATIVE NUMBERS.
R  INDICATES RECORD WAS SET OR TIED.
MM INDICATES DATA IS MISSING.
T  INDICATES TRACE AMOUNT.




$$
