092
CDUS43 KDVN 230906
CLIMLI


CLIMATE REPORT
NATIONAL WEATHER SERVICE QUAD CITIES IA IL
406 AM CDT SAT JUL 23 2016


...................................

...THE MOLINE IL CLIMATE SUMMARY FOR JULY 22 2016...

CLIMATE NORMAL PERIOD 1981 TO 2010
CLIMATE RECORD PERIOD 1872 TO 2016


WEATHER ITEM   OBSERVED TIME   RECORD YEAR NORMAL DEPARTURE LAST
                VALUE   (LST)  VALUE       VALUE  FROM      YEAR
                                                  NORMAL
..................................................................
TEMPERATURE (F)
 YESTERDAY
  MAXIMUM         90    323 PM 104    1934  86      4       83
  MINIMUM         71    453 AM  46    1947  65      6       58
  AVERAGE         81                        75      6       71

PRECIPITATION (IN)
  YESTERDAY        0.13          2.12 1957   0.13   0.00     0.00
  MONTH TO DATE    7.41                      3.19   4.22     4.43
  SINCE JUN 1     11.21                      7.68   3.53    15.33
  SINCE JAN 1     21.21                     21.54  -0.33    24.27

SNOWFALL (IN)
  YESTERDAY        0.0          MM      MM   0.0    0.0      0.0
  MONTH TO DATE    0.0                       0.0    0.0      0.0
  SINCE JUN 1      0.0                       0.0    0.0      0.0
  SINCE JUL 1      0.0                       0.0    0.0      0.0
  SNOW DEPTH       0

DEGREE DAYS
 HEATING
  YESTERDAY        0                         0      0        0
  MONTH TO DATE    1                         0      1        4
  SINCE JUN 1      2                        19    -17       11
  SINCE JUL 1      1                         0      1        4

 COOLING
  YESTERDAY       16                        10      6        6
  MONTH TO DATE  225                       236    -11      180
  SINCE JUN 1    527                       450     77      387
  SINCE JAN 1    629                       526    103      468
..................................................................


WIND (MPH)
  HIGHEST WIND SPEED    22   HIGHEST WIND DIRECTION     S (180)
  HIGHEST GUST SPEED    31   HIGHEST GUST DIRECTION     S (160)
  AVERAGE WIND SPEED     6.3


SKY COVER
  POSSIBLE SUNSHINE  MM
  AVERAGE SKY COVER 0.4


WEATHER CONDITIONS
 THE FOLLOWING WEATHER WAS RECORDED YESTERDAY.
  THUNDERSTORM
  RAIN
  LIGHT RAIN
  FOG


RELATIVE HUMIDITY (PERCENT)
 HIGHEST    85           800 PM
 LOWEST     59           200 PM
 AVERAGE    72

..........................................................


THE MOLINE IL CLIMATE NORMALS FOR TODAY
                         NORMAL    RECORD    YEAR
 MAXIMUM TEMPERATURE (F)   86       105      1901
 MINIMUM TEMPERATURE (F)   65        49      1947


SUNRISE AND SUNSET
JULY 23 2016..........SUNRISE   549 AM CDT   SUNSET   828 PM CDT
JULY 24 2016..........SUNRISE   550 AM CDT   SUNSET   827 PM CDT


-  INDICATES NEGATIVE NUMBERS.
R  INDICATES RECORD WAS SET OR TIED.
MM INDICATES DATA IS MISSING.
T  INDICATES TRACE AMOUNT.




$$
