000
CDUS43 KDVN 240905
CLIMLI


CLIMATE REPORT
NATIONAL WEATHER SERVICE QUAD CITIES IA IL
404 AM CDT SUN MAY 24 2015


...................................

...THE MOLINE IL CLIMATE SUMMARY FOR MAY 23 2015...

CLIMATE NORMAL PERIOD 1981 TO 2010
CLIMATE RECORD PERIOD 1872 TO 2015


WEATHER ITEM   OBSERVED TIME   RECORD YEAR NORMAL DEPARTURE LAST
                VALUE   (LST)  VALUE       VALUE  FROM      YEAR
                                                  NORMAL
..................................................................
TEMPERATURE (F)
 YESTERDAY
  MAXIMUM         80    247 PM  93    1975  75      5       77
  MINIMUM         50    520 AM  33    1963  53     -3       46
  AVERAGE         65                        64      1       62

PRECIPITATION (IN)
  YESTERDAY        0.00          2.92 1995   0.14  -0.14     0.00
  MONTH TO DATE    2.21                      3.16  -0.95     1.80
  SINCE MAR 1      4.58                      9.61  -5.03     6.48
  SINCE JAN 1      7.51                     12.70  -5.19    10.50

SNOWFALL (IN)
  YESTERDAY        0.0          MM      MM   0.0    0.0      0.0
  MONTH TO DATE    0.0                       0.0    0.0      0.0
  SINCE MAR 1      0.1                       4.9   -4.8     10.3
  SINCE JUL 1     39.1                      31.6    7.5     65.1
  SNOW DEPTH       0

DEGREE DAYS
 HEATING
  YESTERDAY        0                         4     -4        3
  MONTH TO DATE  108                       139    -31      160
  SINCE MAR 1   1321                      1364    -43     1641
  SINCE JUL 1   6579                      6162    417     7311

 COOLING
  YESTERDAY        0                         3     -3        0
  MONTH TO DATE   46                        37      9       51
  SINCE MAR 1     46                        51     -5       56
  SINCE JAN 1     46                        51     -5       56
..................................................................


WIND (MPH)
  HIGHEST WIND SPEED    16   HIGHEST WIND DIRECTION    SE (150)
  HIGHEST GUST SPEED    19   HIGHEST GUST DIRECTION    SE (150)
  AVERAGE WIND SPEED     6.1


SKY COVER
  POSSIBLE SUNSHINE  MM
  AVERAGE SKY COVER 0.2


WEATHER CONDITIONS
 THE FOLLOWING WEATHER WAS RECORDED YESTERDAY.
  NO SIGNIFICANT WEATHER WAS OBSERVED.


RELATIVE HUMIDITY (PERCENT)
 HIGHEST    80           500 AM
 LOWEST     31          1200 PM
 AVERAGE    56

..........................................................


THE MOLINE IL CLIMATE NORMALS FOR TODAY
                         NORMAL    RECORD    YEAR
 MAXIMUM TEMPERATURE (F)   76        95      2010
 MINIMUM TEMPERATURE (F)   53        36      1925


SUNRISE AND SUNSET
MAY 24 2015...........SUNRISE   536 AM CDT   SUNSET   823 PM CDT
MAY 25 2015...........SUNRISE   535 AM CDT   SUNSET   824 PM CDT


-  INDICATES NEGATIVE NUMBERS.
R  INDICATES RECORD WAS SET OR TIED.
MM INDICATES DATA IS MISSING.
T  INDICATES TRACE AMOUNT.




$$
