000
CDUS43 KDVN 172133
CLIMLI


CLIMATE REPORT
NATIONAL WEATHER SERVICE QUAD CITIES IA IL
433 PM CDT THU APR 17 2014


...................................

...THE MOLINE IL CLIMATE SUMMARY FOR APRIL 17 2014...
VALID TODAY AS OF 0400 PM LOCAL TIME.

CLIMATE NORMAL PERIOD 1981 TO 2010
CLIMATE RECORD PERIOD 1872 TO 2014


WEATHER ITEM   OBSERVED TIME   RECORD YEAR NORMAL DEPARTURE LAST
                VALUE   (LST)  VALUE       VALUE  FROM      YEAR
                                                  NORMAL
..................................................................
TEMPERATURE (F)
 TODAY
  MAXIMUM         55    259 PM  87    2004  63     -8       57
  MINIMUM         40    748 AM  18    1875  41     -1       42
  AVERAGE         48                        52     -4       50

PRECIPITATION (IN)
  TODAY            0.00          2.62 2013   0.13  -0.13     2.62
  MONTH TO DATE    1.26                      1.95  -0.69     5.29
  SINCE MAR 1      2.17                      4.81  -2.64     7.86
  SINCE JAN 1      6.19                      7.90  -1.71    13.26

SNOWFALL (IN)
  TODAY            0.0          MM      MM   0.0    0.0      0.0
  MONTH TO DATE    T                         0.8   -0.8      0.0
  SINCE MAR 1     10.3                       4.8    5.5     10.6
  SINCE JUL 1     65.1                      31.5   33.6     34.5
  SNOW DEPTH       0

DEGREE DAYS
 HEATING
  TODAY           17                        13      4       15
  MONTH TO DATE  309                       277     32      308
  SINCE MAR 1   1335                      1081    254     1342
  SINCE JUL 1   7005                      5879   1126     5975

 COOLING
  TODAY            0                         1     -1        0
  MONTH TO DATE    5                         1      4        0
  SINCE MAR 1      5                         2      3        0
  SINCE JAN 1      5                         2      3        0
..................................................................


WIND (MPH)
  HIGHEST WIND SPEED    22   HIGHEST WIND DIRECTION     S (170)
  HIGHEST GUST SPEED    35   HIGHEST GUST DIRECTION     S (160)
  AVERAGE WIND SPEED    12.7


SKY COVER
  POSSIBLE SUNSHINE  MM
  AVERAGE SKY COVER 0.4


WEATHER CONDITIONS
 THE FOLLOWING WEATHER WAS RECORDED TODAY.
  NO SIGNIFICANT WEATHER WAS OBSERVED.


RELATIVE HUMIDITY (PERCENT)
 HIGHEST    73           600 AM
 LOWEST     45           100 AM
 AVERAGE    59

..........................................................


THE MOLINE IL CLIMATE NORMALS FOR TOMORROW
                         NORMAL    RECORD    YEAR
 MAXIMUM TEMPERATURE (F)   63        91      2002
 MINIMUM TEMPERATURE (F)   41        23      1990
                                             1983


SUNRISE AND SUNSET
APRIL 17 2014.........SUNRISE   619 AM CDT   SUNSET   745 PM CDT
APRIL 18 2014.........SUNRISE   618 AM CDT   SUNSET   746 PM CDT


-  INDICATES NEGATIVE NUMBERS.
R  INDICATES RECORD WAS SET OR TIED.
MM INDICATES DATA IS MISSING.
T  INDICATES TRACE AMOUNT.




$$
