000
CDUS45 KBYZ 210932
CLIMLS


CLIMATE REPORT
NATIONAL WEATHER SERVICE BILLINGS MT
330 AM MDT SUN SEP 21 2014


...................................

...THE MILES CITY MT CLIMATE SUMMARY FOR SEPTEMBER 20 2014...

CLIMATE NORMAL PERIOD 1981 TO 2010
CLIMATE RECORD PERIOD 1937 TO 2014


WEATHER ITEM   OBSERVED TIME   RECORD YEAR NORMAL DEPARTURE LAST
                VALUE   (LST)  VALUE       VALUE  FROM      YEAR
                                                  NORMAL
..................................................................
TEMPERATURE (F)
 YESTERDAY
  MAXIMUM         76    228 PM  95    1937  72      4       74
  MINIMUM         47   1148 PM  28    1983  44      3       39
  AVERAGE         62                        58      4       57

PRECIPITATION (IN)
  YESTERDAY        0.00          0.46 1950   0.04  -0.04     0.00
  MONTH TO DATE    0.22                      0.70  -0.48     1.39
  SINCE OCT 1     13.89                     12.06   1.83    16.76
  SINCE JAN 1     12.21                     10.46   1.75    15.23

SNOWFALL (IN)
  YESTERDAY       MM
  MONTH TO DATE   MM
  SINCE SEP 1     MM
  SINCE JUL 1     MM
  SNOW DEPTH      MM

DEGREE DAYS
 HEATING
  YESTERDAY        3                         8     -5        8
  MONTH TO DATE  156                        99     57       22
  SINCE SEP 1    156                        99     57       22
  SINCE JUL 1    190                       133     57       22

 COOLING
  YESTERDAY        0                         1     -1        0
  MONTH TO DATE   12                        51    -39      142
  SINCE SEP 1     12                        51    -39      142
  SINCE JAN 1    607                       723   -116      877
..................................................................


WIND (MPH)
  HIGHEST WIND SPEED    30   HIGHEST WIND DIRECTION    NW (330)
  HIGHEST GUST SPEED    34   HIGHEST GUST DIRECTION    NW (330)
  AVERAGE WIND SPEED    10.6


SKY COVER
  POSSIBLE SUNSHINE  MM
  AVERAGE SKY COVER 0.0


WEATHER CONDITIONS
 THE FOLLOWING WEATHER WAS RECORDED YESTERDAY.
  NO SIGNIFICANT WEATHER WAS OBSERVED.


RELATIVE HUMIDITY (PERCENT)
 HIGHEST    72          1200 AM
 LOWEST     25           200 PM
 AVERAGE    49

..........................................................


THE MILES CITY MT CLIMATE NORMALS FOR TODAY
                         NORMAL    RECORD    YEAR
 MAXIMUM TEMPERATURE (F)   71        94      1938
 MINIMUM TEMPERATURE (F)   44        19      1995


SUNRISE AND SUNSET
SEPTEMBER 21 2014.....SUNRISE   649 AM MDT   SUNSET   703 PM MDT
SEPTEMBER 22 2014.....SUNRISE   650 AM MDT   SUNSET   701 PM MDT


-  INDICATES NEGATIVE NUMBERS.
R  INDICATES RECORD WAS SET OR TIED.
MM INDICATES DATA IS MISSING.
T  INDICATES TRACE AMOUNT.





&&

THIS IS AN AUTOMATED...UNATTENDED WEATHER STATION AND MAY
UNDERESTIMATE WINTER PRECIPITATION.

$$
