000
CDUS45 KBYZ 250841
CLIMLS


CLIMATE REPORT
NATIONAL WEATHER SERVICE BILLINGS MT
140 AM MST SAT NOV 25 2017


...................................

...THE MILES CITY MT CLIMATE SUMMARY FOR NOVEMBER 24 2017...

CLIMATE NORMAL PERIOD 1981 TO 2010
CLIMATE RECORD PERIOD 1937 TO 2017


WEATHER ITEM   OBSERVED TIME   RECORD YEAR NORMAL DEPARTURE LAST
                VALUE   (LST)  VALUE       VALUE  FROM      YEAR
                                                  NORMAL
..................................................................
TEMPERATURE (F)
 YESTERDAY
  MAXIMUM         60    155 AM  63    1986  38     22       50
  MINIMUM         32   1147 PM -18    1993  17     15       25
  AVERAGE         46                        28     18       38

PRECIPITATION (IN)
  YESTERDAY        0.01          0.22 1988   0.01   0.00     0.00
  MONTH TO DATE    0.22                      0.34  -0.12      T
  SINCE OCT 1      0.94                      1.26  -0.32     0.97
  SINCE JAN 1      6.08                     12.10  -6.02    14.43

DEGREE DAYS
 HEATING
  YESTERDAY       19                        37    -18       27
  MONTH TO DATE  792                       752     40      482
  SINCE SEP 1   1583                      1529     54     1110
  SINCE JUL 1   1587                      1563     24     1124

 COOLING
  YESTERDAY        0                         0      0        0
  MONTH TO DATE    0                         0      0        0
  SINCE SEP 1     91                        58     33       62
  SINCE JAN 1    985                       730    255      873
..................................................................


WIND (MPH)
  HIGHEST WIND SPEED    36   HIGHEST WIND DIRECTION    NW (300)
  HIGHEST GUST SPEED    51   HIGHEST GUST DIRECTION    NW (300)
  AVERAGE WIND SPEED    13.0


SKY COVER
  POSSIBLE SUNSHINE  MM
  AVERAGE SKY COVER 0.2


WEATHER CONDITIONS
 THE FOLLOWING WEATHER WAS RECORDED YESTERDAY.
  LIGHT RAIN


RELATIVE HUMIDITY (PERCENT)
 HIGHEST    92           700 AM
 LOWEST     38           100 PM
 AVERAGE    65

..........................................................


THE MILES CITY MT CLIMATE NORMALS FOR TODAY
                         NORMAL    RECORD    YEAR
 MAXIMUM TEMPERATURE (F)   38        70      1960
 MINIMUM TEMPERATURE (F)   16       -18      1977


SUNRISE AND SUNSET
NOVEMBER 25 2017......SUNRISE   719 AM MST   SUNSET   422 PM MST
NOVEMBER 26 2017......SUNRISE   721 AM MST   SUNSET   421 PM MST


-  INDICATES NEGATIVE NUMBERS.
R  INDICATES RECORD WAS SET OR TIED.
MM INDICATES DATA IS MISSING.
T  INDICATES TRACE AMOUNT.




$$
