104
CDUS45 KBYZ 260935
CLIMLS


CLIMATE REPORT
NATIONAL WEATHER SERVICE BILLINGS MT
332 AM MDT FRI AUG 26 2016


...................................

...THE MILES CITY MT CLIMATE SUMMARY FOR AUGUST 25 2016...

CLIMATE NORMAL PERIOD 1981 TO 2010
CLIMATE RECORD PERIOD 1937 TO 2016


WEATHER ITEM   OBSERVED TIME   RECORD YEAR NORMAL DEPARTURE LAST
                VALUE   (LST)  VALUE       VALUE  FROM      YEAR
                                                  NORMAL
..................................................................
TEMPERATURE (F)
 YESTERDAY
  MAXIMUM         71    447 PM 103    2008  85    -14       97
                                      1952
  MINIMUM         47    538 AM  36    1992  56     -9       60
  AVERAGE         59                        70    -11       79

PRECIPITATION (IN)
  YESTERDAY        0.00          0.83 1987   0.03  -0.03     0.00
  MONTH TO DATE    0.77                      0.76   0.01     0.64
  SINCE OCT 1     11.92                     11.21   0.71     7.95
  SINCE JAN 1     10.66                      9.61   1.05     6.94

DEGREE DAYS
 HEATING
  YESTERDAY        6                         1      5        0
  MONTH TO DATE   12                         9      3       41
  SINCE JUN 1     23                       110    -87       66
  SINCE JUL 1     14                        21     -7       41

 COOLING
  YESTERDAY        0                         6     -6       14
  MONTH TO DATE  196                       225    -29      212
  SINCE JUN 1    731                       620    111      670
  SINCE JAN 1    755                       640    115      671
..................................................................


WIND (MPH)
  HIGHEST WIND SPEED    16   HIGHEST WIND DIRECTION    SW (220)
  HIGHEST GUST SPEED    19   HIGHEST GUST DIRECTION    SW (230)
  AVERAGE WIND SPEED     6.9


SKY COVER
  POSSIBLE SUNSHINE  MM
  AVERAGE SKY COVER 0.1


WEATHER CONDITIONS
 THE FOLLOWING WEATHER WAS RECORDED YESTERDAY.
  NO SIGNIFICANT WEATHER WAS OBSERVED.


RELATIVE HUMIDITY (PERCENT)
 HIGHEST    86           400 AM
 LOWEST     28           500 PM
 AVERAGE    57

..........................................................


THE MILES CITY MT CLIMATE NORMALS FOR TODAY
                         NORMAL    RECORD    YEAR
 MAXIMUM TEMPERATURE (F)   84       102      2000
 MINIMUM TEMPERATURE (F)   55        43      1967


SUNRISE AND SUNSET
AUGUST 26 2016........SUNRISE   617 AM MDT   SUNSET   753 PM MDT
AUGUST 27 2016........SUNRISE   618 AM MDT   SUNSET   751 PM MDT


-  INDICATES NEGATIVE NUMBERS.
R  INDICATES RECORD WAS SET OR TIED.
MM INDICATES DATA IS MISSING.
T  INDICATES TRACE AMOUNT.





&&

THIS IS AN AUTOMATED...UNATTENDED WEATHER STATION AND MAY
UNDERESTIMATE WINTER PRECIPITATION.

$$
