000
CDUS45 KBYZ 170718
CLIMLS


CLIMATE REPORT
NATIONAL WEATHER SERVICE BILLINGS MT
1218 AM MST SAT FEB 17 2018


...................................

...THE MILES CITY MT CLIMATE SUMMARY FOR FEBRUARY 16 2018...

CLIMATE NORMAL PERIOD 1981 TO 2010
CLIMATE RECORD PERIOD 1937 TO 2018


WEATHER ITEM   OBSERVED TIME   RECORD YEAR NORMAL DEPARTURE LAST
                VALUE   (LST)  VALUE       VALUE  FROM      YEAR
                                                  NORMAL
..................................................................
TEMPERATURE (F)
 YESTERDAY
  MAXIMUM         29    332 PM  60    1981  36     -7       52
  MINIMUM         -8    551 AM -25    1956  13    -21       32
  AVERAGE         11                        24    -13       42

PRECIPITATION (IN)
  YESTERDAY        0.06          0.28 1959   0.01   0.05      T
  MONTH TO DATE    0.52                      0.11   0.41     0.02
  SINCE OCT 1      1.95                      2.03  -0.08     1.18
  SINCE JAN 1      0.76                      0.43   0.33     0.09

DEGREE DAYS
 HEATING
  YESTERDAY       54                        40     14       23
  MONTH TO DATE  957                       676    281      685
  SINCE DEC 1   3826                      3473    353     3894
  SINCE JUL 1   5569                      5272    297     5209

 COOLING
  YESTERDAY        0                         0      0        0
  MONTH TO DATE    0                         0      0        0
  SINCE DEC 1      0                         0      0        0
  SINCE JAN 1      0                         0      0        0
..................................................................


WIND (MPH)
  HIGHEST WIND SPEED    15   HIGHEST WIND DIRECTION     W (270)
  HIGHEST GUST SPEED    19   HIGHEST GUST DIRECTION     W (270)
  AVERAGE WIND SPEED     6.9


SKY COVER
  POSSIBLE SUNSHINE  MM
  AVERAGE SKY COVER 0.4


WEATHER CONDITIONS
 THE FOLLOWING WEATHER WAS RECORDED YESTERDAY.
  SNOW
  LIGHT SNOW
  FOG


RELATIVE HUMIDITY (PERCENT)
 HIGHEST   100           800 PM
 LOWEST     68           300 PM
 AVERAGE    84

..........................................................


THE MILES CITY MT CLIMATE NORMALS FOR TODAY
                         NORMAL    RECORD    YEAR
 MAXIMUM TEMPERATURE (F)   36        62      1995
 MINIMUM TEMPERATURE (F)   14       -28      1938


SUNRISE AND SUNSET
FEBRUARY 17 2018......SUNRISE   703 AM MST   SUNSET   532 PM MST
FEBRUARY 18 2018......SUNRISE   702 AM MST   SUNSET   534 PM MST


-  INDICATES NEGATIVE NUMBERS.
R  INDICATES RECORD WAS SET OR TIED.
MM INDICATES DATA IS MISSING.
T  INDICATES TRACE AMOUNT.




$$
