000
CDUS45 KBYZ 300936
CLIMLS


CLIMATE REPORT
NATIONAL WEATHER SERVICE BILLINGS MT
335 AM MDT WED JUL 30 2014


...................................

...THE MILES CITY MT CLIMATE SUMMARY FOR JULY 29 2014...

CLIMATE NORMAL PERIOD 1981 TO 2010
CLIMATE RECORD PERIOD 1937 TO 2014


WEATHER ITEM   OBSERVED TIME   RECORD YEAR NORMAL DEPARTURE LAST
                VALUE   (LST)  VALUE       VALUE  FROM      YEAR
                                                  NORMAL
..................................................................
TEMPERATURE (F)
 YESTERDAY
  MAXIMUM         90    325 PM 106    1995  90      0       80
  MINIMUM         64    425 AM  48    1971  61      3       57
  AVERAGE         77                        76      1       69

PRECIPITATION (IN)
  YESTERDAY        T             2.22 1985   0.05  -0.05     0.29
  MONTH TO DATE    0.09                      1.55  -1.46     0.91
  SINCE OCT 1     11.45                     10.36   1.09    13.47
  SINCE JAN 1      9.77                      8.76   1.01    11.94

SNOWFALL (IN)
  YESTERDAY       MM
  MONTH TO DATE   MM
  SINCE JUN 1     MM
  SINCE JUL 1     MM
  SNOW DEPTH      MM

DEGREE DAYS
 HEATING
  YESTERDAY        0                         0      0        0
  MONTH TO DATE    1                        10     -9        0
  SINCE JUN 1     95                        99     -4       59
  SINCE JUL 1      1                        10     -9        0

 COOLING
  YESTERDAY       12                        11      1        4
  MONTH TO DATE  263                       269     -6      307
  SINCE JUN 1    300                       376    -76      400
  SINCE JAN 1    334                       396    -62      413
..................................................................


WIND (MPH)
  HIGHEST WIND SPEED    15   HIGHEST WIND DIRECTION    NE (60)
  HIGHEST GUST SPEED    19   HIGHEST GUST DIRECTION     E (110)
  AVERAGE WIND SPEED     7.5


SKY COVER
  POSSIBLE SUNSHINE  MM
  AVERAGE SKY COVER 0.1


WEATHER CONDITIONS
 THE FOLLOWING WEATHER WAS RECORDED YESTERDAY.
  HAZE


RELATIVE HUMIDITY (PERCENT)
 HIGHEST    63           300 AM
 LOWEST     20           200 PM
 AVERAGE    42

..........................................................


THE MILES CITY MT CLIMATE NORMALS FOR TODAY
                         NORMAL    RECORD    YEAR
 MAXIMUM TEMPERATURE (F)   90       106      2000
 MINIMUM TEMPERATURE (F)   61        46      2009


SUNRISE AND SUNSET
JULY 30 2014..........SUNRISE   542 AM MDT   SUNSET   837 PM MDT
JULY 31 2014..........SUNRISE   544 AM MDT   SUNSET   835 PM MDT


-  INDICATES NEGATIVE NUMBERS.
R  INDICATES RECORD WAS SET OR TIED.
MM INDICATES DATA IS MISSING.
T  INDICATES TRACE AMOUNT.





&&

THIS IS AN AUTOMATED...UNATTENDED WEATHER STATION AND MAY
UNDERESTIMATE WINTER PRECIPITATION.

$$
