000
CDUS45 KBYZ 241032
CLIMLS


CLIMATE REPORT
NATIONAL WEATHER SERVICE BILLINGS MT
331 AM MST MON NOV 24 2014


...................................

...THE MILES CITY MT CLIMATE SUMMARY FOR NOVEMBER 23 2014...

CLIMATE NORMAL PERIOD 1981 TO 2010
CLIMATE RECORD PERIOD 1937 TO 2014


WEATHER ITEM   OBSERVED TIME   RECORD YEAR NORMAL DEPARTURE LAST
                VALUE   (LST)  VALUE       VALUE  FROM      YEAR
                                                  NORMAL
..................................................................
TEMPERATURE (F)
 YESTERDAY
  MAXIMUM         41    144 PM  62    2005  39      2       32
                                      1957
  MINIMUM         19   1043 PM -19    1985  17      2        2
  AVERAGE         30                        28      2       17

PRECIPITATION (IN)
  YESTERDAY        0.00          0.27        0.01  -0.01     0.00
  MONTH TO DATE    0.25                      0.33  -0.08     0.10
  SINCE OCT 1      0.68                      1.25  -0.57     1.07
  SINCE JAN 1     12.96                     12.09   0.87    16.50

DEGREE DAYS
 HEATING
  YESTERDAY       35                        37     -2       48
  MONTH TO DATE  904                       715    189      757
  SINCE SEP 1   1522                      1492     30     1462
  SINCE JUL 1   1556                      1526     30     1462

 COOLING
  YESTERDAY        0                         0      0        0
  MONTH TO DATE    0                         0      0        0
  SINCE SEP 1     53                        58     -5      142
  SINCE JAN 1    648                       730    -82      877
..................................................................


WIND (MPH)
  HIGHEST WIND SPEED    32   HIGHEST WIND DIRECTION    NW (320)
  HIGHEST GUST SPEED    42   HIGHEST GUST DIRECTION    NW (310)
  AVERAGE WIND SPEED    19.0


SKY COVER
  POSSIBLE SUNSHINE  MM
  AVERAGE SKY COVER 0.5


WEATHER CONDITIONS
 THE FOLLOWING WEATHER WAS RECORDED YESTERDAY.
  NO SIGNIFICANT WEATHER WAS OBSERVED.


RELATIVE HUMIDITY (PERCENT)
 HIGHEST    91          1100 PM
 LOWEST     50          1200 PM
 AVERAGE    71

..........................................................


THE MILES CITY MT CLIMATE NORMALS FOR TODAY
                         NORMAL    RECORD    YEAR
 MAXIMUM TEMPERATURE (F)   38        63      1986
 MINIMUM TEMPERATURE (F)   17       -18      1993


SUNRISE AND SUNSET
NOVEMBER 24 2014......SUNRISE   718 AM MST   SUNSET   422 PM MST
NOVEMBER 25 2014......SUNRISE   719 AM MST   SUNSET   422 PM MST


-  INDICATES NEGATIVE NUMBERS.
R  INDICATES RECORD WAS SET OR TIED.
MM INDICATES DATA IS MISSING.
T  INDICATES TRACE AMOUNT.





&&

THIS IS AN AUTOMATED...UNATTENDED WEATHER STATION AND MAY
UNDERESTIMATE WINTER PRECIPITATION.

$$
