000
CDUS41 KCAR 292026
CLIMLT


CLIMATE REPORT
NATIONAL WEATHER SERVICE CARIBOU, ME
426 PM EDT SAT APR 29 2017


...................................

...THE MILLINOCKET ME CLIMATE SUMMARY FOR APRIL 29 2017...
VALID TODAY AS OF 0400 PM LOCAL TIME.

CLIMATE NORMAL PERIOD 1981 TO 2010
CLIMATE RECORD PERIOD 1903 TO 2017


WEATHER ITEM   OBSERVED TIME   RECORD YEAR NORMAL DEPARTURE LAST
                VALUE   (LST)  VALUE       VALUE  FROM      YEAR
                                                  NORMAL
..................................................................
TEMPERATURE (F)
 TODAY
  MAXIMUM         73    208 PM  84    1911  58     15       55
  MINIMUM         45    422 AM  12    1947  37      8       19
  AVERAGE         59                        48     11       37

PRECIPITATION (IN)
  TODAY            0.00          3.71 2008   0.10  -0.10     0.00
  MONTH TO DATE    3.95                      3.45   0.50     2.80
  SINCE MAR 1      5.53                      6.51  -0.98     6.02
  SINCE JAN 1     10.72                     11.62  -0.90    11.33

SNOWFALL (IN)
  TODAY           MM            MM      MM  MM     MM       MM
  MONTH TO DATE   MM                        MM     MM       MM
  SINCE MAR 1     MM                        MM     MM       MM
  SINCE JUL 1     MM                        MM     MM       MM
  SNOW DEPTH      MM

DEGREE DAYS
 HEATING
  TODAY            6                        18    -12       28
  MONTH TO DATE  645                       704    -59      756
  SINCE MAR 1   1946                      1851     95     1852
  SINCE JUL 1   7441                      7903   -462     6816

 COOLING
  TODAY            0                         0      0        0
  MONTH TO DATE    0                         0      0        0
  SINCE MAR 1      0                         0      0        0
  SINCE JAN 1      0                         0      0        0
..................................................................


WIND (MPH)
  HIGHEST WIND SPEED    18   HIGHEST WIND DIRECTION     W (290)
  HIGHEST GUST SPEED    30   HIGHEST GUST DIRECTION     W (280)
  AVERAGE WIND SPEED     2.6


SKY COVER
  POSSIBLE SUNSHINE  MM
  AVERAGE SKY COVER 0.8


WEATHER CONDITIONS
 THE FOLLOWING WEATHER WAS RECORDED TODAY.
  FOG
  FOG W/VISIBILITY <= 1/4 MILE


RELATIVE HUMIDITY (PERCENT)
 HIGHEST   100          1200 AM
 LOWEST     35           100 PM
 AVERAGE    68

..........................................................


THE MILLINOCKET ME CLIMATE NORMALS FOR TOMORROW
                         NORMAL    RECORD    YEAR
 MAXIMUM TEMPERATURE (F)   59        84      2004
                                             1911
 MINIMUM TEMPERATURE (F)   37        20      1909


SUNRISE AND SUNSET
APRIL 29 2017.........SUNRISE   525 AM EDT   SUNSET   740 PM EDT
APRIL 30 2017.........SUNRISE   524 AM EDT   SUNSET   741 PM EDT


-  INDICATES NEGATIVE NUMBERS.
R  INDICATES RECORD WAS SET OR TIED.
MM INDICATES DATA IS MISSING.
T  INDICATES TRACE AMOUNT.




$$
