000
CDUS41 KCAR 230535
CLIMLT


CLIMATE REPORT
NATIONAL WEATHER SERVICE CARIBOU, ME
1234 AM EST MON JAN 23 2017


...................................

...THE MILLINOCKET ME CLIMATE SUMMARY FOR JANUARY 22 2017...

CLIMATE NORMAL PERIOD 1981 TO 2010
CLIMATE RECORD PERIOD 1903 TO 2017


WEATHER ITEM   OBSERVED TIME   RECORD YEAR NORMAL DEPARTURE LAST
                VALUE   (LST)  VALUE       VALUE  FROM      YEAR
                                                  NORMAL
..................................................................
TEMPERATURE (F)
 YESTERDAY
  MAXIMUM         33   1124 AM  52    1910  23     10       27
  MINIMUM         28   1159 PM -34    1934   3     25       10
  AVERAGE         31                        13     18       19

PRECIPITATION (IN)
  YESTERDAY        0.00          1.62 1979   0.08  -0.08     0.00
  MONTH TO DATE    1.44                      2.17  -0.73     2.04
  SINCE DEC 1      4.75                      5.70  -0.95     6.44
  SINCE JAN 1      1.44                      2.17  -0.73     2.04

SNOWFALL (IN)
  YESTERDAY       MM            MM      MM  MM     MM       MM
  MONTH TO DATE   MM                        MM     MM       MM
  SINCE DEC 1     MM                        MM     MM       MM
  SINCE JUL 1     MM                        MM     MM       MM
  SNOW DEPTH      MM

DEGREE DAYS
 HEATING
  YESTERDAY       34                        52    -18       46
  MONTH TO DATE  948                      1118   -170      952
  SINCE DEC 1   2350                      2440    -90     1911
  SINCE JUL 1   3900                      4283   -383     3452

 COOLING
  YESTERDAY        0                         0      0        0
  MONTH TO DATE    0                         0      0        0
  SINCE DEC 1      0                         0      0        0
  SINCE JAN 1      0                         0      0        0
..................................................................


WIND (MPH)
  HIGHEST WIND SPEED    14   HIGHEST WIND DIRECTION    NE (40)
  HIGHEST GUST SPEED    19   HIGHEST GUST DIRECTION    NE (40)
  AVERAGE WIND SPEED     5.9


SKY COVER
  POSSIBLE SUNSHINE  MM
  AVERAGE SKY COVER 1.0


WEATHER CONDITIONS
 THE FOLLOWING WEATHER WAS RECORDED YESTERDAY.
  FOG


RELATIVE HUMIDITY (PERCENT)
 HIGHEST    92           100 AM
 LOWEST     59           200 PM
 AVERAGE    76

..........................................................


THE MILLINOCKET ME CLIMATE NORMALS FOR TODAY
                         NORMAL    RECORD    YEAR
 MAXIMUM TEMPERATURE (F)   23        49      1957
 MINIMUM TEMPERATURE (F)    3       -27      1961


SUNRISE AND SUNSET
JANUARY 23 2017.......SUNRISE   705 AM EST   SUNSET   428 PM EST
JANUARY 24 2017.......SUNRISE   704 AM EST   SUNSET   430 PM EST


-  INDICATES NEGATIVE NUMBERS.
R  INDICATES RECORD WAS SET OR TIED.
MM INDICATES DATA IS MISSING.
T  INDICATES TRACE AMOUNT.




$$
