000
CDUS41 KCAR 110527
CLIMLT


CLIMATE REPORT
NATIONAL WEATHER SERVICE CARIBOU, ME
1226 AM EST MON DEC 11 2017


...................................

...THE MILLINOCKET ME CLIMATE SUMMARY FOR DECEMBER 10 2017...

CLIMATE NORMAL PERIOD 1981 TO 2010
CLIMATE RECORD PERIOD 1903 TO 2017


WEATHER ITEM   OBSERVED TIME   RECORD YEAR NORMAL DEPARTURE LAST
                VALUE   (LST)  VALUE       VALUE  FROM      YEAR
                                                  NORMAL
..................................................................
TEMPERATURE (F)
 YESTERDAY
  MAXIMUM         32    209 PM  57    1907  32      0       16
  MINIMUM         13   1130 PM -19    1906  17     -4        9
  AVERAGE         23                        25     -2       13

PRECIPITATION (IN)
  YESTERDAY        0.01          1.61 1957   0.14  -0.13     0.00
  MONTH TO DATE    1.38                      1.44  -0.06     0.74
  SINCE DEC 1      1.38                      1.44  -0.06     0.74
  SINCE JAN 1     38.96                     40.59  -1.63    30.95

SNOWFALL (IN)
  YESTERDAY       MM            MM      MM  MM     MM       MM
  MONTH TO DATE   MM                        MM     MM       MM
  SINCE DEC 1     MM                        MM     MM       MM
  SINCE JUL 1     MM                        MM     MM       MM
  SNOW DEPTH      MM

DEGREE DAYS
 HEATING
  YESTERDAY       42                        40      2       52
  MONTH TO DATE  343                       385    -42      402
  SINCE DEC 1    343                       385    -42      402
  SINCE JUL 1   1880                      2228   -348     1952

 COOLING
  YESTERDAY        0                         0      0        0
  MONTH TO DATE    0                         0      0        0
  SINCE DEC 1      0                         0      0        0
  SINCE JAN 1    263                       268     -5      350
..................................................................


WIND (MPH)
  HIGHEST WIND SPEED    18   HIGHEST WIND DIRECTION     W (280)
  HIGHEST GUST SPEED    32   HIGHEST GUST DIRECTION     W (260)
  AVERAGE WIND SPEED     5.5


SKY COVER
  POSSIBLE SUNSHINE  MM
  AVERAGE SKY COVER 0.7


WEATHER CONDITIONS
 THE FOLLOWING WEATHER WAS RECORDED YESTERDAY.
  LIGHT SNOW
  FOG
  HAZE


RELATIVE HUMIDITY (PERCENT)
 HIGHEST   100          1200 AM
 LOWEST     55           700 PM
 AVERAGE    78

..........................................................


THE MILLINOCKET ME CLIMATE NORMALS FOR TODAY
                         NORMAL    RECORD    YEAR
 MAXIMUM TEMPERATURE (F)   32        62      1907
 MINIMUM TEMPERATURE (F)   17       -16      1906


SUNRISE AND SUNSET
DECEMBER 11 2017......SUNRISE   705 AM EST   SUNSET   351 PM EST
DECEMBER 12 2017......SUNRISE   706 AM EST   SUNSET   351 PM EST


-  INDICATES NEGATIVE NUMBERS.
R  INDICATES RECORD WAS SET OR TIED.
MM INDICATES DATA IS MISSING.
T  INDICATES TRACE AMOUNT.




$$
