000
CDUS41 KCAR 220526
CLIMLT


CLIMATE REPORT
NATIONAL WEATHER SERVICE CARIBOU, ME
126 AM EDT SUN OCT 22 2017


...................................

...THE MILLINOCKET ME CLIMATE SUMMARY FOR OCTOBER 21 2017...

CLIMATE NORMAL PERIOD 1981 TO 2010
CLIMATE RECORD PERIOD 1903 TO 2017


WEATHER ITEM   OBSERVED TIME   RECORD YEAR NORMAL DEPARTURE LAST
                VALUE   (LST)  VALUE       VALUE  FROM      YEAR
                                                  NORMAL
..................................................................
TEMPERATURE (F)
 YESTERDAY
  MAXIMUM         65    307 PM  71    1914  53     12       63
                                      1903
  MINIMUM         41    626 AM  15    1972  35      6       47
  AVERAGE         53                        44      9       55

PRECIPITATION (IN)
  YESTERDAY        0.00          2.13 1976   0.12  -0.12     0.36
  MONTH TO DATE    1.61                      2.87  -1.26     0.75
  SINCE SEP 1      5.03                      6.59  -1.56     1.94
  SINCE JAN 1     29.67                     33.52  -3.85    24.94

SNOWFALL (IN)
  YESTERDAY       MM            MM      MM  MM     MM       MM
  MONTH TO DATE   MM                        MM     MM       MM
  SINCE SEP 1     MM                        MM     MM       MM
  SINCE JUL 1     MM                        MM     MM       MM
  SNOW DEPTH      MM

DEGREE DAYS
 HEATING
  YESTERDAY       12                        21     -9       10
  MONTH TO DATE  253                       376   -123      300
  SINCE SEP 1    374                       625   -251      475
  SINCE JUL 1    473                       704   -231      515

 COOLING
  YESTERDAY        0                         0      0        0
  MONTH TO DATE    0                         0      0        0
  SINCE SEP 1     47                        17     30       43
  SINCE JAN 1    263                       268     -5      350
..................................................................


WIND (MPH)
  HIGHEST WIND SPEED    12   HIGHEST WIND DIRECTION    NW (320)
  HIGHEST GUST SPEED    17   HIGHEST GUST DIRECTION     W (290)
  AVERAGE WIND SPEED     2.9


SKY COVER
  POSSIBLE SUNSHINE  MM
  AVERAGE SKY COVER 0.1


WEATHER CONDITIONS
 THE FOLLOWING WEATHER WAS RECORDED YESTERDAY.
  NO SIGNIFICANT WEATHER WAS OBSERVED.


RELATIVE HUMIDITY (PERCENT)
 HIGHEST    92           900 PM
 LOWEST     34           200 PM
 AVERAGE    63

..........................................................


THE MILLINOCKET ME CLIMATE NORMALS FOR TODAY
                         NORMAL    RECORD    YEAR
 MAXIMUM TEMPERATURE (F)   52        80      2007
 MINIMUM TEMPERATURE (F)   34        13      1959


SUNRISE AND SUNSET
OCTOBER 22 2017.......SUNRISE   701 AM EDT   SUNSET   537 PM EDT
OCTOBER 23 2017.......SUNRISE   702 AM EDT   SUNSET   535 PM EDT


-  INDICATES NEGATIVE NUMBERS.
R  INDICATES RECORD WAS SET OR TIED.
MM INDICATES DATA IS MISSING.
T  INDICATES TRACE AMOUNT.




$$
