000
CDUS41 KCAR 292028
CLIMLT


CLIMATE REPORT
NATIONAL WEATHER SERVICE CARIBOU, ME
427 PM EDT SUN MAR 29 2015


...................................

...THE MILLINOCKET ME CLIMATE SUMMARY FOR MARCH 29 2015...
VALID TODAY AS OF 0400 PM LOCAL TIME.

CLIMATE NORMAL PERIOD 1981 TO 2010
CLIMATE RECORD PERIOD 1903 TO 2015


WEATHER ITEM   OBSERVED TIME   RECORD YEAR NORMAL DEPARTURE LAST
                VALUE   (LST)  VALUE       VALUE  FROM      YEAR
                                                  NORMAL
..................................................................
TEMPERATURE (F)
 TODAY
  MAXIMUM         39    259 PM  73    1945  42     -3       48
  MINIMUM         16    604 AM -12    1923  23     -7       35
  AVERAGE         28                        32     -4       42

PRECIPITATION (IN)
  TODAY            0.00          1.70 2010   0.12  -0.12     0.00
  MONTH TO DATE    1.78                      2.81  -1.03     1.69
  SINCE MAR 1      1.78                      2.81  -1.03     1.69
  SINCE JAN 1      5.01                      7.92  -2.91     6.88

SNOWFALL (IN)
  TODAY           MM            MM      MM  MM     MM       MM
  MONTH TO DATE   MM                        MM     MM       MM
  SINCE MAR 1     MM                        MM     MM       MM
  SINCE JUL 1     MM                        MM     MM       MM
  SNOW DEPTH      MM

DEGREE DAYS
 HEATING
  TODAY           37                        32      5       23
  MONTH TO DATE 1189                      1082    107     1313
  SINCE MAR 1   1189                      1082    107     1313
  SINCE JUL 1   7234                      7134    100     7351

 COOLING
  TODAY            0                         0      0        0
  MONTH TO DATE    0                         0      0        0
  SINCE MAR 1      0                         0      0        0
  SINCE JAN 1      0                         0      0        0
..................................................................


WIND (MPH)
  HIGHEST WIND SPEED    13   HIGHEST WIND DIRECTION    NW (310)
  HIGHEST GUST SPEED    18   HIGHEST GUST DIRECTION    NW (310)
  AVERAGE WIND SPEED     4.7


SKY COVER
  POSSIBLE SUNSHINE  MM
  AVERAGE SKY COVER 0.1


WEATHER CONDITIONS
 THE FOLLOWING WEATHER WAS RECORDED TODAY.
  NO SIGNIFICANT WEATHER WAS OBSERVED.


RELATIVE HUMIDITY (PERCENT)
 HIGHEST    59           500 AM
 LOWEST     26          1100 AM
 AVERAGE    43

..........................................................


THE MILLINOCKET ME CLIMATE NORMALS FOR TOMORROW
                         NORMAL    RECORD    YEAR
 MAXIMUM TEMPERATURE (F)   43        70      1945
 MINIMUM TEMPERATURE (F)   23        -4      1923


SUNRISE AND SUNSET
MARCH 29 2015.........SUNRISE   621 AM EDT   SUNSET   659 PM EDT
MARCH 30 2015.........SUNRISE   619 AM EDT   SUNSET   700 PM EDT


-  INDICATES NEGATIVE NUMBERS.
R  INDICATES RECORD WAS SET OR TIED.
MM INDICATES DATA IS MISSING.
T  INDICATES TRACE AMOUNT.




$$
