000
CDUS44 KSHV 290830
CLIMLU


CLIMATE REPORT
NATIONAL WEATHER SERVICE SHREVEPORT, LA
326 AM CDT FRI JUL 29 2016


...................................

...THE MONROE CLIMATE SUMMARY FOR JULY 28 2016...

CLIMATE NORMAL PERIOD 1981 TO 2010
CLIMATE RECORD PERIOD 1930 TO 2016


WEATHER ITEM   OBSERVED TIME   RECORD YEAR NORMAL DEPARTURE LAST
                VALUE   (LST)  VALUE       VALUE  FROM      YEAR
                                                  NORMAL
..................................................................
TEMPERATURE (F)
 YESTERDAY
  MAXIMUM         78    617 PM 105    1930  95    -17       98
  MINIMUM         73   1159 PM  63    2004  72      1       77
  AVERAGE         76                        83     -7       88

PRECIPITATION (IN)
  YESTERDAY        2.97R         1.43 1955   0.09   2.88     0.00
  MONTH TO DATE    5.77                      3.27   2.50     0.93
  SINCE DEC 1     60.31                     37.29  23.02    35.37
  SINCE JAN 1     53.92                     32.00  21.92    30.89

SNOWFALL (IN)
  YESTERDAY        0.0
  MONTH TO DATE    0.0
  SINCE JUN 1      0.0
  SINCE JUL 1      0.0
  SNOW DEPTH       0

DEGREE DAYS
 HEATING
  YESTERDAY        0                         0      0        0
  MONTH TO DATE    0                         0      0        0
  SINCE JUN 1      0                         0      0        0
  SINCE JUL 1      0                         0      0        0

 COOLING
  YESTERDAY       11                        18     -7       23
  MONTH TO DATE  545                       504     41      550
  SINCE JUN 1   1036                       970     66     1026
  SINCE JAN 1   1417                      1405     12     1448
..................................................................


WIND (MPH)
  HIGHEST WIND SPEED    20   HIGHEST WIND DIRECTION     W (250)
  HIGHEST GUST SPEED    23   HIGHEST GUST DIRECTION     W (260)
  AVERAGE WIND SPEED     5.6


SKY COVER
  POSSIBLE SUNSHINE  MM
  AVERAGE SKY COVER 0.7


WEATHER CONDITIONS
 THE FOLLOWING WEATHER WAS RECORDED YESTERDAY.
  THUNDERSTORM
  HEAVY RAIN
  RAIN
  LIGHT RAIN
  FOG
  FOG W/VISIBILITY <= 1/4 MILE


RELATIVE HUMIDITY (PERCENT)
 HIGHEST   100          1200 AM
 LOWEST     88           500 PM
 AVERAGE    94

..........................................................


THE MONROE CLIMATE NORMALS FOR TODAY
                         NORMAL    RECORD    YEAR
 MAXIMUM TEMPERATURE (F)   95       108      1930
 MINIMUM TEMPERATURE (F)   72        65      1994


SUNRISE AND SUNSET
JULY 29 2016..........SUNRISE   621 AM CDT   SUNSET   808 PM CDT
JULY 30 2016..........SUNRISE   622 AM CDT   SUNSET   807 PM CDT


-  INDICATES NEGATIVE NUMBERS.
R  INDICATES RECORD WAS SET OR TIED.
MM INDICATES DATA IS MISSING.
T  INDICATES TRACE AMOUNT.




$$
