000
CDUS44 KSHV 132327
CLIMLU


CLIMATE REPORT
NATIONAL WEATHER SERVICE SHREVEPORT, LA
435 PM CST WED DEC 13 2017


...................................

...THE MONROE CLIMATE SUMMARY FOR DECEMBER 13 2017...
VALID TODAY AS OF 0400 PM LOCAL TIME.

CLIMATE NORMAL PERIOD 1981 TO 2010
CLIMATE RECORD PERIOD 1930 TO 2017


WEATHER ITEM   OBSERVED TIME   RECORD YEAR NORMAL DEPARTURE LAST
                VALUE   (LST)  VALUE       VALUE  FROM      YEAR
                                                  NORMAL
..................................................................
TEMPERATURE (F)
 TODAY
  MAXIMUM         63    314 PM  81    1933  59      4       59
  MINIMUM         28    736 AM   8    1962  38    -10       49
  AVERAGE         46                        48     -2       54

PRECIPITATION (IN)
  TODAY            0.00          3.10 1931   0.18  -0.18      T
  MONTH TO DATE    1.58                      2.27  -0.69     3.75
  SINCE DEC 1      1.58                      2.27  -0.69     3.75
  SINCE JAN 1     51.98                     51.00   0.98    67.36

SNOWFALL (IN)
  TODAY            0.0
  MONTH TO DATE    0.0
  SINCE DEC 1      0.0
  SINCE JUL 1      0.0
  SNOW DEPTH       0

DEGREE DAYS
 HEATING
  TODAY           19                        17      2       11
  MONTH TO DATE  190                       203    -13      216
  SINCE DEC 1    190                       203    -13      216
  SINCE JUL 1    494                       575    -81      429

 COOLING
  TODAY            0                         0      0        0
  MONTH TO DATE    2                         0      2        0
  SINCE DEC 1      2                         0      2        0
  SINCE JAN 1   2626                      2508    118     2732
..................................................................


WIND (MPH)
  HIGHEST WIND SPEED    18   HIGHEST WIND DIRECTION    SW (210)
  HIGHEST GUST SPEED    23   HIGHEST GUST DIRECTION    SW (220)
  AVERAGE WIND SPEED     6.4


SKY COVER
  POSSIBLE SUNSHINE  MM
  AVERAGE SKY COVER 0.0


WEATHER CONDITIONS
 THE FOLLOWING WEATHER WAS RECORDED TODAY.
  NO SIGNIFICANT WEATHER WAS OBSERVED.


RELATIVE HUMIDITY (PERCENT)
 HIGHEST    92           200 AM
 LOWEST     25           200 PM
 AVERAGE    59

..........................................................


THE MONROE CLIMATE NORMALS FOR TOMORROW
                         NORMAL    RECORD    YEAR
 MAXIMUM TEMPERATURE (F)   59        81      1984
 MINIMUM TEMPERATURE (F)   37        18      1962
                                             1958


SUNRISE AND SUNSET
DECEMBER 13 2017......SUNRISE   701 AM CST   SUNSET   504 PM CST
DECEMBER 14 2017......SUNRISE   702 AM CST   SUNSET   504 PM CST


-  INDICATES NEGATIVE NUMBERS.
R  INDICATES RECORD WAS SET OR TIED.
MM INDICATES DATA IS MISSING.
T  INDICATES TRACE AMOUNT.




$$
