000
CDUS44 KSHV 260732
CLIMLU


CLIMATE REPORT
NATIONAL WEATHER SERVICE SHREVEPORT, LA
231 AM CDT MON JUN 26 2017


...................................

...THE MONROE CLIMATE SUMMARY FOR JUNE 25 2017...

CLIMATE NORMAL PERIOD 1981 TO 2010
CLIMATE RECORD PERIOD 1930 TO 2017


WEATHER ITEM   OBSERVED TIME   RECORD YEAR NORMAL DEPARTURE LAST
                VALUE   (LST)  VALUE       VALUE  FROM      YEAR
                                                  NORMAL
..................................................................
TEMPERATURE (F)
 YESTERDAY
  MAXIMUM         82    502 PM 102    1969  93    -11       94
  MINIMUM         65   1156 PM  56    1974  71     -6       72
  AVERAGE         74                        82     -8       83

PRECIPITATION (IN)
  YESTERDAY        0.77          2.58 1999   0.17   0.60     0.00
  MONTH TO DATE    8.50                      3.89   4.61     4.09
  SINCE DEC 1     38.96                     33.23   5.73    54.21
  SINCE JAN 1     34.13                     27.94   6.19    47.82

SNOWFALL (IN)
  YESTERDAY        0.0
  MONTH TO DATE    0.0
  SINCE JUN 1      0.0
  SINCE JUL 1      0.2
  SNOW DEPTH       0

DEGREE DAYS
 HEATING
  YESTERDAY        0                         0      0        0
  MONTH TO DATE    0                         0      0        0
  SINCE JUN 1      0                         0      0        0
  SINCE JUL 1   1400                      2230   -830     1595

 COOLING
  YESTERDAY        9                        17     -8       18
  MONTH TO DATE  338                       380    -42      399
  SINCE JUN 1    338                       380    -42      399
  SINCE JAN 1    856                       815     41      780
..................................................................


WIND (MPH)
  HIGHEST WIND SPEED    13   HIGHEST WIND DIRECTION     N (20)
  HIGHEST GUST SPEED    17   HIGHEST GUST DIRECTION    NE (40)
  AVERAGE WIND SPEED     5.4


SKY COVER
  POSSIBLE SUNSHINE  MM
  AVERAGE SKY COVER 0.4


WEATHER CONDITIONS
 THE FOLLOWING WEATHER WAS RECORDED YESTERDAY.
  THUNDERSTORM
  RAIN
  LIGHT RAIN
  FOG


RELATIVE HUMIDITY (PERCENT)
 HIGHEST    97           300 AM
 LOWEST     51           600 PM
 AVERAGE    74

..........................................................


THE MONROE CLIMATE NORMALS FOR TODAY
                         NORMAL    RECORD    YEAR
 MAXIMUM TEMPERATURE (F)   93       108      1931
 MINIMUM TEMPERATURE (F)   71        58      1974


SUNRISE AND SUNSET
JUNE 26 2017..........SUNRISE   603 AM CDT   SUNSET   819 PM CDT
JUNE 27 2017..........SUNRISE   603 AM CDT   SUNSET   819 PM CDT


-  INDICATES NEGATIVE NUMBERS.
R  INDICATES RECORD WAS SET OR TIED.
MM INDICATES DATA IS MISSING.
T  INDICATES TRACE AMOUNT.




$$
