000
CDUS44 KSHV 160813
CLIMLU


CLIMATE REPORT
NATIONAL WEATHER SERVICE SHREVEPORT, LA
303 AM CDT TUE SEP 16 2014


...................................

...THE MONROE CLIMATE SUMMARY FOR SEPTEMBER 15 2014...

CLIMATE NORMAL PERIOD 1981 TO 2010
CLIMATE RECORD PERIOD 1930 TO 2014


WEATHER ITEM   OBSERVED TIME   RECORD YEAR NORMAL DEPARTURE LAST
                VALUE   (LST)  VALUE       VALUE  FROM      YEAR
                                                  NORMAL
..................................................................
TEMPERATURE (F)
 YESTERDAY
  MAXIMUM         88    145 PM 104    1980  89     -1       95
  MINIMUM         65    613 AM  48    1964  65      0       59
  AVERAGE         77                        77      0       77

PRECIPITATION (IN)
  YESTERDAY        0.00          7.23 1978   0.12  -0.12     0.00
  MONTH TO DATE    1.25                      1.85  -0.60     0.32
  SINCE DEC 1     43.74                     42.62   1.12    37.33
  SINCE JAN 1     40.48                     37.33   3.15    32.60

SNOWFALL (IN)
  YESTERDAY        0.0
  MONTH TO DATE    0.0
  SINCE SEP 1      0.0
  SINCE JUL 1      0.0
  SNOW DEPTH       0

DEGREE DAYS
 HEATING
  YESTERDAY        0                         0      0        0
  MONTH TO DATE    0                         0      0        0
  SINCE SEP 1      0                         0      0        0
  SINCE JUL 1      0                         0      0        0

 COOLING
  YESTERDAY       12                        12      0       12
  MONTH TO DATE  218                       214      4      271
  SINCE SEP 1    218                       214      4      271
  SINCE JAN 1   1969                      2221   -252     2116
..................................................................


WIND (MPH)
  HIGHEST WIND SPEED    10   HIGHEST WIND DIRECTION     N (350)
  HIGHEST GUST SPEED    13   HIGHEST GUST DIRECTION     N (360)
  AVERAGE WIND SPEED     3.6


SKY COVER
  POSSIBLE SUNSHINE  MM
  AVERAGE SKY COVER 0.0


WEATHER CONDITIONS
 THE FOLLOWING WEATHER WAS RECORDED YESTERDAY.
  NO SIGNIFICANT WEATHER WAS OBSERVED.


RELATIVE HUMIDITY (PERCENT)
 HIGHEST    93           400 AM
 LOWEST     55           200 PM
 AVERAGE    74

..........................................................


THE MONROE CLIMATE NORMALS FOR TODAY
                         NORMAL    RECORD    YEAR
 MAXIMUM TEMPERATURE (F)   89       100      1995
 MINIMUM TEMPERATURE (F)   65        47      1961


SUNRISE AND SUNSET
SEPTEMBER 16 2014.....SUNRISE   652 AM CDT   SUNSET   713 PM CDT
SEPTEMBER 17 2014.....SUNRISE   653 AM CDT   SUNSET   711 PM CDT


-  INDICATES NEGATIVE NUMBERS.
R  INDICATES RECORD WAS SET OR TIED.
MM INDICATES DATA IS MISSING.
T  INDICATES TRACE AMOUNT.




$$
