000
CDUS46 KPQR 211146
CLIMMV


CLIMATE REPORT
NATIONAL WEATHER SERVICE PORTLAND OREGON
345 AM PST TUE NOV 21 2017


...................................

...THE MCMINNVILLE OR CLIMATE SUMMARY FOR NOVEMBER 20 2017...

CLIMATE NORMAL PERIOD 1981 TO 2010
CLIMATE RECORD PERIOD 1894 TO 2017


WEATHER ITEM   OBSERVED TIME   RECORD YEAR NORMAL DEPARTURE LAST
                VALUE   (LST)  VALUE       VALUE  FROM      YEAR
                                                  NORMAL
..................................................................
TEMPERATURE (F)
 YESTERDAY
  MAXIMUM         57   1232 PM  66    2002  51      6       57
  MINIMUM         45    714 PM  22    1961  38      7       44
  AVERAGE         51                        44      7       51

PRECIPITATION (IN)
  YESTERDAY        0.65          2.50 1921   0.23   0.42     0.19
  MONTH TO DATE    5.85                      4.14   1.71     3.03
  SINCE OCT 1      9.98                      7.29   2.69    13.15
  SINCE JAN 1     41.72                     31.00  10.72    38.42

DEGREE DAYS
 HEATING
  YESTERDAY       14                        21     -7       14
  MONTH TO DATE  352                       379    -27      259
  SINCE JUL 1    794                      1002   -208      718

 COOLING
  YESTERDAY        0                         0      0        0
  MONTH TO DATE    0                         0      0        0
  SINCE JAN 1    507                       215    292      363
..................................................................


WIND (MPH)
  HIGHEST WIND SPEED    22   HIGHEST WIND DIRECTION     S (180)
  HIGHEST GUST SPEED    31   HIGHEST GUST DIRECTION     E (110)
  AVERAGE WIND SPEED     8.6


SKY COVER
  POSSIBLE SUNSHINE  MM
  AVERAGE SKY COVER 0.5


WEATHER CONDITIONS
 THE FOLLOWING WEATHER WAS RECORDED YESTERDAY.
  HEAVY RAIN
  RAIN
  LIGHT RAIN
  FOG


RELATIVE HUMIDITY (PERCENT)
 HIGHEST    96           400 AM
 LOWEST     71           300 PM
 AVERAGE    84

..........................................................


THE MCMINNVILLE OR CLIMATE NORMALS FOR TODAY
                         NORMAL    RECORD    YEAR
 MAXIMUM TEMPERATURE (F)   50        70      1917
 MINIMUM TEMPERATURE (F)   38        21      1900


SUNRISE AND SUNSET
NOVEMBER 21 2017......SUNRISE   719 AM PST   SUNSET   437 PM PST
NOVEMBER 22 2017......SUNRISE   721 AM PST   SUNSET   437 PM PST


-  INDICATES NEGATIVE NUMBERS.
R  INDICATES RECORD WAS SET OR TIED.
MM INDICATES DATA IS MISSING.
T  INDICATES TRACE AMOUNT.




$$
