529
CDUS46 KPQR 271141
CLIMMV


CLIMATE REPORT
NATIONAL WEATHER SERVICE PORTLAND OREGON
440 AM PDT SAT MAY 27 2017


...................................

...THE MCMINNVILLE OR CLIMATE SUMMARY FOR MAY 26 2017...

CLIMATE NORMAL PERIOD 1981 TO 2010
CLIMATE RECORD PERIOD 1894 TO 2017


WEATHER ITEM   OBSERVED TIME   RECORD YEAR NORMAL DEPARTURE LAST
                VALUE   (LST)  VALUE       VALUE  FROM      YEAR
                                                  NORMAL
..................................................................
TEMPERATURE (F)
 YESTERDAY
  MAXIMUM         83    530 PM  91    2005  69     14       62
  MINIMUM         46    443 AM  32    1940  45      1       48
  AVERAGE         65                        57      8       55

PRECIPITATION (IN)
  YESTERDAY        0.00          0.55 1953   0.08  -0.08     0.00
  MONTH TO DATE    1.94                      1.89   0.05     0.74
  SINCE OCT 1     52.45                     35.40  17.05    47.50
  SINCE JAN 1     28.64                     19.37   9.27    22.43

DEGREE DAYS
 HEATING
  YESTERDAY        0                         8     -8       10
  MONTH TO DATE  209                       264    -55      146
  SINCE JUL 1   4492                      4662   -170     3675

 COOLING
  YESTERDAY        0                         0      0        0
  MONTH TO DATE   20                         0     20        5
  SINCE JAN 1     20                         0     20       16
..................................................................


WIND (MPH)
  HIGHEST WIND SPEED    12   HIGHEST WIND DIRECTION     N (10)
  HIGHEST GUST SPEED    14   HIGHEST GUST DIRECTION     N (10)
  AVERAGE WIND SPEED     3.5


SKY COVER
  POSSIBLE SUNSHINE  MM
  AVERAGE SKY COVER 0.0


WEATHER CONDITIONS
 THE FOLLOWING WEATHER WAS RECORDED YESTERDAY.
  NO SIGNIFICANT WEATHER WAS OBSERVED.


RELATIVE HUMIDITY (PERCENT)
 HIGHEST    93           400 AM
 LOWEST     26           400 PM
 AVERAGE    60

..........................................................


THE MCMINNVILLE OR CLIMATE NORMALS FOR TODAY
                         NORMAL    RECORD    YEAR
 MAXIMUM TEMPERATURE (F)   69        91      2005
 MINIMUM TEMPERATURE (F)   45        28      1966


SUNRISE AND SUNSET
MAY 27 2017...........SUNRISE   431 AM PST   SUNSET   749 PM PST
MAY 28 2017...........SUNRISE   431 AM PST   SUNSET   750 PM PST


-  INDICATES NEGATIVE NUMBERS.
R  INDICATES RECORD WAS SET OR TIED.
MM INDICATES DATA IS MISSING.
T  INDICATES TRACE AMOUNT.




$$
