000
CDUS46 KPQR 261143
CLIMMV


CLIMATE REPORT
NATIONAL WEATHER SERVICE PORTLAND OREGON
443 AM PDT WED JUL 26 2017


...................................

...THE MCMINNVILLE OR CLIMATE SUMMARY FOR JULY 25 2017...

CLIMATE NORMAL PERIOD 1981 TO 2010
CLIMATE RECORD PERIOD 1894 TO 2017


WEATHER ITEM   OBSERVED TIME   RECORD YEAR NORMAL DEPARTURE LAST
                VALUE   (LST)  VALUE       VALUE  FROM      YEAR
                                                  NORMAL
..................................................................
TEMPERATURE (F)
 YESTERDAY
  MAXIMUM         93    421 PM 107    1928  83     10       87
  MINIMUM         54    515 AM  40    1930  52      2       57
  AVERAGE         74                        67      7       72

PRECIPITATION (IN)
  YESTERDAY        0.00          0.10 1983   0.01  -0.01     0.00
  MONTH TO DATE    0.01                      0.45  -0.44     0.35
  SINCE OCT 1     53.32                     37.73  15.59    49.54
  SINCE JAN 1     29.51                     21.70   7.81    24.47

DEGREE DAYS
 HEATING
  YESTERDAY        0                         1     -1        0
  MONTH TO DATE    5                        39    -34       17
  SINCE JUL 1      5                        39    -34       17

 COOLING
  YESTERDAY        9                         3      6        7
  MONTH TO DATE   84                        59     25       45
  SINCE JAN 1    164                        81     83      136
..................................................................


WIND (MPH)
  HIGHEST WIND SPEED    13   HIGHEST WIND DIRECTION     N (360)
  HIGHEST GUST SPEED    28   HIGHEST GUST DIRECTION     E (90)
  AVERAGE WIND SPEED     6.0


SKY COVER
  POSSIBLE SUNSHINE  MM
  AVERAGE SKY COVER 0.0


WEATHER CONDITIONS
 THE FOLLOWING WEATHER WAS RECORDED YESTERDAY.
  NO SIGNIFICANT WEATHER WAS OBSERVED.


RELATIVE HUMIDITY (PERCENT)
 HIGHEST    93           500 AM
 LOWEST     25           300 PM
 AVERAGE    59

..........................................................


THE MCMINNVILLE OR CLIMATE NORMALS FOR TODAY
                         NORMAL    RECORD    YEAR
 MAXIMUM TEMPERATURE (F)   83       104      1939
 MINIMUM TEMPERATURE (F)   52        39      1969


SUNRISE AND SUNSET
JULY 26 2017..........SUNRISE   451 AM PST   SUNSET   746 PM PST
JULY 27 2017..........SUNRISE   452 AM PST   SUNSET   745 PM PST


-  INDICATES NEGATIVE NUMBERS.
R  INDICATES RECORD WAS SET OR TIED.
MM INDICATES DATA IS MISSING.
T  INDICATES TRACE AMOUNT.




$$
