000
CDUS46 KPQR 191143
CLIMMV


CLIMATE REPORT
NATIONAL WEATHER SERVICE PORTLAND OREGON
442 AM PDT FRI SEP 19 2014


...................................

...THE MCMINNVILLE OR CLIMATE SUMMARY FOR SEPTEMBER 18 2014...

CLIMATE NORMAL PERIOD 1981 TO 2010
CLIMATE RECORD PERIOD 1894 TO 2014


WEATHER ITEM   OBSERVED TIME   RECORD YEAR NORMAL DEPARTURE LAST
                VALUE   (LST)  VALUE       VALUE  FROM      YEAR
                                                  NORMAL
..................................................................
TEMPERATURE (F)
 YESTERDAY
  MAXIMUM         76    329 PM  95    1922  76      0       73
  MINIMUM         58   1159 PM  35    1988  47     11       51
  AVERAGE         67                        61      6       62

PRECIPITATION (IN)
  YESTERDAY        0.06          1.50 1921   0.04   0.02     0.00
  MONTH TO DATE    0.06                      0.67  -0.61     1.43
  SINCE OCT 1     27.66                     39.03 -11.37    33.63
  SINCE JAN 1     22.70                     23.00  -0.30    12.49

DEGREE DAYS
 HEATING
  YESTERDAY        0                         4     -4        3
  MONTH TO DATE    5                        55    -50       11
  SINCE JUL 1     11                       140   -129       28

 COOLING
  YESTERDAY        2                         1      1        0
  MONTH TO DATE   54                        26     28       68
  SINCE JAN 1    499                       210    289      405
..................................................................


WIND (MPH)
  HIGHEST WIND SPEED    10   HIGHEST WIND DIRECTION     S (180)
  HIGHEST GUST SPEED    15   HIGHEST GUST DIRECTION    SW (220)
  AVERAGE WIND SPEED     3.4


SKY COVER
  POSSIBLE SUNSHINE  MM
  AVERAGE SKY COVER 0.8


WEATHER CONDITIONS
 THE FOLLOWING WEATHER WAS RECORDED YESTERDAY.
  LIGHT RAIN
  FOG


RELATIVE HUMIDITY (PERCENT)
 HIGHEST    90           300 AM
 LOWEST     57           200 PM
 AVERAGE    74

..........................................................


THE MCMINNVILLE OR CLIMATE NORMALS FOR TODAY
                         NORMAL    RECORD    YEAR
 MAXIMUM TEMPERATURE (F)   75        94      1952
 MINIMUM TEMPERATURE (F)   47        31      1904


SUNRISE AND SUNSET
SEPTEMBER 19 2014.....SUNRISE   556 AM PST   SUNSET   616 PM PST
SEPTEMBER 20 2014.....SUNRISE   557 AM PST   SUNSET   614 PM PST


-  INDICATES NEGATIVE NUMBERS.
R  INDICATES RECORD WAS SET OR TIED.
MM INDICATES DATA IS MISSING.
T  INDICATES TRACE AMOUNT.




$$
