000
CDUS46 KPQR 301149
CLIMMV


CLIMATE REPORT
NATIONAL WEATHER SERVICE PORTLAND OREGON
448 AM PDT TUE JUN 30 2015


...................................

...THE MCMINNVILLE OR CLIMATE SUMMARY FOR JUNE 29 2015...

CLIMATE NORMAL PERIOD 1981 TO 2010
CLIMATE RECORD PERIOD 1894 TO 2015


WEATHER ITEM   OBSERVED TIME   RECORD YEAR NORMAL DEPARTURE LAST
                VALUE   (LST)  VALUE       VALUE  FROM      YEAR
                                                  NORMAL
..................................................................
TEMPERATURE (F)
 YESTERDAY
  MAXIMUM         91    352 PM 105    1924  77     14       74
  MINIMUM         57    431 AM  34    1919  49      8       56
  AVERAGE         74                        63     11       65

PRECIPITATION (IN)
  YESTERDAY        T             0.63 1992   0.04  -0.04     0.00
  MONTH TO DATE    0.67                      1.49  -0.82     1.26
  SINCE OCT 1     32.44                     37.24  -4.80    27.08
  SINCE JAN 1     16.20                     21.21  -5.01    22.12

DEGREE DAYS
 HEATING
  YESTERDAY        0                         3     -3        0
  MONTH TO DATE   36                       166   -130       92
  SINCE JUL 1   3565                      4868  -1303     4600

 COOLING
  YESTERDAY        9                         1      8        0
  MONTH TO DATE  110                        10    100        7
  SINCE JAN 1    118                        16    102       27
..................................................................


WIND (MPH)
  HIGHEST WIND SPEED    21   HIGHEST WIND DIRECTION    SW (220)
  HIGHEST GUST SPEED    23   HIGHEST GUST DIRECTION    SW (220)
  AVERAGE WIND SPEED     8.1


SKY COVER
  POSSIBLE SUNSHINE  MM
  AVERAGE SKY COVER 0.0


WEATHER CONDITIONS
 THE FOLLOWING WEATHER WAS RECORDED YESTERDAY.
  NO SIGNIFICANT WEATHER WAS OBSERVED.


RELATIVE HUMIDITY (PERCENT)
 HIGHEST    84          1200 AM
 LOWEST     41           300 PM
 AVERAGE    63

..........................................................


THE MCMINNVILLE OR CLIMATE NORMALS FOR TODAY
                         NORMAL    RECORD    YEAR
 MAXIMUM TEMPERATURE (F)   77       101      1915
 MINIMUM TEMPERATURE (F)   49        37      1971


SUNRISE AND SUNSET
JUNE 30 2015..........SUNRISE   428 AM PST   SUNSET   804 PM PST
JULY  1 2015..........SUNRISE   429 AM PST   SUNSET   804 PM PST


-  INDICATES NEGATIVE NUMBERS.
R  INDICATES RECORD WAS SET OR TIED.
MM INDICATES DATA IS MISSING.
T  INDICATES TRACE AMOUNT.




$$
