000
CDUS44 KMOB 260645
CLIMOB


CLIMATE REPORT
NATIONAL WEATHER SERVICE MOBILE AL
145 AM CDT TUE MAY 26 2015


...................................

...THE MOBILE CLIMATE SUMMARY FOR MAY 25 2015...

CLIMATE NORMAL PERIOD 1981 TO 2010
CLIMATE RECORD PERIOD 1842 TO 2015


WEATHER ITEM   OBSERVED TIME   RECORD YEAR NORMAL DEPARTURE LAST
                VALUE   (LST)  VALUE       VALUE  FROM      YEAR
                                                  NORMAL
..................................................................
TEMPERATURE (F)
 YESTERDAY
  MAXIMUM         80   1232 PM  97    1962  86     -6       90
  MINIMUM         72    733 PM  53    1979  66      6       64
  AVERAGE         76                        76      0       77

PRECIPITATION (IN)
  YESTERDAY        0.30          3.38 1909   0.17   0.13     0.00
  MONTH TO DATE    7.01                      4.09   2.92     4.76
  SINCE MAR 1     24.87                     15.02   9.85    29.35
  SINCE JAN 1     30.92                     25.79   5.13    36.47

DEGREE DAYS
 COOLING
  YESTERDAY       11                        11      0       12
  MONTH TO DATE  248                       214     34      165
  SINCE MAR 1    523                       357    166      268
  SINCE JAN 1    527                       373    154      280
..................................................................


WIND (MPH)
  HIGHEST WIND SPEED    17   HIGHEST WIND DIRECTION    SE (140)
  HIGHEST GUST SPEED    23   HIGHEST GUST DIRECTION    SE (150)
  AVERAGE WIND SPEED     9.9


SKY COVER
  POSSIBLE SUNSHINE  MM
  AVERAGE SKY COVER 0.8


WEATHER CONDITIONS
 THE FOLLOWING WEATHER WAS RECORDED YESTERDAY.
  THUNDERSTORM
  RAIN
  LIGHT RAIN
  FOG
  HAZE


RELATIVE HUMIDITY (PERCENT)
 HIGHEST   100          1100 PM
 LOWEST     87           300 PM
 AVERAGE    94

..........................................................


THE MOBILE CLIMATE NORMALS FOR TODAY
                         NORMAL    RECORD    YEAR
 MAXIMUM TEMPERATURE (F)   87        96      1962
                                             1953
                                             1878
 MINIMUM TEMPERATURE (F)   66        48      1979


SUNRISE AND SUNSET
MAY 26 2015...........SUNRISE   553 AM CDT   SUNSET   748 PM CDT
MAY 27 2015...........SUNRISE   552 AM CDT   SUNSET   748 PM CDT


-  INDICATES NEGATIVE NUMBERS.
R  INDICATES RECORD WAS SET OR TIED.
MM INDICATES DATA IS MISSING.
T  INDICATES TRACE AMOUNT.




$$
