000
CDUS44 KMOB 040645
CLIMOB


CLIMATE REPORT
NATIONAL WEATHER SERVICE MOBILE AL
145 AM CDT FRI SEP 4 2015


...................................

...THE MOBILE CLIMATE SUMMARY FOR SEPTEMBER 3 2015...

CLIMATE NORMAL PERIOD 1981 TO 2010
CLIMATE RECORD PERIOD 1842 TO 2015


WEATHER ITEM   OBSERVED TIME   RECORD YEAR NORMAL DEPARTURE LAST
                VALUE   (LST)  VALUE       VALUE  FROM      YEAR
                                                  NORMAL
..................................................................
TEMPERATURE (F)
 YESTERDAY
  MAXIMUM         91    121 PM  97    1944  89      2       91
  MINIMUM         73   1159 PM  63    1952  71      2       72
  AVERAGE         82                        80      2       82

PRECIPITATION (IN)
  YESTERDAY        0.00          5.24 2011   0.18  -0.18     0.00
  MONTH TO DATE    0.00                      0.54  -0.54     0.01
  SINCE MAR 1     41.02                     36.93   4.09    50.29
  SINCE JAN 1     47.07                     47.70  -0.63    57.41

DEGREE DAYS
 HEATING
  YESTERDAY        0                         0      0        0
  MONTH TO DATE    0                         0      0        0
  SINCE SEP 1      0                         0      0        0
  SINCE JUL 1      0                         0      0        0

 COOLING
  YESTERDAY       17                        15      2       17
  MONTH TO DATE   51                        47      4       53
  SINCE SEP 1     51                        47      4       53
  SINCE JAN 1   2231                      1974    257     1801
..................................................................


WIND (MPH)
  HIGHEST WIND SPEED    16   HIGHEST WIND DIRECTION     S (190)
  HIGHEST GUST SPEED    20   HIGHEST GUST DIRECTION     S (190)
  AVERAGE WIND SPEED     4.8


SKY COVER
  POSSIBLE SUNSHINE  MM
  AVERAGE SKY COVER 0.6


WEATHER CONDITIONS
 THE FOLLOWING WEATHER WAS RECORDED YESTERDAY.
  FOG


RELATIVE HUMIDITY (PERCENT)
 HIGHEST   100          1200 AM
 LOWEST     55          1100 AM
 AVERAGE    78

..........................................................


THE MOBILE CLIMATE NORMALS FOR TODAY
                         NORMAL    RECORD    YEAR
 MAXIMUM TEMPERATURE (F)   89        99      1990
 MINIMUM TEMPERATURE (F)   71        59      1952


SUNRISE AND SUNSET
SEPTEMBER  4 2015.....SUNRISE   631 AM CDT   SUNSET   713 PM CDT
SEPTEMBER  5 2015.....SUNRISE   632 AM CDT   SUNSET   711 PM CDT


-  INDICATES NEGATIVE NUMBERS.
R  INDICATES RECORD WAS SET OR TIED.
MM INDICATES DATA IS MISSING.
T  INDICATES TRACE AMOUNT.




$$
