000
CDUS44 KMOB 250645
CLIMOB


CLIMATE REPORT
NATIONAL WEATHER SERVICE MOBILE AL
145 AM CDT SUN JUN 25 2017


...................................

...THE MOBILE CLIMATE SUMMARY FOR JUNE 24 2017...

CLIMATE NORMAL PERIOD 1981 TO 2010
CLIMATE RECORD PERIOD 1842 TO 2017


WEATHER ITEM   OBSERVED TIME   RECORD YEAR NORMAL DEPARTURE LAST
                VALUE   (LST)  VALUE       VALUE  FROM      YEAR
                                                  NORMAL
..................................................................
TEMPERATURE (F)
 YESTERDAY
  MAXIMUM         90    234 PM 101    2009  90      0       94
  MINIMUM         75    502 AM  62    2001  72      3       69
  AVERAGE         83                        81      2       82

PRECIPITATION (IN)
  YESTERDAY        0.14          3.59 1929   0.23  -0.09     0.00
  MONTH TO DATE   11.95                      4.75   7.20     4.76
  SINCE MAR 1     31.73                     20.82  10.91    23.47
  SINCE JAN 1     43.94                     31.59  12.35    32.92

DEGREE DAYS
 COOLING
  YESTERDAY       18                        16      2       17
  MONTH TO DATE  331                       347    -16      372
  SINCE JUN 1    331                       347    -16      372
  SINCE JAN 1    932                       792    140      831
..................................................................


WIND (MPH)
  HIGHEST WIND SPEED    13   HIGHEST WIND DIRECTION     N (340)
  HIGHEST GUST SPEED    16   HIGHEST GUST DIRECTION    SW (220)
  AVERAGE WIND SPEED     4.6


SKY COVER
  POSSIBLE SUNSHINE  MM
  AVERAGE SKY COVER 0.6


WEATHER CONDITIONS
 THE FOLLOWING WEATHER WAS RECORDED YESTERDAY.
  THUNDERSTORM
  HEAVY RAIN
  RAIN
  LIGHT RAIN
  FOG


RELATIVE HUMIDITY (PERCENT)
 HIGHEST    94           400 AM
 LOWEST     63           300 PM
 AVERAGE    79

..........................................................


THE MOBILE CLIMATE NORMALS FOR TODAY
                         NORMAL    RECORD    YEAR
 MAXIMUM TEMPERATURE (F)   90       100      1914
 MINIMUM TEMPERATURE (F)   72        61      1974


SUNRISE AND SUNSET
JUNE 25 2017..........SUNRISE   552 AM CDT   SUNSET   800 PM CDT
JUNE 26 2017..........SUNRISE   552 AM CDT   SUNSET   800 PM CDT


-  INDICATES NEGATIVE NUMBERS.
R  INDICATES RECORD WAS SET OR TIED.
MM INDICATES DATA IS MISSING.
T  INDICATES TRACE AMOUNT.




$$
