000
CDUS44 KMOB 050626
CLIMOB


CLIMATE REPORT
NATIONAL WEATHER SERVICE MOBILE AL
126 AM CDT THU MAY 5 2016


...................................

...THE MOBILE CLIMATE SUMMARY FOR MAY 4 2016...

CLIMATE NORMAL PERIOD 1981 TO 2010
CLIMATE RECORD PERIOD 1842 TO 2016


WEATHER ITEM   OBSERVED TIME   RECORD YEAR NORMAL DEPARTURE LAST
                VALUE   (LST)  VALUE       VALUE  FROM      YEAR
                                                  NORMAL
..................................................................
TEMPERATURE (F)
 YESTERDAY
  MAXIMUM         76    440 PM  94    1952  82     -6       83
  MINIMUM         57    609 AM  43    2013  60     -3       62
  AVERAGE         67                        71     -4       73

PRECIPITATION (IN)
  YESTERDAY        0.00          1.48 1912   0.16  -0.16     0.00
  MONTH TO DATE    0.11                      0.61  -0.50     0.00
  SINCE MAR 1     16.16                     11.54   4.62    17.86
  SINCE JAN 1     25.61                     22.31   3.30    23.91

DEGREE DAYS
 COOLING
  YESTERDAY        2                         6     -4        8
  MONTH TO DATE   27                        24      3       11
  SINCE MAR 1    199                       167     32      286
  SINCE JAN 1    213                       183     30      290
..................................................................


WIND (MPH)
  HIGHEST WIND SPEED    20   HIGHEST WIND DIRECTION     N (360)
  HIGHEST GUST SPEED    26   HIGHEST GUST DIRECTION     N (340)
  AVERAGE WIND SPEED     9.4


SKY COVER
  POSSIBLE SUNSHINE  MM
  AVERAGE SKY COVER 0.3


WEATHER CONDITIONS
 THE FOLLOWING WEATHER WAS RECORDED YESTERDAY.
  NO SIGNIFICANT WEATHER WAS OBSERVED.


RELATIVE HUMIDITY (PERCENT)
 HIGHEST    93          1200 AM
 LOWEST     36           400 PM
 AVERAGE    65

..........................................................


THE MOBILE CLIMATE NORMALS FOR TODAY
                         NORMAL    RECORD    YEAR
 MAXIMUM TEMPERATURE (F)   82        94      1952
 MINIMUM TEMPERATURE (F)   61        46      1954
                                             1921


SUNRISE AND SUNSET
MAY  5 2016...........SUNRISE   605 AM CDT   SUNSET   734 PM CDT
MAY  6 2016...........SUNRISE   604 AM CDT   SUNSET   735 PM CDT


-  INDICATES NEGATIVE NUMBERS.
R  INDICATES RECORD WAS SET OR TIED.
MM INDICATES DATA IS MISSING.
T  INDICATES TRACE AMOUNT.




$$
