000
CDUS44 KMOB 240645
CLIMOB


CLIMATE REPORT
NATIONAL WEATHER SERVICE MOBILE AL
145 AM CDT TUE OCT 24 2017


...................................

...THE MOBILE CLIMATE SUMMARY FOR OCTOBER 23 2017...

CLIMATE NORMAL PERIOD 1981 TO 2010
CLIMATE RECORD PERIOD 1842 TO 2017


WEATHER ITEM   OBSERVED TIME   RECORD YEAR NORMAL DEPARTURE LAST
                VALUE   (LST)  VALUE       VALUE  FROM      YEAR
                                                  NORMAL
..................................................................
TEMPERATURE (F)
 YESTERDAY
  MAXIMUM         74    230 PM  90    1941  77     -3       78
  MINIMUM         52   1159 PM  38    1937  55     -3       43
  AVERAGE         63                        66     -3       61

PRECIPITATION (IN)
  YESTERDAY        0.01          2.55 1892   0.12  -0.11     0.00
  MONTH TO DATE   13.39                      2.68  10.71     0.00
  SINCE MAR 1     66.67                     44.18  22.49    42.76
  SINCE JAN 1     78.88                     54.95  23.93    52.21

DEGREE DAYS
 HEATING
  YESTERDAY        2                         2      0        4
  MONTH TO DATE    2                        26    -24       11
  SINCE SEP 1      2                        28    -26       11
  SINCE JUL 1      2                        28    -26       11

 COOLING
  YESTERDAY        0                         4     -4        0
  MONTH TO DATE  233                       133    100      189
  SINCE SEP 1    632                       510    122      655
  SINCE JAN 1   2718                      2437    281     2705
..................................................................


WIND (MPH)
  HIGHEST WIND SPEED    18   HIGHEST WIND DIRECTION     N (350)
  HIGHEST GUST SPEED    24   HIGHEST GUST DIRECTION     N (340)
  AVERAGE WIND SPEED     7.3


SKY COVER
  POSSIBLE SUNSHINE  MM
  AVERAGE SKY COVER 0.4


WEATHER CONDITIONS
 THE FOLLOWING WEATHER WAS RECORDED YESTERDAY.
  LIGHT RAIN
  FOG
  HAZE


RELATIVE HUMIDITY (PERCENT)
 HIGHEST   100           200 AM
 LOWEST     46           100 PM
 AVERAGE    73

..........................................................


THE MOBILE CLIMATE NORMALS FOR TODAY
                         NORMAL    RECORD    YEAR
 MAXIMUM TEMPERATURE (F)   77        87      1941
 MINIMUM TEMPERATURE (F)   55        37      1999
                                             1937


SUNRISE AND SUNSET
OCTOBER 24 2017.......SUNRISE   702 AM CDT   SUNSET   612 PM CDT
OCTOBER 25 2017.......SUNRISE   703 AM CDT   SUNSET   611 PM CDT


-  INDICATES NEGATIVE NUMBERS.
R  INDICATES RECORD WAS SET OR TIED.
MM INDICATES DATA IS MISSING.
T  INDICATES TRACE AMOUNT.




$$
