000
CDUS44 KMOB 230645
CLIMOB


CLIMATE REPORT
NATIONAL WEATHER SERVICE MOBILE AL
145 AM CDT TUE MAY 23 2017


...................................

...THE MOBILE CLIMATE SUMMARY FOR MAY 22 2017...

CLIMATE NORMAL PERIOD 1981 TO 2010
CLIMATE RECORD PERIOD 1842 TO 2017


WEATHER ITEM   OBSERVED TIME   RECORD YEAR NORMAL DEPARTURE LAST
                VALUE   (LST)  VALUE       VALUE  FROM      YEAR
                                                  NORMAL
..................................................................
TEMPERATURE (F)
 YESTERDAY
  MAXIMUM         81   1246 PM  96    1996  86     -5       83
  MINIMUM         65    509 AM  48    1993  65      0       62
  AVERAGE         73                        76     -3       73

PRECIPITATION (IN)
  YESTERDAY        0.11          3.80 1965   0.17  -0.06     0.00
  MONTH TO DATE    8.58                      3.58   5.00     2.48
  SINCE MAR 1     17.48                     14.51   2.97    18.53
  SINCE JAN 1     29.69                     25.28   4.41    27.98

DEGREE DAYS
 COOLING
  YESTERDAY        8                        11     -3        8
  MONTH TO DATE  171                       181    -10      172
  SINCE MAR 1    431                       324    107      344
  SINCE JAN 1    506                       340    166      358
..................................................................


WIND (MPH)
  HIGHEST WIND SPEED     8   HIGHEST WIND DIRECTION     N (340)
  HIGHEST GUST SPEED    11   HIGHEST GUST DIRECTION     N (350)
  AVERAGE WIND SPEED     3.2


SKY COVER
  POSSIBLE SUNSHINE  MM
  AVERAGE SKY COVER 0.5


WEATHER CONDITIONS
 THE FOLLOWING WEATHER WAS RECORDED YESTERDAY.
  RAIN
  LIGHT RAIN
  FOG


RELATIVE HUMIDITY (PERCENT)
 HIGHEST    93          1200 AM
 LOWEST     58          1100 AM
 AVERAGE    76

..........................................................


THE MOBILE CLIMATE NORMALS FOR TODAY
                         NORMAL    RECORD    YEAR
 MAXIMUM TEMPERATURE (F)   86        95      1996
                                             1972
                                             1920
 MINIMUM TEMPERATURE (F)   66        47      1883


SUNRISE AND SUNSET
MAY 23 2017...........SUNRISE   554 AM CDT   SUNSET   746 PM CDT
MAY 24 2017...........SUNRISE   553 AM CDT   SUNSET   747 PM CDT


-  INDICATES NEGATIVE NUMBERS.
R  INDICATES RECORD WAS SET OR TIED.
MM INDICATES DATA IS MISSING.
T  INDICATES TRACE AMOUNT.




$$
