000
CDUS44 KMOB 060629
CLIMOB


CLIMATE REPORT
NATIONAL WEATHER SERVICE MOBILE AL
128 AM CDT MON JUL 6 2015


...................................

...THE MOBILE CLIMATE SUMMARY FOR JULY 5 2015...

CLIMATE NORMAL PERIOD 1981 TO 2010
CLIMATE RECORD PERIOD 1842 TO 2015


WEATHER ITEM   OBSERVED TIME   RECORD YEAR NORMAL DEPARTURE LAST
                VALUE   (LST)  VALUE       VALUE  FROM      YEAR
                                                  NORMAL
..................................................................
TEMPERATURE (F)
 YESTERDAY
  MAXIMUM         83   1024 AM  98    1921  91     -8       90
                                      1877
  MINIMUM         68   1159 PM  64    2014  73     -5       64
  AVERAGE         76                        82     -6       77

PRECIPITATION (IN)
  YESTERDAY        1.07          5.82 1916   0.23   0.84     0.00
  MONTH TO DATE    1.15                      1.13   0.02     0.00
  SINCE MAR 1     32.12                     23.31   8.81    39.53
  SINCE JAN 1     38.17                     34.08   4.09    46.65

DEGREE DAYS
 COOLING
  YESTERDAY       11                        17     -6       12
  MONTH TO DATE   79                        83     -4       79
  SINCE JUN 1    557                       527     30      489
  SINCE JAN 1   1157                       972    185      827
..................................................................


WIND (MPH)
  HIGHEST WIND SPEED    26   HIGHEST WIND DIRECTION     S (170)
  HIGHEST GUST SPEED    35   HIGHEST GUST DIRECTION     S (190)
  AVERAGE WIND SPEED     5.9


SKY COVER
  POSSIBLE SUNSHINE  MM
  AVERAGE SKY COVER 0.6


WEATHER CONDITIONS
 THE FOLLOWING WEATHER WAS RECORDED YESTERDAY.
  THUNDERSTORM
  HEAVY RAIN
  RAIN
  LIGHT RAIN
  FOG
  HAZE


RELATIVE HUMIDITY (PERCENT)
 HIGHEST   100           400 PM
 LOWEST     85           900 AM
 AVERAGE    93

..........................................................


THE MOBILE CLIMATE NORMALS FOR TODAY
                         NORMAL    RECORD    YEAR
 MAXIMUM TEMPERATURE (F)   91        99      1877
 MINIMUM TEMPERATURE (F)   73        64      1882


SUNRISE AND SUNSET
JULY  6 2015..........SUNRISE   556 AM CDT   SUNSET   759 PM CDT
JULY  7 2015..........SUNRISE   556 AM CDT   SUNSET   759 PM CDT


-  INDICATES NEGATIVE NUMBERS.
R  INDICATES RECORD WAS SET OR TIED.
MM INDICATES DATA IS MISSING.
T  INDICATES TRACE AMOUNT.




$$
