000
CDUS46 KSTO 220843
CLIMOD


CLIMATE REPORT
NATIONAL WEATHER SERVICE SACRAMENTO, CA
1243 AM PST WED FEB 22 2017


...................................

...THE MODESTO CA CLIMATE SUMMARY FOR FEBRUARY 21 2017...

CLIMATE NORMAL PERIOD 1981 TO 2010
CLIMATE RECORD PERIOD 1931 TO 2017


WEATHER ITEM   OBSERVED TIME   RECORD YEAR NORMAL DEPARTURE LAST
                VALUE   (LST)  VALUE       VALUE  FROM      YEAR
                                                  NORMAL
..................................................................
TEMPERATURE (F)
 YESTERDAY
  MAXIMUM         65   1220 PM  75    1991  65      0       65
  MINIMUM         50   1159 PM  29    1955  44      6       43
  AVERAGE         58

PRECIPITATION (IN)
  YESTERDAY        T             0.76 1944   0.09  -0.09     0.00
  MONTH TO DATE    3.48                      1.81   1.67     0.55
  SINCE OCT 1     14.03                      8.50   5.53     9.99
  SINCE JAN 1      9.00                      4.42   4.58     5.58

SNOWFALL (IN)
  YESTERDAY        0.0          MM      MM
  MONTH TO DATE    0.0
  SINCE DEC 1      0.0
  SINCE JUL 1      0.0
  SNOW DEPTH       0

DEGREE DAYS
 HEATING
  YESTERDAY        7                        11     -4       11
  MONTH TO DATE  170                       267    -97      212
  SINCE DEC 1   1188                      1338   -150     1171
  SINCE JUL 1   1401                      1699   -298     1542

 COOLING
  YESTERDAY        0                         0      0        0
  MONTH TO DATE    0                         0      0        0
  SINCE DEC 1      0                         0      0        0
  SINCE JAN 1      0                         0      0        0
..................................................................


WIND (MPH)
  RESULTANT WIND SPEED   4   RESULTANT WIND DIRECTION  SE (130)
  HIGHEST WIND SPEED    18   HIGHEST WIND DIRECTION     W (280)
  HIGHEST GUST SPEED    25   HIGHEST GUST DIRECTION    SW (240)


SKY COVER
  POSSIBLE SUNSHINE  MM
  AVERAGE SKY COVER 0.6


WEATHER CONDITIONS
 THE FOLLOWING WEATHER WAS RECORDED YESTERDAY.
  THUNDERSTORM
  LIGHT RAIN


RELATIVE HUMIDITY (PERCENT)
 HIGHEST    89           500 AM
 LOWEST     55           500 PM
 AVERAGE    72

..........................................................


THE MODESTO CA CLIMATE NORMALS FOR TODAY
                         NORMAL    RECORD    YEAR
 MAXIMUM TEMPERATURE (F)   65        73      1985
 MINIMUM TEMPERATURE (F)   44        32      1975


SUNRISE AND SUNSET
FEBRUARY 22 2017......SUNRISE   644 AM PST   SUNSET   551 PM PST
FEBRUARY 23 2017......SUNRISE   643 AM PST   SUNSET   552 PM PST


-  INDICATES NEGATIVE NUMBERS.
R  INDICATES RECORD WAS SET OR TIED.
MM INDICATES DATA IS MISSING.
T  INDICATES TRACE AMOUNT.




$$
