000
CDUS46 KSTO 260836
CLIMOD


CLIMATE REPORT
NATIONAL WEATHER SERVICE SACRAMENTO, CA
135 AM PDT THU MAR 26 2015


...................................

...THE MODESTO CA CLIMATE SUMMARY FOR MARCH 25 2015...

CLIMATE NORMAL PERIOD 1981 TO 2010
CLIMATE RECORD PERIOD 1931 TO 2015


WEATHER ITEM   OBSERVED TIME   RECORD YEAR NORMAL DEPARTURE LAST
                VALUE   (LST)  VALUE       VALUE  FROM      YEAR
                                                  NORMAL
..................................................................
TEMPERATURE (F)
 YESTERDAY
  MAXIMUM         78    252 PM  87    1997  70      8       72
  MINIMUM         55    638 AM  31    1936  47      8       50
  AVERAGE         67

PRECIPITATION (IN)
  YESTERDAY        0.00          0.76 1993   0.05  -0.05     0.04
  MONTH TO DATE    0.19                      1.75  -1.56     0.64
  SINCE OCT 1      9.35                     10.82  -1.47     4.92
  SINCE JAN 1      1.95                      6.74  -4.79     3.56

SNOWFALL (IN)
  YESTERDAY        0.0          MM      MM
  MONTH TO DATE    0.0
  SINCE MAR 1      0.0
  SINCE JUL 1      0.0
  SNOW DEPTH       0

DEGREE DAYS
 HEATING
  YESTERDAY        0                         7     -7        4
  MONTH TO DATE   94                       198   -104      110
  SINCE MAR 1     94                       198   -104      110
  SINCE JUL 1   1506                      1966   -460     1808

 COOLING
  YESTERDAY        2                         0      2        0
  MONTH TO DATE   15                         0     15        0
  SINCE MAR 1     15                         0     15        0
  SINCE JAN 1     15                         0     15        0
..................................................................


WIND (MPH)
  RESULTANT WIND SPEED   6   RESULTANT WIND DIRECTION  NW (320)
  HIGHEST WIND SPEED    15   HIGHEST WIND DIRECTION     W (290)
  HIGHEST GUST SPEED    20   HIGHEST GUST DIRECTION     W (290)


SKY COVER
  POSSIBLE SUNSHINE  MM
  AVERAGE SKY COVER 0.0


WEATHER CONDITIONS
 THE FOLLOWING WEATHER WAS RECORDED YESTERDAY.
  NO SIGNIFICANT WEATHER WAS OBSERVED.


RELATIVE HUMIDITY (PERCENT)
 HIGHEST    77          1200 AM
 LOWEST     29           300 PM
 AVERAGE    53

..........................................................


THE MODESTO CA CLIMATE NORMALS FOR TODAY
                         NORMAL    RECORD    YEAR
 MAXIMUM TEMPERATURE (F)   70        87      1988
 MINIMUM TEMPERATURE (F)   47        34      1948


SUNRISE AND SUNSET
MARCH 26 2015.........SUNRISE   658 AM PDT   SUNSET   721 PM PDT
MARCH 27 2015.........SUNRISE   657 AM PDT   SUNSET   722 PM PDT


-  INDICATES NEGATIVE NUMBERS.
R  INDICATES RECORD WAS SET OR TIED.
MM INDICATES DATA IS MISSING.
T  INDICATES TRACE AMOUNT.




$$
