000
CDUS46 KSTO 310837
CLIMOD


CLIMATE REPORT
NATIONAL WEATHER SERVICE SACRAMENTO, CA
137 AM PDT FRI OCT 31 2014


...................................

...THE MODESTO CA CLIMATE SUMMARY FOR OCTOBER 30 2014...

CLIMATE NORMAL PERIOD 1981 TO 2010
CLIMATE RECORD PERIOD 1931 TO 2014


WEATHER ITEM   OBSERVED TIME   RECORD YEAR NORMAL DEPARTURE LAST
                VALUE   (LST)  VALUE       VALUE  FROM      YEAR
                                                  NORMAL
..................................................................
TEMPERATURE (F)
 YESTERDAY
  MAXIMUM         79    257 PM  87    1993  73      6       68
  MINIMUM         49    639 AM  32    1946  49      0       43
  AVERAGE         64

PRECIPITATION (IN)
  YESTERDAY        0.00          0.75 1975   0.03  -0.03     0.00
  MONTH TO DATE    0.03                      0.64  -0.61     0.00
  SINCE JUL 1      0.33                      0.92  -0.59     0.13
  SINCE JAN 1      5.84                      9.67  -3.83     3.34

SNOWFALL (IN)
  YESTERDAY        0.0           0.0  2002
                                      2001
  MONTH TO DATE    0.0
  SINCE SEP 1      0.0
  SINCE JUL 1      0.0
  SNOW DEPTH       0

DEGREE DAYS
 HEATING
  YESTERDAY        1                         5     -4        9
  MONTH TO DATE   25                        55    -30       65
  SINCE SEP 1     26                        58    -32       67
  SINCE JUL 1     26                        58    -32       67

 COOLING
  YESTERDAY        0                         1     -1        0
  MONTH TO DATE  127                        85     42       12
  SINCE SEP 1    426                       361     65      246
  SINCE JAN 1   1855                      1697    158     1718
..................................................................


WIND (MPH)
  RESULTANT WIND SPEED   3   RESULTANT WIND DIRECTION  SE (130)
  HIGHEST WIND SPEED    10   HIGHEST WIND DIRECTION    SE (120)
  HIGHEST GUST SPEED    13   HIGHEST GUST DIRECTION    SE (150)


SKY COVER
  POSSIBLE SUNSHINE  MM
  AVERAGE SKY COVER 0.0


WEATHER CONDITIONS
 THE FOLLOWING WEATHER WAS RECORDED YESTERDAY.
  NO SIGNIFICANT WEATHER WAS OBSERVED.


RELATIVE HUMIDITY (PERCENT)
 HIGHEST    89          1200 AM
 LOWEST     28           100 PM
 AVERAGE    59

..........................................................


THE MODESTO CA CLIMATE NORMALS FOR TODAY
                         NORMAL    RECORD    YEAR
 MAXIMUM TEMPERATURE (F)   72        83      1967
 MINIMUM TEMPERATURE (F)   49        29      1935


SUNRISE AND SUNSET
OCTOBER 31 2014.......SUNRISE   728 AM PDT   SUNSET   606 PM PDT
NOVEMBER  1 2014......SUNRISE   729 AM PDT   SUNSET   605 PM PDT


-  INDICATES NEGATIVE NUMBERS.
R  INDICATES RECORD WAS SET OR TIED.
MM INDICATES DATA IS MISSING.
T  INDICATES TRACE AMOUNT.




$$
