000
CDUS46 KSTO 090047
CLIMOD


CLIMATE REPORT
NATIONAL WEATHER SERVICE SACRAMENTO, CA
446 PM PST MON FEB 8 2016


...................................

...THE MODESTO CA CLIMATE SUMMARY FOR FEBRUARY 8 2016...
VALID TODAY AS OF 0400 PM LOCAL TIME.

CLIMATE NORMAL PERIOD 1981 TO 2010
CLIMATE RECORD PERIOD 1931 TO 2016


WEATHER ITEM   OBSERVED TIME   RECORD YEAR NORMAL DEPARTURE LAST
                VALUE   (LST)  VALUE       VALUE  FROM      YEAR
                                                  NORMAL
..................................................................
TEMPERATURE (F)
 TODAY
  MAXIMUM         73    355 PM  76    2006  61     12       69
  MINIMUM         41    735 AM  27    1949  42     -1       58
  AVERAGE         57

PRECIPITATION (IN)
  TODAY            0.00          1.29 1993   0.08  -0.08     0.93
  MONTH TO DATE    T                         0.72  -0.72     1.39
  SINCE OCT 1      9.44                      7.41   2.03     8.79
  SINCE JAN 1      5.03                      3.33   1.70     1.39

SNOWFALL (IN)
  TODAY            0.0          MM      MM
  MONTH TO DATE    0.0
  SINCE DEC 1      0.0
  SINCE JUL 1      0.0

DEGREE DAYS
 HEATING
  TODAY            8                        13     -5        1
  MONTH TO DATE  117                       113      4       56
  SINCE DEC 1   1076                      1184   -108      935
  SINCE JUL 1   1447                      1545    -98     1233

 COOLING
  TODAY            0                         0      0        0
  MONTH TO DATE    0                         0      0        0
  SINCE DEC 1      0                         0      0        0
  SINCE JAN 1      0                         0      0        0
..................................................................


WIND (MPH)
  RESULTANT WIND SPEED   0   RESULTANT WIND DIRECTION  SE (120)
  HIGHEST WIND SPEED     6   HIGHEST WIND DIRECTION     N (10)
  HIGHEST GUST SPEED     8   HIGHEST GUST DIRECTION     E (90)


SKY COVER
  POSSIBLE SUNSHINE  MM
  AVERAGE SKY COVER 0.0


WEATHER CONDITIONS
 THE FOLLOWING WEATHER WAS RECORDED TODAY.
  FOG
  FOG W/VISIBILITY <= 1/4 MILE
  HAZE


RELATIVE HUMIDITY (PERCENT)
 HIGHEST    96           800 AM
 LOWEST     47           300 PM
 AVERAGE    72

..........................................................


THE MODESTO CA CLIMATE NORMALS FOR TOMORROW
                         NORMAL    RECORD    YEAR
 MAXIMUM TEMPERATURE (F)   61        75      2006
 MINIMUM TEMPERATURE (F)   42        28      1939


SUNRISE AND SUNSET
FEBRUARY  8 2016......SUNRISE   701 AM PST   SUNSET   535 PM PST
FEBRUARY  9 2016......SUNRISE   700 AM PST   SUNSET   536 PM PST


-  INDICATES NEGATIVE NUMBERS.
R  INDICATES RECORD WAS SET OR TIED.
MM INDICATES DATA IS MISSING.
T  INDICATES TRACE AMOUNT.




$$
