374
CDUS46 KSTO 200908
CLIMOD


CLIMATE REPORT
NATIONAL WEATHER SERVICE SACRAMENTO, CA
208 AM PDT FRI OCT 20 2017


...................................

...THE MODESTO CA CLIMATE SUMMARY FOR OCTOBER 19 2017...

CLIMATE NORMAL PERIOD 1981 TO 2010
CLIMATE RECORD PERIOD 1931 TO 2017


WEATHER ITEM   OBSERVED TIME   RECORD YEAR NORMAL DEPARTURE LAST
                VALUE   (LST)  VALUE       VALUE  FROM      YEAR
                                                  NORMAL
..................................................................
TEMPERATURE (F)
 YESTERDAY
  MAXIMUM         75    254 PM  88    1991  78     -3       77
  MINIMUM         51   1207 AM  37    1949  52     -1       54
  AVERAGE         63

PRECIPITATION (IN)
  YESTERDAY        0.00          0.28 2004   0.02  -0.02     0.00
  MONTH TO DATE    0.00                      0.33  -0.33     0.23
  SINCE OCT 1      0.00                      0.33  -0.33     0.23
  SINCE JAN 1     11.90                      9.36   2.54    11.43

SNOWFALL (IN)
  YESTERDAY        0.0           0.0  2002
                                      2001
  MONTH TO DATE    0.0
  SINCE SEP 1      0.0
  SINCE JUL 1      0.0
  SNOW DEPTH       0

DEGREE DAYS
 HEATING
  YESTERDAY        2                         2      0        0
  MONTH TO DATE   19                        19      0       13
  SINCE SEP 1     22                        22      0       16
  SINCE JUL 1     22                        22      0       16

 COOLING
  YESTERDAY        0                         2     -2        1
  MONTH TO DATE   29                        73    -44       42
  SINCE SEP 1    362                       349     13      337
  SINCE JAN 1   2097                      1685    412     1954
..................................................................


WIND (MPH)
  RESULTANT WIND SPEED   4   RESULTANT WIND DIRECTION   N (350)
  HIGHEST WIND SPEED    18   HIGHEST WIND DIRECTION    NW (330)
  HIGHEST GUST SPEED    22   HIGHEST GUST DIRECTION    NW (310)


SKY COVER
  POSSIBLE SUNSHINE  MM
  AVERAGE SKY COVER 0.3


WEATHER CONDITIONS
 THE FOLLOWING WEATHER WAS RECORDED YESTERDAY.
  NO SIGNIFICANT WEATHER WAS OBSERVED.


RELATIVE HUMIDITY (PERCENT)
 HIGHEST    89           600 AM
 LOWEST     38           200 PM
 AVERAGE    64

..........................................................


THE MODESTO CA CLIMATE NORMALS FOR TODAY
                         NORMAL    RECORD    YEAR
 MAXIMUM TEMPERATURE (F)   77        90      1964
 MINIMUM TEMPERATURE (F)   52        31      1949


SUNRISE AND SUNSET
OCTOBER 20 2017.......SUNRISE   717 AM PDT   SUNSET   619 PM PDT
OCTOBER 21 2017.......SUNRISE   718 AM PDT   SUNSET   618 PM PDT


-  INDICATES NEGATIVE NUMBERS.
R  INDICATES RECORD WAS SET OR TIED.
MM INDICATES DATA IS MISSING.
T  INDICATES TRACE AMOUNT.




$$
