000
CDUS46 KSTO 240835
CLIMOD


CLIMATE REPORT
NATIONAL WEATHER SERVICE SACRAMENTO, CA
135 AM PDT SUN MAY 24 2015


...................................

...THE MODESTO CA CLIMATE SUMMARY FOR MAY 23 2015...

CLIMATE NORMAL PERIOD 1981 TO 2010
CLIMATE RECORD PERIOD 1931 TO 2015


WEATHER ITEM   OBSERVED TIME   RECORD YEAR NORMAL DEPARTURE LAST
                VALUE   (LST)  VALUE       VALUE  FROM      YEAR
                                                  NORMAL
..................................................................
TEMPERATURE (F)
 YESTERDAY
  MAXIMUM         79    407 PM  99    2001  85     -6       93
  MINIMUM         56    436 AM  43    1960  56      0       61
  AVERAGE         68

PRECIPITATION (IN)
  YESTERDAY        0.00          0.21 1990   0.02  -0.02     0.00
  MONTH TO DATE    0.27                      0.51  -0.24     0.01
  SINCE OCT 1     10.25                     12.59  -2.34     6.87
  SINCE JAN 1      2.85                      8.51  -5.66     5.51

SNOWFALL (IN)
  YESTERDAY        0.0          MM      MM
  MONTH TO DATE    0.0
  SINCE MAR 1      0.0
  SINCE JUL 1      0.0
  SNOW DEPTH       0

DEGREE DAYS
 HEATING
  YESTERDAY        0                         1     -1        0
  MONTH TO DATE   23                        30     -7       12
  SINCE MAR 1    200                       396   -196      271
  SINCE JUL 1   1612                      2164   -552     1969

 COOLING
  YESTERDAY        3                         6     -3       12
  MONTH TO DATE   44                       102    -58      115
  SINCE MAR 1    127                       146    -19      176
  SINCE JAN 1    127                       146    -19      176
..................................................................


WIND (MPH)
  RESULTANT WIND SPEED   3   RESULTANT WIND DIRECTION  NW (320)
  HIGHEST WIND SPEED    17   HIGHEST WIND DIRECTION    NW (300)
  HIGHEST GUST SPEED    20   HIGHEST GUST DIRECTION    NW (300)


SKY COVER
  POSSIBLE SUNSHINE  MM
  AVERAGE SKY COVER 0.2


WEATHER CONDITIONS
 THE FOLLOWING WEATHER WAS RECORDED YESTERDAY.
  NO SIGNIFICANT WEATHER WAS OBSERVED.


RELATIVE HUMIDITY (PERCENT)
 HIGHEST    77           500 AM
 LOWEST     35           200 PM
 AVERAGE    56

..........................................................


THE MODESTO CA CLIMATE NORMALS FOR TODAY
                         NORMAL    RECORD    YEAR
 MAXIMUM TEMPERATURE (F)   85       100      1982
 MINIMUM TEMPERATURE (F)   56        42      1953


SUNRISE AND SUNSET
MAY 24 2015...........SUNRISE   548 AM PDT   SUNSET   814 PM PDT
MAY 25 2015...........SUNRISE   547 AM PDT   SUNSET   815 PM PDT


-  INDICATES NEGATIVE NUMBERS.
R  INDICATES RECORD WAS SET OR TIED.
MM INDICATES DATA IS MISSING.
T  INDICATES TRACE AMOUNT.




$$
