525
CDUS46 KSTO 280842
CLIMOD


CLIMATE REPORT
NATIONAL WEATHER SERVICE SACRAMENTO, CA
142 AM PDT FRI APR 28 2017


...................................

...THE MODESTO CA CLIMATE SUMMARY FOR APRIL 27 2017...

CLIMATE NORMAL PERIOD 1981 TO 2010
CLIMATE RECORD PERIOD 1931 TO 2017


WEATHER ITEM   OBSERVED TIME   RECORD YEAR NORMAL DEPARTURE LAST
                VALUE   (LST)  VALUE       VALUE  FROM      YEAR
                                                  NORMAL
..................................................................
TEMPERATURE (F)
 YESTERDAY
  MAXIMUM         78    232 PM  98    2004  78      0       69
  MINIMUM         54    552 AM  36    1970  51      3       48
  AVERAGE         66

PRECIPITATION (IN)
  YESTERDAY        0.00          0.68 1954   0.02  -0.02     0.03
  MONTH TO DATE    1.48                      0.89   0.59     1.57
  SINCE OCT 1     16.78                     12.00   4.78    15.36
  SINCE JAN 1     11.75                      7.92   3.83    10.95

SNOWFALL (IN)
  YESTERDAY        0.0          MM      MM
  MONTH TO DATE    0.0
  SINCE MAR 1      0.0
  SINCE JUL 1      0.0
  SNOW DEPTH       0

DEGREE DAYS
 HEATING
  YESTERDAY        0                         3     -3        6
  MONTH TO DATE   90                       123    -33       51
  SINCE MAR 1    270                       360    -90      226
  SINCE JUL 1   1786                      2128   -342     1818

 COOLING
  YESTERDAY        1                         2     -1        0
  MONTH TO DATE    5                        31    -26       45
  SINCE MAR 1     11                        36    -25       45
  SINCE JAN 1     11                        36    -25       45
..................................................................


WIND (MPH)
  RESULTANT WIND SPEED  12   RESULTANT WIND DIRECTION  NW (310)
  HIGHEST WIND SPEED    23   HIGHEST WIND DIRECTION     W (290)
  HIGHEST GUST SPEED    29   HIGHEST GUST DIRECTION    NW (310)


SKY COVER
  POSSIBLE SUNSHINE  MM
  AVERAGE SKY COVER 0.1


WEATHER CONDITIONS
 THE FOLLOWING WEATHER WAS RECORDED YESTERDAY.
  NO SIGNIFICANT WEATHER WAS OBSERVED.


RELATIVE HUMIDITY (PERCENT)
 HIGHEST    93           500 AM
 LOWEST     24           200 PM
 AVERAGE    59

..........................................................


THE MODESTO CA CLIMATE NORMALS FOR TODAY
                         NORMAL    RECORD    YEAR
 MAXIMUM TEMPERATURE (F)   78        95      2007
 MINIMUM TEMPERATURE (F)   52        35      1970


SUNRISE AND SUNSET
APRIL 28 2017.........SUNRISE   611 AM PDT   SUNSET   752 PM PDT
APRIL 29 2017.........SUNRISE   610 AM PDT   SUNSET   752 PM PDT


-  INDICATES NEGATIVE NUMBERS.
R  INDICATES RECORD WAS SET OR TIED.
MM INDICATES DATA IS MISSING.
T  INDICATES TRACE AMOUNT.




$$
