000
CDUS46 KSTO 010039
CLIMOD


CLIMATE REPORT
NATIONAL WEATHER SERVICE SACRAMENTO, CA
538 PM PDT SAT APR 30 2016


...................................

...THE MODESTO CA CLIMATE SUMMARY FOR APRIL 30 2016...
VALID TODAY AS OF 0500 PM LOCAL TIME.

CLIMATE NORMAL PERIOD 1981 TO 2010
CLIMATE RECORD PERIOD 1931 TO 2016


WEATHER ITEM   OBSERVED TIME   RECORD YEAR NORMAL DEPARTURE LAST
                VALUE   (LST)  VALUE       VALUE  FROM      YEAR
                                                  NORMAL
..................................................................
TEMPERATURE (F)
 TODAY
  MAXIMUM         85    220 PM 100    1981  79      6       91
  MINIMUM         55    549 AM  36    1967  52      3       59
  AVERAGE         70

PRECIPITATION (IN)
  TODAY            0.00          0.64 1935   0.03  -0.03     0.00
  MONTH TO DATE    1.57                      0.97   0.60     0.63
  SINCE OCT 1     15.36                     12.08   3.28     9.98
  SINCE JAN 1     10.95                      8.00   2.95     2.58

SNOWFALL (IN)
  TODAY            0.0          MM      MM
  MONTH TO DATE    0.0
  SINCE MAR 1      0.0
  SINCE JUL 1      0.0

DEGREE DAYS
 HEATING
  TODAY            0                         2     -2        0
  MONTH TO DATE   51                       130    -79       83
  SINCE MAR 1    226                       366   -140      177
  SINCE JUL 1   1818                      2134   -316     1589

 COOLING
  TODAY            5                         3      2       10
  MONTH TO DATE   54                        39     15       51
  SINCE MAR 1     54                        44     10       83
  SINCE JAN 1     54                        44     10       83
..................................................................


WIND (MPH)
  RESULTANT WIND SPEED  17   RESULTANT WIND DIRECTION  NW (320)
  HIGHEST WIND SPEED    28   HIGHEST WIND DIRECTION    NW (330)
  HIGHEST GUST SPEED    45   HIGHEST GUST DIRECTION    NW (310)


SKY COVER
  POSSIBLE SUNSHINE  MM
  AVERAGE SKY COVER 0.0


WEATHER CONDITIONS
 THE FOLLOWING WEATHER WAS RECORDED TODAY.
  NO SIGNIFICANT WEATHER WAS OBSERVED.


RELATIVE HUMIDITY (PERCENT)
 HIGHEST    72          1200 AM
 LOWEST     19           300 PM
 AVERAGE    46

..........................................................


THE MODESTO CA CLIMATE NORMALS FOR TOMORROW
                         NORMAL    RECORD    YEAR
 MAXIMUM TEMPERATURE (F)   79        95      2015
                                             2014
 MINIMUM TEMPERATURE (F)   52        40      1967


SUNRISE AND SUNSET
APRIL 30 2016.........SUNRISE   609 AM PDT   SUNSET   754 PM PDT
MAY  1 2016...........SUNRISE   608 AM PDT   SUNSET   755 PM PDT


-  INDICATES NEGATIVE NUMBERS.
R  INDICATES RECORD WAS SET OR TIED.
MM INDICATES DATA IS MISSING.
T  INDICATES TRACE AMOUNT.




$$
