000
CDUS43 KBIS 180036
CLIMOT


CLIMATE REPORT
NATIONAL WEATHER SERVICE BISMARCK ND
636 PM CST SUN DEC 17 2017


...................................

...THE MINOT ND CLIMATE SUMMARY FOR DECEMBER 17 2017...
VALID TODAY AS OF 0600 PM LOCAL TIME.

CLIMATE NORMAL PERIOD 1981 TO 2010
CLIMATE RECORD PERIOD 1897 TO 2017


WEATHER ITEM   OBSERVED TIME   RECORD YEAR NORMAL DEPARTURE LAST
                VALUE   (LST)  VALUE       VALUE  FROM      YEAR
                                                  NORMAL
..................................................................
TEMPERATURE (F)
 TODAY
  MAXIMUM         41    250 PM  56    1997  23     18      -11
  MINIMUM         21    845 AM -32    1906   7     14      -19
  AVERAGE         31                        15     16      -15

PRECIPITATION (IN)
  TODAY            0.00          1.11 1967   0.01  -0.01     0.00
  MONTH TO DATE    T                         0.20  -0.20     0.43
  SINCE DEC 1      T                         0.20  -0.20     0.43
  SINCE JAN 1      7.55                     17.01  -9.46    18.54

DEGREE DAYS
 HEATING
  TODAY           34                        50    -16       80
  MONTH TO DATE  584                       813   -229     1007
  SINCE DEC 1    584                       813   -229     1007
  SINCE JUL 1   2462                      2871   -409     2522

 COOLING
  TODAY            0                         0      0        0
  MONTH TO DATE    0                         0      0        0
  SINCE DEC 1      0                         0      0        0
  SINCE JAN 1    580                       445    135      682
..................................................................


WIND (MPH)
  RESULTANT WIND SPEED  11   RESULTANT WIND DIRECTION  SW (210)
  HIGHEST WIND SPEED    18   HIGHEST WIND DIRECTION     S (180)
  HIGHEST GUST SPEED    24   HIGHEST GUST DIRECTION     S (180)
  AVERAGE WIND SPEED    12.0


SKY COVER
  POSSIBLE SUNSHINE  MM
  AVERAGE SKY COVER 0.0


WEATHER CONDITIONS
 THE FOLLOWING WEATHER WAS RECORDED TODAY.
  NO SIGNIFICANT WEATHER WAS OBSERVED.


RELATIVE HUMIDITY (PERCENT)
 HIGHEST    77           500 AM
 LOWEST     46           200 PM
 AVERAGE    62

..........................................................


THE MINOT ND CLIMATE NORMALS FOR TOMORROW
                         NORMAL    RECORD    YEAR
 MAXIMUM TEMPERATURE (F)   23        53      1923
 MINIMUM TEMPERATURE (F)    6       -31      1922


SUNRISE AND SUNSET
DECEMBER 17 2017......SUNRISE   831 AM CST   SUNSET   452 PM CST
DECEMBER 18 2017......SUNRISE   832 AM CST   SUNSET   452 PM CST


-  INDICATES NEGATIVE NUMBERS.
R  INDICATES RECORD WAS SET OR TIED.
MM INDICATES DATA IS MISSING.
T  INDICATES TRACE AMOUNT.




$$
