000
CDUS43 KBIS 230737
CLIMOT


CLIMATE REPORT
NATIONAL WEATHER SERVICE BISMARCK ND
237 AM CDT SAT JUL 23 2016


...................................

...THE MINOT ND CLIMATE SUMMARY FOR JULY 22 2016...

CLIMATE NORMAL PERIOD 1981 TO 2010
CLIMATE RECORD PERIOD 1897 TO 2016


WEATHER ITEM   OBSERVED TIME   RECORD YEAR NORMAL DEPARTURE LAST
                VALUE   (LST)  VALUE       VALUE  FROM      YEAR
                                                  NORMAL
..................................................................
TEMPERATURE (F)
 YESTERDAY
  MAXIMUM         90    332 PM 101    1903  83      7       89
  MINIMUM         61    437 AM  40    1918  58      3       59
  AVERAGE         76                        70      6       74

PRECIPITATION (IN)
  YESTERDAY        0.00          1.56 1965   0.07  -0.07     0.00
  MONTH TO DATE    1.90                      1.87   0.03     1.93
  SINCE JUN 1      4.64                      5.45  -0.81     5.96
  SINCE JAN 1      9.79                     10.84  -1.05    10.09

DEGREE DAYS
 COOLING
  YESTERDAY       11                         6      5        9
  MONTH TO DATE  166                       114     52      125
  SINCE JUN 1    297                       187    110      199
  SINCE JAN 1    337                       203    134      206
..................................................................


WIND (MPH)
  HIGHEST WIND SPEED    18   HIGHEST WIND DIRECTION     E (110)
  HIGHEST GUST SPEED    24   HIGHEST GUST DIRECTION     E (70)
  AVERAGE WIND SPEED     8.1


SKY COVER
  POSSIBLE SUNSHINE  MM
  AVERAGE SKY COVER 0.0


WEATHER CONDITIONS
 THE FOLLOWING WEATHER WAS RECORDED YESTERDAY.
  NO SIGNIFICANT WEATHER WAS OBSERVED.


RELATIVE HUMIDITY (PERCENT)
 HIGHEST    90           400 AM
 LOWEST     39           100 PM
 AVERAGE    65

..........................................................


THE MINOT ND CLIMATE NORMALS FOR TODAY
                         NORMAL    RECORD    YEAR
 MAXIMUM TEMPERATURE (F)   83       103      2007
 MINIMUM TEMPERATURE (F)   58        42      1918
                                             1915


SUNRISE AND SUNSET
JULY 23 2016..........SUNRISE   610 AM CDT   SUNSET   933 PM CDT
JULY 24 2016..........SUNRISE   611 AM CDT   SUNSET   931 PM CDT


-  INDICATES NEGATIVE NUMBERS.
R  INDICATES RECORD WAS SET OR TIED.
MM INDICATES DATA IS MISSING.
T  INDICATES TRACE AMOUNT.




$$
