635
CDUS43 KBIS 290731
CLIMOT


CLIMATE REPORT
NATIONAL WEATHER SERVICE BISMARCK ND
230 AM CDT SAT APR 29 2017


...................................

...THE MINOT ND CLIMATE SUMMARY FOR APRIL 28 2017...

CLIMATE NORMAL PERIOD 1981 TO 2010
CLIMATE RECORD PERIOD 1897 TO 2017


WEATHER ITEM   OBSERVED TIME   RECORD YEAR NORMAL DEPARTURE LAST
                VALUE   (LST)  VALUE       VALUE  FROM      YEAR
                                                  NORMAL
..................................................................
TEMPERATURE (F)
 YESTERDAY
  MAXIMUM         59    446 PM  92    2001  61     -2       61
                                      1952
  MINIMUM         23    512 AM  13    1958  37    -14       37
  AVERAGE         41                        49     -8       49

PRECIPITATION (IN)
  YESTERDAY        0.00          2.06 1970   0.06  -0.06     0.00
  MONTH TO DATE    0.29                      1.03  -0.74     2.17
  SINCE MAR 1      0.60                      1.87  -1.27     2.58
  SINCE JAN 1      0.73                      2.78  -2.05     3.16

DEGREE DAYS
 HEATING
  YESTERDAY       24                        16      8       16
  MONTH TO DATE  594                       621    -27      560
  SINCE MAR 1   1745                      1760    -15     1356
  SINCE JUL 1   7681                      8336   -655     6788

 COOLING
  YESTERDAY        0                         0      0        0
  MONTH TO DATE    0                         0      0        0
  SINCE MAR 1      0                         0      0        0
  SINCE JAN 1      0                         0      0        0
..................................................................


WIND (MPH)
  HIGHEST WIND SPEED    13   HIGHEST WIND DIRECTION    NW (320)
  HIGHEST GUST SPEED    22   HIGHEST GUST DIRECTION     W (280)
  AVERAGE WIND SPEED     4.5


SKY COVER
  POSSIBLE SUNSHINE  MM
  AVERAGE SKY COVER 0.0


WEATHER CONDITIONS
 THE FOLLOWING WEATHER WAS RECORDED YESTERDAY.
  NO SIGNIFICANT WEATHER WAS OBSERVED.


RELATIVE HUMIDITY (PERCENT)
 HIGHEST    88           500 AM
 LOWEST     17           300 PM
 AVERAGE    53

..........................................................


THE MINOT ND CLIMATE NORMALS FOR TODAY
                         NORMAL    RECORD    YEAR
 MAXIMUM TEMPERATURE (F)   61        87      1949
 MINIMUM TEMPERATURE (F)   37        16      1966
                                             1936


SUNRISE AND SUNSET
APRIL 29 2017.........SUNRISE   629 AM CDT   SUNSET   857 PM CDT
APRIL 30 2017.........SUNRISE   627 AM CDT   SUNSET   858 PM CDT


-  INDICATES NEGATIVE NUMBERS.
R  INDICATES RECORD WAS SET OR TIED.
MM INDICATES DATA IS MISSING.
T  INDICATES TRACE AMOUNT.




$$
