000
CDUS43 KBIS 230726
CLIMOT


CLIMATE REPORT
NATIONAL WEATHER SERVICE BISMARCK ND
226 AM CDT WED APR 23 2014


...................................

...THE MINOT ND CLIMATE SUMMARY FOR APRIL 22 2014...

CLIMATE NORMAL PERIOD 1981 TO 2010
CLIMATE RECORD PERIOD 1905 TO 2014


WEATHER ITEM   OBSERVED TIME   RECORD YEAR NORMAL DEPARTURE LAST
                VALUE   (LST)  VALUE       VALUE  FROM      YEAR
                                                  NORMAL
..................................................................
TEMPERATURE (F)
 YESTERDAY
  MAXIMUM         69    405 PM  84    1990  59     10       30
  MINIMUM         29    530 AM  14    1909  34     -5       18
  AVERAGE         49                        46      3       24

PRECIPITATION (IN)
  YESTERDAY        0.00          0.34 1957   0.04  -0.04     0.00
  MONTH TO DATE    0.30                      0.72  -0.42     0.47
  SINCE MAR 1      0.35                      1.56  -1.21     1.08
  SINCE JAN 1      0.71                      2.47  -1.76     1.62

DEGREE DAYS
 HEATING
  YESTERDAY       16                        19     -3       41
  MONTH TO DATE  599                       518     81      876
  SINCE MAR 1   1882                      1657    225     2456
  SINCE JUL 1   9115                      8233    882     9186

 COOLING
  YESTERDAY        0                         0      0        0
  MONTH TO DATE    0                         0      0        0
  SINCE MAR 1      0                         0      0        0
  SINCE JAN 1      0                         0      0        0
..................................................................


WIND (MPH)
  HIGHEST WIND SPEED    24   HIGHEST WIND DIRECTION     E (100)
  HIGHEST GUST SPEED    31   HIGHEST GUST DIRECTION     E (100)
  AVERAGE WIND SPEED    11.7


SKY COVER
  POSSIBLE SUNSHINE  MM
  AVERAGE SKY COVER 0.0


WEATHER CONDITIONS
 THE FOLLOWING WEATHER WAS RECORDED YESTERDAY.
  NO SIGNIFICANT WEATHER WAS OBSERVED.


RELATIVE HUMIDITY (PERCENT)
 HIGHEST    92           600 AM
 LOWEST     22           400 PM
 AVERAGE    57

..........................................................


THE MINOT ND CLIMATE NORMALS FOR TODAY
                         NORMAL    RECORD    YEAR
 MAXIMUM TEMPERATURE (F)   59        85      2012
 MINIMUM TEMPERATURE (F)   35        13      1967


SUNRISE AND SUNSET
APRIL 23 2014.........SUNRISE   640 AM CDT   SUNSET   848 PM CDT
APRIL 24 2014.........SUNRISE   638 AM CDT   SUNSET   849 PM CDT


-  INDICATES NEGATIVE NUMBERS.
R  INDICATES RECORD WAS SET OR TIED.
MM INDICATES DATA IS MISSING.
T  INDICATES TRACE AMOUNT.




$$
