000
CDUS43 KBIS 050753
CLIMOT


CLIMATE REPORT
NATIONAL WEATHER SERVICE BISMARCK ND
252 AM CDT SAT SEP 5 2015


...................................

...THE MINOT ND CLIMATE SUMMARY FOR SEPTEMBER 4 2015...

CLIMATE NORMAL PERIOD 1981 TO 2010
CLIMATE RECORD PERIOD 1897 TO 2015


WEATHER ITEM   OBSERVED TIME   RECORD YEAR NORMAL DEPARTURE LAST
                VALUE   (LST)  VALUE       VALUE  FROM      YEAR
                                                  NORMAL
..................................................................
TEMPERATURE (F)
 YESTERDAY
  MAXIMUM         79    128 PM 106    1978  75      4       65
  MINIMUM         60   1105 PM  34    1920  51      9       47
                                      1905
  AVERAGE         70                        63      7       56

PRECIPITATION (IN)
  YESTERDAY        0.00          3.14 1971   0.05  -0.05     0.06
  MONTH TO DATE    0.00                      0.21  -0.21     0.29
  SINCE SEP 1      0.00                      0.21  -0.21     0.29
  SINCE JAN 1     11.50                     13.65  -2.15    14.93

DEGREE DAYS
 HEATING
  YESTERDAY        0                         4     -4        9
  MONTH TO DATE    0                        16    -16       14
  SINCE SEP 1      0                        16    -16       14
  SINCE JUL 1     50                        87    -37       82

 COOLING
  YESTERDAY        5                         2      3        0
  MONTH TO DATE   38                         9     29        0
  SINCE SEP 1     38                         9     29        0
  SINCE JAN 1    482                       420     62      305
..................................................................


WIND (MPH)
  HIGHEST WIND SPEED    23   HIGHEST WIND DIRECTION     N (340)
  HIGHEST GUST SPEED    29   HIGHEST GUST DIRECTION    NW (330)
  AVERAGE WIND SPEED    12.5


SKY COVER
  POSSIBLE SUNSHINE  MM
  AVERAGE SKY COVER 0.8


WEATHER CONDITIONS
 THE FOLLOWING WEATHER WAS RECORDED YESTERDAY.
  THUNDERSTORM
  LIGHT RAIN
  FOG


RELATIVE HUMIDITY (PERCENT)
 HIGHEST    97          1000 PM
 LOWEST     68          1200 PM
 AVERAGE    83

..........................................................


THE MINOT ND CLIMATE NORMALS FOR TODAY
                         NORMAL    RECORD    YEAR
 MAXIMUM TEMPERATURE (F)   75       104      2001
 MINIMUM TEMPERATURE (F)   50        30      1935


SUNRISE AND SUNSET
SEPTEMBER  5 2015.....SUNRISE   708 AM CDT   SUNSET   819 PM CDT
SEPTEMBER  6 2015.....SUNRISE   709 AM CDT   SUNSET   817 PM CDT


-  INDICATES NEGATIVE NUMBERS.
R  INDICATES RECORD WAS SET OR TIED.
MM INDICATES DATA IS MISSING.
T  INDICATES TRACE AMOUNT.




$$
