000
CDUS43 KBIS 170742
CLIMOT


CLIMATE REPORT
NATIONAL WEATHER SERVICE BISMARCK ND
242 AM CDT TUE OCT 17 2017


...................................

...THE MINOT ND CLIMATE SUMMARY FOR OCTOBER 16 2017...

CLIMATE NORMAL PERIOD 1981 TO 2010
CLIMATE RECORD PERIOD 1897 TO 2017


WEATHER ITEM   OBSERVED TIME   RECORD YEAR NORMAL DEPARTURE LAST
                VALUE   (LST)  VALUE       VALUE  FROM      YEAR
                                                  NORMAL
..................................................................
TEMPERATURE (F)
 YESTERDAY
  MAXIMUM         70    244 PM  85    1914  55     15       64
  MINIMUM         41   1256 AM  10    1939  34      7       38
                                      1919
  AVERAGE         56                        45     11       51

PRECIPITATION (IN)
  YESTERDAY        0.00          1.05 1980   0.04  -0.04     0.02
  MONTH TO DATE    0.04                      0.69  -0.65     1.02
  SINCE SEP 1      2.00                      2.15  -0.15     4.00
  SINCE JAN 1      7.33                     15.59  -8.26    15.86

DEGREE DAYS
 HEATING
  YESTERDAY        9                        20    -11       14
  MONTH TO DATE  263                       275    -12      285
  SINCE SEP 1    451                       524    -73      474
  SINCE JUL 1    461                       595   -134      485

 COOLING
  YESTERDAY        0                         0      0        0
  MONTH TO DATE    0                         0      0        0
  SINCE SEP 1     62                        33     29       29
  SINCE JAN 1    580                       444    136      682
..................................................................


WIND (MPH)
  HIGHEST WIND SPEED    23   HIGHEST WIND DIRECTION     W (260)
  HIGHEST GUST SPEED    30   HIGHEST GUST DIRECTION     W (260)
  AVERAGE WIND SPEED    13.3


SKY COVER
  POSSIBLE SUNSHINE  MM
  AVERAGE SKY COVER 0.0


WEATHER CONDITIONS
 THE FOLLOWING WEATHER WAS RECORDED YESTERDAY.
  NO SIGNIFICANT WEATHER WAS OBSERVED.


RELATIVE HUMIDITY (PERCENT)
 HIGHEST    65           100 AM
 LOWEST     26           200 PM
 AVERAGE    46

..........................................................


THE MINOT ND CLIMATE NORMALS FOR TODAY
                         NORMAL    RECORD    YEAR
 MAXIMUM TEMPERATURE (F)   55        87      1914
 MINIMUM TEMPERATURE (F)   34         5      1919


SUNRISE AND SUNSET
OCTOBER 17 2017.......SUNRISE   808 AM CDT   SUNSET   652 PM CDT
OCTOBER 18 2017.......SUNRISE   810 AM CDT   SUNSET   650 PM CDT


-  INDICATES NEGATIVE NUMBERS.
R  INDICATES RECORD WAS SET OR TIED.
MM INDICATES DATA IS MISSING.
T  INDICATES TRACE AMOUNT.




$$
