000
CDUS43 KBIS 030022
CLIMOT


CLIMATE REPORT
NATIONAL WEATHER SERVICE BISMARCK ND
621 PM CST FRI DEC 2 2016


...................................

...THE MINOT ND CLIMATE SUMMARY FOR DECEMBER 2 2016...
VALID TODAY AS OF 0600 PM LOCAL TIME.

CLIMATE NORMAL PERIOD 1981 TO 2010
CLIMATE RECORD PERIOD 1897 TO 2016


WEATHER ITEM   OBSERVED TIME   RECORD YEAR NORMAL DEPARTURE LAST
                VALUE   (LST)  VALUE       VALUE  FROM      YEAR
                                                  NORMAL
..................................................................
TEMPERATURE (F)
 TODAY
  MAXIMUM         29    444 PM  58    1925  28      1       46
  MINIMUM         26   1007 AM -27    1919  12     14       17
  AVERAGE         28                        20      8       32

PRECIPITATION (IN)
  TODAY            T             0.53 1982   0.02  -0.02     0.00
  MONTH TO DATE    T                         0.03  -0.03     0.00
  SINCE DEC 1      T                         0.03  -0.03     0.00
  SINCE JAN 1     18.11                     16.84   1.27    14.35

DEGREE DAYS
 HEATING
  TODAY           37                        45     -8       33
  MONTH TO DATE   73                        90    -17       66
  SINCE DEC 1     73                        90    -17       66
  SINCE JUL 1   1588                      2148   -560     1767

 COOLING
  TODAY            0                         0      0        0
  MONTH TO DATE    0                         0      0        0
  SINCE DEC 1      0                         0      0        0
  SINCE JAN 1    682                       445    237      508
..................................................................


WIND (MPH)
  RESULTANT WIND SPEED   5   RESULTANT WIND DIRECTION   S (170)
  HIGHEST WIND SPEED    14   HIGHEST WIND DIRECTION     S (170)
  HIGHEST GUST SPEED    18   HIGHEST GUST DIRECTION     S (180)
  AVERAGE WIND SPEED     4.7


SKY COVER
  POSSIBLE SUNSHINE  MM
  AVERAGE SKY COVER 1.0


WEATHER CONDITIONS
 THE FOLLOWING WEATHER WAS RECORDED TODAY.
  LIGHT SNOW
  HAZE


RELATIVE HUMIDITY (PERCENT)
 HIGHEST    85           100 PM
 LOWEST     69           300 AM
 AVERAGE    77

..........................................................


THE MINOT ND CLIMATE NORMALS FOR TOMORROW
                         NORMAL    RECORD    YEAR
 MAXIMUM TEMPERATURE (F)   27        59      1941
 MINIMUM TEMPERATURE (F)   11       -26      1905


SUNRISE AND SUNSET
DECEMBER  2 2016......SUNRISE   817 AM CST   SUNSET   453 PM CST
DECEMBER  3 2016......SUNRISE   818 AM CST   SUNSET   452 PM CST


-  INDICATES NEGATIVE NUMBERS.
R  INDICATES RECORD WAS SET OR TIED.
MM INDICATES DATA IS MISSING.
T  INDICATES TRACE AMOUNT.




$$
