000
CDUS43 KBIS 030729
CLIMOT


CLIMATE REPORT
NATIONAL WEATHER SERVICE BISMARCK ND
228 AM CDT MON AUG 3 2015


...................................

...THE MINOT ND CLIMATE SUMMARY FOR AUGUST 2 2015...

CLIMATE NORMAL PERIOD 1981 TO 2010
CLIMATE RECORD PERIOD 1897 TO 2015


WEATHER ITEM   OBSERVED TIME   RECORD YEAR NORMAL DEPARTURE LAST
                VALUE   (LST)  VALUE       VALUE  FROM      YEAR
                                                  NORMAL
..................................................................
TEMPERATURE (F)
 YESTERDAY
  MAXIMUM         80    344 PM  98    1989  83     -3       81
                                      1904
  MINIMUM         58   1154 PM  36    1923  58      0       56
  AVERAGE         69                        71     -2       69

PRECIPITATION (IN)
  YESTERDAY        0.00          1.91 1960   0.07  -0.07     0.00
  MONTH TO DATE    0.00                      0.14  -0.14     0.00
  SINCE JUN 1      6.07                      6.15  -0.08     7.06
  SINCE JAN 1     10.20                     11.54  -1.34    10.87

DEGREE DAYS
 COOLING
  YESTERDAY        4                         6     -2        4
  MONTH TO DATE   10                        12     -2        8
  SINCE JUN 1    279                       254     25      139
  SINCE JAN 1    286                       270     16      180
..................................................................


WIND (MPH)
  HIGHEST WIND SPEED    20   HIGHEST WIND DIRECTION    NW (300)
  HIGHEST GUST SPEED    26   HIGHEST GUST DIRECTION    NW (300)
  AVERAGE WIND SPEED    11.4


SKY COVER
  POSSIBLE SUNSHINE  MM
  AVERAGE SKY COVER 0.1


WEATHER CONDITIONS
 THE FOLLOWING WEATHER WAS RECORDED YESTERDAY.
  NO SIGNIFICANT WEATHER WAS OBSERVED.


RELATIVE HUMIDITY (PERCENT)
 HIGHEST    87           400 AM
 LOWEST     32           500 PM
 AVERAGE    60

..........................................................


THE MINOT ND CLIMATE NORMALS FOR TODAY
                         NORMAL    RECORD    YEAR
 MAXIMUM TEMPERATURE (F)   83       103      1947
 MINIMUM TEMPERATURE (F)   58        38      1904


SUNRISE AND SUNSET
AUGUST  3 2015........SUNRISE   623 AM CDT   SUNSET   919 PM CDT
AUGUST  4 2015........SUNRISE   624 AM CDT   SUNSET   917 PM CDT


-  INDICATES NEGATIVE NUMBERS.
R  INDICATES RECORD WAS SET OR TIED.
MM INDICATES DATA IS MISSING.
T  INDICATES TRACE AMOUNT.




$$
