000
CDUS43 KBIS 012235
CLIMOT


CLIMATE REPORT
NATIONAL WEATHER SERVICE BISMARCK ND
534 PM CDT SUN MAY 1 2016


...................................

...THE MINOT ND CLIMATE SUMMARY FOR MAY 1 2016...
VALID TODAY AS OF 0500 PM LOCAL TIME.

CLIMATE NORMAL PERIOD 1981 TO 2010
CLIMATE RECORD PERIOD 1897 TO 2016


WEATHER ITEM   OBSERVED TIME   RECORD YEAR NORMAL DEPARTURE LAST
                VALUE   (LST)  VALUE       VALUE  FROM      YEAR
                                                  NORMAL
..................................................................
TEMPERATURE (F)
 TODAY
  MAXIMUM         70    352 PM  88    1939  62      8       78
  MINIMUM         35    608 AM   9    1909  38     -3       42
  AVERAGE         53                        50      3       60

PRECIPITATION (IN)
  TODAY            0.00          0.50 1988   0.06  -0.06     0.00
                                      1923
  MONTH TO DATE    0.00                      0.06  -0.06     0.00
  SINCE MAR 1      2.58                      2.04   0.54     0.96
  SINCE JAN 1      3.16                      2.95   0.21     1.43

DEGREE DAYS
 HEATING
  TODAY           12                        15     -3        5
  MONTH TO DATE   12                        15     -3        5
  SINCE MAR 1   1397                      1805   -408     1588
  SINCE JUL 1   6829                      8381  -1552     8276

 COOLING
  TODAY            0                         0      0        0
  MONTH TO DATE    0                         0      0        0
  SINCE MAR 1      0                         1     -1        0
  SINCE JAN 1      0                         1     -1        0
..................................................................


WIND (MPH)
  RESULTANT WIND SPEED   2   RESULTANT WIND DIRECTION   W (280)
  HIGHEST WIND SPEED     9   HIGHEST WIND DIRECTION     W (280)
  HIGHEST GUST SPEED    13   HIGHEST GUST DIRECTION     W (280)
  AVERAGE WIND SPEED     5.1


SKY COVER
  POSSIBLE SUNSHINE  MM
  AVERAGE SKY COVER 0.0


WEATHER CONDITIONS
 THE FOLLOWING WEATHER WAS RECORDED TODAY.
  NO SIGNIFICANT WEATHER WAS OBSERVED.


RELATIVE HUMIDITY (PERCENT)
 HIGHEST    70           500 AM
 LOWEST     17           400 PM
 AVERAGE    44

..........................................................


THE MINOT ND CLIMATE NORMALS FOR TOMORROW
                         NORMAL    RECORD    YEAR
 MAXIMUM TEMPERATURE (F)   63        89      1955
 MINIMUM TEMPERATURE (F)   38        13      1911


SUNRISE AND SUNSET
MAY  1 2016...........SUNRISE   625 AM CDT   SUNSET   900 PM CDT
MAY  2 2016...........SUNRISE   624 AM CDT   SUNSET   901 PM CDT


-  INDICATES NEGATIVE NUMBERS.
R  INDICATES RECORD WAS SET OR TIED.
MM INDICATES DATA IS MISSING.
T  INDICATES TRACE AMOUNT.




$$
