000
CDUS43 KBIS 280732
CLIMOT


CLIMATE REPORT
NATIONAL WEATHER SERVICE BISMARCK ND
131 AM CST WED JAN 28 2015


...................................

...THE MINOT ND CLIMATE SUMMARY FOR JANUARY 27 2015...

CLIMATE NORMAL PERIOD 1981 TO 2010
CLIMATE RECORD PERIOD 1905 TO 2015


WEATHER ITEM   OBSERVED TIME   RECORD YEAR NORMAL DEPARTURE LAST
                VALUE   (LST)  VALUE       VALUE  FROM      YEAR
                                                  NORMAL
..................................................................
TEMPERATURE (F)
 YESTERDAY
  MAXIMUM         49    419 PM  55    1906  22     27       -6
  MINIMUM         26    710 AM -40    1920   4     22      -15
  AVERAGE         38                        13     25      -10

PRECIPITATION (IN)
  YESTERDAY        0.00          0.16 1962   0.01  -0.01     0.00
  MONTH TO DATE    0.24                      0.45  -0.21     0.19
  SINCE DEC 1      0.25                      0.83  -0.58     0.37
  SINCE JAN 1      0.24                      0.45  -0.21     0.19

DEGREE DAYS
 HEATING
  YESTERDAY       27                        52    -25       75
  MONTH TO DATE 1292                      1427   -135     1402
  SINCE DEC 1   2727                      2964   -237     3287
  SINCE JUL 1   4906                      5022   -116     5342
..................................................................


WIND (MPH)
  HIGHEST WIND SPEED    10   HIGHEST WIND DIRECTION    SW (220)
  HIGHEST GUST SPEED    13   HIGHEST GUST DIRECTION    SW (210)
  AVERAGE WIND SPEED     5.0


SKY COVER
  POSSIBLE SUNSHINE  MM
  AVERAGE SKY COVER 0.0


WEATHER CONDITIONS
 THE FOLLOWING WEATHER WAS RECORDED YESTERDAY.
  FOG


RELATIVE HUMIDITY (PERCENT)
 HIGHEST    92           200 AM
 LOWEST     61           300 PM
 AVERAGE    77

..........................................................


THE MINOT ND CLIMATE NORMALS FOR TODAY
                         NORMAL    RECORD    YEAR
 MAXIMUM TEMPERATURE (F)   22        59      1906
 MINIMUM TEMPERATURE (F)    4       -40      1915


SUNRISE AND SUNSET
JANUARY 28 2015.......SUNRISE   819 AM CST   SUNSET   538 PM CST
JANUARY 29 2015.......SUNRISE   818 AM CST   SUNSET   539 PM CST


-  INDICATES NEGATIVE NUMBERS.
R  INDICATES RECORD WAS SET OR TIED.
MM INDICATES DATA IS MISSING.
T  INDICATES TRACE AMOUNT.




$$
