000
CDUS43 KBIS 252223
CLIMOT


CLIMATE REPORT
NATIONAL WEATHER SERVICE BISMARCK ND
522 PM CDT MON MAY 25 2015


...................................

...THE MINOT ND CLIMATE SUMMARY FOR MAY 25 2015...
VALID TODAY AS OF 0500 PM LOCAL TIME.

CLIMATE NORMAL PERIOD 1981 TO 2010
CLIMATE RECORD PERIOD 1897 TO 2015


WEATHER ITEM   OBSERVED TIME   RECORD YEAR NORMAL DEPARTURE LAST
                VALUE   (LST)  VALUE       VALUE  FROM      YEAR
                                                  NORMAL
..................................................................
TEMPERATURE (F)
 TODAY
  MAXIMUM         79    340 PM  92    1931  69     10       82
  MINIMUM         52    456 AM  20    1924  46      6       55
  AVERAGE         66                        58      8       69

PRECIPITATION (IN)
  TODAY            0.00          1.93 1963   0.09  -0.09     0.01
  MONTH TO DATE    2.51                      1.93   0.58     1.58
  SINCE MAR 1      3.47                      3.91  -0.44     3.43
  SINCE JAN 1      3.94                      4.82  -0.88     3.79

DEGREE DAYS
 HEATING
  TODAY            0                         8     -8        0
  MONTH TO DATE  329                       287     42      369
  SINCE MAR 1   1912                      2077   -165     2429
  SINCE JUL 1   8600                      8653    -53     9662

 COOLING
  TODAY            1                         1      0        4
  MONTH TO DATE    1                         3     -2       22
  SINCE MAR 1      1                         4     -3       22
  SINCE JAN 1      1                         4     -3       22
..................................................................


WIND (MPH)
  RESULTANT WIND SPEED   1   RESULTANT WIND DIRECTION  NW (330)
  HIGHEST WIND SPEED    14   HIGHEST WIND DIRECTION    NW (320)
  HIGHEST GUST SPEED    19   HIGHEST GUST DIRECTION    NW (310)
  AVERAGE WIND SPEED     3.9


SKY COVER
  POSSIBLE SUNSHINE  MM
  AVERAGE SKY COVER 0.2


WEATHER CONDITIONS
 THE FOLLOWING WEATHER WAS RECORDED TODAY.
  NO SIGNIFICANT WEATHER WAS OBSERVED.


RELATIVE HUMIDITY (PERCENT)
 HIGHEST    83           500 AM
 LOWEST     28           200 PM
 AVERAGE    56

..........................................................


THE MINOT ND CLIMATE NORMALS FOR TOMORROW
                         NORMAL    RECORD    YEAR
 MAXIMUM TEMPERATURE (F)   70        94      1969
 MINIMUM TEMPERATURE (F)   46        23      1907


SUNRISE AND SUNSET
MAY 25 2015...........SUNRISE   555 AM CDT   SUNSET   930 PM CDT
MAY 26 2015...........SUNRISE   554 AM CDT   SUNSET   931 PM CDT


-  INDICATES NEGATIVE NUMBERS.
R  INDICATES RECORD WAS SET OR TIED.
MM INDICATES DATA IS MISSING.
T  INDICATES TRACE AMOUNT.




$$
