000
CDUS43 KBIS 230024
CLIMOT


CLIMATE REPORT
NATIONAL WEATHER SERVICE BISMARCK ND
723 PM CDT FRI AUG 22 2014


...................................

...THE MINOT ND CLIMATE SUMMARY FOR AUGUST 22 2014...
VALID TODAY AS OF 0700 PM LOCAL TIME.

CLIMATE NORMAL PERIOD 1981 TO 2010
CLIMATE RECORD PERIOD 1905 TO 2014


WEATHER ITEM   OBSERVED TIME   RECORD YEAR NORMAL DEPARTURE LAST
                VALUE   (LST)  VALUE       VALUE  FROM      YEAR
                                                  NORMAL
..................................................................
TEMPERATURE (F)
 TODAY
  MAXIMUM         65    559 PM  99    1969  80    -15       81
  MINIMUM         59    851 AM  33    1923  55      4       50
  AVERAGE         62                        68     -6       66

PRECIPITATION (IN)
  TODAY            0.05          0.46 1983   0.06  -0.01     0.00
  MONTH TO DATE    0.78                      1.46  -0.68     1.34
  SINCE JUN 1      7.84                      7.47   0.37    10.38
  SINCE JAN 1     11.65                     12.86  -1.21    18.75

DEGREE DAYS
 HEATING
  TODAY            3                         2      1        0
  MONTH TO DATE    4                        25    -21       33
  SINCE JUN 1    125                       155    -30      153
  SINCE JUL 1     34                        49    -15       69

 COOLING
  TODAY            0                         4     -4        1
  MONTH TO DATE  125                       121      4       76
  SINCE JUN 1    256                       363   -107      263
  SINCE JAN 1    297                       379    -82      273
..................................................................


WIND (MPH)
  RESULTANT WIND SPEED   9   RESULTANT WIND DIRECTION   N (0)
  HIGHEST WIND SPEED    15   HIGHEST WIND DIRECTION     N (10)
  HIGHEST GUST SPEED    19   HIGHEST GUST DIRECTION     N (10)
  AVERAGE WIND SPEED     9.3


SKY COVER
  POSSIBLE SUNSHINE  MM
  AVERAGE SKY COVER 1.0


WEATHER CONDITIONS
 THE FOLLOWING WEATHER WAS RECORDED TODAY.
  LIGHT RAIN
  FOG
  HAZE


RELATIVE HUMIDITY (PERCENT)
 HIGHEST    97           400 AM
 LOWEST     78          1200 PM
 AVERAGE    88

..........................................................


THE MINOT ND CLIMATE NORMALS FOR TOMORROW
                         NORMAL    RECORD    YEAR
 MAXIMUM TEMPERATURE (F)   80       104      1937
 MINIMUM TEMPERATURE (F)   54        34      1908


SUNRISE AND SUNSET
AUGUST 22 2014........SUNRISE   649 AM CDT   SUNSET   846 PM CDT
AUGUST 23 2014........SUNRISE   650 AM CDT   SUNSET   844 PM CDT


-  INDICATES NEGATIVE NUMBERS.
R  INDICATES RECORD WAS SET OR TIED.
MM INDICATES DATA IS MISSING.
T  INDICATES TRACE AMOUNT.




$$
