000
CDUS41 KPHI 250632
CLIMPO


CLIMATE REPORT
NATIONAL WEATHER SERVICE MOUNT HOLLY NJ
231 AM EDT SAT MAR 25 2017


...................................

...THE MOUNT POCONO PA CLIMATE SUMMARY FOR MARCH 24 2017...

CLIMATE NORMAL PERIOD 1981 TO 2010
CLIMATE RECORD PERIOD 1901 TO 2017


WEATHER ITEM   OBSERVED TIME   RECORD YEAR NORMAL DEPARTURE LAST
                VALUE   (LST)  VALUE       VALUE  FROM      YEAR
                                                  NORMAL
..................................................................
TEMPERATURE (F)
 YESTERDAY
  MAXIMUM         46   1159 PM  70    1988  45      1       59
  MINIMUM         22   1205 AM  -8    1906  27     -5       36
  AVERAGE         34                        36     -2       48

PRECIPITATION (IN)
  YESTERDAY        0.09          1.80 1953   0.16  -0.07     0.00
  MONTH TO DATE    2.15                      2.73  -0.58     0.52
  SINCE MAR 1      2.15                      2.73  -0.58     0.52
  SINCE JAN 1      7.11                      7.99  -0.88     8.50

DEGREE DAYS
 HEATING
  YESTERDAY       31                        29      2       17
  MONTH TO DATE  918                       785    133      590
  SINCE MAR 1    918                       785    133      590
  SINCE JUL 1   5521                      5908   -387     4875

 COOLING
  YESTERDAY        0                         0      0        0
  MONTH TO DATE    0                         0      0        0
  SINCE MAR 1      0                         0      0        0
  SINCE JAN 1      0                         0      0        0
..................................................................


WIND (MPH)
  HIGHEST WIND SPEED    18   HIGHEST WIND DIRECTION    SW (220)
  HIGHEST GUST SPEED    23   HIGHEST GUST DIRECTION    SW (220)
  AVERAGE WIND SPEED    11.1


SKY COVER
  POSSIBLE SUNSHINE  MM
  AVERAGE SKY COVER 0.5


WEATHER CONDITIONS
 THE FOLLOWING WEATHER WAS RECORDED YESTERDAY.
  FREEZING RAIN
  LT FREEZING RAIN
  FOG


RELATIVE HUMIDITY (PERCENT)
 HIGHEST    96           100 PM
 LOWEST     46           200 AM
 AVERAGE    71

..........................................................


THE MOUNT POCONO PA CLIMATE NORMALS FOR TODAY
                         NORMAL    RECORD    YEAR
 MAXIMUM TEMPERATURE (F)   46        72      1939
 MINIMUM TEMPERATURE (F)   28       -10      1906


SUNRISE AND SUNSET
MARCH 25 2017.........SUNRISE   656 AM EDT   SUNSET   719 PM EDT
MARCH 26 2017.........SUNRISE   654 AM EDT   SUNSET   720 PM EDT


-  INDICATES NEGATIVE NUMBERS.
R  INDICATES RECORD WAS SET OR TIED.
MM INDICATES DATA IS MISSING.
T  INDICATES TRACE AMOUNT.




$$
