000
CDUS41 KPHI 210631
CLIMPO


CLIMATE REPORT
NATIONAL WEATHER SERVICE MOUNT HOLLY NJ
230 AM EDT THU AUG 21 2014


...................................

...THE MOUNT POCONO PA CLIMATE SUMMARY FOR AUGUST 20 2014...

CLIMATE NORMAL PERIOD 1981 TO 2010
CLIMATE RECORD PERIOD 1901 TO 2014


WEATHER ITEM   OBSERVED TIME   RECORD YEAR NORMAL DEPARTURE LAST
                VALUE   (LST)  VALUE       VALUE  FROM      YEAR
                                                  NORMAL
..................................................................
TEMPERATURE (F)
 YESTERDAY
  MAXIMUM         77    335 PM  89    1955  76      1       78
  MINIMUM         58    546 AM  36    1941  57      1       57
  AVERAGE         68                        66      2       68

PRECIPITATION (IN)
  YESTERDAY        T             3.73 1986   0.15  -0.15     0.00
  MONTH TO DATE    1.39                      3.08  -1.69     4.00
  SINCE JUN 1      8.53                     12.10  -3.57    20.00
  SINCE JAN 1     27.29                     29.60  -2.31    34.01

SNOWFALL (IN)
  YESTERDAY       MM            MM      MM  MM     MM       MM
  MONTH TO DATE   MM                        MM     MM       MM
  SINCE JUN 1     MM                        MM     MM       MM
  SINCE JUL 1     MM                        MM     MM       MM
  SNOW DEPTH      MM

DEGREE DAYS
 HEATING
  YESTERDAY        0                         1     -1        0
  MONTH TO DATE   33                        20     13       46
  SINCE JUN 1    112                       142    -30      133
  SINCE JUL 1     57                        42     15       57

 COOLING
  YESTERDAY        3                         3      0        3
  MONTH TO DATE   23                        74    -51       24
  SINCE JUN 1    191                       257    -66      331
  SINCE JAN 1    198                       276    -78      363
..................................................................


WIND (MPH)
  HIGHEST WIND SPEED    13   HIGHEST WIND DIRECTION     S (200)
  HIGHEST GUST SPEED    18   HIGHEST GUST DIRECTION    SW (210)
  AVERAGE WIND SPEED     5.4


SKY COVER
  POSSIBLE SUNSHINE  MM
  AVERAGE SKY COVER 0.5


WEATHER CONDITIONS
 THE FOLLOWING WEATHER WAS RECORDED YESTERDAY.
  LIGHT RAIN
  FOG


RELATIVE HUMIDITY (PERCENT)
 HIGHEST    93           200 AM
 LOWEST     64           200 PM
 AVERAGE    79

..........................................................


THE MOUNT POCONO PA CLIMATE NORMALS FOR TODAY
                         NORMAL    RECORD    YEAR
 MAXIMUM TEMPERATURE (F)   76        88      1955
 MINIMUM TEMPERATURE (F)   57        34      1908


SUNRISE AND SUNSET
AUGUST 21 2014........SUNRISE   617 AM EDT   SUNSET   752 PM EDT
AUGUST 22 2014........SUNRISE   618 AM EDT   SUNSET   750 PM EDT


-  INDICATES NEGATIVE NUMBERS.
R  INDICATES RECORD WAS SET OR TIED.
MM INDICATES DATA IS MISSING.
T  INDICATES TRACE AMOUNT.




$$
