000
CDUS41 KPHI 010628
CLIMPO


CLIMATE REPORT
NATIONAL WEATHER SERVICE MOUNT HOLLY NJ
228 AM EDT WED OCT 1 2014


...................................

...THE MOUNT POCONO PA CLIMATE SUMMARY FOR SEPTEMBER 30 2014...

CLIMATE NORMAL PERIOD 1981 TO 2010
CLIMATE RECORD PERIOD 1901 TO 2014


WEATHER ITEM   OBSERVED TIME   RECORD YEAR NORMAL DEPARTURE LAST
                VALUE   (LST)  VALUE       VALUE  FROM      YEAR
                                                  NORMAL
..................................................................
TEMPERATURE (F)
 YESTERDAY
  MAXIMUM         71    407 PM  82    1905  62      9       69
  MINIMUM         51    250 AM  26    1951  44      7       41
  AVERAGE         61                        53      8       55

PRECIPITATION (IN)
  YESTERDAY        0.00          5.74 2010   0.18  -0.18     0.00
  MONTH TO DATE    1.10                      5.36  -4.26     1.73
  SINCE SEP 1      1.10                      5.36  -4.26     1.73
  SINCE JAN 1     29.52                     36.34  -6.82    37.38

SNOWFALL (IN)
  YESTERDAY       MM            MM      MM  MM     MM       MM
  MONTH TO DATE   MM                        MM     MM       MM
  SINCE SEP 1     MM                        MM     MM       MM
  SINCE JUL 1     MM                        MM     MM       MM
  SNOW DEPTH      MM

DEGREE DAYS
 HEATING
  YESTERDAY        4                        12     -8       10
  MONTH TO DATE  162                       205    -43      249
  SINCE SEP 1    162                       205    -43      249
  SINCE JUL 1    238                       268    -30      313

 COOLING
  YESTERDAY        0                         0      0        0
  MONTH TO DATE   34                        17     17       40
  SINCE SEP 1     34                        17     17       40
  SINCE JAN 1    252                       313    -61      459
..................................................................


WIND (MPH)
  HIGHEST WIND SPEED    13   HIGHEST WIND DIRECTION    SE (150)
  HIGHEST GUST SPEED    17   HIGHEST GUST DIRECTION    SE (130)
  AVERAGE WIND SPEED     5.6


SKY COVER
  POSSIBLE SUNSHINE  MM
  AVERAGE SKY COVER 0.6


WEATHER CONDITIONS
 THE FOLLOWING WEATHER WAS RECORDED YESTERDAY.
  FOG
  FOG W/VISIBILITY <= 1/4 MILE
  HAZE


RELATIVE HUMIDITY (PERCENT)
 HIGHEST   100           500 AM
 LOWEST     49           300 PM
 AVERAGE    75

..........................................................


THE MOUNT POCONO PA CLIMATE NORMALS FOR TODAY
                         NORMAL    RECORD    YEAR
 MAXIMUM TEMPERATURE (F)   62        85      1927
 MINIMUM TEMPERATURE (F)   44        22      1916


SUNRISE AND SUNSET
OCTOBER  1 2014.......SUNRISE   658 AM EDT   SUNSET   644 PM EDT
OCTOBER  2 2014.......SUNRISE   659 AM EDT   SUNSET   642 PM EDT


-  INDICATES NEGATIVE NUMBERS.
R  INDICATES RECORD WAS SET OR TIED.
MM INDICATES DATA IS MISSING.
T  INDICATES TRACE AMOUNT.




$$
