000
CDUS41 KPHI 260629
CLIMPO


CLIMATE REPORT
NATIONAL WEATHER SERVICE MOUNT HOLLY NJ
228 AM EDT WED APR 26 2017


...................................

...THE MOUNT POCONO PA CLIMATE SUMMARY FOR APRIL 25 2017...

CLIMATE NORMAL PERIOD 1981 TO 2010
CLIMATE RECORD PERIOD 1901 TO 2017


WEATHER ITEM   OBSERVED TIME   RECORD YEAR NORMAL DEPARTURE LAST
                VALUE   (LST)  VALUE       VALUE  FROM      YEAR
                                                  NORMAL
..................................................................
TEMPERATURE (F)
 YESTERDAY
  MAXIMUM         49    756 PM  88    1915  59    -10       67
  MINIMUM         42    604 AM  10    1919  39      3       40
  AVERAGE         46                        49     -3       54

PRECIPITATION (IN)
  YESTERDAY        0.41          2.33 1968   0.11   0.30      T
  MONTH TO DATE    3.97                      3.44   0.53     1.98
  SINCE MAR 1      7.76                      7.27   0.49     2.97
  SINCE JAN 1     12.72                     12.53   0.19    10.95

DEGREE DAYS
 HEATING
  YESTERDAY       19                        16      3       11
  MONTH TO DATE  416                       519   -103      538
  SINCE MAR 1   1516                      1494     22     1284
  SINCE JUL 1   6119                      6617   -498     5569

 COOLING
  YESTERDAY        0                         0      0        0
  MONTH TO DATE    3                         0      3        0
  SINCE MAR 1      3                         0      3        0
  SINCE JAN 1      3                         0      3        0
..................................................................


WIND (MPH)
  HIGHEST WIND SPEED    21   HIGHEST WIND DIRECTION     E (90)
  HIGHEST GUST SPEED    29   HIGHEST GUST DIRECTION     E (90)
  AVERAGE WIND SPEED    15.2


SKY COVER
  POSSIBLE SUNSHINE  MM
  AVERAGE SKY COVER 1.0


WEATHER CONDITIONS
 THE FOLLOWING WEATHER WAS RECORDED YESTERDAY.
  RAIN
  LIGHT RAIN
  FOG


RELATIVE HUMIDITY (PERCENT)
 HIGHEST   100           600 AM
 LOWEST     56          1200 AM
 AVERAGE    78

..........................................................


THE MOUNT POCONO PA CLIMATE NORMALS FOR TODAY
                         NORMAL    RECORD    YEAR
 MAXIMUM TEMPERATURE (F)   60        88      1915
 MINIMUM TEMPERATURE (F)   39        18      1919


SUNRISE AND SUNSET
APRIL 26 2017.........SUNRISE   606 AM EDT   SUNSET   754 PM EDT
APRIL 27 2017.........SUNRISE   604 AM EDT   SUNSET   755 PM EDT


-  INDICATES NEGATIVE NUMBERS.
R  INDICATES RECORD WAS SET OR TIED.
MM INDICATES DATA IS MISSING.
T  INDICATES TRACE AMOUNT.




$$
