000
CDUS41 KPHI 202129
CLIMPO


CLIMATE REPORT
NATIONAL WEATHER SERVICE MOUNT HOLLY NJ
428 PM EST SAT DEC 20 2014


...................................

...THE MOUNT POCONO PA CLIMATE SUMMARY FOR DECEMBER 20 2014...
VALID TODAY AS OF 0400 PM LOCAL TIME.

CLIMATE NORMAL PERIOD 1981 TO 2010
CLIMATE RECORD PERIOD 1901 TO 2014


WEATHER ITEM   OBSERVED TIME   RECORD YEAR NORMAL DEPARTURE LAST
                VALUE   (LST)  VALUE       VALUE  FROM      YEAR
                                                  NORMAL
..................................................................
TEMPERATURE (F)
 TODAY
  MAXIMUM         26    359 PM  58    1988  33     -7       52
  MINIMUM         23    547 AM -12    1942  20      3       32
  AVERAGE         25                        26     -1       42

PRECIPITATION (IN)
  TODAY            0.00          1.50 1939   0.13  -0.13      T
  MONTH TO DATE    1.79                      2.64  -0.85     1.45
  SINCE DEC 1      1.79                      2.64  -0.85     1.45
  SINCE JAN 1     39.51                     47.55  -8.04    43.03

SNOWFALL (IN)
  TODAY           MM            MM      MM  MM     MM       MM
  MONTH TO DATE   MM                        MM     MM       MM
  SINCE DEC 1     MM                        MM     MM       MM
  SINCE JUL 1     MM                        MM     MM       MM
  SNOW DEPTH      MM

DEGREE DAYS
 HEATING
  TODAY           40                        39      1       23
  MONTH TO DATE  696                       716    -20      761
  SINCE DEC 1    696                       716    -20      761
  SINCE JUL 1   2263                      2295    -32     2373

 COOLING
  TODAY            0                         0      0        0
  MONTH TO DATE    0                         0      0        0
  SINCE DEC 1      0                         0      0        0
  SINCE JAN 1    253                       314    -61      467
..................................................................


WIND (MPH)
  HIGHEST WIND SPEED    22   HIGHEST WIND DIRECTION    NW (320)
  HIGHEST GUST SPEED    29   HIGHEST GUST DIRECTION    NW (330)
  AVERAGE WIND SPEED     7.4


SKY COVER
  POSSIBLE SUNSHINE  MM
  AVERAGE SKY COVER 1.0


WEATHER CONDITIONS
 THE FOLLOWING WEATHER WAS RECORDED TODAY.
  NO SIGNIFICANT WEATHER WAS OBSERVED.


RELATIVE HUMIDITY (PERCENT)
 HIGHEST    88          1200 AM
 LOWEST     68           200 PM
 AVERAGE    78

..........................................................


THE MOUNT POCONO PA CLIMATE NORMALS FOR TOMORROW
                         NORMAL    RECORD    YEAR
 MAXIMUM TEMPERATURE (F)   33        63      1923
 MINIMUM TEMPERATURE (F)   19       -12      1942


SUNRISE AND SUNSET
DECEMBER 20 2014......SUNRISE   723 AM EST   SUNSET   436 PM EST
DECEMBER 21 2014......SUNRISE   723 AM EST   SUNSET   436 PM EST


-  INDICATES NEGATIVE NUMBERS.
R  INDICATES RECORD WAS SET OR TIED.
MM INDICATES DATA IS MISSING.
T  INDICATES TRACE AMOUNT.




$$
