168
CDUS41 KPHI 250628
CLIMPO


CLIMATE REPORT
NATIONAL WEATHER SERVICE MOUNT HOLLY NJ
227 AM EDT SUN JUN 25 2017


...................................

...THE MOUNT POCONO PA CLIMATE SUMMARY FOR JUNE 24 2017...

CLIMATE NORMAL PERIOD 1981 TO 2010
CLIMATE RECORD PERIOD 1901 TO 2017


WEATHER ITEM   OBSERVED TIME   RECORD YEAR NORMAL DEPARTURE LAST
                VALUE   (LST)  VALUE       VALUE  FROM      YEAR
                                                  NORMAL
..................................................................
TEMPERATURE (F)
 YESTERDAY
  MAXIMUM         76    437 PM  92    1914  76      0       75
  MINIMUM         58   1159 PM  36    1932  56      2       52
  AVERAGE         67                        66      1       64

PRECIPITATION (IN)
  YESTERDAY        0.16          1.80 1973   0.11   0.05     0.00
  MONTH TO DATE    3.51                      3.64  -0.13     1.42
  SINCE JUN 1      3.51                      3.64  -0.13     1.42
  SINCE JAN 1     20.41                     21.14  -0.73    18.85

DEGREE DAYS
 HEATING
  YESTERDAY        0                         2     -2        1
  MONTH TO DATE  104                        92     12       89
  SINCE JUN 1    104                        92     12       89
  SINCE JUL 1   6628                      7108   -480     6141

 COOLING
  YESTERDAY        2                         3     -1        0
  MONTH TO DATE   49                        43      6       15
  SINCE JUN 1     49                        43      6       15
  SINCE JAN 1     67                        62      5       44
..................................................................


WIND (MPH)
  HIGHEST WIND SPEED    23   HIGHEST WIND DIRECTION     W (290)
  HIGHEST GUST SPEED    34   HIGHEST GUST DIRECTION    NW (330)
  AVERAGE WIND SPEED    10.3


SKY COVER
  POSSIBLE SUNSHINE  MM
  AVERAGE SKY COVER 0.5


WEATHER CONDITIONS
 THE FOLLOWING WEATHER WAS RECORDED YESTERDAY.
  LIGHT RAIN


RELATIVE HUMIDITY (PERCENT)
 HIGHEST   100           300 AM
 LOWEST     44           100 PM
 AVERAGE    72

..........................................................


THE MOUNT POCONO PA CLIMATE NORMALS FOR TODAY
                         NORMAL    RECORD    YEAR
 MAXIMUM TEMPERATURE (F)   76        91      1952
 MINIMUM TEMPERATURE (F)   56        32      1988


SUNRISE AND SUNSET
JUNE 25 2017..........SUNRISE   530 AM EDT   SUNSET   838 PM EDT
JUNE 26 2017..........SUNRISE   531 AM EDT   SUNSET   838 PM EDT


-  INDICATES NEGATIVE NUMBERS.
R  INDICATES RECORD WAS SET OR TIED.
MM INDICATES DATA IS MISSING.
T  INDICATES TRACE AMOUNT.




$$
