000
CDUS41 KPHI 220600
CLIMPO


CLIMATE REPORT
NATIONAL WEATHER SERVICE MOUNT HOLLY NJ
1257 AM EST THU FEB 22 2018


...................................

...THE MOUNT POCONO PA CLIMATE SUMMARY FOR FEBRUARY 21 2018...

CLIMATE NORMAL PERIOD 1981 TO 2010
CLIMATE RECORD PERIOD 1901 TO 2018


WEATHER ITEM   OBSERVED TIME   RECORD YEAR NORMAL DEPARTURE LAST
                VALUE   (LST)  VALUE       VALUE  FROM      YEAR
                                                  NORMAL
..................................................................
TEMPERATURE (F)
 YESTERDAY
  MAXIMUM         70R   241 PM  60    1930  35     35       40
  MINIMUM         39   1159 PM -10    2015  19     20       24
  AVERAGE         55                        27     28       32

PRECIPITATION (IN)
  YESTERDAY        T             1.55 1954   0.09  -0.09     0.00
  MONTH TO DATE    2.85                      1.74   1.11     1.27
  SINCE DEC 1      9.01                      8.46   0.55     6.39
  SINCE JAN 1      7.77                      4.59   3.18     4.20

DEGREE DAYS
 HEATING
  YESTERDAY       10                        38    -28       33
  MONTH TO DATE  728                       833   -105      764
  SINCE DEC 1   3328                      3285     43     3065
  SINCE JUL 1   4766                      4864    -98     4458

 COOLING
  YESTERDAY        0                         0      0        0
  MONTH TO DATE    0                         0      0        0
  SINCE DEC 1      0                         0      0        0
  SINCE JAN 1      0                         0      0        0
..................................................................


WIND (MPH)
  HIGHEST WIND SPEED    25   HIGHEST WIND DIRECTION    NW (330)
  HIGHEST GUST SPEED    33   HIGHEST GUST DIRECTION    NW (330)
  AVERAGE WIND SPEED    12.3


SKY COVER
  POSSIBLE SUNSHINE  MM
  AVERAGE SKY COVER 0.5


WEATHER CONDITIONS
 THE FOLLOWING WEATHER WAS RECORDED YESTERDAY.
  LIGHT RAIN
  FOG


RELATIVE HUMIDITY (PERCENT)
 HIGHEST   100           300 AM
 LOWEST     61           100 PM
 AVERAGE    81

..........................................................


THE MOUNT POCONO PA CLIMATE NORMALS FOR TODAY
                         NORMAL    RECORD    YEAR
 MAXIMUM TEMPERATURE (F)   36        56      1997
 MINIMUM TEMPERATURE (F)   19       -14      1907


SUNRISE AND SUNSET
FEBRUARY 22 2018......SUNRISE   646 AM EST   SUNSET   544 PM EST
FEBRUARY 23 2018......SUNRISE   645 AM EST   SUNSET   545 PM EST


-  INDICATES NEGATIVE NUMBERS.
R  INDICATES RECORD WAS SET OR TIED.
MM INDICATES DATA IS MISSING.
T  INDICATES TRACE AMOUNT.




$$
