000
CDUS41 KBTV 260601
CLIMPV


CLIMATE REPORT
NATIONAL WEATHER SERVICE BURLINGTON VT
142 AM EDT FRI MAY 26 2017


...................................

...THE MONTPELIER VT CLIMATE SUMMARY FOR MAY 25 2017...

CLIMATE NORMAL PERIOD 1981 TO 2010
CLIMATE RECORD PERIOD 1948 TO 2017


WEATHER ITEM   OBSERVED TIME   RECORD YEAR NORMAL DEPARTURE LAST
                VALUE   (LST)  VALUE       VALUE  FROM      YEAR
                                                  NORMAL
..................................................................
TEMPERATURE (F)
 YESTERDAY
  MAXIMUM         61   1224 PM  87    2007  68     -7       81
  MINIMUM         48    427 AM  23    1956  45      3       49
  AVERAGE         55                        57     -2       65

PRECIPITATION (IN)
  YESTERDAY        0.33          1.74        0.12   0.21      T
  MONTH TO DATE    4.29                      2.67   1.62     2.18
  SINCE MAR 1     10.10                      7.72   2.38     6.95
  SINCE JAN 1     14.02                     12.21   1.81    12.12

DEGREE DAYS
 HEATING
  YESTERDAY       10                         9      1        0
  MONTH TO DATE  347                       308     39      347
  SINCE MAR 1   2182                      2104     78     2108
  SINCE JUL 1   7403                      8012   -609     7262

 COOLING
  YESTERDAY        0                         1     -1        0
  MONTH TO DATE   14                         1     13        0
  SINCE MAR 1     17                         2     15        0
  SINCE JAN 1     17                         2     15        0
..................................................................


WIND (MPH)
  HIGHEST WIND SPEED    20   HIGHEST WIND DIRECTION    SE (140)
  HIGHEST GUST SPEED    29   HIGHEST GUST DIRECTION    SE (140)
  AVERAGE WIND SPEED     4.8


SKY COVER
  AVERAGE SKY COVER 0.6


WEATHER CONDITIONS
 THE FOLLOWING WEATHER WAS RECORDED YESTERDAY.
  RAIN
  LIGHT RAIN
  FOG


RELATIVE HUMIDITY (PERCENT)
 HIGHEST   100           100 AM
 LOWEST     60          1200 PM
 AVERAGE    80

..........................................................


THE MONTPELIER VT CLIMATE NORMALS FOR TODAY
                         NORMAL    RECORD    YEAR
 MAXIMUM TEMPERATURE (F)   69        87      2010
 MINIMUM TEMPERATURE (F)   45        27      1956


SUNRISE AND SUNSET
MAY 26 2017...........SUNRISE   513 AM EDT   SUNSET   822 PM EDT
MAY 27 2017...........SUNRISE   513 AM EDT   SUNSET   823 PM EDT


-  INDICATES NEGATIVE NUMBERS.
R  INDICATES RECORD WAS SET OR TIED.
MM INDICATES DATA IS MISSING.
T  INDICATES TRACE AMOUNT.




$$
