000
CDUS41 KBTV 150538
CLIMPV


CLIMATE REPORT
NATIONAL WEATHER SERVICE BURLINGTON VT
135 AM EDT MON SEP 15 2014


...................................

...THE MONTPELIER VT CLIMATE SUMMARY FOR SEPTEMBER 14 2014...

CLIMATE NORMAL PERIOD 1981 TO 2010
CLIMATE RECORD PERIOD 1948 TO 2014


WEATHER ITEM   OBSERVED TIME   RECORD YEAR NORMAL DEPARTURE LAST
                VALUE   (LST)  VALUE       VALUE  FROM      YEAR
                                                  NORMAL
..................................................................
TEMPERATURE (F)
 YESTERDAY
  MAXIMUM         52    255 PM  85    2005  70    -18       59
  MINIMUM         36   1159 PM  28    1963  47    -11       41
  AVERAGE         44                        58    -14       50

PRECIPITATION (IN)
  YESTERDAY        0.00          1.25        0.10  -0.10     0.01
  MONTH TO DATE    1.39                      1.30   0.09     3.46
  SINCE SEP 1      1.39                      1.30   0.09     3.46
  SINCE JAN 1     26.48                     26.10   0.38    28.75

DEGREE DAYS
 HEATING
  YESTERDAY       21                         7     14       15
  MONTH TO DATE   98                        77     21       93
  SINCE SEP 1     98                        77     21       93
  SINCE JUL 1    211                       185     26      186

 COOLING
  YESTERDAY        0                         1     -1        0
  MONTH TO DATE   20                        14      6       29
  SINCE SEP 1     20                        14      6       29
  SINCE JAN 1    186                       258    -72      323
..................................................................


WIND (MPH)
  HIGHEST WIND SPEED    18   HIGHEST WIND DIRECTION    NW (300)
  HIGHEST GUST SPEED    25   HIGHEST GUST DIRECTION    NW (310)
  AVERAGE WIND SPEED     6.6


SKY COVER
  AVERAGE SKY COVER 0.7


WEATHER CONDITIONS
 THE FOLLOWING WEATHER WAS RECORDED YESTERDAY.
  FOG
  FOG W/VISIBILITY <= 1/4 MILE


RELATIVE HUMIDITY (PERCENT)
 HIGHEST   100           900 PM
 LOWEST     63           200 PM
 AVERAGE    82

..........................................................


THE MONTPELIER VT CLIMATE NORMALS FOR TODAY
                         NORMAL    RECORD    YEAR
 MAXIMUM TEMPERATURE (F)   69        83      1993
 MINIMUM TEMPERATURE (F)   47        30      1963


SUNRISE AND SUNSET
SEPTEMBER 15 2014.....SUNRISE   629 AM EDT   SUNSET   701 PM EDT
SEPTEMBER 16 2014.....SUNRISE   630 AM EDT   SUNSET   659 PM EDT


-  INDICATES NEGATIVE NUMBERS.
R  INDICATES RECORD WAS SET OR TIED.
MM INDICATES DATA IS MISSING.
T  INDICATES TRACE AMOUNT.




$$
