000
CDUS41 KBTV 190543
CLIMPV


CLIMATE REPORT
NATIONAL WEATHER SERVICE BURLINGTON VT
1240 AM EST THU JAN 19 2017


...................................

...THE MONTPELIER VT CLIMATE SUMMARY FOR JANUARY 18 2017...

CLIMATE NORMAL PERIOD 1981 TO 2010
CLIMATE RECORD PERIOD 1948 TO 2017


WEATHER ITEM   OBSERVED TIME   RECORD YEAR NORMAL DEPARTURE LAST
                VALUE   (LST)  VALUE       VALUE  FROM      YEAR
                                                  NORMAL
..................................................................
TEMPERATURE (F)
 YESTERDAY
  MAXIMUM         33    217 PM  53    1990  26      7       20
  MINIMUM         29    946 AM -24    1954   7     22        7
  AVERAGE         31                        16     15       14

PRECIPITATION (IN)
  YESTERDAY        0.09          1.69        0.09   0.00     0.12
  MONTH TO DATE    0.84                      1.34  -0.50     1.16
  SINCE DEC 1      3.43                      4.08  -0.65     4.85
  SINCE JAN 1      0.84                      1.34  -0.50     1.16

DEGREE DAYS
 HEATING
  YESTERDAY       34                        49    -15       51
  MONTH TO DATE  778                       870    -92      797
  SINCE DEC 1   2073                      2172    -99     1725
  SINCE JUL 1   3662                      4018   -356     3368

 COOLING
  YESTERDAY        0                         0      0        0
  MONTH TO DATE    0                         0      0        0
  SINCE DEC 1      0                         0      0        0
  SINCE JAN 1      0                         0      0        0
..................................................................


WIND (MPH)
  HIGHEST WIND SPEED    16   HIGHEST WIND DIRECTION     S (180)
  HIGHEST GUST SPEED    21   HIGHEST GUST DIRECTION     S (180)
  AVERAGE WIND SPEED     6.5


SKY COVER
  AVERAGE SKY COVER 1.0


WEATHER CONDITIONS
 THE FOLLOWING WEATHER WAS RECORDED YESTERDAY.
  LIGHT SNOW
  FOG


RELATIVE HUMIDITY (PERCENT)
 HIGHEST   100           300 AM
 LOWEST     82           200 PM
 AVERAGE    91

..........................................................


THE MONTPELIER VT CLIMATE NORMALS FOR TODAY
                         NORMAL    RECORD    YEAR
 MAXIMUM TEMPERATURE (F)   26        57      1949
 MINIMUM TEMPERATURE (F)    7       -26      1997


SUNRISE AND SUNSET
JANUARY 19 2017.......SUNRISE   720 AM EST   SUNSET   443 PM EST
JANUARY 20 2017.......SUNRISE   719 AM EST   SUNSET   444 PM EST


-  INDICATES NEGATIVE NUMBERS.
R  INDICATES RECORD WAS SET OR TIED.
MM INDICATES DATA IS MISSING.
T  INDICATES TRACE AMOUNT.




$$
