000
CDUS41 KBTV 260611
CLIMPV


CLIMATE REPORT
NATIONAL WEATHER SERVICE BURLINGTON VT
111 AM EST FRI DEC 26 2014


...................................

...THE MONTPELIER VT CLIMATE SUMMARY FOR DECEMBER 25 2014...

CLIMATE NORMAL PERIOD 1981 TO 2010
CLIMATE RECORD PERIOD 1948 TO 2014


WEATHER ITEM   OBSERVED TIME   RECORD YEAR NORMAL DEPARTURE LAST
                VALUE   (LST)  VALUE       VALUE  FROM      YEAR
                                                  NORMAL
..................................................................
TEMPERATURE (F)
 YESTERDAY
  MAXIMUM         47    648 AM  63    1982  29     18       14
  MINIMUM         35    442 AM -25    1980  11     24       -1
  AVERAGE         41                        20     21        7

PRECIPITATION (IN)
  YESTERDAY        0.06          1.53        0.08  -0.02      T
  MONTH TO DATE    3.52                      2.29   1.23     1.60
  SINCE DEC 1      3.52                      2.29   1.23     1.60
  SINCE JAN 1     36.31                     36.82  -0.51    36.69

DEGREE DAYS
 HEATING
  YESTERDAY       24                        45    -21       58
  MONTH TO DATE  962                      1023    -61     1091
  SINCE DEC 1    962                      1023    -61     1091
  SINCE JUL 1   2780                      2869    -89     2995

 COOLING
  YESTERDAY        0                         0      0        0
  MONTH TO DATE    0                         0      0        0
  SINCE DEC 1      0                         0      0        0
  SINCE JAN 1    188                       264    -76      323
..................................................................


WIND (MPH)
  HIGHEST WIND SPEED    24   HIGHEST WIND DIRECTION    NW (300)
  HIGHEST GUST SPEED    41   HIGHEST GUST DIRECTION    SW (240)
  AVERAGE WIND SPEED    11.3


SKY COVER
  AVERAGE SKY COVER 1.0


WEATHER CONDITIONS
 THE FOLLOWING WEATHER WAS RECORDED YESTERDAY.
  LIGHT RAIN
  FOG
  FOG W/VISIBILITY <= 1/4 MILE


RELATIVE HUMIDITY (PERCENT)
 HIGHEST   100           100 AM
 LOWEST     54           800 PM
 AVERAGE    77

..........................................................


THE MONTPELIER VT CLIMATE NORMALS FOR TODAY
                         NORMAL    RECORD    YEAR
 MAXIMUM TEMPERATURE (F)   28        63      1982
 MINIMUM TEMPERATURE (F)   10       -27      1980


SUNRISE AND SUNSET
DECEMBER 26 2014......SUNRISE   725 AM EST   SUNSET   417 PM EST
DECEMBER 27 2014......SUNRISE   725 AM EST   SUNSET   418 PM EST


-  INDICATES NEGATIVE NUMBERS.
R  INDICATES RECORD WAS SET OR TIED.
MM INDICATES DATA IS MISSING.
T  INDICATES TRACE AMOUNT.




$$
