000
CDUS43 KMPX 180808
CLIMPX


CLIMATE REPORT
NATIONAL WEATHER SERVICE CHANHASSEN MN
206 AM CST MON DEC 18 2017


...................................

...THE CHANHASSEN MN CLIMATE SUMMARY FOR DECEMBER 17 2017...

CLIMATE NORMAL PERIOD 1981 TO 2010
CLIMATE RECORD PERIOD 1995 TO 2017


WEATHER ITEM   OBSERVED TIME   RECORD YEAR NORMAL DEPARTURE LAST
                VALUE   (LST)  VALUE       VALUE  FROM      YEAR
                                                  NORMAL
..................................................................
TEMPERATURE (F)
 YESTERDAY
  MAXIMUM         28        MM  45    2001  25      3       10
  MINIMUM         17        MM -16    2016  10      7      -16
  AVERAGE         23                        17      6       -3

PRECIPITATION (IN)
  YESTERDAY        0.00          T    2005   0.04  -0.04     0.04
                                      2005
                                      2015
  MONTH TO DATE    0.51                      0.70  -0.19     1.10
  SINCE DEC 1      0.51                      0.70  -0.19     1.10
  SINCE JAN 1     37.73                     30.61   7.12    39.38

SNOWFALL (IN)
  YESTERDAY        0.0           0.7  2003   0.5   -0.5      0.6
  MONTH TO DATE    4.3                       7.7   -3.4     17.9
  SINCE DEC 1      4.3                       7.7   -3.4     17.9
  SINCE JUL 1      6.1                      13.5   -7.4     23.0
  SNOW DEPTH       2

DEGREE DAYS
 HEATING
  YESTERDAY       42                        48     -6       68
  MONTH TO DATE  684                       762    -78      852
  SINCE DEC 1    684                       762    -78      852
  SINCE JUL 1   2297                      2469   -172     2075

 COOLING
  YESTERDAY        0                         0      0        0
  MONTH TO DATE    0                         0      0        0
  SINCE DEC 1      0                         0      0        0
  SINCE JAN 1    478                       605   -127      631
..................................................................


WIND (MPH)
  HIGHEST WIND SPEED    MM   HIGHEST WIND DIRECTION    MM
  HIGHEST GUST SPEED    MM   HIGHEST GUST DIRECTION    MM
  AVERAGE WIND SPEED    MM


SKY COVER
  POSSIBLE SUNSHINE  MM
  AVERAGE SKY COVER  MM


WEATHER CONDITIONS
 THE FOLLOWING WEATHER WAS RECORDED YESTERDAY.
  NO SIGNIFICANT WEATHER WAS OBSERVED.


RELATIVE HUMIDITY (PERCENT)
 HIGHEST    MM
 LOWEST     MM
 AVERAGE    MM

..........................................................


THE CHANHASSEN MN CLIMATE NORMALS FOR TODAY
                         NORMAL    RECORD    YEAR
 MAXIMUM TEMPERATURE (F)   25        47      2011
 MINIMUM TEMPERATURE (F)    9       -25      2016


SUNRISE AND SUNSET
DECEMBER 18 2017......SUNRISE   747 AM CST   SUNSET   435 PM CST
DECEMBER 19 2017......SUNRISE   748 AM CST   SUNSET   435 PM CST


-  INDICATES NEGATIVE NUMBERS.
R  INDICATES RECORD WAS SET OR TIED.
MM INDICATES DATA IS MISSING.
T  INDICATES TRACE AMOUNT.




$$
