000
CDUS43 KMPX 190027
CLIMPX


CLIMATE REPORT
NATIONAL WEATHER SERVICE CHANHASSEN MN
627 PM CST THU DEC 18 2014


...................................

...THE CHANHASSEN MN CLIMATE SUMMARY FOR DECEMBER 18 2014...
VALID TODAY AS OF 0600 PM LOCAL TIME.

CLIMATE NORMAL PERIOD 1981 TO 2010
CLIMATE RECORD PERIOD 1995 TO 2014


WEATHER ITEM   OBSERVED TIME   RECORD YEAR NORMAL DEPARTURE LAST
                VALUE   (LST)  VALUE       VALUE  FROM      YEAR
                                                  NORMAL
..................................................................
TEMPERATURE (F)
 TODAY
  MAXIMUM         21        MM  47    2011  25     -4       36
  MINIMUM          7        MM  -7           9     -2        3
  AVERAGE         14                        17     -3       20

PRECIPITATION (IN)
  TODAY            T             0.33 2000   0.04  -0.04     0.00
  MONTH TO DATE    0.40                      0.74  -0.34     1.01
  SINCE DEC 1      0.40                      0.74  -0.34     1.01
  SINCE JAN 1     35.86                     30.65   5.21    34.83

SNOWFALL (IN)
  TODAY            T             6.5  2000   0.5   -0.5      0.0
  MONTH TO DATE    1.2                       8.2   -7.0     11.2
  SINCE DEC 1      1.2                       8.2   -7.0     11.2
  SINCE JUL 1      9.3                      14.0   -4.7     13.0
  SNOW DEPTH       1

DEGREE DAYS
 HEATING
  TODAY           51                        48      3       45
  MONTH TO DATE  733                       810    -77      987
  SINCE DEC 1    733                       810    -77      987
  SINCE JUL 1   2670                      2517    153     2709

 COOLING
  TODAY            0                         0      0        0
  MONTH TO DATE    0                         0      0        0
  SINCE DEC 1      0                         0      0        0
  SINCE JAN 1    514                       605    -91      667
..................................................................


WIND (MPH)
  HIGHEST WIND SPEED    MM   HIGHEST WIND DIRECTION    MM
  HIGHEST GUST SPEED    MM   HIGHEST GUST DIRECTION    MM
  AVERAGE WIND SPEED    MM


SKY COVER
  POSSIBLE SUNSHINE  MM
  AVERAGE SKY COVER  MM


WEATHER CONDITIONS
 THE FOLLOWING WEATHER WAS RECORDED TODAY.
  NO SIGNIFICANT WEATHER WAS OBSERVED.


RELATIVE HUMIDITY (PERCENT)
 HIGHEST    MM
 LOWEST     MM
 AVERAGE    MM

..........................................................


THE CHANHASSEN MN CLIMATE NORMALS FOR TOMORROW
                         NORMAL    RECORD    YEAR
 MAXIMUM TEMPERATURE (F)   25        42      2006
 MINIMUM TEMPERATURE (F)    9       -13      2005


SUNRISE AND SUNSET
DECEMBER 18 2014......SUNRISE   747 AM CST   SUNSET   435 PM CST
DECEMBER 19 2014......SUNRISE   748 AM CST   SUNSET   435 PM CST


-  INDICATES NEGATIVE NUMBERS.
R  INDICATES RECORD WAS SET OR TIED.
MM INDICATES DATA IS MISSING.
T  INDICATES TRACE AMOUNT.




$$
