000
CDUS43 KMPX 060648
CLIMPX


CLIMATE REPORT
NATIONAL WEATHER SERVICE CHANHASSEN MN
1247 AM CST FRI MAR 6 2015


...................................

...THE CHANHASSEN MN CLIMATE SUMMARY FOR MARCH 5 2015...

CLIMATE NORMAL PERIOD 1981 TO 2010
CLIMATE RECORD PERIOD 1995 TO 2015


WEATHER ITEM   OBSERVED TIME   RECORD YEAR NORMAL DEPARTURE LAST
                VALUE   (LST)  VALUE       VALUE  FROM      YEAR
                                                  NORMAL
..................................................................
TEMPERATURE (F)
 YESTERDAY
  MAXIMUM         16        MM  MM      MM  34    -18       23
  MINIMUM        -11        MM  MM      MM  18    -29       10
  AVERAGE          3                        26    -23       17

PRECIPITATION (IN)
  YESTERDAY        0.00         MM      MM   0.04  -0.04      T
  MONTH TO DATE    0.19                      0.20  -0.01      T
  SINCE MAR 1      0.19                      0.20  -0.01      T
  SINCE JAN 1      0.95                      2.01  -1.06     2.91

SNOWFALL (IN)
  YESTERDAY        0.0          MM      MM   0.4   -0.4      0.1
  MONTH TO DATE    2.4                       2.0    0.4      0.2
  SINCE MAR 1      2.4                       2.0    0.4      0.2
  SINCE JUL 1     26.5                      41.7  -15.2     55.5
  SNOW DEPTH       2

DEGREE DAYS
 HEATING
  YESTERDAY       62                        39     23       48
  MONTH TO DATE  269                       199     70      311
  SINCE MAR 1    269                       199     70      311
  SINCE JUL 1   6527                      6214    313     7194

 COOLING
  YESTERDAY        0                         0      0        0
  MONTH TO DATE    0                         0      0        0
  SINCE MAR 1      0                         0      0        0
  SINCE JAN 1      0                         0      0        0
..................................................................


WIND (MPH)
  HIGHEST WIND SPEED    MM   HIGHEST WIND DIRECTION    MM
  HIGHEST GUST SPEED    MM   HIGHEST GUST DIRECTION    MM
  AVERAGE WIND SPEED    MM


SKY COVER
  POSSIBLE SUNSHINE  MM
  AVERAGE SKY COVER  MM


WEATHER CONDITIONS
 THE FOLLOWING WEATHER WAS RECORDED YESTERDAY.
  NO SIGNIFICANT WEATHER WAS OBSERVED.


RELATIVE HUMIDITY (PERCENT)
 HIGHEST    MM
 LOWEST     MM
 AVERAGE    MM

..........................................................


THE CHANHASSEN MN CLIMATE NORMALS FOR TODAY
                         NORMAL    RECORD    YEAR
 MAXIMUM TEMPERATURE (F)   35        MM        MM
 MINIMUM TEMPERATURE (F)   18        MM        MM


SUNRISE AND SUNSET
MARCH  6 2015.........SUNRISE   643 AM CST   SUNSET   608 PM CST
MARCH  7 2015.........SUNRISE   642 AM CST   SUNSET   610 PM CST


-  INDICATES NEGATIVE NUMBERS.
R  INDICATES RECORD WAS SET OR TIED.
MM INDICATES DATA IS MISSING.
T  INDICATES TRACE AMOUNT.




$$
