000
CDUS43 KMQT 290509
CLIMQT


CLIMATE REPORT
NATIONAL WEATHER SERVICE MARQUETTE MI
108 AM EDT TUE JUL 29 2014


...................................

...THE MARQUETTE MI CLIMATE SUMMARY FOR JULY 28 2014...

CLIMATE NORMAL PERIOD 1981 TO 2010
CLIMATE RECORD PERIOD 1961 TO 2014


WEATHER ITEM   OBSERVED RECORD YEAR NORMAL DEPARTURE LAST
                VALUE   VALUE       VALUE  FROM      YEAR
                                           NORMAL
...........................................................
TEMPERATURE (F)
 YESTERDAY
  MAXIMUM         70     99    1988  76     -6       52
  MINIMUM         45     39    1984  55    -10       44
  AVERAGE         58                 66     -8       48

PRECIPITATION (IN)
  YESTERDAY        0.00   0.89 1996   0.09  -0.09     0.44
  MONTH TO DATE    4.15               2.55   1.60     4.76
  SINCE JUN 1      9.78               5.39   4.39     8.07
  SINCE JAN 1     22.24              19.03   3.21    25.41

SNOWFALL (IN)
  YESTERDAY        0.0   MM      MM   0.0    0.0      0.0
  MONTH TO DATE    T                  0.0    0.0      0.0
  SINCE JUN 1      T                  0.0    0.0      0.0
  SINCE JUL 1      T                  0.0    0.0      0.0
  SNOW DEPTH       0

DEGREE DAYS
 HEATING
  YESTERDAY        7                  3      4       17
  MONTH TO DATE  108                 70     38      105
  SINCE JUN 1    271                252     19      303
  SINCE JUL 1    108                 70     38      105

 COOLING
  YESTERDAY        0                  3     -3        0
  MONTH TO DATE   42                 84    -42      127
  SINCE JUN 1     96                132    -36      166
  SINCE JAN 1    116                144    -28      179
...........................................................


WIND (MPH)
  RESULTANT WIND SPEED  MM   RESULTANT WIND DIRECTION  MM
  HIGHEST WIND SPEED    MM   HIGHEST WIND DIRECTION    MM
  HIGHEST GUST SPEED    25   HIGHEST GUST DIRECTION     N (360)
  AVERAGE WIND SPEED    MM


SKY COVER
  POSSIBLE SUNSHINE  MM
  AVERAGE SKY COVER  MM


WEATHER CONDITIONS
 THE FOLLOWING WEATHER WAS RECORDED YESTERDAY.
  NO SIGNIFICANT WEATHER WAS OBSERVED.


RELATIVE HUMIDITY (PERCENT)
 HIGHEST    MM
 LOWEST     MM
 AVERAGE    MM

..........................................................


THE MARQUETTE MI CLIMATE NORMALS FOR TODAY
                         NORMAL    RECORD    YEAR
 MAXIMUM TEMPERATURE (F)   76        94      1988
 MINIMUM TEMPERATURE (F)   55        40      1971


SUNRISE AND SUNSET
JULY 29 2014..........SUNRISE   627 AM EDT   SUNSET   925 PM EDT
JULY 30 2014..........SUNRISE   629 AM EDT   SUNSET   924 PM EDT


-  INDICATES NEGATIVE NUMBERS.
R  INDICATES RECORD WAS SET OR TIED.
MM INDICATES DATA IS MISSING.
T  INDICATES TRACE AMOUNT.




$$
