000
CDUS43 KMQT 302111
CLIMQT


CLIMATE REPORT
NATIONAL WEATHER SERVICE MARQUETTE MI
511 PM EDT THU MAR 30 2017


...................................

...THE MARQUETTE MI CLIMATE SUMMARY FOR MARCH 30 2017...
VALID TODAY AS OF 500 PM LOCAL TIME.

CLIMATE NORMAL PERIOD 1981 TO 2010
CLIMATE RECORD PERIOD 1961 TO 2017


WEATHER ITEM   OBSERVED RECORD YEAR NORMAL DEPARTURE LAST
                VALUE   VALUE       VALUE  FROM      YEAR
                                           NORMAL
...........................................................
TEMPERATURE (F)
 TODAY
  MAXIMUM         39     57    2006  40     -1       45
                               2005
                               1993
  MINIMUM         29     -7    1969  20      9       35
  AVERAGE         34                 30      4       40

PRECIPITATION (IN)
  TODAY            T      0.61 1976   0.10  -0.10     0.19
  MONTH TO DATE    1.84               2.93  -1.09     2.76
  SINCE MAR 1      1.84               2.93  -1.09     2.76
  SINCE JAN 1      6.42               7.48  -1.06     7.38

SNOWFALL (IN)
  TODAY            T      2.3  1972   0.8   -0.8      0.0
  MONTH TO DATE   19.9               34.1  -14.2     14.9
  SINCE MAR 1     19.9               34.1  -14.2     14.9
  SINCE JUL 1    141.0              186.5  -45.5    115.0
  SNOW DEPTH       5

DEGREE DAYS
 HEATING
  TODAY           31                 35     -4       25
  MONTH TO DATE 1226               1228     -2     1063
  SINCE MAR 1   1226               1228     -2     1063
  SINCE JUL 1   6910               7852   -942     6830

 COOLING
  TODAY            0                  0      0        0
  MONTH TO DATE    0                  0      0        0
  SINCE MAR 1      0                  0      0        0
  SINCE JAN 1      0                  0      0        0
...........................................................


WIND (MPH)
  HIGHEST WIND SPEED    MM   HIGHEST WIND DIRECTION    MM
  HIGHEST GUST SPEED    12   HIGHEST GUST DIRECTION    NE (45)
  AVERAGE WIND SPEED    MM


SKY COVER
  POSSIBLE SUNSHINE  MM
  AVERAGE SKY COVER  MM


WEATHER CONDITIONS
 THE FOLLOWING WEATHER WAS RECORDED TODAY.
  LIGHT SNOW


RELATIVE HUMIDITY (PERCENT)
 HIGHEST    MM
 LOWEST     MM
 AVERAGE    MM

..........................................................


THE MARQUETTE MI CLIMATE NORMALS FOR TOMORROW
                         NORMAL    RECORD    YEAR
 MAXIMUM TEMPERATURE (F)   40        70      2010
 MINIMUM TEMPERATURE (F)   20        -8      1975


SUNRISE AND SUNSET
MARCH 30 2017.........SUNRISE   733 AM EDT   SUNSET   817 PM EDT
MARCH 31 2017.........SUNRISE   731 AM EDT   SUNSET   818 PM EDT


-  INDICATES NEGATIVE NUMBERS.
R  INDICATES RECORD WAS SET OR TIED.
MM INDICATES DATA IS MISSING.
T  INDICATES TRACE AMOUNT.




$$
