000
CDUS41 KLWX 300525
CLIMRB


CLIMATE REPORT
NATIONAL WEATHER SERVICE BALTIMORE MD/WASHINGTON DC
123 AM EDT FRI SEP 30 2016


...................................

...THE MARTINSBURG WV CLIMATE SUMMARY FOR SEPTEMBER 29 2016...

CLIMATE NORMAL PERIOD 1981 TO 2010
CLIMATE RECORD PERIOD 1926 TO 2016


WEATHER ITEM   OBSERVED TIME   RECORD YEAR NORMAL DEPARTURE LAST
                VALUE   (LST)  VALUE       VALUE  FROM      YEAR
                                                  NORMAL
..................................................................
TEMPERATURE (F)
 YESTERDAY
  MAXIMUM         67    259 PM  93    1953  71     -4       75
  MINIMUM         59    642 AM  32    1947  48     11       67
  AVERAGE         63                        60      3       71

PRECIPITATION (IN)
  YESTERDAY        2.02R         1.53 2015   0.12   1.90     1.53
  MONTH TO DATE    3.85                      3.44   0.41     3.27
  SINCE SEP 1      3.85                      3.44   0.41     3.27
  SINCE JAN 1     20.70                     29.68  -8.98    22.22

DEGREE DAYS
 HEATING
  YESTERDAY        2                         6     -4        0
  MONTH TO DATE   13                        79    -66       26
  SINCE SEP 1     13                        79    -66       26
  SINCE JUL 1     13                        86    -73       26

 COOLING
  YESTERDAY        0                         1     -1        6
  MONTH TO DATE  199                        92    107      142
  SINCE SEP 1    199                        92    107      142
  SINCE JAN 1   1271                       884    387     1111
..................................................................


WIND (MPH)
  HIGHEST WIND SPEED    18   HIGHEST WIND DIRECTION     E (90)
  HIGHEST GUST SPEED    27   HIGHEST GUST DIRECTION     E (100)
  AVERAGE WIND SPEED     9.6


SKY COVER
  POSSIBLE SUNSHINE  MM
  AVERAGE SKY COVER 1.0


WEATHER CONDITIONS
 THE FOLLOWING WEATHER WAS RECORDED YESTERDAY.
  HEAVY RAIN
  RAIN
  LIGHT RAIN
  FOG


RELATIVE HUMIDITY (PERCENT)
 HIGHEST   100          1200 AM
 LOWEST     87           100 PM
 AVERAGE    94

..........................................................


THE MARTINSBURG WV CLIMATE NORMALS FOR TODAY
                         NORMAL    RECORD    YEAR
 MAXIMUM TEMPERATURE (F)   71        94      1953
 MINIMUM TEMPERATURE (F)   48        32      1951


SUNRISE AND SUNSET
SEPTEMBER 30 2016.....SUNRISE   707 AM EDT   SUNSET   655 PM EDT
OCTOBER  1 2016.......SUNRISE   708 AM EDT   SUNSET   654 PM EDT


-  INDICATES NEGATIVE NUMBERS.
R  INDICATES RECORD WAS SET OR TIED.
MM INDICATES DATA IS MISSING.
T  INDICATES TRACE AMOUNT.




$$
