000
CDUS41 KLWX 230532
CLIMRB


CLIMATE REPORT
NATIONAL WEATHER SERVICE BALTIMORE MD/WASHINGTON DC
132 AM EDT SUN APR 23 2017


...................................

...THE MARTINSBURG WV CLIMATE SUMMARY FOR APRIL 22 2017...

CLIMATE NORMAL PERIOD 1981 TO 2010
CLIMATE RECORD PERIOD 1926 TO 2017


WEATHER ITEM   OBSERVED TIME   RECORD YEAR NORMAL DEPARTURE LAST
                VALUE   (LST)  VALUE       VALUE  FROM      YEAR
                                                  NORMAL
..................................................................
TEMPERATURE (F)
 YESTERDAY
  MAXIMUM         66   1234 AM  89    1985  66      0       71
  MINIMUM         42   1029 PM  29    1950  43     -1       54
  AVERAGE         54                        54      0       63

PRECIPITATION (IN)
  YESTERDAY        0.26          1.20 1972   0.11   0.15     0.07
  MONTH TO DATE    1.87                      2.43  -0.56     0.46
  SINCE MAR 1      4.65                      5.95  -1.30     2.21
  SINCE JAN 1      9.03                     10.73  -1.70     6.30

DEGREE DAYS
 HEATING
  YESTERDAY       11                        11      0        2
  MONTH TO DATE  166                       308   -142      312
  SINCE MAR 1    848                      1022   -174      805
  SINCE JUL 1   3926                      4978  -1052     4220

 COOLING
  YESTERDAY        0                         0      0        0
  MONTH TO DATE   25                         0     25        5
  SINCE MAR 1     28                         1     27        7
  SINCE JAN 1     28                         1     27        7
..................................................................


WIND (MPH)
  HIGHEST WIND SPEED    15   HIGHEST WIND DIRECTION    NW (330)
  HIGHEST GUST SPEED    19   HIGHEST GUST DIRECTION     N (340)
  AVERAGE WIND SPEED     5.7


SKY COVER
  POSSIBLE SUNSHINE  MM
  AVERAGE SKY COVER 0.8


WEATHER CONDITIONS
 THE FOLLOWING WEATHER WAS RECORDED YESTERDAY.
  LIGHT RAIN
  FOG
  FOG W/VISIBILITY <= 1/4 MILE
  HAZE


RELATIVE HUMIDITY (PERCENT)
 HIGHEST   100          1000 PM
 LOWEST     42          1200 AM
 AVERAGE    71

..........................................................


THE MARTINSBURG WV CLIMATE NORMALS FOR TODAY
                         NORMAL    RECORD    YEAR
 MAXIMUM TEMPERATURE (F)   67        92      1960
 MINIMUM TEMPERATURE (F)   43        30      1933


SUNRISE AND SUNSET
APRIL 23 2017.........SUNRISE   623 AM EDT   SUNSET   758 PM EDT
APRIL 24 2017.........SUNRISE   622 AM EDT   SUNSET   759 PM EDT


-  INDICATES NEGATIVE NUMBERS.
R  INDICATES RECORD WAS SET OR TIED.
MM INDICATES DATA IS MISSING.
T  INDICATES TRACE AMOUNT.




$$
