000
CDUS41 KLWX 260519
CLIMRB


CLIMATE REPORT
NATIONAL WEATHER SERVICE BALTIMORE MD/WASHINGTON DC
119 AM EDT SUN OCT 26 2014


...................................

...THE MARTINSBURG WV CLIMATE SUMMARY FOR OCTOBER 25 2014...

CLIMATE NORMAL PERIOD 1981 TO 2010
CLIMATE RECORD PERIOD 1926 TO 2014


WEATHER ITEM   OBSERVED TIME   RECORD YEAR NORMAL DEPARTURE LAST
                VALUE   (LST)  VALUE       VALUE  FROM      YEAR
                                                  NORMAL
..................................................................
TEMPERATURE (F)
 YESTERDAY
  MAXIMUM         72    357 PM  80    1940  63      9       53
  MINIMUM         40    420 AM  25    1962  40      0       29
  AVERAGE         56                        51      5       41

PRECIPITATION (IN)
  YESTERDAY        0.00          2.07 1967   0.10  -0.10     0.00
  MONTH TO DATE    3.18                      2.46   0.72     5.39
  SINCE SEP 1      5.63                      6.03  -0.40     6.63
  SINCE JAN 1     30.10                     32.27  -2.17    29.01

DEGREE DAYS
 HEATING
  YESTERDAY        9                        14     -5       24
  MONTH TO DATE  174                       264    -90      203
  SINCE SEP 1    225                       348   -123      299
  SINCE JUL 1    228                       355   -127      303

 COOLING
  YESTERDAY        0                         0      0        0
  MONTH TO DATE    3                         8     -5       40
  SINCE SEP 1    130                       101     29      139
  SINCE JAN 1    958                       893     65     1057
..................................................................


WIND (MPH)
  HIGHEST WIND SPEED    23   HIGHEST WIND DIRECTION     W (280)
  HIGHEST GUST SPEED    30   HIGHEST GUST DIRECTION     W (290)
  AVERAGE WIND SPEED     9.1


SKY COVER
  POSSIBLE SUNSHINE  MM
  AVERAGE SKY COVER 0.0


WEATHER CONDITIONS
 THE FOLLOWING WEATHER WAS RECORDED YESTERDAY.
  NO SIGNIFICANT WEATHER WAS OBSERVED.


RELATIVE HUMIDITY (PERCENT)
 HIGHEST    76           300 AM
 LOWEST     31           200 PM
 AVERAGE    54

..........................................................


THE MARTINSBURG WV CLIMATE NORMALS FOR TODAY
                         NORMAL    RECORD    YEAR
 MAXIMUM TEMPERATURE (F)   62        79      1984
 MINIMUM TEMPERATURE (F)   39        23      1952


SUNRISE AND SUNSET
OCTOBER 26 2014.......SUNRISE   733 AM EDT   SUNSET   618 PM EDT
OCTOBER 27 2014.......SUNRISE   734 AM EDT   SUNSET   617 PM EDT


-  INDICATES NEGATIVE NUMBERS.
R  INDICATES RECORD WAS SET OR TIED.
MM INDICATES DATA IS MISSING.
T  INDICATES TRACE AMOUNT.




$$
