000
CDUS41 KLWX 230529
CLIMRB


CLIMATE REPORT
NATIONAL WEATHER SERVICE BALTIMORE MD/WASHINGTON DC
1229 AM EST THU NOV 23 2017


...................................

...THE MARTINSBURG WV CLIMATE SUMMARY FOR NOVEMBER 22 2017...

CLIMATE NORMAL PERIOD 1981 TO 2010
CLIMATE RECORD PERIOD 1926 TO 2017


WEATHER ITEM   OBSERVED TIME   RECORD YEAR NORMAL DEPARTURE LAST
                VALUE   (LST)  VALUE       VALUE  FROM      YEAR
                                                  NORMAL
..................................................................
TEMPERATURE (F)
 YESTERDAY
  MAXIMUM         53    611 AM  74    1979  52      1       46
  MINIMUM         33   1158 PM  13    2014  32      1       23
  AVERAGE         43                        42      1       35

PRECIPITATION (IN)
  YESTERDAY        0.00          1.15 1985   0.10  -0.10     0.00
  MONTH TO DATE    1.10                      2.26  -1.16     0.26
  SINCE SEP 1      7.72                      8.88  -1.16     5.46
  SINCE JAN 1     34.66                     35.12  -0.46    22.31

DEGREE DAYS
 HEATING
  YESTERDAY       22                        23     -1       30
  MONTH TO DATE  445                       426     19      372
  SINCE SEP 1    714                       865   -151      631
  SINCE JUL 1    716                       872   -156      631

 COOLING
  YESTERDAY        0                         0      0        0
  MONTH TO DATE    0                         0      0        0
  SINCE SEP 1    178                       103     75      224
  SINCE JAN 1   1074                       895    179     1296
..................................................................


WIND (MPH)
  HIGHEST WIND SPEED    28   HIGHEST WIND DIRECTION    NW (310)
  HIGHEST GUST SPEED    35   HIGHEST GUST DIRECTION    NW (310)
  AVERAGE WIND SPEED    11.5


SKY COVER
  POSSIBLE SUNSHINE  MM
  AVERAGE SKY COVER 0.6


WEATHER CONDITIONS
 THE FOLLOWING WEATHER WAS RECORDED YESTERDAY.
  NO SIGNIFICANT WEATHER WAS OBSERVED.


RELATIVE HUMIDITY (PERCENT)
 HIGHEST    83           100 AM
 LOWEST     42          1100 AM
 AVERAGE    63

..........................................................


THE MARTINSBURG WV CLIMATE NORMALS FOR TODAY
                         NORMAL    RECORD    YEAR
 MAXIMUM TEMPERATURE (F)   51        80      1931
 MINIMUM TEMPERATURE (F)   32        12      1964


SUNRISE AND SUNSET
NOVEMBER 23 2017......SUNRISE   705 AM EST   SUNSET   452 PM EST
NOVEMBER 24 2017......SUNRISE   706 AM EST   SUNSET   451 PM EST


-  INDICATES NEGATIVE NUMBERS.
R  INDICATES RECORD WAS SET OR TIED.
MM INDICATES DATA IS MISSING.
T  INDICATES TRACE AMOUNT.




$$
