000
CDUS41 KLWX 072121
CLIMRB


CLIMATE REPORT
NATIONAL WEATHER SERVICE BALTIMORE MD/WASHINGTON DC
521 PM EDT TUE JUL 7 2015


...................................

...THE MARTINSBURG WV CLIMATE SUMMARY FOR JULY 7 2015...
VALID TODAY AS OF 0500 PM LOCAL TIME.

CLIMATE NORMAL PERIOD 1981 TO 2010
CLIMATE RECORD PERIOD 1926 TO 2015


WEATHER ITEM   OBSERVED TIME   RECORD YEAR NORMAL DEPARTURE LAST
                VALUE   (LST)  VALUE       VALUE  FROM      YEAR
                                                  NORMAL
..................................................................
TEMPERATURE (F)
 TODAY
  MAXIMUM         87    358 PM 103    1988  86      1       93
  MINIMUM         68    505 AM  49    2001  64      4       71
  AVERAGE         78                        75      3       82

PRECIPITATION (IN)
  TODAY            0.00          1.51 1965   0.11  -0.11     0.00
  MONTH TO DATE    0.49                      0.78  -0.29     0.85
  SINCE JUN 1      4.75                      4.54   0.21     3.53
  SINCE JAN 1     15.69                     20.27  -4.58    18.40

DEGREE DAYS
 HEATING
  TODAY            0                         0      0        0
  MONTH TO DATE    0                         0      0        0
  SINCE JUN 1     15                        24     -9        2
  SINCE JUL 1      0                         0      0        0

 COOLING
  TODAY           13                        10      3       17
  MONTH TO DATE   60                        66     -6       86
  SINCE JUN 1    309                       249     60      322
  SINCE JAN 1    457                       306    151      403
..................................................................


WIND (MPH)
  HIGHEST WIND SPEED    12   HIGHEST WIND DIRECTION     S (190)
  HIGHEST GUST SPEED    16   HIGHEST GUST DIRECTION     S (180)
  AVERAGE WIND SPEED     4.1


SKY COVER
  POSSIBLE SUNSHINE  MM
  AVERAGE SKY COVER 0.4


WEATHER CONDITIONS
 THE FOLLOWING WEATHER WAS RECORDED TODAY.
  FOG


RELATIVE HUMIDITY (PERCENT)
 HIGHEST    97          1200 AM
 LOWEST     53           300 PM
 AVERAGE    75

..........................................................


THE MARTINSBURG WV CLIMATE NORMALS FOR TOMORROW
                         NORMAL    RECORD    YEAR
 MAXIMUM TEMPERATURE (F)   86       101      1988
 MINIMUM TEMPERATURE (F)   64        50      1960


SUNRISE AND SUNSET
JULY  7 2015..........SUNRISE   552 AM EDT   SUNSET   842 PM EDT
JULY  8 2015..........SUNRISE   552 AM EDT   SUNSET   841 PM EDT


-  INDICATES NEGATIVE NUMBERS.
R  INDICATES RECORD WAS SET OR TIED.
MM INDICATES DATA IS MISSING.
T  INDICATES TRACE AMOUNT.




$$
