000
CDUS41 KLWX 302128
CLIMRB


CLIMATE REPORT
NATIONAL WEATHER SERVICE BALTIMORE MD/WASHINGTON DC
528 PM EDT SAT JUL 30 2016


...................................

...THE MARTINSBURG WV CLIMATE SUMMARY FOR JULY 30 2016...
VALID TODAY AS OF 0500 PM LOCAL TIME.

CLIMATE NORMAL PERIOD 1981 TO 2010
CLIMATE RECORD PERIOD 1926 TO 2016


WEATHER ITEM   OBSERVED TIME   RECORD YEAR NORMAL DEPARTURE LAST
                VALUE   (LST)  VALUE       VALUE  FROM      YEAR
                                                  NORMAL
..................................................................
TEMPERATURE (F)
 TODAY
  MAXIMUM         88    127 PM 104    1930  85      3       90
  MINIMUM         69    434 AM  49    2014  64      5       72
  AVERAGE         79                        74      5       81

PRECIPITATION (IN)
  TODAY            T             1.62 1996   0.13  -0.13     0.19
  MONTH TO DATE    0.97                      3.55  -2.58     2.39
  SINCE JUN 1      3.07                      7.31  -4.24     6.65
  SINCE JAN 1     14.66                     23.04  -8.38    17.59

DEGREE DAYS
 HEATING
  TODAY            0                         0      0        0
  MONTH TO DATE    0                         0      0        0
  SINCE JUN 1      5                        24    -19       15
  SINCE JUL 1      0                         0      0        0

 COOLING
  TODAY           14                        10      4       16
  MONTH TO DATE  390                       296     94      305
  SINCE JUN 1    606                       479    127      554
  SINCE JAN 1    679                       536    143      702
..................................................................


WIND (MPH)
  HIGHEST WIND SPEED    20   HIGHEST WIND DIRECTION    SE (140)
  HIGHEST GUST SPEED    24   HIGHEST GUST DIRECTION    SE (150)
  AVERAGE WIND SPEED     3.9


SKY COVER
  POSSIBLE SUNSHINE  MM
  AVERAGE SKY COVER 0.5


WEATHER CONDITIONS
 THE FOLLOWING WEATHER WAS RECORDED TODAY.
  HEAVY RAIN
  RAIN
  LIGHT RAIN
  FOG
  FOG W/VISIBILITY <= 1/4 MILE


RELATIVE HUMIDITY (PERCENT)
 HIGHEST   100           500 AM
 LOWEST     65           100 PM
 AVERAGE    83

..........................................................


THE MARTINSBURG WV CLIMATE NORMALS FOR TOMORROW
                         NORMAL    RECORD    YEAR
 MAXIMUM TEMPERATURE (F)   85       102      1954
 MINIMUM TEMPERATURE (F)   64        46      1966


SUNRISE AND SUNSET
JULY 30 2016..........SUNRISE   610 AM EDT   SUNSET   826 PM EDT
JULY 31 2016..........SUNRISE   611 AM EDT   SUNSET   825 PM EDT


-  INDICATES NEGATIVE NUMBERS.
R  INDICATES RECORD WAS SET OR TIED.
MM INDICATES DATA IS MISSING.
T  INDICATES TRACE AMOUNT.




$$
