000
CDUS41 KLWX 220535
CLIMRB


CLIMATE REPORT
NATIONAL WEATHER SERVICE BALTIMORE MD/WASHINGTON DC
1230 AM EST THU FEB 22 2018


...................................

...THE MARTINSBURG WV CLIMATE SUMMARY FOR FEBRUARY 21 2018...

CLIMATE NORMAL PERIOD 1981 TO 2010
CLIMATE RECORD PERIOD 1926 TO 2018


WEATHER ITEM   OBSERVED TIME   NORMAL DEPARTURE LAST
                VALUE   (LST)  VALUE  FROM      YEAR
                                      NORMAL
......................................................
TEMPERATURE (F)
 YESTERDAY
  MAXIMUM         83    215 PM  45     38       56
  MINIMUM         57    619 AM  25     32       36
  AVERAGE         70            35     35       46

PRECIPITATION (IN)
  YESTERDAY        0.03          0.08  -0.05     0.00
  MONTH TO DATE    2.56          1.72   0.84     0.66
  SINCE DEC 1      6.28          6.87  -0.59     5.92
  SINCE JAN 1      5.32          4.16   1.16     4.13

DEGREE DAYS
 HEATING
  YESTERDAY        0            30    -30       19
  MONTH TO DATE  550           670   -120      486
  SINCE DEC 1   2545          2683   -138     2177
  SINCE JUL 1   3431          3753   -322     2981

 COOLING
  YESTERDAY        5             0      5        0
  MONTH TO DATE    5             0      5        0
  SINCE DEC 1      5             0      5        0
  SINCE JAN 1      5             0      5        0
......................................................


WIND (MPH)
  HIGHEST WIND SPEED    26   HIGHEST WIND DIRECTION    NW (300)
  HIGHEST GUST SPEED    34   HIGHEST GUST DIRECTION     W (290)
  AVERAGE WIND SPEED     9.3


SKY COVER
  POSSIBLE SUNSHINE  MM
  AVERAGE SKY COVER 0.4


WEATHER CONDITIONS
 THE FOLLOWING WEATHER WAS RECORDED YESTERDAY.
  FOG


RELATIVE HUMIDITY (PERCENT)
 HIGHEST    87           600 PM
 LOWEST     43           200 PM
 AVERAGE    65

..........................................................


THE MARTINSBURG WV CLIMATE NORMALS FOR TODAY
                         NORMAL    RECORD    YEAR
 MAXIMUM TEMPERATURE (F)   45        75      1974
 MINIMUM TEMPERATURE (F)   26         2      1963


SUNRISE AND SUNSET
FEBRUARY 22 2018......SUNRISE   655 AM EST   SUNSET   557 PM EST
FEBRUARY 23 2018......SUNRISE   653 AM EST   SUNSET   558 PM EST


-  INDICATES NEGATIVE NUMBERS.
R  INDICATES RECORD WAS SET OR TIED.
MM INDICATES DATA IS MISSING.
T  INDICATES TRACE AMOUNT.




$$
