063
CDUS44 KHUN 270716
CLIMSL


CLIMATE REPORT
NATIONAL WEATHER SERVICE HUNTSVILLE AL
215 AM CDT TUE JUN 27 2017


...................................

...THE MUSCLE SHOALS CLIMATE SUMMARY FOR JUNE 26 2017...

CLIMATE NORMAL PERIOD 1981 TO 2010
CLIMATE RECORD PERIOD 1893 TO 2017


WEATHER ITEM   OBSERVED TIME   RECORD YEAR NORMAL DEPARTURE LAST
                VALUE   (LST)  VALUE       VALUE  FROM      YEAR
                                                  NORMAL
..................................................................
TEMPERATURE (F)
 YESTERDAY
  MAXIMUM         86    432 PM 108    1914  90     -4       95
  MINIMUM         55    402 AM  52    1974  69    -14       72
  AVERAGE         71                        79     -8       84

PRECIPITATION (IN)
  YESTERDAY        0.00          2.08 1900   0.16  -0.16      T
  MONTH TO DATE    2.16                      4.15  -1.99     3.58
  SINCE JUN 1      2.16                      4.15  -1.99     3.58
  SINCE JAN 1     23.13                     27.65  -4.52    20.06

SNOWFALL (IN)
  YESTERDAY        0.0
  MONTH TO DATE    0.0
  SINCE JUN 1      0.0
  SINCE JUL 1      T
  SNOW DEPTH       0

DEGREE DAYS
 HEATING
  YESTERDAY        0                         0      0        0
  MONTH TO DATE    0                         0      0        0
  SINCE JUN 1      0                         0      0        0
  SINCE JUL 1   2094                      3103  -1009     2360

 COOLING
  YESTERDAY        6                        14     -8       19
  MONTH TO DATE  303                       306     -3      393
  SINCE JUN 1    303                       306     -3      393
  SINCE JAN 1    632                       550     82      660
..................................................................


WIND (MPH)
  HIGHEST WIND SPEED     9   HIGHEST WIND DIRECTION    NW (300)
  HIGHEST GUST SPEED    12   HIGHEST GUST DIRECTION    NW (300)
  AVERAGE WIND SPEED     2.5


SKY COVER
  POSSIBLE SUNSHINE  MM
  AVERAGE SKY COVER 0.1


WEATHER CONDITIONS
 THE FOLLOWING WEATHER WAS RECORDED YESTERDAY.
  NO SIGNIFICANT WEATHER WAS OBSERVED.


RELATIVE HUMIDITY (PERCENT)
 HIGHEST    93           300 AM
 LOWEST     34           200 PM
 AVERAGE    64

..........................................................


THE MUSCLE SHOALS CLIMATE NORMALS FOR TODAY
                         NORMAL    RECORD    YEAR
 MAXIMUM TEMPERATURE (F)   90       103      1952
                                             1937
                                             1914
 MINIMUM TEMPERATURE (F)   69        53      1974


SUNRISE AND SUNSET
JUNE 27 2017..........SUNRISE   539 AM CDT   SUNSET   808 PM CDT
JUNE 28 2017..........SUNRISE   540 AM CDT   SUNSET   808 PM CDT


-  INDICATES NEGATIVE NUMBERS.
R  INDICATES RECORD WAS SET OR TIED.
MM INDICATES DATA IS MISSING.
T  INDICATES TRACE AMOUNT.




$$
