000
CDUS44 KHUN 150805
CLIMSL


CLIMATE REPORT
NATIONAL WEATHER SERVICE HUNTSVILLE AL
205 AM CST FRI DEC 15 2017


...................................

...THE MUSCLE SHOALS CLIMATE SUMMARY FOR DECEMBER 14 2017...

CLIMATE NORMAL PERIOD 1981 TO 2010
CLIMATE RECORD PERIOD 1893 TO 2017


WEATHER ITEM   OBSERVED TIME   RECORD YEAR NORMAL DEPARTURE LAST
                VALUE   (LST)  VALUE       VALUE  FROM      YEAR
                                                  NORMAL
..................................................................
TEMPERATURE (F)
 YESTERDAY
  MAXIMUM         54    317 PM  76    1927  53      1       52
  MINIMUM         31    556 AM  12    1962  34     -3       37
                                      1898
  AVERAGE         43                        43      0       45

PRECIPITATION (IN)
  YESTERDAY        0.00          2.48 1931   0.21  -0.21     0.00
  MONTH TO DATE    2.07                      2.85  -0.78     3.61
  SINCE DEC 1      2.07                      2.85  -0.78     3.61
  SINCE JAN 1     45.58                     50.37  -4.79    39.07

SNOWFALL (IN)
  YESTERDAY        0.0
  MONTH TO DATE    0.0
  SINCE DEC 1      0.0
  SINCE JUL 1      0.0
  SNOW DEPTH       0

DEGREE DAYS
 HEATING
  YESTERDAY       22                        22      0       20
  MONTH TO DATE  285                       281      4      295
  SINCE DEC 1    285                       281      4      295
  SINCE JUL 1    792                       843    -51      623

 COOLING
  YESTERDAY        0                         0      0        0
  MONTH TO DATE    0                         0      0        0
  SINCE DEC 1      0                         0      0        0
  SINCE JAN 1   1973                      1871    102     2366
..................................................................


WIND (MPH)
  HIGHEST WIND SPEED    14   HIGHEST WIND DIRECTION     W (260)
  HIGHEST GUST SPEED    18   HIGHEST GUST DIRECTION     W (260)
  AVERAGE WIND SPEED     5.6


SKY COVER
  POSSIBLE SUNSHINE  MM
  AVERAGE SKY COVER 0.0


WEATHER CONDITIONS
 THE FOLLOWING WEATHER WAS RECORDED YESTERDAY.
  NO SIGNIFICANT WEATHER WAS OBSERVED.


RELATIVE HUMIDITY (PERCENT)
 HIGHEST    78           600 AM
 LOWEST     41           200 PM
 AVERAGE    60

..........................................................


THE MUSCLE SHOALS CLIMATE NORMALS FOR TODAY
                         NORMAL    RECORD    YEAR
 MAXIMUM TEMPERATURE (F)   53        74      1948
 MINIMUM TEMPERATURE (F)   34         0      1901


SUNRISE AND SUNSET
DECEMBER 15 2017......SUNRISE   651 AM CST   SUNSET   441 PM CST
DECEMBER 16 2017......SUNRISE   651 AM CST   SUNSET   441 PM CST


-  INDICATES NEGATIVE NUMBERS.
R  INDICATES RECORD WAS SET OR TIED.
MM INDICATES DATA IS MISSING.
T  INDICATES TRACE AMOUNT.




$$
