000
CDUS44 KHUN 271245
CLIMSL


CLIMATE REPORT
NATIONAL WEATHER SERVICE HUNTSVILLE AL
745 AM CDT WED AUG 27 2014


...................................

...THE MUSCLE SHOALS CLIMATE SUMMARY FOR AUGUST 26 2014...

CLIMATE NORMAL PERIOD 1981 TO 2010
CLIMATE RECORD PERIOD 1893 TO 2014


WEATHER ITEM   OBSERVED TIME   RECORD YEAR NORMAL DEPARTURE LAST
                VALUE   (LST)  VALUE       VALUE  FROM      YEAR
                                                  NORMAL
..................................................................
TEMPERATURE (F)
 YESTERDAY
  MAXIMUM         86    415 PM 102    1943  90     -4       87
                                      1938
  MINIMUM         67   1130 PM  47    1917  68     -1       64
  AVERAGE         77                        79     -2       76

PRECIPITATION (IN)
  YESTERDAY        T             1.87 1967   0.10  -0.10     0.00
  MONTH TO DATE    3.62                      2.65   0.97     5.70
  SINCE JUN 1     16.11                     11.71   4.40    17.98
  SINCE JAN 1     32.90                     35.21  -2.31    42.89

SNOWFALL (IN)
  YESTERDAY        0.0
  MONTH TO DATE    0.0
  SINCE JUN 1      0.0
  SINCE JUL 1      0.0
  SNOW DEPTH       0

DEGREE DAYS
 HEATING
  YESTERDAY        0                         0      0        0
  MONTH TO DATE    0                         0      0        0
  SINCE JUN 1      0                         1     -1        0
  SINCE JUL 1      0                         0      0        0

 COOLING
  YESTERDAY       12                        14     -2       11
  MONTH TO DATE  357                       393    -36      338
  SINCE JUN 1   1125                      1232   -107     1164
  SINCE JAN 1   1382                      1476    -94     1404
..................................................................


WIND (MPH)
  HIGHEST WIND SPEED     9   HIGHEST WIND DIRECTION    SE (140)
  HIGHEST GUST SPEED    12   HIGHEST GUST DIRECTION    SE (140)
  AVERAGE WIND SPEED     2.0


SKY COVER
  POSSIBLE SUNSHINE  MM
  AVERAGE SKY COVER 0.4


WEATHER CONDITIONS
 THE FOLLOWING WEATHER WAS RECORDED YESTERDAY.
  FOG


RELATIVE HUMIDITY (PERCENT)
 HIGHEST    90          1000 PM
 LOWEST     47          1100 AM
 AVERAGE    69

..........................................................


THE MUSCLE SHOALS CLIMATE NORMALS FOR TODAY
                         NORMAL    RECORD    YEAR
 MAXIMUM TEMPERATURE (F)   90       105      1943
 MINIMUM TEMPERATURE (F)   68        52      1927
                                             1917


SUNRISE AND SUNSET
AUGUST 27 2014........SUNRISE   620 AM CDT   SUNSET   724 PM CDT
AUGUST 28 2014........SUNRISE   620 AM CDT   SUNSET   722 PM CDT


-  INDICATES NEGATIVE NUMBERS.
R  INDICATES RECORD WAS SET OR TIED.
MM INDICATES DATA IS MISSING.
T  INDICATES TRACE AMOUNT.




$$
