000
CDUS44 KHUN 200706
CLIMSL


CLIMATE REPORT
NATIONAL WEATHER SERVICE HUNTSVILLE AL
205 AM CDT FRI OCT 20 2017


...................................

...THE MUSCLE SHOALS CLIMATE SUMMARY FOR OCTOBER 19 2017...

CLIMATE NORMAL PERIOD 1981 TO 2010
CLIMATE RECORD PERIOD 1893 TO 2017


WEATHER ITEM   OBSERVED TIME   RECORD YEAR NORMAL DEPARTURE LAST
                VALUE   (LST)  VALUE       VALUE  FROM      YEAR
                                                  NORMAL
..................................................................
TEMPERATURE (F)
 YESTERDAY
  MAXIMUM         79    131 PM  91    2016  73      6       91
  MINIMUM         42    604 AM  28    1948  49     -7       63
  AVERAGE         61                        61      0       77

PRECIPITATION (IN)
  YESTERDAY        0.00          3.05 2004   0.10  -0.10     0.00
  MONTH TO DATE    1.88                      2.00  -0.12     0.03
  SINCE SEP 1      5.39                      5.72  -0.33     0.53
  SINCE JAN 1     39.21                     41.43  -2.22    32.16

SNOWFALL (IN)
  YESTERDAY        0.0
  MONTH TO DATE    0.0
  SINCE SEP 1      0.0
  SINCE JUL 1      0.0
  SNOW DEPTH       0

DEGREE DAYS
 HEATING
  YESTERDAY        4                         6     -2        0
  MONTH TO DATE   27                        69    -42        1
  SINCE SEP 1     39                        84    -45        6
  SINCE JUL 1     39                        84    -45        6

 COOLING
  YESTERDAY        0                         1     -1       12
  MONTH TO DATE   92                        49     43      108
  SINCE SEP 1    319                       308     11      507
  SINCE JAN 1   1944                      1851     93     2310
..................................................................


WIND (MPH)
  HIGHEST WIND SPEED     8   HIGHEST WIND DIRECTION    NE (30)
  HIGHEST GUST SPEED    11   HIGHEST GUST DIRECTION    NE (30)
  AVERAGE WIND SPEED     2.2


SKY COVER
  POSSIBLE SUNSHINE  MM
  AVERAGE SKY COVER 0.0


WEATHER CONDITIONS
 THE FOLLOWING WEATHER WAS RECORDED YESTERDAY.
  NO SIGNIFICANT WEATHER WAS OBSERVED.


RELATIVE HUMIDITY (PERCENT)
 HIGHEST    96           600 AM
 LOWEST     33           100 PM
 AVERAGE    65

..........................................................


THE MUSCLE SHOALS CLIMATE NORMALS FOR TODAY
                         NORMAL    RECORD    YEAR
 MAXIMUM TEMPERATURE (F)   73        89      1908
 MINIMUM TEMPERATURE (F)   48        28      1917


SUNRISE AND SUNSET
OCTOBER 20 2017.......SUNRISE   701 AM CDT   SUNSET   609 PM CDT
OCTOBER 21 2017.......SUNRISE   701 AM CDT   SUNSET   608 PM CDT


-  INDICATES NEGATIVE NUMBERS.
R  INDICATES RECORD WAS SET OR TIED.
MM INDICATES DATA IS MISSING.
T  INDICATES TRACE AMOUNT.




$$
