000
CDUS44 KHUN 302127
CLIMSL


CLIMATE REPORT
NATIONAL WEATHER SERVICE HUNTSVILLE AL
427 PM CDT SAT MAY 30 2015


...................................

...THE MUSCLE SHOALS CLIMATE SUMMARY FOR MAY 30 2015...
VALID TODAY AS OF 0400 PM LOCAL TIME.

CLIMATE NORMAL PERIOD 1981 TO 2010
CLIMATE RECORD PERIOD 1893 TO 2015


WEATHER ITEM   OBSERVED TIME   RECORD YEAR NORMAL DEPARTURE LAST
                VALUE   (LST)  VALUE       VALUE  FROM      YEAR
                                                  NORMAL
..................................................................
TEMPERATURE (F)
 TODAY
  MAXIMUM         86    156 PM  98    1921  84      2       88
  MINIMUM         68    315 AM  42    1984  63      5       68
  AVERAGE         77                        73      4       78

PRECIPITATION (IN)
  TODAY            T             2.07 1939   0.17  -0.17      T
  MONTH TO DATE    4.20                      4.94  -0.74     1.82
  SINCE MAR 1     15.80                     14.05   1.75    11.04
  SINCE JAN 1     23.08                     23.32  -0.24    16.73

SNOWFALL (IN)
  TODAY            0.0
  MONTH TO DATE    0.0
  SINCE MAR 1      0.7
  SINCE JUL 1      4.2
  SNOW DEPTH       0

DEGREE DAYS
 HEATING
  TODAY            0                         0      0        0
  MONTH TO DATE   19                        29    -10       42
  SINCE MAR 1    462                       567   -105      624
  SINCE JUL 1   3233                      3102    131     3395

 COOLING
  TODAY           12                         9      3       13
  MONTH TO DATE  190                       171     19      199
  SINCE MAR 1    246                       235     11      244
  SINCE JAN 1    246                       236     10      244
..................................................................


WIND (MPH)
  HIGHEST WIND SPEED    17   HIGHEST WIND DIRECTION    SW (210)
  HIGHEST GUST SPEED    23   HIGHEST GUST DIRECTION     S (200)
  AVERAGE WIND SPEED     8.5


SKY COVER
  POSSIBLE SUNSHINE  MM
  AVERAGE SKY COVER 0.3


WEATHER CONDITIONS
 THE FOLLOWING WEATHER WAS RECORDED TODAY.
  THUNDERSTORM
  LIGHT RAIN


RELATIVE HUMIDITY (PERCENT)
 HIGHEST    87          1200 AM
 LOWEST     48           200 PM
 AVERAGE    68

..........................................................


THE MUSCLE SHOALS CLIMATE NORMALS FOR TOMORROW
                         NORMAL    RECORD    YEAR
 MAXIMUM TEMPERATURE (F)   85        98      1925
 MINIMUM TEMPERATURE (F)   63        44      1984


SUNRISE AND SUNSET
MAY 30 2015...........SUNRISE   539 AM CDT   SUNSET   757 PM CDT
MAY 31 2015...........SUNRISE   539 AM CDT   SUNSET   758 PM CDT


-  INDICATES NEGATIVE NUMBERS.
R  INDICATES RECORD WAS SET OR TIED.
MM INDICATES DATA IS MISSING.
T  INDICATES TRACE AMOUNT.




$$
