000
CDUS44 KHUN 080806
CLIMSL


CLIMATE REPORT
NATIONAL WEATHER SERVICE HUNTSVILLE AL
206 AM CST MON FEB 8 2016


...................................

...THE MUSCLE SHOALS CLIMATE SUMMARY FOR FEBRUARY 7 2016...

CLIMATE NORMAL PERIOD 1981 TO 2010
CLIMATE RECORD PERIOD 1893 TO 2016


WEATHER ITEM   OBSERVED TIME   RECORD YEAR NORMAL DEPARTURE LAST
                VALUE   (LST)  VALUE       VALUE  FROM      YEAR
                                                  NORMAL
..................................................................
TEMPERATURE (F)
 YESTERDAY
  MAXIMUM         59    235 PM  74    1921  53      6       67
  MINIMUM         26    635 AM   5    1899  33     -7       30
  AVERAGE         43                        43      0       49

PRECIPITATION (IN)
  YESTERDAY        0.00          1.63 1948   0.17  -0.17     0.00
  MONTH TO DATE    0.93                      1.14  -0.21     0.41
  SINCE DEC 1     11.52                     11.43   0.09     9.71
  SINCE JAN 1      4.58                      5.75  -1.17     4.58

SNOWFALL (IN)
  YESTERDAY        0.0
  MONTH TO DATE    0.0
  SINCE DEC 1      T
  SINCE JUL 1      T
  SNOW DEPTH       0

DEGREE DAYS
 HEATING
  YESTERDAY       22                        22      0       16
  MONTH TO DATE  126                       156    -30      171
  SINCE DEC 1   1240                      1574   -334     1494
  SINCE JUL 1   1605                      2136   -531     2146

 COOLING
  YESTERDAY        0                         0      0        0
  MONTH TO DATE    0                         0      0        0
  SINCE DEC 1     22                         1     21        0
  SINCE JAN 1      0                         0      0        0
..................................................................


WIND (MPH)
  HIGHEST WIND SPEED    15   HIGHEST WIND DIRECTION     W (250)
  HIGHEST GUST SPEED    19   HIGHEST GUST DIRECTION     W (250)
  AVERAGE WIND SPEED     5.2


SKY COVER
  POSSIBLE SUNSHINE  MM
  AVERAGE SKY COVER 0.0


WEATHER CONDITIONS
 THE FOLLOWING WEATHER WAS RECORDED YESTERDAY.
  NO SIGNIFICANT WEATHER WAS OBSERVED.


RELATIVE HUMIDITY (PERCENT)
 HIGHEST    92           500 AM
 LOWEST     21           200 PM
 AVERAGE    57

..........................................................


THE MUSCLE SHOALS CLIMATE NORMALS FOR TODAY
                         NORMAL    RECORD    YEAR
 MAXIMUM TEMPERATURE (F)   54        78      1937
 MINIMUM TEMPERATURE (F)   33        -1      1895


SUNRISE AND SUNSET
FEBRUARY  8 2016......SUNRISE   643 AM CST   SUNSET   526 PM CST
FEBRUARY  9 2016......SUNRISE   642 AM CST   SUNSET   527 PM CST


-  INDICATES NEGATIVE NUMBERS.
R  INDICATES RECORD WAS SET OR TIED.
MM INDICATES DATA IS MISSING.
T  INDICATES TRACE AMOUNT.




$$
