000
CDUS44 KHUN 040809
CLIMSL


CLIMATE REPORT
NATIONAL WEATHER SERVICE HUNTSVILLE AL
208 AM CST SUN DEC 4 2016


...................................

...THE MUSCLE SHOALS CLIMATE SUMMARY FOR DECEMBER 3 2016...

CLIMATE NORMAL PERIOD 1981 TO 2010
CLIMATE RECORD PERIOD 1893 TO 2016


WEATHER ITEM   OBSERVED TIME   RECORD YEAR NORMAL DEPARTURE LAST
                VALUE   (LST)  VALUE       VALUE  FROM      YEAR
                                                  NORMAL
..................................................................
TEMPERATURE (F)
 YESTERDAY
  MAXIMUM         49   1222 PM  76    1978  56     -7       50
  MINIMUM         37    328 AM   9    1929  36      1       36
  AVERAGE         43                        46     -3       43

PRECIPITATION (IN)
  YESTERDAY        0.33          3.26 1983   0.20   0.13     0.00
  MONTH TO DATE    0.33                      0.60  -0.27     1.04
  SINCE DEC 1      0.33                      0.60  -0.27     1.04
  SINCE JAN 1     35.79                     48.12 -12.33    45.29

SNOWFALL (IN)
  YESTERDAY        0.0
  MONTH TO DATE    0.0
  SINCE DEC 1      0.0
  SINCE JUL 1      0.0
  SNOW DEPTH       0

DEGREE DAYS
 HEATING
  YESTERDAY       22                        19      3       22
  MONTH TO DATE   62                        56      6       45
  SINCE DEC 1     62                        56      6       45
  SINCE JUL 1    390                       618   -228      410

 COOLING
  YESTERDAY        0                         0      0        0
  MONTH TO DATE    0                         0      0        0
  SINCE DEC 1      0                         0      0        0
  SINCE JAN 1   2366                      1871    495     2008
..................................................................


WIND (MPH)
  HIGHEST WIND SPEED    10   HIGHEST WIND DIRECTION    NE (60)
  HIGHEST GUST SPEED    15   HIGHEST GUST DIRECTION     E (90)
  AVERAGE WIND SPEED     3.7


SKY COVER
  POSSIBLE SUNSHINE  MM
  AVERAGE SKY COVER 0.6


WEATHER CONDITIONS
 THE FOLLOWING WEATHER WAS RECORDED YESTERDAY.
  LIGHT RAIN
  FOG


RELATIVE HUMIDITY (PERCENT)
 HIGHEST    89          1200 AM
 LOWEST     56          1200 PM
 AVERAGE    73

..........................................................


THE MUSCLE SHOALS CLIMATE NORMALS FOR TODAY
                         NORMAL    RECORD    YEAR
 MAXIMUM TEMPERATURE (F)   56        76      2013
                                             1998
 MINIMUM TEMPERATURE (F)   36        10      1929


SUNRISE AND SUNSET
DECEMBER  4 2016......SUNRISE   642 AM CST   SUNSET   439 PM CST
DECEMBER  5 2016......SUNRISE   643 AM CST   SUNSET   439 PM CST


-  INDICATES NEGATIVE NUMBERS.
R  INDICATES RECORD WAS SET OR TIED.
MM INDICATES DATA IS MISSING.
T  INDICATES TRACE AMOUNT.




$$
