000
CDUS44 KHUN 250705
CLIMSL


CLIMATE REPORT
NATIONAL WEATHER SERVICE HUNTSVILLE AL
205 AM CDT MON JUL 25 2016


...................................

...THE MUSCLE SHOALS CLIMATE SUMMARY FOR JULY 24 2016...

CLIMATE NORMAL PERIOD 1981 TO 2010
CLIMATE RECORD PERIOD 1893 TO 2016


WEATHER ITEM   OBSERVED TIME   RECORD YEAR NORMAL DEPARTURE LAST
                VALUE   (LST)  VALUE       VALUE  FROM      YEAR
                                                  NORMAL
..................................................................
TEMPERATURE (F)
 YESTERDAY
  MAXIMUM         98    244 PM 102    1924  91      7       92
  MINIMUM         73    447 AM  56    1904  70      3       72
  AVERAGE         86                        81      5       82

PRECIPITATION (IN)
  YESTERDAY        1.18          1.53 1959   0.14   1.04     0.01
  MONTH TO DATE    3.95                      3.48   0.47     4.19
  SINCE JUN 1      8.64                      8.24   0.40     6.55
  SINCE JAN 1     25.12                     31.74  -6.62    30.44

SNOWFALL (IN)
  YESTERDAY        0.0
  MONTH TO DATE    0.0
  SINCE JUN 1      0.0
  SINCE JUL 1      0.0
  SNOW DEPTH       0

DEGREE DAYS
 HEATING
  YESTERDAY        0                         0      0        0
  MONTH TO DATE    0                         0      0        0
  SINCE JUN 1      0                         1     -1        0
  SINCE JUL 1      0                         0      0        0

 COOLING
  YESTERDAY       21                        16      5       17
  MONTH TO DATE  442                       370     72      414
  SINCE JUN 1    894                       732    162      872
  SINCE JAN 1   1161                       976    185     1126
..................................................................


WIND (MPH)
  HIGHEST WIND SPEED    29   HIGHEST WIND DIRECTION    SW (240)
  HIGHEST GUST SPEED    38   HIGHEST GUST DIRECTION    SW (210)
  AVERAGE WIND SPEED     3.4


SKY COVER
  POSSIBLE SUNSHINE  MM
  AVERAGE SKY COVER 0.2


WEATHER CONDITIONS
 THE FOLLOWING WEATHER WAS RECORDED YESTERDAY.
  THUNDERSTORM
  HEAVY RAIN
  RAIN
  LIGHT RAIN
  FOG


RELATIVE HUMIDITY (PERCENT)
 HIGHEST    94          1100 PM
 LOWEST     45           100 PM
 AVERAGE    70

..........................................................


THE MUSCLE SHOALS CLIMATE NORMALS FOR TODAY
                         NORMAL    RECORD    YEAR
 MAXIMUM TEMPERATURE (F)   91       102      1924
 MINIMUM TEMPERATURE (F)   70        55      1909


SUNRISE AND SUNSET
JULY 25 2016..........SUNRISE   556 AM CDT   SUNSET   758 PM CDT
JULY 26 2016..........SUNRISE   556 AM CDT   SUNSET   757 PM CDT


-  INDICATES NEGATIVE NUMBERS.
R  INDICATES RECORD WAS SET OR TIED.
MM INDICATES DATA IS MISSING.
T  INDICATES TRACE AMOUNT.




$$
