000
CDUS44 KHUN 050738
CLIMSL


CLIMATE REPORT
NATIONAL WEATHER SERVICE HUNTSVILLE AL
237 AM CDT SUN JUL 5 2015


...................................

...THE MUSCLE SHOALS CLIMATE SUMMARY FOR JULY 4 2015...

CLIMATE NORMAL PERIOD 1981 TO 2010
CLIMATE RECORD PERIOD 1893 TO 2015


WEATHER ITEM   OBSERVED TIME   RECORD YEAR NORMAL DEPARTURE LAST
                VALUE   (LST)  VALUE       VALUE  FROM      YEAR
                                                  NORMAL
..................................................................
TEMPERATURE (F)
 YESTERDAY
  MAXIMUM         80    312 PM 104    1925  90    -10       83
  MINIMUM         69   1059 PM  52    1924  70     -1       64
  AVERAGE         75                        80     -5       74

PRECIPITATION (IN)
  YESTERDAY        0.24          2.38 2013   0.15   0.09     0.00
  MONTH TO DATE    2.51                      0.62   1.89     0.00
  SINCE JUN 1      4.87                      5.38  -0.51     7.47
  SINCE JAN 1     28.76                     28.88  -0.12    24.26

SNOWFALL (IN)
  YESTERDAY        0.0
  MONTH TO DATE    0.0
  SINCE JUN 1      0.0
  SINCE JUL 1      0.0
  SNOW DEPTH       0

DEGREE DAYS
 HEATING
  YESTERDAY        0                         0      0        0
  MONTH TO DATE    0                         0      0        0
  SINCE JUN 1      0                         1     -1        0
  SINCE JUL 1      0                         0      0        0

 COOLING
  YESTERDAY       10                        15     -5        9
  MONTH TO DATE   47                        60    -13       56
  SINCE JUN 1    505                       422     83      457
  SINCE JAN 1    759                       666     93      714
..................................................................


WIND (MPH)
  HIGHEST WIND SPEED    15   HIGHEST WIND DIRECTION     W (270)
  HIGHEST GUST SPEED    17   HIGHEST GUST DIRECTION     W (270)
  AVERAGE WIND SPEED     5.8


SKY COVER
  POSSIBLE SUNSHINE  MM
  AVERAGE SKY COVER 0.8


WEATHER CONDITIONS
 THE FOLLOWING WEATHER WAS RECORDED YESTERDAY.
  RAIN
  LIGHT RAIN


RELATIVE HUMIDITY (PERCENT)
 HIGHEST    90          1200 AM
 LOWEST     67           300 PM
 AVERAGE    79

..........................................................


THE MUSCLE SHOALS CLIMATE NORMALS FOR TODAY
                         NORMAL    RECORD    YEAR
 MAXIMUM TEMPERATURE (F)   90       104      2012
 MINIMUM TEMPERATURE (F)   70        54      1922


SUNRISE AND SUNSET
JULY  5 2015..........SUNRISE   543 AM CDT   SUNSET   807 PM CDT
JULY  6 2015..........SUNRISE   543 AM CDT   SUNSET   807 PM CDT


-  INDICATES NEGATIVE NUMBERS.
R  INDICATES RECORD WAS SET OR TIED.
MM INDICATES DATA IS MISSING.
T  INDICATES TRACE AMOUNT.




$$
