000
CDUS43 KMKX 230650
CLIMSN


CLIMATE REPORT
NATIONAL WEATHER SERVICE IN MILWAUKEE
1248 AM CST THU FEB 23 2017


...................................

...THE MADISON WI CLIMATE SUMMARY FOR FEBRUARY 22 2017...

CLIMATE NORMAL PERIOD 1981 TO 2010
CLIMATE RECORD PERIOD 1871 TO 2017


WEATHER ITEM   OBSERVED TIME   RECORD YEAR NORMAL DEPARTURE LAST
                VALUE   (LST)  VALUE       VALUE  FROM      YEAR
                                                  NORMAL
..................................................................
TEMPERATURE (F)
 YESTERDAY
  MAXIMUM         68R   411 PM  60    1984  33     35       38
                                      1930
  MINIMUM         38    101 AM -15    1873  17     21       28
  AVERAGE         53                        25     28       33

PRECIPITATION (IN)
  YESTERDAY        0.00          1.64 1922   0.06  -0.06     0.00
  MONTH TO DATE    0.71                      1.09  -0.38     0.50
  SINCE DEC 1      5.50                      4.06   1.44     4.81
  SINCE JAN 1      3.47                      2.32   1.15     1.48

SNOWFALL (IN)
  YESTERDAY        0.0           3.8  1994   0.3   -0.3      0.0
  MONTH TO DATE    T                         8.5   -8.5      6.0
  SINCE DEC 1     33.8                      34.9   -1.1     20.3
  SINCE JUL 1     33.8                      39.0   -5.2     24.4
  SNOW DEPTH       0

DEGREE DAYS
 HEATING
  YESTERDAY       12                        40    -28       32
  MONTH TO DATE  719                       942   -223      900
  SINCE DEC 1   3301                      3676   -375     3211
  SINCE JUL 1   4323                      5255   -932     4402

 COOLING
  YESTERDAY        0                         0      0        0
  MONTH TO DATE    0                         0      0        0
  SINCE DEC 1      0                         0      0        0
  SINCE JAN 1      0                         0      0        0
..................................................................


WIND (MPH)
  HIGHEST WIND SPEED    20   HIGHEST WIND DIRECTION     S (200)
  HIGHEST GUST SPEED    25   HIGHEST GUST DIRECTION     S (200)
  AVERAGE WIND SPEED     9.0


SKY COVER
  POSSIBLE SUNSHINE  MM
  AVERAGE SKY COVER 0.2


WEATHER CONDITIONS
 THE FOLLOWING WEATHER WAS RECORDED YESTERDAY.
  FOG


RELATIVE HUMIDITY (PERCENT)
 HIGHEST    93           600 AM
 LOWEST     48           200 PM
 AVERAGE    71

..........................................................


THE MADISON WI CLIMATE NORMALS FOR TODAY
                         NORMAL    RECORD    YEAR
 MAXIMUM TEMPERATURE (F)   34        58      1984
 MINIMUM TEMPERATURE (F)   18       -20      1889
                                             1873


SUNRISE AND SUNSET
FEBRUARY 23 2017......SUNRISE   643 AM CST   SUNSET   539 PM CST
FEBRUARY 24 2017......SUNRISE   641 AM CST   SUNSET   541 PM CST


-  INDICATES NEGATIVE NUMBERS.
R  INDICATES RECORD WAS SET OR TIED.
MM INDICATES DATA IS MISSING.
T  INDICATES TRACE AMOUNT.




$$
