000
CDUS43 KMKX 020654
CLIMSN


CLIMATE REPORT
NATIONAL WEATHER SERVICE IN MILWAUKEE
151 AM CDT MON MAY 2 2016


...................................

...THE MADISON WI CLIMATE SUMMARY FOR MAY 1 2016...

CLIMATE NORMAL PERIOD 1981 TO 2010
CLIMATE RECORD PERIOD 1871 TO 2016


WEATHER ITEM   OBSERVED TIME   RECORD YEAR NORMAL DEPARTURE LAST
                VALUE   (LST)  VALUE       VALUE  FROM      YEAR
                                                  NORMAL
..................................................................
TEMPERATURE (F)
 YESTERDAY
  MAXIMUM         58    202 PM  93    1952  64     -6       69
  MINIMUM         42    623 AM  19    1978  41      1       35
  AVERAGE         50                        52     -2       52

PRECIPITATION (IN)
  YESTERDAY        T             1.30 1896   0.11  -0.11     0.00
  MONTH TO DATE    T                         0.11  -0.11     0.00
  SINCE MAR 1      6.07                      5.71   0.36     5.14
  SINCE JAN 1      7.57                      8.39  -0.82     6.34

SNOWFALL (IN)
  YESTERDAY        0.0           0.4  1909   0.0    0.0      0.0
  MONTH TO DATE    0.0                       0.0    0.0      0.0
  SINCE MAR 1      8.2                       9.6   -1.4      4.2
  SINCE JUL 1     32.7                      50.7  -18.0     33.7
  SNOW DEPTH       0

DEGREE DAYS
 HEATING
  YESTERDAY       15                        13      2       13
  MONTH TO DATE   15                        13      2       13
  SINCE MAR 1   1353                      1534   -181     1442
  SINCE JUL 1   5953                      7020  -1067     7153

 COOLING
  YESTERDAY        0                         0      0        0
  MONTH TO DATE    0                         0      0        0
  SINCE MAR 1      0                         4     -4        0
  SINCE JAN 1      0                         4     -4        0
..................................................................


WIND (MPH)
  HIGHEST WIND SPEED    20   HIGHEST WIND DIRECTION    NE (50)
  HIGHEST GUST SPEED    37   HIGHEST GUST DIRECTION     E (80)
  AVERAGE WIND SPEED    12.6


SKY COVER
  POSSIBLE SUNSHINE  MM
  AVERAGE SKY COVER 1.0


WEATHER CONDITIONS
 THE FOLLOWING WEATHER WAS RECORDED YESTERDAY.
  LIGHT RAIN
  FOG


RELATIVE HUMIDITY (PERCENT)
 HIGHEST    89          1200 AM
 LOWEST     55           300 PM
 AVERAGE    72

..........................................................


THE MADISON WI CLIMATE NORMALS FOR TODAY
                         NORMAL    RECORD    YEAR
 MAXIMUM TEMPERATURE (F)   64        89      1959
 MINIMUM TEMPERATURE (F)   42        23      1978


SUNRISE AND SUNSET
MAY  2 2016...........SUNRISE   549 AM CDT   SUNSET   800 PM CDT
MAY  3 2016...........SUNRISE   547 AM CDT   SUNSET   801 PM CDT


-  INDICATES NEGATIVE NUMBERS.
R  INDICATES RECORD WAS SET OR TIED.
MM INDICATES DATA IS MISSING.
T  INDICATES TRACE AMOUNT.




$$
