000
CDUS43 KMKX 190702
CLIMSN


CLIMATE REPORT
NATIONAL WEATHER SERVICE IN MILWAUKEE
202 AM CDT FRI SEP 19 2014


...................................

...THE MADISON WI CLIMATE SUMMARY FOR SEPTEMBER 18 2014...

CLIMATE NORMAL PERIOD 1981 TO 2010
CLIMATE RECORD PERIOD 1871 TO 2014


WEATHER ITEM   OBSERVED TIME   RECORD YEAR NORMAL DEPARTURE LAST
                VALUE   (LST)  VALUE       VALUE  FROM      YEAR
                                                  NORMAL
..................................................................
TEMPERATURE (F)
 YESTERDAY
  MAXIMUM         67    356 PM  92    1955  71     -4       76
  MINIMUM         46    149 AM  33    1959  49     -3       60
  AVERAGE         57                        60     -3       68

PRECIPITATION (IN)
  YESTERDAY        0.00          3.40 1874   0.10  -0.10     0.06
  MONTH TO DATE    1.68                      1.95  -0.27     1.08
  SINCE SEP 1      1.68                      1.95  -0.27     1.08
  SINCE JAN 1     29.49                     26.77   2.72    37.56

SNOWFALL (IN)
  YESTERDAY        0.0           0.0    MM   0.0    0.0      0.0
  MONTH TO DATE    0.0                       0.0    0.0      0.0
  SINCE SEP 1      0.0                       0.0    0.0      0.0
  SINCE JUL 1      0.0                       0.0    0.0      0.0
  SNOW DEPTH       0

DEGREE DAYS
 HEATING
  YESTERDAY        8                         6      2        0
  MONTH TO DATE  116                        69     47       53
  SINCE SEP 1    116                        69     47       53
  SINCE JUL 1    133                       106     27       83

 COOLING
  YESTERDAY        0                         1     -1        3
  MONTH TO DATE   34                        42     -8       80
  SINCE SEP 1     34                        42     -8       80
  SINCE JAN 1    610                       555     55      693
..................................................................


WIND (MPH)
  HIGHEST WIND SPEED    12   HIGHEST WIND DIRECTION     E (70)
  HIGHEST GUST SPEED    14   HIGHEST GUST DIRECTION    SE (130)
  AVERAGE WIND SPEED     5.9


SKY COVER
  POSSIBLE SUNSHINE  MM
  AVERAGE SKY COVER 0.6


WEATHER CONDITIONS
 THE FOLLOWING WEATHER WAS RECORDED YESTERDAY.
  FOG


RELATIVE HUMIDITY (PERCENT)
 HIGHEST   100           100 AM
 LOWEST     63           300 PM
 AVERAGE    82

..........................................................


THE MADISON WI CLIMATE NORMALS FOR TODAY
                         NORMAL    RECORD    YEAR
 MAXIMUM TEMPERATURE (F)   71        93      1948
 MINIMUM TEMPERATURE (F)   49        32      1956


SUNRISE AND SUNSET
SEPTEMBER 19 2014.....SUNRISE   641 AM CDT   SUNSET   700 PM CDT
SEPTEMBER 20 2014.....SUNRISE   642 AM CDT   SUNSET   658 PM CDT


-  INDICATES NEGATIVE NUMBERS.
R  INDICATES RECORD WAS SET OR TIED.
MM INDICATES DATA IS MISSING.
T  INDICATES TRACE AMOUNT.




$$
