000
CDUS43 KMKX 220703
CLIMSN


CLIMATE REPORT
NATIONAL WEATHER SERVICE IN MILWAUKEE
102 AM CST MON DEC 22 2014


...................................

...THE MADISON WI CLIMATE SUMMARY FOR DECEMBER 21 2014...

CLIMATE NORMAL PERIOD 1981 TO 2010
CLIMATE RECORD PERIOD 1871 TO 2014


WEATHER ITEM   OBSERVED TIME   RECORD YEAR NORMAL DEPARTURE LAST
                VALUE   (LST)  VALUE       VALUE  FROM      YEAR
                                                  NORMAL
..................................................................
TEMPERATURE (F)
 YESTERDAY
  MAXIMUM         37    652 PM  58    1877  28      9       27
  MINIMUM         30    141 AM -22    1872  14     16       23
  AVERAGE         34                        21     13       25

PRECIPITATION (IN)
  YESTERDAY        T             0.85 1887   0.05  -0.05      T
  MONTH TO DATE    0.50                      1.29  -0.79     0.82
  SINCE DEC 1      0.50                      1.29  -0.79     0.82
  SINCE JAN 1     34.78                     34.03   0.75    44.58

SNOWFALL (IN)
  YESTERDAY        T            10.0  1887   0.5   -0.5       T
  MONTH TO DATE    0.1                       9.3   -9.2     10.1
  SINCE DEC 1      0.1                       9.3   -9.2     10.1
  SINCE JUL 1      8.6                      13.4   -4.8     13.6
  SNOW DEPTH       0

DEGREE DAYS
 HEATING
  YESTERDAY       31                        44    -13       40
  MONTH TO DATE  760                       853    -93      951
  SINCE DEC 1    760                       853    -93      951
  SINCE JUL 1   2444                      2432     12     2470

 COOLING
  YESTERDAY        0                         0      0        0
  MONTH TO DATE    0                         0      0        0
  SINCE DEC 1      0                         0      0        0
  SINCE JAN 1    620                       568     52      709
..................................................................


WIND (MPH)
  HIGHEST WIND SPEED    22   HIGHEST WIND DIRECTION     S (160)
  HIGHEST GUST SPEED    27   HIGHEST GUST DIRECTION     S (160)
  AVERAGE WIND SPEED    12.9


SKY COVER
  POSSIBLE SUNSHINE  MM
  AVERAGE SKY COVER 1.0


WEATHER CONDITIONS
 THE FOLLOWING WEATHER WAS RECORDED YESTERDAY.
  LIGHT SNOW
  FOG
  HAZE


RELATIVE HUMIDITY (PERCENT)
 HIGHEST    92           300 AM
 LOWEST     75          1100 PM
 AVERAGE    84

..........................................................


THE MADISON WI CLIMATE NORMALS FOR TODAY
                         NORMAL    RECORD    YEAR
 MAXIMUM TEMPERATURE (F)   28        54      1875
 MINIMUM TEMPERATURE (F)   14       -17      1983


SUNRISE AND SUNSET
DECEMBER 22 2014......SUNRISE   726 AM CST   SUNSET   426 PM CST
DECEMBER 23 2014......SUNRISE   727 AM CST   SUNSET   426 PM CST


-  INDICATES NEGATIVE NUMBERS.
R  INDICATES RECORD WAS SET OR TIED.
MM INDICATES DATA IS MISSING.
T  INDICATES TRACE AMOUNT.




$$
