000
CDUS43 KMKX 010647
CLIMSN


CLIMATE REPORT
NATIONAL WEATHER SERVICE IN MILWAUKEE
1246 AM CST SUN MAR 1 2015


...................................

...THE MADISON WI CLIMATE SUMMARY FOR FEBRUARY 28 2015...

CLIMATE NORMAL PERIOD 1981 TO 2010
CLIMATE RECORD PERIOD 1871 TO 2015


WEATHER ITEM   OBSERVED TIME   RECORD YEAR NORMAL DEPARTURE LAST
                VALUE   (LST)  VALUE       VALUE  FROM      YEAR
                                                  NORMAL
..................................................................
TEMPERATURE (F)
 YESTERDAY
  MAXIMUM         17    349 PM  56    1895  36    -19       23
  MINIMUM         -9    650 AM -20    1962  19    -28       -9
  AVERAGE          4                        28    -24        7

PRECIPITATION (IN)
  YESTERDAY        T             1.04 1876   0.06  -0.06     0.06
  MONTH TO DATE    0.54                      1.45  -0.91     1.24
  SINCE DEC 1      2.23                      4.42  -2.19     3.51
  SINCE JAN 1      1.20                      2.68  -1.48     1.89

SNOWFALL (IN)
  YESTERDAY        T             6.4  1890   0.3   -0.3      0.7
  MONTH TO DATE   10.7                      10.6    0.1     12.0
  SINCE DEC 1     21.0                      37.0  -16.0     46.5
  SINCE JUL 1     29.5                      41.1  -11.6     50.0
  SNOW DEPTH       6

DEGREE DAYS
 HEATING
  YESTERDAY       61                        37     24       58
  MONTH TO DATE 1507                      1172    335     1470
  SINCE DEC 1   4027                      3907    120     4593
  SINCE JUL 1   5711                      5486    225     6112

 COOLING
  YESTERDAY        0                         0      0        0
  MONTH TO DATE    0                         0      0        0
  SINCE DEC 1      0                         0      0        0
  SINCE JAN 1      0                         0      0        0
..................................................................


WIND (MPH)
  HIGHEST WIND SPEED    15   HIGHEST WIND DIRECTION     S (190)
  HIGHEST GUST SPEED    19   HIGHEST GUST DIRECTION     S (200)
  AVERAGE WIND SPEED     6.7


SKY COVER
  POSSIBLE SUNSHINE  MM
  AVERAGE SKY COVER 0.4


WEATHER CONDITIONS
 THE FOLLOWING WEATHER WAS RECORDED YESTERDAY.
  LIGHT SNOW


RELATIVE HUMIDITY (PERCENT)
 HIGHEST    83           400 AM
 LOWEST     46          1200 PM
 AVERAGE    65

..........................................................


THE MADISON WI CLIMATE NORMALS FOR TODAY
                         NORMAL    RECORD    YEAR
 MAXIMUM TEMPERATURE (F)   36        62      1882
 MINIMUM TEMPERATURE (F)   20       -29      1962


SUNRISE AND SUNSET
MARCH  1 2015.........SUNRISE   634 AM CST   SUNSET   546 PM CST
MARCH  2 2015.........SUNRISE   632 AM CST   SUNSET   547 PM CST


-  INDICATES NEGATIVE NUMBERS.
R  INDICATES RECORD WAS SET OR TIED.
MM INDICATES DATA IS MISSING.
T  INDICATES TRACE AMOUNT.




$$
