000
CDUS43 KMKX 272136
CLIMSN


CLIMATE REPORT
NATIONAL WEATHER SERVICE IN MILWAUKEE
433 PM CDT SAT MAY 27 2017


...................................

...THE MADISON WI CLIMATE SUMMARY FOR MAY 27 2017...
VALID TODAY AS OF 0400 PM LOCAL TIME.

CLIMATE NORMAL PERIOD 1981 TO 2010
CLIMATE RECORD PERIOD 1871 TO 2017


WEATHER ITEM   OBSERVED TIME   RECORD YEAR NORMAL DEPARTURE LAST
                VALUE   (LST)  VALUE       VALUE  FROM      YEAR
                                                  NORMAL
..................................................................
TEMPERATURE (F)
 TODAY
  MAXIMUM         74    257 PM  94    2012  72      2       79
  MINIMUM         45    418 AM  31    1971  50     -5       60
  AVERAGE         60                        61     -1       70

PRECIPITATION (IN)
  TODAY            0.00          1.46 2014   0.13  -0.13     0.01
  MONTH TO DATE    2.40                      3.04  -0.64     1.64
  SINCE MAR 1     10.53                      8.64   1.89     7.71
  SINCE JAN 1     15.23                     11.32   3.91     9.21

SNOWFALL (IN)
  TODAY            0.0           0.0    MM   0.0    0.0      0.0
  MONTH TO DATE    0.0                       0.2   -0.2      0.0
  SINCE MAR 1      8.3                       9.8   -1.5      8.2
  SINCE JUL 1     44.0                      50.9   -6.9     32.7
  SNOW DEPTH       0

DEGREE DAYS
 HEATING
  TODAY            5                         6     -1        0
  MONTH TO DATE  270                       246     24      246
  SINCE MAR 1   1662                      1767   -105     1584
  SINCE JUL 1   6174                      7253  -1079     6184

 COOLING
  TODAY            0                         1     -1        5
  MONTH TO DATE   15                        17     -2       28
  SINCE MAR 1     15                        21     -6       28
  SINCE JAN 1     15                        21     -6       28
..................................................................


WIND (MPH)
  HIGHEST WIND SPEED    10   HIGHEST WIND DIRECTION    SW (230)
  HIGHEST GUST SPEED    14   HIGHEST GUST DIRECTION     S (180)
  AVERAGE WIND SPEED     3.0


SKY COVER
  POSSIBLE SUNSHINE  MM
  AVERAGE SKY COVER 0.6


WEATHER CONDITIONS
 THE FOLLOWING WEATHER WAS RECORDED TODAY.
  FOG
  FOG W/VISIBILITY <= 1/4 MILE


RELATIVE HUMIDITY (PERCENT)
 HIGHEST   100          1200 AM
 LOWEST     61           300 PM
 AVERAGE    81

..........................................................


THE MADISON WI CLIMATE NORMALS FOR TOMORROW
                         NORMAL    RECORD    YEAR
 MAXIMUM TEMPERATURE (F)   72        92      1991
 MINIMUM TEMPERATURE (F)   50        34      1965
                                             1949


SUNRISE AND SUNSET
MAY 27 2017...........SUNRISE   523 AM CDT   SUNSET   826 PM CDT
MAY 28 2017...........SUNRISE   523 AM CDT   SUNSET   827 PM CDT


-  INDICATES NEGATIVE NUMBERS.
R  INDICATES RECORD WAS SET OR TIED.
MM INDICATES DATA IS MISSING.
T  INDICATES TRACE AMOUNT.




$$

HAHN
