000
CDUS45 KMSO 200738
CLIMSO


CLIMATE REPORT
NATIONAL WEATHER SERVICE MISSOULA, MT
137 AM MDT FRI OCT 20 2017


...................................

...THE MISSOULA MT CLIMATE SUMMARY FOR OCTOBER 19 2017...

CLIMATE NORMAL PERIOD 1981 TO 2010
CLIMATE RECORD PERIOD 1893 TO 2017


WEATHER ITEM   OBSERVED TIME   RECORD YEAR NORMAL DEPARTURE LAST
                VALUE   (LST)  VALUE       VALUE  FROM      YEAR
                                                  NORMAL
..................................................................
TEMPERATURE (F)
 YESTERDAY
  MAXIMUM         74R   318 PM  73    2003  56     18       52
                                      1940
  MINIMUM         30    638 AM  15    1969  32     -2       33
  AVERAGE         52                        44      8       43

PRECIPITATION (IN)
  YESTERDAY        0.00          0.72 1933   0.03  -0.03     0.06
                                      1894
  MONTH TO DATE    0.37                      0.53  -0.16     1.47
  SINCE OCT 1      0.37                      0.53  -0.16     1.47
  SINCE JAN 1     11.79                     11.73   0.06    10.80

SNOWFALL (IN)
  YESTERDAY        0.0
  MONTH TO DATE    0.4
  SINCE JAN 1     38.6
  SINCE JUL 1      0.4
  SNOW DEPTH       0

DEGREE DAYS
 HEATING
  YESTERDAY       13                        21     -8       22
  MONTH TO DATE  403                       334     69      362
  SINCE SEP 1    674                       575     99      621
  SINCE JUL 1    675                       659     16      719

 COOLING
  YESTERDAY        0                         0      0        0
  MONTH TO DATE    0                         0      0        0
  SINCE SEP 1     34                        15     19        5
  SINCE JAN 1    509                       332    177      287
..................................................................


WIND (MPH)
  HIGHEST WIND SPEED    16   HIGHEST WIND DIRECTION     W (290)
  HIGHEST GUST SPEED    24   HIGHEST GUST DIRECTION     W (280)
  AVERAGE WIND SPEED     3.4


SKY COVER
  POSSIBLE SUNSHINE  MM
  AVERAGE SKY COVER 0.0


WEATHER CONDITIONS
 THE FOLLOWING WEATHER WAS RECORDED YESTERDAY.
  NO SIGNIFICANT WEATHER WAS OBSERVED.


RELATIVE HUMIDITY (PERCENT)
 HIGHEST   100           500 AM
 LOWEST     16           600 PM
 AVERAGE    58

..........................................................


THE MISSOULA MT CLIMATE NORMALS FOR TODAY
                         NORMAL    RECORD    YEAR
 MAXIMUM TEMPERATURE (F)   56        72      1897
 MINIMUM TEMPERATURE (F)   31        18      1976
                                             1905
                                             1895


SUNRISE AND SUNSET
OCTOBER 20 2017.......SUNRISE   802 AM MDT   SUNSET   639 PM MDT
OCTOBER 21 2017.......SUNRISE   803 AM MDT   SUNSET   638 PM MDT


-  INDICATES NEGATIVE NUMBERS.
R  INDICATES RECORD WAS SET OR TIED.
MM INDICATES DATA IS MISSING.
T  INDICATES TRACE AMOUNT.




$$
