000
CDUS45 KMSO 302233
CLIMSO


CLIMATE REPORT
NATIONAL WEATHER SERVICE MISSOULA, MT
432 PM MDT TUE JUN 30 2015


...................................

...THE MISSOULA MT CLIMATE SUMMARY FOR JUNE 30 2015...
VALID TODAY AS OF 0400 PM LOCAL TIME.

CLIMATE NORMAL PERIOD 1981 TO 2010
CLIMATE RECORD PERIOD 1893 TO 2015


WEATHER ITEM   OBSERVED TIME   RECORD YEAR NORMAL DEPARTURE LAST
                VALUE   (LST)  VALUE       VALUE  FROM      YEAR
                                                  NORMAL
..................................................................
TEMPERATURE (F)
 TODAY
  MAXIMUM         93    144 PM  96    2008  81     12       78
                                      1990
                                      1896
  MINIMUM         62    510 AM  31    1949  49     13       42
  AVERAGE         78                        65     13       60

PRECIPITATION (IN)
  TODAY            T             0.62 1898   0.05  -0.05     0.00
  MONTH TO DATE    0.51                      2.07  -1.56     2.00
  SINCE OCT 1      9.74                     10.78  -1.04    10.55
  SINCE JAN 1      4.43                      7.85  -3.42     8.84

SNOWFALL (IN)
  TODAY            0.0
  MONTH TO DATE    0.0
  SINCE JAN 1     13.3
  SINCE JUL 1     33.9
  SNOW DEPTH       0

DEGREE DAYS
 HEATING
  TODAY            0                         3     -3        5
  MONTH TO DATE   47                       161   -114      177
  SINCE JUN 1     47                       160   -113      177
  SINCE JUL 1   6696                      7284   -588     7495

 COOLING
  TODAY           13                         3     10        0
  MONTH TO DATE  142                        37    105        8
  SINCE JUN 1    142                        37    105        8
  SINCE JAN 1    142                        43     99        8
..................................................................


WIND (MPH)
  HIGHEST WIND SPEED    22   HIGHEST WIND DIRECTION    NW (300)
  HIGHEST GUST SPEED    27   HIGHEST GUST DIRECTION    NW (300)
  AVERAGE WIND SPEED     6.5


SKY COVER
  POSSIBLE SUNSHINE  MM
  AVERAGE SKY COVER 0.3


WEATHER CONDITIONS
 THE FOLLOWING WEATHER WAS RECORDED TODAY.
  NO SIGNIFICANT WEATHER WAS OBSERVED.


RELATIVE HUMIDITY (PERCENT)
 HIGHEST    93           400 AM
 LOWEST     21           300 PM
 AVERAGE    57

..........................................................


THE MISSOULA MT CLIMATE NORMALS FOR TOMORROW
                         NORMAL    RECORD    YEAR
 MAXIMUM TEMPERATURE (F)   81       100      1924
 MINIMUM TEMPERATURE (F)   49        27      1901


SUNRISE AND SUNSET
JUNE 30 2015..........SUNRISE   545 AM MDT   SUNSET   935 PM MDT
JULY  1 2015..........SUNRISE   546 AM MDT   SUNSET   935 PM MDT


-  INDICATES NEGATIVE NUMBERS.
R  INDICATES RECORD WAS SET OR TIED.
MM INDICATES DATA IS MISSING.
T  INDICATES TRACE AMOUNT.




$$
