000
CDUS45 KMSO 112333
CLIMSO


CLIMATE REPORT
NATIONAL WEATHER SERVICE MISSOULA, MT
432 PM MST THU FEB 11 2016


...................................

...THE MISSOULA MT CLIMATE SUMMARY FOR FEBRUARY 11 2016...
VALID TODAY AS OF 0400 PM LOCAL TIME.

CLIMATE NORMAL PERIOD 1981 TO 2010
CLIMATE RECORD PERIOD 1893 TO 2016


WEATHER ITEM   OBSERVED TIME   RECORD YEAR NORMAL DEPARTURE LAST
                VALUE   (LST)  VALUE       VALUE  FROM      YEAR
                                                  NORMAL
..................................................................
TEMPERATURE (F)
 TODAY
  MAXIMUM         49    153 PM  60    1918  37     12       45
  MINIMUM         30    821 AM -24    1905  21      9       29
  AVERAGE         40                        29     11       37

PRECIPITATION (IN)
  TODAY            0.00          0.73 1897   0.03  -0.03     0.00
  MONTH TO DATE    0.15                      0.27  -0.12     0.80
  SINCE OCT 1      4.14                      4.05   0.09     7.33
  SINCE JAN 1      0.75                      1.12  -0.37     2.02

SNOWFALL (IN)
  TODAY            0.0
  MONTH TO DATE    4.6
  SINCE JAN 1     11.2
  SINCE JUL 1     28.3
  SNOW DEPTH       2

DEGREE DAYS
 HEATING
  TODAY           25                        36    -11       28
  MONTH TO DATE  389                       403    -14      299
  SINCE DEC 1   2863                      2896    -33     2689
  SINCE JUL 1   4716                      4792    -76     4445

 COOLING
  TODAY            0                         0      0        0
  MONTH TO DATE    0                         0      0        0
  SINCE DEC 1      0                         0      0        0
  SINCE JAN 1      0                         0      0        0
..................................................................


WIND (MPH)
  HIGHEST WIND SPEED     8   HIGHEST WIND DIRECTION     W (270)
  HIGHEST GUST SPEED    10   HIGHEST GUST DIRECTION     W (260)
  AVERAGE WIND SPEED     0.9


SKY COVER
  POSSIBLE SUNSHINE  MM
  AVERAGE SKY COVER 0.3


WEATHER CONDITIONS
 THE FOLLOWING WEATHER WAS RECORDED TODAY.
  FOG


RELATIVE HUMIDITY (PERCENT)
 HIGHEST    92           500 AM
 LOWEST     46           400 PM
 AVERAGE    69

..........................................................


THE MISSOULA MT CLIMATE NORMALS FOR TOMORROW
                         NORMAL    RECORD    YEAR
 MAXIMUM TEMPERATURE (F)   38        55      2011
 MINIMUM TEMPERATURE (F)   21       -27      1905


SUNRISE AND SUNSET
FEBRUARY 11 2016......SUNRISE   748 AM MST   SUNSET   554 PM MST
FEBRUARY 12 2016......SUNRISE   746 AM MST   SUNSET   556 PM MST


-  INDICATES NEGATIVE NUMBERS.
R  INDICATES RECORD WAS SET OR TIED.
MM INDICATES DATA IS MISSING.
T  INDICATES TRACE AMOUNT.




$$
