000
CDUS45 KMSO 240746
CLIMSO


CLIMATE REPORT
NATIONAL WEATHER SERVICE MISSOULA, MT
146 AM MDT WED AUG 24 2016


...................................

...THE MISSOULA MT CLIMATE SUMMARY FOR AUGUST 23 2016...

CLIMATE NORMAL PERIOD 1981 TO 2010
CLIMATE RECORD PERIOD 1893 TO 2016


WEATHER ITEM   OBSERVED TIME   RECORD YEAR NORMAL DEPARTURE LAST
                VALUE   (LST)  VALUE       VALUE  FROM      YEAR
                                                  NORMAL
..................................................................
TEMPERATURE (F)
 YESTERDAY
  MAXIMUM         77    454 PM 103    1969  83     -6       82
  MINIMUM         42    551 AM  37    1992  49     -7       38
                                      1962
  AVERAGE         60                        66     -6       60

PRECIPITATION (IN)
  YESTERDAY        T             1.16 1906   0.03  -0.03     0.00
  MONTH TO DATE    0.25                      0.85  -0.60     0.17
  SINCE OCT 1     11.56                     12.62  -1.06    11.43
  SINCE JAN 1      8.17                      9.69  -1.52     6.12

SNOWFALL (IN)
  YESTERDAY        0.0
  MONTH TO DATE    0.0
  SINCE JAN 1     13.1
  SINCE JUL 1      0.0
  SNOW DEPTH       0

DEGREE DAYS
 HEATING
  YESTERDAY        5                         2      3        5
  MONTH TO DATE   25                        27     -2       24
  SINCE JUN 1    201                       225    -24       92
  SINCE JUL 1     82                        65     17       45

 COOLING
  YESTERDAY        0                         3     -3        0
  MONTH TO DATE   70                       107    -37       94
  SINCE JUN 1    258                       295    -37      377
  SINCE JAN 1    258                       301    -43      377
..................................................................


WIND (MPH)
  HIGHEST WIND SPEED    16   HIGHEST WIND DIRECTION    NW (310)
  HIGHEST GUST SPEED    23   HIGHEST GUST DIRECTION    NW (300)
  AVERAGE WIND SPEED     5.8


SKY COVER
  POSSIBLE SUNSHINE  MM
  AVERAGE SKY COVER 0.2


WEATHER CONDITIONS
 THE FOLLOWING WEATHER WAS RECORDED YESTERDAY.
  LIGHT RAIN


RELATIVE HUMIDITY (PERCENT)
 HIGHEST    67           600 AM
 LOWEST     20           400 PM
 AVERAGE    44

..........................................................


THE MISSOULA MT CLIMATE NORMALS FOR TODAY
                         NORMAL    RECORD    YEAR
 MAXIMUM TEMPERATURE (F)   83       102      1969
 MINIMUM TEMPERATURE (F)   49        32      1910


SUNRISE AND SUNSET
AUGUST 24 2016........SUNRISE   646 AM MDT   SUNSET   830 PM MDT
AUGUST 25 2016........SUNRISE   647 AM MDT   SUNSET   828 PM MDT


-  INDICATES NEGATIVE NUMBERS.
R  INDICATES RECORD WAS SET OR TIED.
MM INDICATES DATA IS MISSING.
T  INDICATES TRACE AMOUNT.




$$
