000
CDUS45 KMSO 280739
CLIMSO


CLIMATE REPORT
NATIONAL WEATHER SERVICE MISSOULA, MT
138 AM MDT MON JUL 28 2014


...................................

...THE MISSOULA MT CLIMATE SUMMARY FOR JULY 27 2014...

CLIMATE NORMAL PERIOD 1981 TO 2010
CLIMATE RECORD PERIOD 1893 TO 2014


WEATHER ITEM   OBSERVED TIME   RECORD YEAR NORMAL DEPARTURE LAST
                VALUE   (LST)  VALUE       VALUE  FROM      YEAR
                                                  NORMAL
..................................................................
TEMPERATURE (F)
 YESTERDAY
  MAXIMUM         94    335 PM 103    1939  88      6       91
  MINIMUM         46    510 AM  43    1983  53     -7       51
                                      1969
                                      1964
  AVERAGE         70                        70      0       71

PRECIPITATION (IN)
  YESTERDAY        0.00          1.31 1909   0.02  -0.02     0.00
  MONTH TO DATE    0.24                      0.87  -0.63     0.09
  SINCE OCT 1     10.79                     11.65  -0.86    10.69
  SINCE JAN 1      9.08                      8.72   0.36     5.90

SNOWFALL (IN)
  YESTERDAY        0.0
  MONTH TO DATE    0.0
  SINCE JAN 1     51.9
  SINCE JUL 1      0.0
  SNOW DEPTH       0

DEGREE DAYS
 HEATING
  YESTERDAY        0                         1     -1        0
  MONTH TO DATE    6                        38    -32        0
  SINCE JUN 1    183                       198    -15      141
  SINCE JUL 1      6                        38    -32        0

 COOLING
  YESTERDAY        5                         6     -1        6
  MONTH TO DATE  190                       128     62      230
  SINCE JUN 1    198                       165     33      273
  SINCE JAN 1    198                       171     27      277
..................................................................


WIND (MPH)
  HIGHEST WIND SPEED    18   HIGHEST WIND DIRECTION     N (10)
  HIGHEST GUST SPEED    25   HIGHEST GUST DIRECTION     N (10)
  AVERAGE WIND SPEED     4.9


SKY COVER
  POSSIBLE SUNSHINE  MM
  AVERAGE SKY COVER 0.0


WEATHER CONDITIONS
 THE FOLLOWING WEATHER WAS RECORDED YESTERDAY.
  NO SIGNIFICANT WEATHER WAS OBSERVED.


RELATIVE HUMIDITY (PERCENT)
 HIGHEST    66           500 AM
 LOWEST     15           300 PM
 AVERAGE    41

..........................................................


THE MISSOULA MT CLIMATE NORMALS FOR TODAY
                         NORMAL    RECORD    YEAR
 MAXIMUM TEMPERATURE (F)   89       101      1968
 MINIMUM TEMPERATURE (F)   53        37      1949


SUNRISE AND SUNSET
JULY 28 2014..........SUNRISE   611 AM MDT   SUNSET   914 PM MDT
JULY 29 2014..........SUNRISE   612 AM MDT   SUNSET   912 PM MDT


-  INDICATES NEGATIVE NUMBERS.
R  INDICATES RECORD WAS SET OR TIED.
MM INDICATES DATA IS MISSING.
T  INDICATES TRACE AMOUNT.




$$
