000
CDUS45 KMSO 250739
CLIMSO


CLIMATE REPORT
NATIONAL WEATHER SERVICE MISSOULA, MT
138 AM MDT TUE APR 25 2017


...................................

...THE MISSOULA MT CLIMATE SUMMARY FOR APRIL 24 2017...

CLIMATE NORMAL PERIOD 1981 TO 2010
CLIMATE RECORD PERIOD 1893 TO 2017


WEATHER ITEM   OBSERVED TIME   RECORD YEAR NORMAL DEPARTURE LAST
                VALUE   (LST)  VALUE       VALUE  FROM      YEAR
                                                  NORMAL
..................................................................
TEMPERATURE (F)
 YESTERDAY
  MAXIMUM         55    244 PM  87    1910  61     -6       57
  MINIMUM         40   1117 PM  20    2002  34      6       43
  AVERAGE         48                        47      1       50

PRECIPITATION (IN)
  YESTERDAY        0.17          1.53 1956   0.05   0.12     0.14
  MONTH TO DATE    1.18                      0.98   0.20     1.15
  SINCE OCT 1     11.12                      6.46   4.66     6.48
  SINCE JAN 1      6.46                      3.53   2.93     3.09

SNOWFALL (IN)
  YESTERDAY        0.0
  MONTH TO DATE    0.9
  SINCE JAN 1     35.5
  SINCE JUL 1     64.6
  SNOW DEPTH       0

DEGREE DAYS
 HEATING
  YESTERDAY       17                        18     -1       15
  MONTH TO DATE  501                       481     20      338
  SINCE MAR 1   1258                      1295    -37     1116
  SINCE JUL 1   7034                      6664    370     6300

 COOLING
  YESTERDAY        0                         0      0        0
  MONTH TO DATE    0                         0      0        0
  SINCE MAR 1      0                         0      0        0
  SINCE JAN 1      0                         0      0        0
..................................................................


WIND (MPH)
  HIGHEST WIND SPEED    24   HIGHEST WIND DIRECTION     W (280)
  HIGHEST GUST SPEED    29   HIGHEST GUST DIRECTION     W (280)
  AVERAGE WIND SPEED     4.5


SKY COVER
  POSSIBLE SUNSHINE  MM
  AVERAGE SKY COVER 0.8


WEATHER CONDITIONS
 THE FOLLOWING WEATHER WAS RECORDED YESTERDAY.
  RAIN
  LIGHT RAIN
  FOG


RELATIVE HUMIDITY (PERCENT)
 HIGHEST    96           700 PM
 LOWEST     50          1200 PM
 AVERAGE    73

..........................................................


THE MISSOULA MT CLIMATE NORMALS FOR TODAY
                         NORMAL    RECORD    YEAR
 MAXIMUM TEMPERATURE (F)   61        90      1910
 MINIMUM TEMPERATURE (F)   34        24      1988


SUNRISE AND SUNSET
APRIL 25 2017.........SUNRISE   630 AM MDT   SUNSET   839 PM MDT
APRIL 26 2017.........SUNRISE   629 AM MDT   SUNSET   840 PM MDT


-  INDICATES NEGATIVE NUMBERS.
R  INDICATES RECORD WAS SET OR TIED.
MM INDICATES DATA IS MISSING.
T  INDICATES TRACE AMOUNT.




$$
