000
CDUS45 KMSO 302231
CLIMSO


CLIMATE REPORT
NATIONAL WEATHER SERVICE MISSOULA, MT
430 PM MDT SAT MAY 30 2015


...................................

...THE MISSOULA MT CLIMATE SUMMARY FOR MAY 30 2015...
VALID TODAY AS OF 0400 PM LOCAL TIME.

CLIMATE NORMAL PERIOD 1981 TO 2010
CLIMATE RECORD PERIOD 1893 TO 2015


WEATHER ITEM   OBSERVED TIME   RECORD YEAR NORMAL DEPARTURE LAST
                VALUE   (LST)  VALUE       VALUE  FROM      YEAR
                                                  NORMAL
..................................................................
TEMPERATURE (F)
 TODAY
  MAXIMUM         70    259 PM  95    1986  71     -1       76
                                      1936
  MINIMUM         47    426 AM  28    1914  44      3       33
  AVERAGE         59                        57      2       55

PRECIPITATION (IN)
  TODAY            0.03          1.60 1908   0.08  -0.05     0.00
  MONTH TO DATE    0.47                      1.92  -1.45     0.95
  SINCE OCT 1      8.94                      8.62   0.32     8.50
  SINCE JAN 1      3.63                      5.69  -2.06     6.79

SNOWFALL (IN)
  TODAY            0.0
  MONTH TO DATE    0.0
  SINCE JAN 1     13.3
  SINCE JUL 1     33.9
  SNOW DEPTH       0

DEGREE DAYS
 HEATING
  TODAY            6                         8     -2       10
  MONTH TO DATE  316                       351    -35      324
  SINCE MAR 1   1657                      1745    -88     1806
  SINCE JUL 1   6649                      7114   -465     7316

 COOLING
  TODAY            0                         0      0        0
  MONTH TO DATE    0                         0      0        0
  SINCE MAR 1      0                         0      0        0
  SINCE JAN 1      0                         0      0        0
..................................................................


WIND (MPH)
  HIGHEST WIND SPEED    17   HIGHEST WIND DIRECTION     S (160)
  HIGHEST GUST SPEED    22   HIGHEST GUST DIRECTION     S (170)
  AVERAGE WIND SPEED     3.8


SKY COVER
  POSSIBLE SUNSHINE  MM
  AVERAGE SKY COVER 0.5


WEATHER CONDITIONS
 THE FOLLOWING WEATHER WAS RECORDED TODAY.
  LIGHT RAIN
  FOG


RELATIVE HUMIDITY (PERCENT)
 HIGHEST    89           700 AM
 LOWEST     51           100 PM
 AVERAGE    70

..........................................................


THE MISSOULA MT CLIMATE NORMALS FOR TOMORROW
                         NORMAL    RECORD    YEAR
 MAXIMUM TEMPERATURE (F)   71        92      1986
                                             1956
 MINIMUM TEMPERATURE (F)   44        30      1965
                                             1950
                                             1920


SUNRISE AND SUNSET
MAY 30 2015...........SUNRISE   547 AM MDT   SUNSET   921 PM MDT
MAY 31 2015...........SUNRISE   546 AM MDT   SUNSET   922 PM MDT


-  INDICATES NEGATIVE NUMBERS.
R  INDICATES RECORD WAS SET OR TIED.
MM INDICATES DATA IS MISSING.
T  INDICATES TRACE AMOUNT.




$$
