000
CDUS45 KMSO 311058
CLIMSO


CLIMATE REPORT
NATIONAL WEATHER SERVICE MISSOULA, MT
458 AM MDT FRI JUL 31 2015


...................................

...THE MISSOULA MT CLIMATE SUMMARY FOR JULY 30 2015...

CLIMATE NORMAL PERIOD 1981 TO 2010
CLIMATE RECORD PERIOD 1893 TO 2015


WEATHER ITEM   OBSERVED TIME   RECORD YEAR NORMAL DEPARTURE LAST
                VALUE   (LST)  VALUE       VALUE  FROM      YEAR
                                                  NORMAL
..................................................................
TEMPERATURE (F)
 YESTERDAY
  MAXIMUM         90    532 PM 100    2003  89      1       95
                                      2000
  MINIMUM         48    551 AM  38    1913  52     -4       56
  AVERAGE         69                        70     -1       76

PRECIPITATION (IN)
  YESTERDAY        0.00          0.69 1946   0.03  -0.03     0.00
  MONTH TO DATE    1.52                      0.96   0.56     0.24
  SINCE OCT 1     11.26                     11.74  -0.48    10.79
  SINCE JAN 1      5.95                      8.81  -2.86     9.08

SNOWFALL (IN)
  YESTERDAY        0.0
  MONTH TO DATE    0.0
  SINCE JAN 1     13.3
  SINCE JUL 1      0.0
  SNOW DEPTH       0

DEGREE DAYS
 HEATING
  YESTERDAY        0                         1     -1        0
  MONTH TO DATE   21                        41    -20        6
  SINCE JUN 1     68                       201   -133      183
  SINCE JUL 1     21                        41    -20        6

 COOLING
  YESTERDAY        4                         6     -2       11
  MONTH TO DATE  134                       146    -12      222
  SINCE JUN 1    276                       183     93      230
  SINCE JAN 1    276                       189     87      230
..................................................................


WIND (MPH)
  HIGHEST WIND SPEED    10   HIGHEST WIND DIRECTION     S (190)
  HIGHEST GUST SPEED    13   HIGHEST GUST DIRECTION     S (200)
  AVERAGE WIND SPEED     2.6


SKY COVER
  POSSIBLE SUNSHINE  MM
  AVERAGE SKY COVER 0.0


WEATHER CONDITIONS
 THE FOLLOWING WEATHER WAS RECORDED YESTERDAY.
  NO SIGNIFICANT WEATHER WAS OBSERVED.


RELATIVE HUMIDITY (PERCENT)
 HIGHEST    80           600 AM
 LOWEST     15           500 PM
 AVERAGE    48

..........................................................


THE MISSOULA MT CLIMATE NORMALS FOR TODAY
                         NORMAL    RECORD    YEAR
 MAXIMUM TEMPERATURE (F)   88       101      1908
 MINIMUM TEMPERATURE (F)   52        38      1995
                                             1911


SUNRISE AND SUNSET
JULY 31 2015..........SUNRISE   615 AM MDT   SUNSET   910 PM MDT
AUGUST  1 2015........SUNRISE   616 AM MDT   SUNSET   909 PM MDT


-  INDICATES NEGATIVE NUMBERS.
R  INDICATES RECORD WAS SET OR TIED.
MM INDICATES DATA IS MISSING.
T  INDICATES TRACE AMOUNT.




$$
