000
CDUS43 KMPX 020806
CLIMSP


CLIMATE REPORT
NATIONAL WEATHER SERVICE CHANHASSEN MN
305 AM CDT THU OCT 2 2014


...................................

...THE TWIN CITIES MN CLIMATE SUMMARY FOR OCTOBER 1 2014...

CLIMATE NORMAL PERIOD 1981 TO 2010
CLIMATE RECORD PERIOD 1871 TO 2014


WEATHER ITEM   OBSERVED TIME   RECORD YEAR NORMAL DEPARTURE LAST
                VALUE   (LST)  VALUE       VALUE  FROM      YEAR
                                                  NORMAL
..................................................................
TEMPERATURE (F)
 YESTERDAY
  MAXIMUM         59    934 PM  87    1897  65     -6       77
  MINIMUM         50   1134 AM  24    1974  45      5       53
  AVERAGE         55                        55      0       65

PRECIPITATION (IN)
  YESTERDAY        0.69          1.29 2009   0.10   0.59     0.00
  MONTH TO DATE    0.69                      0.10   0.59     0.00
  SINCE SEP 1      1.61                      3.18  -1.57     1.35
  SINCE JAN 1     32.61                     25.35   7.26    27.79

SNOWFALL (IN)
  YESTERDAY        0.0           0.0    MM   0.0    0.0      0.0
  MONTH TO DATE    0.0                       0.0    0.0      0.0
  SINCE SEP 1      0.0                       T      0.0      0.0
  SINCE JUL 1      0.0                       T      0.0       T
  SNOW DEPTH       0

DEGREE DAYS
 HEATING
  YESTERDAY       10                        10      0        0
  MONTH TO DATE   10                        10      0        0
  SINCE SEP 1    134                       164    -30       58
  SINCE JUL 1    141                       183    -42       66

 COOLING
  YESTERDAY        0                         1     -1        0
  MONTH TO DATE    0                         1     -1        0
  SINCE SEP 1     63                        67     -4      132
  SINCE JAN 1    759                       748     11      981
..................................................................


WIND (MPH)
  HIGHEST WIND SPEED    18   HIGHEST WIND DIRECTION    SE (130)
  HIGHEST GUST SPEED    24   HIGHEST GUST DIRECTION    SE (130)
  AVERAGE WIND SPEED     8.4


SKY COVER
  POSSIBLE SUNSHINE  MM
  AVERAGE SKY COVER 0.9


WEATHER CONDITIONS
 THE FOLLOWING WEATHER WAS RECORDED YESTERDAY.
  HEAVY RAIN
  RAIN
  LIGHT RAIN
  FOG
  HAZE


RELATIVE HUMIDITY (PERCENT)
 HIGHEST   100           500 PM
 LOWEST     77          1200 AM
 AVERAGE    89

..........................................................


THE TWIN CITIES MN CLIMATE NORMALS FOR TODAY
                         NORMAL    RECORD    YEAR
 MAXIMUM TEMPERATURE (F)   65        89      1953
 MINIMUM TEMPERATURE (F)   45        22      1974


SUNRISE AND SUNSET
OCTOBER  2 2014.......SUNRISE   712 AM CDT   SUNSET   651 PM CDT
OCTOBER  3 2014.......SUNRISE   713 AM CDT   SUNSET   650 PM CDT


-  INDICATES NEGATIVE NUMBERS.
R  INDICATES RECORD WAS SET OR TIED.
MM INDICATES DATA IS MISSING.
T  INDICATES TRACE AMOUNT.




$$
