362
CDUS43 KMPX 100640
CLIMSP


CLIMATE REPORT
NATIONAL WEATHER SERVICE CHANHASSEN MN
1239 AM CST WED FEB 10 2016


...................................

...THE TWIN CITIES MN CLIMATE SUMMARY FOR FEBRUARY 9 2016...

CLIMATE NORMAL PERIOD 1981 TO 2010
CLIMATE RECORD PERIOD 1871 TO 2016


WEATHER ITEM   OBSERVED TIME   RECORD YEAR NORMAL DEPARTURE LAST
                VALUE   (LST)  VALUE       VALUE  FROM      YEAR
                                                  NORMAL
..................................................................
TEMPERATURE (F)
 YESTERDAY
  MAXIMUM         17    148 PM  52    1966  27    -10       33
  MINIMUM          5    804 AM -33    1899  11     -6       20
                                      1888
  AVERAGE         11                        19     -8       27

PRECIPITATION (IN)
  YESTERDAY        T             0.92 1965   0.02  -0.02     0.00
  MONTH TO DATE    0.60                      0.20   0.40     0.09
  SINCE DEC 1      3.23                      2.26   0.97     1.29
  SINCE JAN 1      0.91                      1.10  -0.19     0.43

SNOWFALL (IN)
  YESTERDAY        T             8.0  1939   0.2   -0.2      0.0
  MONTH TO DATE   10.1                       2.4    7.7      2.4
  SINCE DEC 1     23.7                      26.5   -2.8     13.4
  SINCE JUL 1     28.8                      36.4   -7.6     22.8
  SNOW DEPTH       2

DEGREE DAYS
 HEATING
  YESTERDAY       54                        46      8       38
  MONTH TO DATE  391                       425    -34      435
  SINCE DEC 1   2925                      3360   -435     3106
  SINCE JUL 1   4100                      4979   -879     4899

 COOLING
  YESTERDAY        0                         0      0        0
  MONTH TO DATE    0                         0      0        0
  SINCE DEC 1      0                         0      0        0
  SINCE JAN 1      0                         0      0        0
..................................................................


WIND (MPH)
  HIGHEST WIND SPEED    25   HIGHEST WIND DIRECTION     N (340)
  HIGHEST GUST SPEED    33   HIGHEST GUST DIRECTION    NW (320)
  AVERAGE WIND SPEED    15.5


SKY COVER
  POSSIBLE SUNSHINE  MM
  AVERAGE SKY COVER 0.3


WEATHER CONDITIONS
 THE FOLLOWING WEATHER WAS RECORDED YESTERDAY.
  LIGHT SNOW


RELATIVE HUMIDITY (PERCENT)
 HIGHEST    76           500 AM
 LOWEST     51           200 PM
 AVERAGE    64

..........................................................


THE TWIN CITIES MN CLIMATE NORMALS FOR TODAY
                         NORMAL    RECORD    YEAR
 MAXIMUM TEMPERATURE (F)   27        49      1877
 MINIMUM TEMPERATURE (F)   11       -24      1885


SUNRISE AND SUNSET
FEBRUARY 10 2016......SUNRISE   721 AM CST   SUNSET   533 PM CST
FEBRUARY 11 2016......SUNRISE   720 AM CST   SUNSET   535 PM CST


-  INDICATES NEGATIVE NUMBERS.
R  INDICATES RECORD WAS SET OR TIED.
MM INDICATES DATA IS MISSING.
T  INDICATES TRACE AMOUNT.




$$
