000
CDUS43 KMPX 190656
CLIMSP


CLIMATE REPORT
NATIONAL WEATHER SERVICE CHANHASSEN MN
1255 AM CST FRI DEC 19 2014


...................................

...THE TWIN CITIES MN CLIMATE SUMMARY FOR DECEMBER 18 2014...

CLIMATE NORMAL PERIOD 1981 TO 2010
CLIMATE RECORD PERIOD 1871 TO 2014


WEATHER ITEM   OBSERVED TIME   RECORD YEAR NORMAL DEPARTURE LAST
                VALUE   (LST)  VALUE       VALUE  FROM      YEAR
                                                  NORMAL
..................................................................
TEMPERATURE (F)
 YESTERDAY
  MAXIMUM         22    805 PM  55    1923  26     -4       37
  MINIMUM         11    452 AM -24    1983  11      0        8
  AVERAGE         17                        19     -2       23

PRECIPITATION (IN)
  YESTERDAY        0.02          0.28 1939   0.04  -0.02     0.00
  MONTH TO DATE    0.28                      0.71  -0.43     1.03
  SINCE DEC 1      0.28                      0.71  -0.43     1.03
  SINCE JAN 1     34.82                     30.16   4.66    32.34

SNOWFALL (IN)
  YESTERDAY        0.4           5.3  2000   0.3    0.1      0.0
  MONTH TO DATE    1.3                       7.2   -5.9     10.0
  SINCE DEC 1      1.3                       7.2   -5.9     10.0
  SINCE JUL 1     10.7                      17.1   -6.4     11.1
  SNOW DEPTH       1

DEGREE DAYS
 HEATING
  YESTERDAY       48                        46      2       42
  MONTH TO DATE  710                       782    -72      943
  SINCE DEC 1    710                       782    -72      943
  SINCE JUL 1   2503                      2401    102     2444

 COOLING
  YESTERDAY        0                         0      0        0
  MONTH TO DATE    0                         0      0        0
  SINCE DEC 1      0                         0      0        0
  SINCE JAN 1    759                       753      6      983
..................................................................


WIND (MPH)
  HIGHEST WIND SPEED     8   HIGHEST WIND DIRECTION    SE (150)
  HIGHEST GUST SPEED    13   HIGHEST GUST DIRECTION     W (280)
  AVERAGE WIND SPEED     2.6


SKY COVER
  POSSIBLE SUNSHINE  MM
  AVERAGE SKY COVER 0.8


WEATHER CONDITIONS
 THE FOLLOWING WEATHER WAS RECORDED YESTERDAY.
  LIGHT SNOW
  FOG


RELATIVE HUMIDITY (PERCENT)
 HIGHEST    92          1100 AM
 LOWEST     71           900 PM
 AVERAGE    82

..........................................................


THE TWIN CITIES MN CLIMATE NORMALS FOR TODAY
                         NORMAL    RECORD    YEAR
 MAXIMUM TEMPERATURE (F)   26        52      1923
 MINIMUM TEMPERATURE (F)   11       -29      1983


SUNRISE AND SUNSET
DECEMBER 19 2014......SUNRISE   746 AM CST   SUNSET   434 PM CST
DECEMBER 20 2014......SUNRISE   747 AM CST   SUNSET   434 PM CST


-  INDICATES NEGATIVE NUMBERS.
R  INDICATES RECORD WAS SET OR TIED.
MM INDICATES DATA IS MISSING.
T  INDICATES TRACE AMOUNT.




$$
