000
CDUS43 KMPX 020057
CLIMSP


CLIMATE REPORT
NATIONAL WEATHER SERVICE CHANHASSEN MN
756 PM CDT FRI AUG 1 2014


...................................

...THE TWIN CITIES MN CLIMATE SUMMARY FOR AUGUST 1 2014...
VALID TODAY AS OF 0700 PM LOCAL TIME.

CLIMATE NORMAL PERIOD 1981 TO 2010
CLIMATE RECORD PERIOD 1871 TO 2014


WEATHER ITEM   OBSERVED TIME   RECORD YEAR NORMAL DEPARTURE LAST
                VALUE   (LST)  VALUE       VALUE  FROM      YEAR
                                                  NORMAL
..................................................................
TEMPERATURE (F)
 TODAY
  MAXIMUM         87    308 PM 101    1988  83      4       83
  MINIMUM         65    632 AM  49    1962  64      1       59
  AVERAGE         76                        73      3       71

PRECIPITATION (IN)
  TODAY            0.00          2.03 1975   0.15  -0.15     0.00
  MONTH TO DATE    0.00                      0.15  -0.15     0.00
  SINCE JUN 1     13.63                      8.44   5.19     8.68
  SINCE JAN 1     28.10                     18.02  10.08    24.37

SNOWFALL (IN)
  TODAY            0.0           0.0    MM   0.0    0.0      0.0
  MONTH TO DATE    0.0                       0.0    0.0      0.0
  SINCE JUN 1      0.0                       0.0    0.0       T
  SINCE JUL 1      0.0                       0.0    0.0      0.0
  SNOW DEPTH       0

DEGREE DAYS
 HEATING
  TODAY            0                         0      0        0
  MONTH TO DATE    0                         0      0        0
  SINCE JUN 1     28                        49    -21       50
  SINCE JUL 1      7                         5      2        8

 COOLING
  TODAY           11                         8      3        6
  MONTH TO DATE   11                         8      3        6
  SINCE JUN 1    390                       442    -52      492
  SINCE JAN 1    442                       484    -42      545
..................................................................


WIND (MPH)
  HIGHEST WIND SPEED    13   HIGHEST WIND DIRECTION    NW (300)
  HIGHEST GUST SPEED    17   HIGHEST GUST DIRECTION     N (340)
  AVERAGE WIND SPEED     5.0


SKY COVER
  POSSIBLE SUNSHINE  MM
  AVERAGE SKY COVER 0.2


WEATHER CONDITIONS
 THE FOLLOWING WEATHER WAS RECORDED TODAY.
  THUNDERSTORM
  HAZE


RELATIVE HUMIDITY (PERCENT)
 HIGHEST    87           500 AM
 LOWEST     34           300 PM
 AVERAGE    61

..........................................................


THE TWIN CITIES MN CLIMATE NORMALS FOR TOMORROW
                         NORMAL    RECORD    YEAR
 MAXIMUM TEMPERATURE (F)   83        99      1988
 MINIMUM TEMPERATURE (F)   64        46      1971


SUNRISE AND SUNSET
AUGUST  1 2014........SUNRISE   559 AM CDT   SUNSET   839 PM CDT
AUGUST  2 2014........SUNRISE   600 AM CDT   SUNSET   838 PM CDT


-  INDICATES NEGATIVE NUMBERS.
R  INDICATES RECORD WAS SET OR TIED.
MM INDICATES DATA IS MISSING.
T  INDICATES TRACE AMOUNT.




$$
