000
CDUS43 KMPX 300651
CLIMSP


CLIMATE REPORT
NATIONAL WEATHER SERVICE CHANHASSEN MN
150 AM CDT SAT MAY 30 2015


...................................

...THE TWIN CITIES MN CLIMATE SUMMARY FOR MAY 29 2015...

CLIMATE NORMAL PERIOD 1981 TO 2010
CLIMATE RECORD PERIOD 1871 TO 2015


WEATHER ITEM   OBSERVED TIME   RECORD YEAR NORMAL DEPARTURE LAST
                VALUE   (LST)  VALUE       VALUE  FROM      YEAR
                                                  NORMAL
..................................................................
TEMPERATURE (F)
 YESTERDAY
  MAXIMUM         72   1229 AM  94    2006  73     -1       84
  MINIMUM         54   1159 PM  33    1965  53      1       57
  AVERAGE         63                        63      0       71

PRECIPITATION (IN)
  YESTERDAY        0.54          2.49 1942   0.10   0.44     0.00
  MONTH TO DATE    3.55                      3.13   0.42     3.90
  SINCE MAR 1      6.64                      7.68  -1.04    10.99
  SINCE JAN 1      7.33                      9.35  -2.02    13.82

SNOWFALL (IN)
  YESTERDAY        0.0           0.0    MM   0.0    0.0      0.0
  MONTH TO DATE    0.0                       0.0    0.0      0.0
  SINCE MAR 1      7.1                      12.7   -5.6     11.7
  SINCE JUL 1     32.4                      54.4  -22.0     69.8
  SNOW DEPTH       0

DEGREE DAYS
 HEATING
  YESTERDAY        2                         4     -2        0
  MONTH TO DATE  179                       210    -31      244
  SINCE MAR 1   1536                      1738   -202     2123
  SINCE JUL 1   7501                      7528    -27     8576

 COOLING
  YESTERDAY        0                         2     -2        6
  MONTH TO DATE   27                        34     -7       29
  SINCE MAR 1     27                        39    -12       29
  SINCE JAN 1     27                        39    -12       29
..................................................................


WIND (MPH)
  HIGHEST WIND SPEED    22   HIGHEST WIND DIRECTION     N (350)
  HIGHEST GUST SPEED    29   HIGHEST GUST DIRECTION     N (350)
  AVERAGE WIND SPEED    10.8


SKY COVER
  POSSIBLE SUNSHINE  MM
  AVERAGE SKY COVER 1.0


WEATHER CONDITIONS
 THE FOLLOWING WEATHER WAS RECORDED YESTERDAY.
  RAIN
  LIGHT RAIN
  FOG


RELATIVE HUMIDITY (PERCENT)
 HIGHEST    93           300 AM
 LOWEST     61          1200 AM
 AVERAGE    77

..........................................................


THE TWIN CITIES MN CLIMATE NORMALS FOR TODAY
                         NORMAL    RECORD    YEAR
 MAXIMUM TEMPERATURE (F)   74        98      1934
 MINIMUM TEMPERATURE (F)   53        37      1947


SUNRISE AND SUNSET
MAY 30 2015...........SUNRISE   531 AM CDT   SUNSET   850 PM CDT
MAY 31 2015...........SUNRISE   531 AM CDT   SUNSET   851 PM CDT


-  INDICATES NEGATIVE NUMBERS.
R  INDICATES RECORD WAS SET OR TIED.
MM INDICATES DATA IS MISSING.
T  INDICATES TRACE AMOUNT.




$$
