000
CDUS41 KBTV 140526
CLIMSS


CLIMATE REPORT
NATIONAL WEATHER SERVICE BURLINGTON VT
124 AM EDT SUN SEP 14 2014


...................................

...THE MASSENA NY CLIMATE SUMMARY FOR SEPTEMBER 13 2014...

CLIMATE NORMAL PERIOD 1981 TO 2010
CLIMATE RECORD PERIOD 1948 TO 2014


WEATHER ITEM   OBSERVED TIME   RECORD YEAR NORMAL DEPARTURE LAST
                VALUE   (LST)  VALUE       VALUE  FROM      YEAR
                                                  NORMAL
..................................................................
TEMPERATURE (F)
 YESTERDAY
  MAXIMUM         56    352 PM  90    1951  71    -15       62
  MINIMUM         39    320 AM  32    1964  48     -9       49
  AVERAGE         48                        60    -12       56

PRECIPITATION (IN)
  YESTERDAY        0.46          1.17        0.12   0.34     0.02
  MONTH TO DATE    1.00                      1.49  -0.49     3.38
  SINCE SEP 1      1.00                      1.49  -0.49     3.38
  SINCE JAN 1     26.46                     24.03   2.43    26.50

DEGREE DAYS
 HEATING
  YESTERDAY       17                         6     11        9
  MONTH TO DATE   44                        61    -17       68
  SINCE SEP 1     44                        61    -17       68
  SINCE JUL 1    104                       136    -32      124

 COOLING
  YESTERDAY        0                         1     -1        0
  MONTH TO DATE   39                        18     21       30
  SINCE SEP 1     39                        18     21       30
  SINCE JAN 1    327                       354    -27      417
..................................................................


WIND (MPH)
  HIGHEST WIND SPEED    18   HIGHEST WIND DIRECTION     W (270)
  HIGHEST GUST SPEED    27   HIGHEST GUST DIRECTION     W (260)
  AVERAGE WIND SPEED     8.5


SKY COVER
  AVERAGE SKY COVER 0.6


WEATHER CONDITIONS
 THE FOLLOWING WEATHER WAS RECORDED YESTERDAY.
  RAIN
  LIGHT RAIN
  FOG


RELATIVE HUMIDITY (PERCENT)
 HIGHEST   100          1200 AM
 LOWEST     80           900 PM
 AVERAGE    90

..........................................................


THE MASSENA NY CLIMATE NORMALS FOR TODAY
                         NORMAL    RECORD    YEAR
 MAXIMUM TEMPERATURE (F)   70        87      1993
 MINIMUM TEMPERATURE (F)   48        27      1963


SUNRISE AND SUNSET
SEPTEMBER 14 2014.....SUNRISE   637 AM EDT   SUNSET   712 PM EDT
SEPTEMBER 15 2014.....SUNRISE   638 AM EDT   SUNSET   710 PM EDT


-  INDICATES NEGATIVE NUMBERS.
R  INDICATES RECORD WAS SET OR TIED.
MM INDICATES DATA IS MISSING.
T  INDICATES TRACE AMOUNT.




$$
