000
CDUS41 KBTV 300538
CLIMSS


CLIMATE REPORT
NATIONAL WEATHER SERVICE BURLINGTON VT
137 AM EDT WED JUL 30 2014


...................................

...THE MASSENA NY CLIMATE SUMMARY FOR JULY 29 2014...

CLIMATE NORMAL PERIOD 1981 TO 2010
CLIMATE RECORD PERIOD 1948 TO 2014


WEATHER ITEM   OBSERVED TIME   RECORD YEAR NORMAL DEPARTURE LAST
                VALUE   (LST)  VALUE       VALUE  FROM      YEAR
                                                  NORMAL
..................................................................
TEMPERATURE (F)
 YESTERDAY
  MAXIMUM         71    519 PM  95    1949  80     -9       74
  MINIMUM         51    513 AM  43    1987  58     -7       54
  AVERAGE         61                        69     -8       64

PRECIPITATION (IN)
  YESTERDAY        0.00          1.15        0.12  -0.12     0.18
  MONTH TO DATE    5.09                      3.34   1.75     3.59
  SINCE JUN 1     10.02                      6.86   3.16    11.21
  SINCE JAN 1     19.95                     18.79   1.16    19.51

DEGREE DAYS
 HEATING
  YESTERDAY        4                         1      3        1
  MONTH TO DATE   17                        29    -12       22
  SINCE JUN 1     55                       125    -70      138
  SINCE JUL 1     17                        29    -12       22

 COOLING
  YESTERDAY        0                         5     -5        0
  MONTH TO DATE  107                       142    -35      194
  SINCE JUN 1    191                       217    -26      271
  SINCE JAN 1    206                       231    -25      294
..................................................................


WIND (MPH)
  HIGHEST WIND SPEED    14   HIGHEST WIND DIRECTION     W (260)
  HIGHEST GUST SPEED    17   HIGHEST GUST DIRECTION    NW (300)
  AVERAGE WIND SPEED     6.5


SKY COVER
  AVERAGE SKY COVER 0.4


WEATHER CONDITIONS
 THE FOLLOWING WEATHER WAS RECORDED YESTERDAY.
  NO SIGNIFICANT WEATHER WAS OBSERVED.


RELATIVE HUMIDITY (PERCENT)
 HIGHEST   100          1100 PM
 LOWEST     53           200 PM
 AVERAGE    77

..........................................................


THE MASSENA NY CLIMATE NORMALS FOR TODAY
                         NORMAL    RECORD    YEAR
 MAXIMUM TEMPERATURE (F)   80        91      1990
 MINIMUM TEMPERATURE (F)   58        41      1952


SUNRISE AND SUNSET
JULY 30 2014..........SUNRISE   543 AM EDT   SUNSET   828 PM EDT
JULY 31 2014..........SUNRISE   544 AM EDT   SUNSET   827 PM EDT


-  INDICATES NEGATIVE NUMBERS.
R  INDICATES RECORD WAS SET OR TIED.
MM INDICATES DATA IS MISSING.
T  INDICATES TRACE AMOUNT.




$$
