000
CDUS41 KBTV 010557
CLIMSS


CLIMATE REPORT
NATIONAL WEATHER SERVICE BURLINGTON VT
157 AM EDT WED OCT 1 2014


...................................

...THE MASSENA NY CLIMATE SUMMARY FOR SEPTEMBER 30 2014...

CLIMATE NORMAL PERIOD 1981 TO 2010
CLIMATE RECORD PERIOD 1948 TO 2014


WEATHER ITEM   OBSERVED TIME   RECORD YEAR NORMAL DEPARTURE LAST
                VALUE   (LST)  VALUE       VALUE  FROM      YEAR
                                                  NORMAL
..................................................................
TEMPERATURE (F)
 YESTERDAY
  MAXIMUM         63    220 PM  82    1953  63      0       76
  MINIMUM         48    729 AM  26    1991  42      6       42
  AVERAGE         56                        52      4       59

PRECIPITATION (IN)
  YESTERDAY        0.00          3.41        0.12  -0.12     0.00
  MONTH TO DATE    1.21                      3.65  -2.44     5.44
  SINCE SEP 1      1.21                      3.65  -2.44     5.44
  SINCE JAN 1     26.67                     26.19   0.48    28.56

DEGREE DAYS
 HEATING
  YESTERDAY        9                        13     -4        6
  MONTH TO DATE  207                       223    -16      245
  SINCE SEP 1    207                       225    -18      245
  SINCE JUL 1    267                       300    -33      301

 COOLING
  YESTERDAY        0                         0      0        0
  MONTH TO DATE   41                        25     16       31
  SINCE SEP 1     41                        25     16       31
  SINCE JAN 1    329                       361    -32      418
..................................................................


WIND (MPH)
  HIGHEST WIND SPEED    20   HIGHEST WIND DIRECTION    NE (60)
  HIGHEST GUST SPEED    26   HIGHEST GUST DIRECTION     E (70)
  AVERAGE WIND SPEED     9.5


SKY COVER
  AVERAGE SKY COVER 0.6


WEATHER CONDITIONS
 THE FOLLOWING WEATHER WAS RECORDED YESTERDAY.
  FOG
  HAZE


RELATIVE HUMIDITY (PERCENT)
 HIGHEST   100           400 AM
 LOWEST     75           200 PM
 AVERAGE    88

..........................................................


THE MASSENA NY CLIMATE NORMALS FOR TODAY
                         NORMAL    RECORD    YEAR
 MAXIMUM TEMPERATURE (F)   63        80      1971
 MINIMUM TEMPERATURE (F)   42        26      1963


SUNRISE AND SUNSET
OCTOBER  1 2014.......SUNRISE   657 AM EDT   SUNSET   640 PM EDT
OCTOBER  2 2014.......SUNRISE   659 AM EDT   SUNSET   638 PM EDT


-  INDICATES NEGATIVE NUMBERS.
R  INDICATES RECORD WAS SET OR TIED.
MM INDICATES DATA IS MISSING.
T  INDICATES TRACE AMOUNT.




$$
