000
CDUS41 KBTV 250525
CLIMSS


CLIMATE REPORT
NATIONAL WEATHER SERVICE BURLINGTON VT
121 AM EDT SUN SEP 25 2016


...................................

...THE MASSENA NY CLIMATE SUMMARY FOR SEPTEMBER 24 2016...

CLIMATE NORMAL PERIOD 1981 TO 2010
CLIMATE RECORD PERIOD 1948 TO 2016


WEATHER ITEM   OBSERVED TIME   RECORD YEAR NORMAL DEPARTURE LAST
                VALUE   (LST)  VALUE       VALUE  FROM      YEAR
                                                  NORMAL
..................................................................
TEMPERATURE (F)
 YESTERDAY
  MAXIMUM         63    420 PM  87    2010  66     -3       69
  MINIMUM         39    515 AM  27    1953  44     -5       47
  AVERAGE         51                        55     -4       58

PRECIPITATION (IN)
  YESTERDAY        0.00          2.13        0.13  -0.13     0.00
  MONTH TO DATE    1.35                      2.90  -1.55     2.91
  SINCE SEP 1      1.35                      2.90  -1.55     2.91
  SINCE JAN 1     22.46                     25.44  -2.98    20.68

DEGREE DAYS
 HEATING
  YESTERDAY       14                        10      4        7
  MONTH TO DATE   81                       153    -72       52
  SINCE SEP 1     81                       153    -72       52
  SINCE JUL 1     92                       228   -136       86

 COOLING
  YESTERDAY        0                         0      0        0
  MONTH TO DATE   47                        24     23       79
  SINCE SEP 1     47                        24     23       79
  SINCE JAN 1    527                       360    167      452
..................................................................


WIND (MPH)
  HIGHEST WIND SPEED    15   HIGHEST WIND DIRECTION    NW (310)
  HIGHEST GUST SPEED    20   HIGHEST GUST DIRECTION     W (290)
  AVERAGE WIND SPEED     5.5


SKY COVER
  AVERAGE SKY COVER 0.3


WEATHER CONDITIONS
 THE FOLLOWING WEATHER WAS RECORDED YESTERDAY.
  FOG
  FOG W/VISIBILITY <= 1/4 MILE


RELATIVE HUMIDITY (PERCENT)
 HIGHEST    93           200 AM
 LOWEST     39           100 PM
 AVERAGE    66

..........................................................


THE MASSENA NY CLIMATE NORMALS FOR TODAY
                         NORMAL    RECORD    YEAR
 MAXIMUM TEMPERATURE (F)   65        90      2007
 MINIMUM TEMPERATURE (F)   44        28      1963


SUNRISE AND SUNSET
SEPTEMBER 25 2016.....SUNRISE   651 AM EDT   SUNSET   650 PM EDT
SEPTEMBER 26 2016.....SUNRISE   652 AM EDT   SUNSET   648 PM EDT


-  INDICATES NEGATIVE NUMBERS.
R  INDICATES RECORD WAS SET OR TIED.
MM INDICATES DATA IS MISSING.
T  INDICATES TRACE AMOUNT.




$$
