000
CDUS41 KBTV 240534
CLIMSS


CLIMATE REPORT
NATIONAL WEATHER SERVICE BURLINGTON VT
1232 AM EST WED JAN 24 2018


...................................

...THE MASSENA NY CLIMATE SUMMARY FOR JANUARY 23 2018...

CLIMATE NORMAL PERIOD 1981 TO 2010
CLIMATE RECORD PERIOD 1948 TO 2018


WEATHER ITEM   OBSERVED TIME   RECORD YEAR NORMAL DEPARTURE LAST
                VALUE   (LST)  VALUE       VALUE  FROM      YEAR
                                                  NORMAL
..................................................................
TEMPERATURE (F)
 YESTERDAY
  MAXIMUM         41    606 PM  54    1999  24     17       33
  MINIMUM         25    106 AM -26    2000   4     21       28
  AVERAGE         33                        14     19       31

PRECIPITATION (IN)
  YESTERDAY        0.25          0.82        0.07   0.18     0.00
  MONTH TO DATE    1.60                      1.68  -0.08     1.43
  SINCE DEC 1      2.57                      4.11  -1.54     3.76
  SINCE JAN 1      1.60                      1.68  -0.08     1.43

DEGREE DAYS
 HEATING
  YESTERDAY       32                        51    -19       34
  MONTH TO DATE 1153                      1160     -7      897
  SINCE DEC 1   2320                      2490   -170     2120
  SINCE JUL 1   3719                      4259   -540     3526

 COOLING
  YESTERDAY        0                         0      0        0
  MONTH TO DATE    0                         0      0        0
  SINCE DEC 1      0                         0      0        0
  SINCE JAN 1      0                         0      0        0
..................................................................


WIND (MPH)
  HIGHEST WIND SPEED    23   HIGHEST WIND DIRECTION    SW (210)
  HIGHEST GUST SPEED    32   HIGHEST GUST DIRECTION    SW (220)
  AVERAGE WIND SPEED    10.9


SKY COVER
  AVERAGE SKY COVER 0.9


WEATHER CONDITIONS
 THE FOLLOWING WEATHER WAS RECORDED YESTERDAY.
  THUNDERSTORM
  RAIN
  LIGHT RAIN
  FREEZING RAIN
  LT FREEZING RAIN
  FOG


RELATIVE HUMIDITY (PERCENT)
 HIGHEST   100           100 AM
 LOWEST     92           600 AM
 AVERAGE    96

..........................................................


THE MASSENA NY CLIMATE NORMALS FOR TODAY
                         NORMAL    RECORD    YEAR
 MAXIMUM TEMPERATURE (F)   24        52      1999
 MINIMUM TEMPERATURE (F)    4       -30      1976


SUNRISE AND SUNSET
JANUARY 24 2018.......SUNRISE   727 AM EST   SUNSET   456 PM EST
JANUARY 25 2018.......SUNRISE   726 AM EST   SUNSET   458 PM EST


-  INDICATES NEGATIVE NUMBERS.
R  INDICATES RECORD WAS SET OR TIED.
MM INDICATES DATA IS MISSING.
T  INDICATES TRACE AMOUNT.




$$
