000
CDUS41 KBTV 240650
CLIMSS


CLIMATE REPORT
NATIONAL WEATHER SERVICE BURLINGTON VT
148 AM EST MON NOV 24 2014


...................................

...THE MASSENA NY CLIMATE SUMMARY FOR NOVEMBER 23 2014...

CLIMATE NORMAL PERIOD 1981 TO 2010
CLIMATE RECORD PERIOD 1948 TO 2014


WEATHER ITEM   OBSERVED TIME   RECORD YEAR NORMAL DEPARTURE LAST
                VALUE   (LST)  VALUE       VALUE  FROM      YEAR
                                                  NORMAL
..................................................................
TEMPERATURE (F)
 YESTERDAY
  MAXIMUM         51    250 PM  65    1963  40     11       33
  MINIMUM         40    616 AM   0    2000  25     15       19
  AVERAGE         46                        32     14       26

PRECIPITATION (IN)
  YESTERDAY        0.16          0.83        0.10   0.06     0.01
  MONTH TO DATE    0.93                      2.38  -1.45     1.74
  SINCE SEP 1      4.18                      9.34  -5.16     9.84
  SINCE JAN 1     29.64                     31.88  -2.24    32.96

DEGREE DAYS
 HEATING
  YESTERDAY       19                        33    -14       39
  MONTH TO DATE  659                       649     10      647
  SINCE SEP 1   1288                      1455   -167     1372
  SINCE JUL 1   1348                      1530   -182     1428

 COOLING
  YESTERDAY        0                         0      0        0
  MONTH TO DATE    0                         0      0        0
  SINCE SEP 1     48                        27     21       31
  SINCE JAN 1    336                       363    -27      418
..................................................................


WIND (MPH)
  HIGHEST WIND SPEED    14   HIGHEST WIND DIRECTION    SW (220)
  HIGHEST GUST SPEED    18   HIGHEST GUST DIRECTION    SW (230)
  AVERAGE WIND SPEED     6.3


SKY COVER
  AVERAGE SKY COVER 0.9


WEATHER CONDITIONS
 THE FOLLOWING WEATHER WAS RECORDED YESTERDAY.
  RAIN
  LIGHT RAIN
  FOG
  FOG W/VISIBILITY <= 1/4 MILE


RELATIVE HUMIDITY (PERCENT)
 HIGHEST   100           100 AM
 LOWEST     74           300 PM
 AVERAGE    87

..........................................................


THE MASSENA NY CLIMATE NORMALS FOR TODAY
                         NORMAL    RECORD    YEAR
 MAXIMUM TEMPERATURE (F)   40        69      2003
 MINIMUM TEMPERATURE (F)   24        -8      2000


SUNRISE AND SUNSET
NOVEMBER 24 2014......SUNRISE   709 AM EST   SUNSET   423 PM EST
NOVEMBER 25 2014......SUNRISE   710 AM EST   SUNSET   423 PM EST


-  INDICATES NEGATIVE NUMBERS.
R  INDICATES RECORD WAS SET OR TIED.
MM INDICATES DATA IS MISSING.
T  INDICATES TRACE AMOUNT.




$$
