408
CDUS41 KBTV 110523
CLIMSS


CLIMATE REPORT
NATIONAL WEATHER SERVICE BURLINGTON VT
1221 AM EST THU FEB 11 2016


...................................

...THE MASSENA NY CLIMATE SUMMARY FOR FEBRUARY 10 2016...

CLIMATE NORMAL PERIOD 1981 TO 2010
CLIMATE RECORD PERIOD 1948 TO 2016


WEATHER ITEM   OBSERVED TIME   RECORD YEAR NORMAL DEPARTURE LAST
                VALUE   (LST)  VALUE       VALUE  FROM      YEAR
                                                  NORMAL
..................................................................
TEMPERATURE (F)
 YESTERDAY
  MAXIMUM         25    110 PM  50    1966  27     -2       21
  MINIMUM         16    955 PM -27    1951   6     10       -6
  AVERAGE         21                        16      5        8

PRECIPITATION (IN)
  YESTERDAY        0.02          0.73        0.06  -0.04      T
  MONTH TO DATE    0.61                      0.58   0.03     0.12
  SINCE DEC 1      3.79                      5.19  -1.40     2.38
  SINCE JAN 1      1.14                      2.76  -1.62     1.40

DEGREE DAYS
 HEATING
  YESTERDAY       44                        49     -5       57
  MONTH TO DATE  354                       494   -140      600
  SINCE DEC 1   2639                      3388   -749     3459
  SINCE JUL 1   4113                      5157  -1044     5020

 COOLING
  YESTERDAY        0                         0      0        0
  MONTH TO DATE    0                         0      0        0
  SINCE DEC 1      0                         0      0        0
  SINCE JAN 1      0                         0      0        0
..................................................................


WIND (MPH)
  HIGHEST WIND SPEED    12   HIGHEST WIND DIRECTION     W (270)
  HIGHEST GUST SPEED    14   HIGHEST GUST DIRECTION     W (270)
  AVERAGE WIND SPEED     5.8


SKY COVER
  AVERAGE SKY COVER 0.9


WEATHER CONDITIONS
 THE FOLLOWING WEATHER WAS RECORDED YESTERDAY.
  SNOW
  LIGHT SNOW
  FOG
  HAZE


RELATIVE HUMIDITY (PERCENT)
 HIGHEST    84           100 AM
 LOWEST     73           900 PM
 AVERAGE    79

..........................................................


THE MASSENA NY CLIMATE NORMALS FOR TODAY
                         NORMAL    RECORD    YEAR
 MAXIMUM TEMPERATURE (F)   27        56      1981
 MINIMUM TEMPERATURE (F)    6       -25      1979


SUNRISE AND SUNSET
FEBRUARY 11 2016......SUNRISE   707 AM EST   SUNSET   521 PM EST
FEBRUARY 12 2016......SUNRISE   705 AM EST   SUNSET   522 PM EST


-  INDICATES NEGATIVE NUMBERS.
R  INDICATES RECORD WAS SET OR TIED.
MM INDICATES DATA IS MISSING.
T  INDICATES TRACE AMOUNT.




$$
