000
CDUS41 KBTV 010556
CLIMSS


CLIMATE REPORT
NATIONAL WEATHER SERVICE BURLINGTON VT
1252 AM EST SUN FEB 1 2015


...................................

...THE MASSENA NY CLIMATE SUMMARY FOR JANUARY 31 2015...

CLIMATE NORMAL PERIOD 1981 TO 2010
CLIMATE RECORD PERIOD 1948 TO 2015


WEATHER ITEM   OBSERVED TIME   RECORD YEAR NORMAL DEPARTURE LAST
                VALUE   (LST)  VALUE       VALUE  FROM      YEAR
                                                  NORMAL
..................................................................
TEMPERATURE (F)
 YESTERDAY
  MAXIMUM          8   1159 PM  59    1988  25    -17       35
  MINIMUM        -13    753 AM -24    1994   5    -18       23
  AVERAGE         -2                        15    -17       29

PRECIPITATION (IN)
  YESTERDAY        T             0.93        0.06  -0.06      T
  MONTH TO DATE    1.28                      2.18  -0.90     1.46
  SINCE DEC 1      2.26                      4.61  -2.35     3.09
  SINCE JAN 1      1.28                      2.18  -0.90     1.46

DEGREE DAYS
 HEATING
  YESTERDAY       67                        50     17       36
  MONTH TO DATE 1679                      1565    114     1571
  SINCE DEC 1   2859                      2894    -35     3031
  SINCE JUL 1   4420                      4663   -243     4782

 COOLING
  YESTERDAY        0                         0      0        0
  MONTH TO DATE    0                         0      0        0
  SINCE DEC 1      0                         0      0        0
  SINCE JAN 1      0                         0      0        0
..................................................................


WIND (MPH)
  HIGHEST WIND SPEED    15   HIGHEST WIND DIRECTION    SW (220)
  HIGHEST GUST SPEED    20   HIGHEST GUST DIRECTION    SW (240)
  AVERAGE WIND SPEED     8.0


SKY COVER
  AVERAGE SKY COVER 0.2


WEATHER CONDITIONS
 THE FOLLOWING WEATHER WAS RECORDED YESTERDAY.
  LIGHT SNOW
  FOG


RELATIVE HUMIDITY (PERCENT)
 HIGHEST    80          1100 PM
 LOWEST     44           100 PM
 AVERAGE    62

..........................................................


THE MASSENA NY CLIMATE NORMALS FOR TODAY
                         NORMAL    RECORD    YEAR
 MAXIMUM TEMPERATURE (F)   25        54      1988
 MINIMUM TEMPERATURE (F)    5       -22      1962


SUNRISE AND SUNSET
FEBRUARY  1 2015......SUNRISE   719 AM EST   SUNSET   507 PM EST
FEBRUARY  2 2015......SUNRISE   718 AM EST   SUNSET   509 PM EST


-  INDICATES NEGATIVE NUMBERS.
R  INDICATES RECORD WAS SET OR TIED.
MM INDICATES DATA IS MISSING.
T  INDICATES TRACE AMOUNT.




$$
