000
CDUS42 KKEY 250551
CLIMTH

CLIMATE REPORT
NATIONAL WEATHER SERVICE KEY WEST FL
155 AM EDT FRI APR 25 2014

...................................

...THE MARATHON CLIMATE SUMMARY FOR APRIL 24 2014...

CLIMATE NORMAL PERIOD 1981 TO 2010

WEATHER ITEM   OBSERVED TIME   NORMAL DEPARTURE LAST
                VALUE   (LST)  VALUE  FROM      YEAR
                                      NORMAL
......................................................
TEMPERATURE (F)
 YESTERDAY
  MAXIMUM         84    132 PM  84      0       87
  MINIMUM         69    409 AM  73     -4       76
  AVERAGE         77            78     -1       82

PRECIPITATION (IN)
  YESTERDAY        0.00          0.10  -0.10     0.00
  MONTH TO DATE    0.25          1.91  -1.66     3.68
  SINCE MAR 1      1.82          4.30  -2.48     5.07
  SINCE JAN 1      5.51          8.12  -2.61     7.45

SNOWFALL (IN)
  YESTERDAY        0.0
  MONTH TO DATE    0.0
  SINCE MAR 1      0.0
  SINCE JUL 1      0.0
  SNOW DEPTH       0

DEGREE DAYS
 HEATING
  YESTERDAY        0             0      0        0
  MONTH TO DATE    0             0      0        0
  SINCE MAR 1      0             6     -6       23
  SINCE JUL 1     35            81    -46       36

 COOLING
  YESTERDAY       12            13     -1       17
  MONTH TO DATE  330           289     41      408
  SINCE MAR 1    650           572     78      601
  SINCE JAN 1   1156           954    202     1196
......................................................

WIND (MPH)
  HIGHEST WIND SPEED    10   HIGHEST WIND DIRECTION    NE (30)
  HIGHEST GUST SPEED    14   HIGHEST GUST DIRECTION     N (20)
  AVERAGE WIND SPEED     3.5

SKY COVER
  POSSIBLE SUNSHINE  MM
  AVERAGE SKY COVER 0.2

WEATHER CONDITIONS
 THE FOLLOWING WEATHER WAS RECORDED YESTERDAY.
  NO SIGNIFICANT WEATHER WAS OBSERVED.

RELATIVE HUMIDITY (PERCENT)
 HIGHEST    90
 LOWEST     62
 AVERAGE    76
..........................................................

THE MARATHON CLIMATE NORMALS FOR TODAY
                         NORMAL
 MAXIMUM TEMPERATURE (F)   84
 MINIMUM TEMPERATURE (F)   73

SUNRISE AND SUNSET
APRIL 25 2014.........SUNRISE   654 AM EDT   SUNSET   751 PM EDT
APRIL 26 2014.........SUNRISE   653 AM EDT   SUNSET   752 PM EDT

-  INDICATES NEGATIVE NUMBERS.
R  INDICATES RECORD WAS SET OR TIED.
MM INDICATES DATA IS MISSING.
T  INDICATES TRACE AMOUNT.

$$
BS
