000
CDUS42 KKEY 240538
CLIMTH


CLIMATE REPORT
NATIONAL WEATHER SERVICE KEY WEST, FL
1234 AM EST TUE JAN 24 2017


...................................

...THE MARATHON CLIMATE SUMMARY FOR JANUARY 23 2017...

CLIMATE NORMAL PERIOD 1981 TO 2010


WEATHER ITEM   OBSERVED TIME   NORMAL DEPARTURE LAST
                VALUE   (LST)  VALUE  FROM      YEAR
                                      NORMAL
......................................................
TEMPERATURE (F)
 YESTERDAY
  MAXIMUM         81    358 AM  75      6       68
  MINIMUM         72    517 AM  64      8       59
  AVERAGE         77            70      7       64

PRECIPITATION (IN)
  YESTERDAY        0.47          0.05   0.42     0.03
  MONTH TO DATE    0.74          1.14  -0.40     4.30
  SINCE DEC 1      2.64          3.16  -0.52    12.24
  SINCE JAN 1      0.74          1.14  -0.40     4.30

SNOWFALL (IN)
  YESTERDAY        0.0
  MONTH TO DATE    0.0
  SINCE DEC 1      0.0
  SINCE JUL 1      0.0
  SNOW DEPTH       0

DEGREE DAYS
 HEATING
  YESTERDAY        0             1     -1        1
  MONTH TO DATE    3            32    -29       15
  SINCE DEC 1      3            52    -49       15
  SINCE JUL 1      3            53    -50       15

 COOLING
  YESTERDAY       12             6      6        0
  MONTH TO DATE  265           138    127      102
  SINCE DEC 1    723           366    357      498
  SINCE JAN 1    265           138    127      102
......................................................


WIND (MPH)
  HIGHEST WIND SPEED    29   HIGHEST WIND DIRECTION     W (280)
  HIGHEST GUST SPEED    43   HIGHEST GUST DIRECTION     W (270)
  AVERAGE WIND SPEED    18.6


SKY COVER
  POSSIBLE SUNSHINE  MM
  AVERAGE SKY COVER 0.5


WEATHER CONDITIONS
 THE FOLLOWING WEATHER WAS RECORDED YESTERDAY.
  THUNDERSTORM
  HEAVY RAIN
  RAIN
  LIGHT RAIN
  FOG
  HAZE


RELATIVE HUMIDITY (PERCENT)
 HIGHEST    79
 LOWEST     48
 AVERAGE    64

..........................................................


THE MARATHON CLIMATE NORMALS FOR TODAY
                         NORMAL
 MAXIMUM TEMPERATURE (F)   75
 MINIMUM TEMPERATURE (F)   65


SUNRISE AND SUNSET
JANUARY 24 2017.......SUNRISE   709 AM EST   SUNSET   604 PM EST
JANUARY 25 2017.......SUNRISE   709 AM EST   SUNSET   605 PM EST


-  INDICATES NEGATIVE NUMBERS.
R  INDICATES RECORD WAS SET OR TIED.
MM INDICATES DATA IS MISSING.
T  INDICATES TRACE AMOUNT.

$$

FLING
