000
CDUS42 KKEY 270543
CLIMTH

CLIMATE REPORT
NATIONAL WEATHER SERVICE KEY WEST FL
145 AM EDT FRI MAR 27 2015

...................................

...THE MARATHON CLIMATE SUMMARY FOR MARCH 26 2015...

CLIMATE NORMAL PERIOD 1981 TO 2010

WEATHER ITEM   OBSERVED TIME   NORMAL DEPARTURE LAST
                VALUE   (LST)  VALUE  FROM      YEAR
                                      NORMAL
......................................................
TEMPERATURE (F)
 YESTERDAY
  MAXIMUM         87   1257 PM  81      6       73
  MINIMUM         78    558 AM  70      8       61
  AVERAGE         83            75      8       67

PRECIPITATION (IN)
  YESTERDAY        0.00          0.07  -0.07     0.00
  MONTH TO DATE    0.40          1.94  -1.54     1.44
  SINCE MAR 1      0.40          1.94  -1.54     1.44
  SINCE JAN 1      2.63          5.76  -3.13     5.13

SNOWFALL (IN)
  YESTERDAY        0.0
  MONTH TO DATE    0.0
  SINCE MAR 1      0.0
  SINCE JUL 1      0.0
  SNOW DEPTH       0

DEGREE DAYS
 HEATING
  YESTERDAY        0             0      0        0
  MONTH TO DATE    0             0      0        0
  SINCE MAR 1      0             0      0        0
  SINCE JUL 1     50            75    -25       35

 COOLING
  YESTERDAY       18            10      8        2
  MONTH TO DATE  366           230    136      265
  SINCE MAR 1    366           230    136      265
  SINCE JAN 1    753           612    141      771
......................................................

WIND (MPH)
  HIGHEST WIND SPEED    14   HIGHEST WIND DIRECTION     S (160)
  HIGHEST GUST SPEED    20   HIGHEST GUST DIRECTION     S (170)
  AVERAGE WIND SPEED     8.2

SKY COVER
  POSSIBLE SUNSHINE  MM
  AVERAGE SKY COVER 0.3

WEATHER CONDITIONS
 THE FOLLOWING WEATHER WAS RECORDED YESTERDAY.
  NO SIGNIFICANT WEATHER WAS OBSERVED.

RELATIVE HUMIDITY (PERCENT)
 HIGHEST    85
 LOWEST     70
 AVERAGE    78
..........................................................

THE MARATHON CLIMATE NORMALS FOR TODAY
                         NORMAL
 MAXIMUM TEMPERATURE (F)   81
 MINIMUM TEMPERATURE (F)   70

SUNRISE AND SUNSET
MARCH 27 2015.........SUNRISE   721 AM EDT   SUNSET   738 PM EDT
MARCH 28 2015.........SUNRISE   720 AM EDT   SUNSET   739 PM EDT

-  INDICATES NEGATIVE NUMBERS.
R  INDICATES RECORD WAS SET OR TIED.
MM INDICATES DATA IS MISSING.
T  INDICATES TRACE AMOUNT.

$$
BS
