000
CDUS45 KGJT 282328
CLIMTJ


CLIMATE REPORT
NATIONAL WEATHER SERVICE GRAND JUNCTION CO
524 PM MDT MON JUL 28 2014


...................................

...THE MONTROSE CO CLIMATE SUMMARY FOR JULY 28 2014...
VALID TODAY AS OF 0500 PM LOCAL TIME.

CLIMATE NORMAL PERIOD 1981 TO 2010
CLIMATE RECORD PERIOD 9999 TO 9999


WEATHER ITEM   OBSERVED TIME   RECORD YEAR NORMAL DEPARTURE LAST
                VALUE   (LST)  VALUE       VALUE  FROM      YEAR
                                                  NORMAL
..................................................................
TEMPERATURE (F)
 TODAY
  MAXIMUM         87   1253 PM  MM      MM  89     -2       75
  MINIMUM         66    512 AM  MM      MM  58      8       61
  AVERAGE         77                        74      3       68

PRECIPITATION (IN)
  TODAY            0.00         MM      MM   0.04  -0.04     0.08
  MONTH TO DATE    0.21                      0.86  -0.65     1.41
  SINCE JUN 1      0.22                      1.63  -1.41     1.41
  SINCE JAN 1      3.49                      5.93  -2.44     4.06

SNOWFALL (IN)
  TODAY           MM            MM      MM  MM     MM       MM
  MONTH TO DATE   MM                        MM     MM       MM
  SINCE JUN 1     MM                        MM     MM       MM
  SINCE JUL 1     MM                        MM     MM       MM
  SNOW DEPTH      MM

DEGREE DAYS
 HEATING
  TODAY            0                         0      0        0
  MONTH TO DATE    0                         0      0        0
  SINCE JUN 1     18                        39    -21        9
  SINCE JUL 1      0                         0      0        0

 COOLING
  TODAY           12                         9      3        3
  MONTH TO DATE  329                       244     85      331
  SINCE JUN 1    469                       379     90      570
  SINCE JAN 1    510                       396    114      595
..................................................................


WIND (MPH)
  HIGHEST WIND SPEED    18   HIGHEST WIND DIRECTION    SW (240)
  HIGHEST GUST SPEED    22   HIGHEST GUST DIRECTION    SW (240)
  AVERAGE WIND SPEED     5.6


SKY COVER
  POSSIBLE SUNSHINE  MM
  AVERAGE SKY COVER 0.3


WEATHER CONDITIONS
 THE FOLLOWING WEATHER WAS RECORDED TODAY.
  NO SIGNIFICANT WEATHER WAS OBSERVED.


RELATIVE HUMIDITY (PERCENT)
 HIGHEST    58           400 AM
 LOWEST     27           300 PM
 AVERAGE    43

..........................................................


THE MONTROSE CO CLIMATE NORMALS FOR TOMORROW
                         NORMAL    RECORD    YEAR
 MAXIMUM TEMPERATURE (F)   89        MM        MM
 MINIMUM TEMPERATURE (F)   58        MM        MM


SUNRISE AND SUNSET
JULY 28 2014..........SUNRISE   610 AM MDT   SUNSET   825 PM MDT
JULY 29 2014..........SUNRISE   611 AM MDT   SUNSET   825 PM MDT


-  INDICATES NEGATIVE NUMBERS.
R  INDICATES RECORD WAS SET OR TIED.
MM INDICATES DATA IS MISSING.
T  INDICATES TRACE AMOUNT.




$$
