000
CDUS43 KILX 280647
CLIMTO


CLIMATE REPORT
NATIONAL WEATHER SERVICE LINCOLN IL
146 AM CDT SUN AUG 28 2016


...................................

...THE MATTOON IL AIRPORT CLIMATE SUMMARY FOR AUGUST 27 2016...

CLIMATE NORMAL PERIOD 1981 TO 2010
CLIMATE RECORD PERIOD 9999 TO 9999


WEATHER ITEM   OBSERVED TIME   RECORD YEAR NORMAL DEPARTURE LAST
                VALUE   (LST)  VALUE       VALUE  FROM      YEAR
                                                  NORMAL
..................................................................
TEMPERATURE (F)
 YESTERDAY
  MAXIMUM         85    337 PM  MM      MM  84      1       80
  MINIMUM         69    525 AM  MM      MM  62      7       51
  AVERAGE         77                        73      4       66

PRECIPITATION (IN)
  YESTERDAY        0.12         MM      MM   0.11   0.01     0.00
  MONTH TO DATE    4.51                      2.66   1.85     1.28
  SINCE JUN 1     11.73                     11.15   0.58    13.60
  SINCE JAN 1     23.47                     25.50  -2.03    24.15

DEGREE DAYS
 HEATING
  YESTERDAY        0                         0      0        0
  MONTH TO DATE    0                         0      0        0
  SINCE JUN 1      5                        18    -13        8
  SINCE JUL 1      5                         1      4        0

 COOLING
  YESTERDAY       12                         8      4        1
  MONTH TO DATE  291                       250     41      207
  SINCE JUN 1    937                       803    134      740
  SINCE JAN 1   1012                       891    121      867
..................................................................


WIND (MPH)
  HIGHEST WIND SPEED    23   HIGHEST WIND DIRECTION     S (180)
  HIGHEST GUST SPEED    34   HIGHEST GUST DIRECTION    SE (150)
  AVERAGE WIND SPEED     5.3


SKY COVER
  POSSIBLE SUNSHINE  MM
  AVERAGE SKY COVER 0.3


WEATHER CONDITIONS
 THE FOLLOWING WEATHER WAS RECORDED YESTERDAY.
  THUNDERSTORM
  LIGHT RAIN
  FOG


RELATIVE HUMIDITY (PERCENT)
 HIGHEST   100           400 AM
 LOWEST     65           100 PM
 AVERAGE    83

..........................................................


THE MATTOON IL AIRPORT CLIMATE NORMALS FOR TODAY
                         NORMAL    RECORD    YEAR
 MAXIMUM TEMPERATURE (F)   84        MM        MM
 MINIMUM TEMPERATURE (F)   61        MM        MM


SUNRISE AND SUNSET
AUGUST 28 2016........SUNRISE   618 AM CDT   SUNSET   729 PM CDT
AUGUST 29 2016........SUNRISE   619 AM CDT   SUNSET   728 PM CDT


-  INDICATES NEGATIVE NUMBERS.
R  INDICATES RECORD WAS SET OR TIED.
MM INDICATES DATA IS MISSING.
T  INDICATES TRACE AMOUNT.




$$
