000
CDUS43 KILX 290636
CLIMTO


CLIMATE REPORT
NATIONAL WEATHER SERVICE LINCOLN IL
135 AM CDT WED JUL 29 2015


...................................

...THE MATTOON IL AIRPORT CLIMATE SUMMARY FOR JULY 28 2015...

CLIMATE NORMAL PERIOD 1981 TO 2010
CLIMATE RECORD PERIOD 9999 TO 9999


WEATHER ITEM   OBSERVED TIME   RECORD YEAR NORMAL DEPARTURE LAST
                VALUE   (LST)  VALUE       VALUE  FROM      YEAR
                                                  NORMAL
..................................................................
TEMPERATURE (F)
 YESTERDAY
  MAXIMUM         93    228 PM  MM      MM  86      7       74
  MINIMUM         71    452 AM  MM      MM  65      6       55
  AVERAGE         82                        75      7       65

PRECIPITATION (IN)
  YESTERDAY        0.02         MM      MM   0.11  -0.09     0.00
  MONTH TO DATE    3.02                      3.94  -0.92     3.10
  SINCE JUN 1     12.32                      8.18   4.14     8.54
  SINCE JAN 1     22.87                     22.53   0.34    18.71

DEGREE DAYS
 HEATING
  YESTERDAY        0                         0      0        0
  MONTH TO DATE    0                         0      0        4
  SINCE JUN 1      8                        17     -9        7
  SINCE JUL 1      0                         0      0        4

 COOLING
  YESTERDAY       17                        10      7        0
  MONTH TO DATE  260                       302    -42      154
  SINCE JUN 1    498                       525    -27      418
  SINCE JAN 1    625                       613     12      548
..................................................................


WIND (MPH)
  HIGHEST WIND SPEED    32   HIGHEST WIND DIRECTION     N (350)
  HIGHEST GUST SPEED    40   HIGHEST GUST DIRECTION     N (340)
  AVERAGE WIND SPEED     3.1


SKY COVER
  POSSIBLE SUNSHINE  MM
  AVERAGE SKY COVER 0.1


WEATHER CONDITIONS
 THE FOLLOWING WEATHER WAS RECORDED YESTERDAY.
  FOG


RELATIVE HUMIDITY (PERCENT)
 HIGHEST    94           700 PM
 LOWEST     52           300 PM
 AVERAGE    73

..........................................................


THE MATTOON IL AIRPORT CLIMATE NORMALS FOR TODAY
                         NORMAL    RECORD    YEAR
 MAXIMUM TEMPERATURE (F)   86        MM        MM
 MINIMUM TEMPERATURE (F)   65        MM        MM


SUNRISE AND SUNSET
JULY 29 2015..........SUNRISE   550 AM CDT   SUNSET   809 PM CDT
JULY 30 2015..........SUNRISE   551 AM CDT   SUNSET   808 PM CDT


-  INDICATES NEGATIVE NUMBERS.
R  INDICATES RECORD WAS SET OR TIED.
MM INDICATES DATA IS MISSING.
T  INDICATES TRACE AMOUNT.




$$
