095
CDUS43 KILX 252128
CLIMTO


CLIMATE REPORT
NATIONAL WEATHER SERVICE LINCOLN IL
427 PM CDT SAT MAR 25 2017


...................................

...THE MATTOON IL AIRPORT CLIMATE SUMMARY FOR MARCH 25 2017...
VALID TODAY AS OF 0400 PM LOCAL TIME.

CLIMATE NORMAL PERIOD 1981 TO 2010
CLIMATE RECORD PERIOD 9999 TO 9999


WEATHER ITEM   OBSERVED TIME   RECORD YEAR NORMAL DEPARTURE LAST
                VALUE   (LST)  VALUE       VALUE  FROM      YEAR
                                                  NORMAL
..................................................................
TEMPERATURE (F)
 TODAY
  MAXIMUM         69    100 PM  MM      MM  56     13       47
  MINIMUM         62    857 AM  MM      MM  36     26       31
  AVERAGE         66                        46     20       39

PRECIPITATION (IN)
  TODAY            T            MM      MM   0.10  -0.10     0.00
  MONTH TO DATE    0.87                      1.92  -1.05     2.34
  SINCE MAR 1      0.87                      1.92  -1.05     2.34
  SINCE JAN 1      2.70                      5.90  -3.20     3.07

DEGREE DAYS
 HEATING
  TODAY            0                        19    -19       26
  MONTH TO DATE  568                       590    -22      424
  SINCE MAR 1    568                       590    -22      424
  SINCE JUL 1   3949                      4794   -845     3946

 COOLING
  TODAY            1                         0      1        0
  MONTH TO DATE    1                         0      1        0
  SINCE MAR 1      1                         0      1        0
  SINCE JAN 1      1                         0      1        0
..................................................................


WIND (MPH)
  HIGHEST WIND SPEED    23   HIGHEST WIND DIRECTION     S (180)
  HIGHEST GUST SPEED    33   HIGHEST GUST DIRECTION    SE (140)
  AVERAGE WIND SPEED    15.1


SKY COVER
  POSSIBLE SUNSHINE  MM
  AVERAGE SKY COVER 0.4


WEATHER CONDITIONS
 THE FOLLOWING WEATHER WAS RECORDED TODAY.
  LIGHT RAIN


RELATIVE HUMIDITY (PERCENT)
 HIGHEST    78           500 AM
 LOWEST     59           100 PM
 AVERAGE    69

..........................................................


THE MATTOON IL AIRPORT CLIMATE NORMALS FOR TOMORROW
                         NORMAL    RECORD    YEAR
 MAXIMUM TEMPERATURE (F)   56        MM        MM
 MINIMUM TEMPERATURE (F)   36        MM        MM


SUNRISE AND SUNSET
MARCH 25 2017.........SUNRISE   648 AM CDT   SUNSET   710 PM CDT
MARCH 26 2017.........SUNRISE   647 AM CDT   SUNSET   711 PM CDT


-  INDICATES NEGATIVE NUMBERS.
R  INDICATES RECORD WAS SET OR TIED.
MM INDICATES DATA IS MISSING.
T  INDICATES TRACE AMOUNT.




$$
