000
CDUS43 KILX 282137
CLIMTO


CLIMATE REPORT
NATIONAL WEATHER SERVICE LINCOLN IL
437 PM CDT WED SEP 28 2016


...................................

...THE MATTOON IL AIRPORT CLIMATE SUMMARY FOR SEPTEMBER 28 2016...
VALID TODAY AS OF 0400 PM LOCAL TIME.

CLIMATE NORMAL PERIOD 1981 TO 2010
CLIMATE RECORD PERIOD 9999 TO 9999


WEATHER ITEM   OBSERVED TIME   RECORD YEAR NORMAL DEPARTURE LAST
                VALUE   (LST)  VALUE       VALUE  FROM      YEAR
                                                  NORMAL
..................................................................
TEMPERATURE (F)
 TODAY
  MAXIMUM         64   1204 PM  MM      MM  73     -9       81
  MINIMUM         56    809 AM  MM      MM  50      6       60
  AVERAGE         60                        62     -2       71

PRECIPITATION (IN)
  TODAY            T            MM      MM   0.11  -0.11     0.01
  MONTH TO DATE    1.72                      2.80  -1.08     2.75
  SINCE SEP 1      1.72                      2.80  -1.08     2.75
  SINCE JAN 1     25.19                     28.70  -3.51    26.90

DEGREE DAYS
 HEATING
  TODAY            5                         5      0        0
  MONTH TO DATE    5                        54    -49       22
  SINCE SEP 1      5                        54    -49       22
  SINCE JUL 1     10                        59    -49       22

 COOLING
  TODAY            0                         2     -2        6
  MONTH TO DATE  193                       114     79      184
  SINCE SEP 1    193                       114     79      184
  SINCE JAN 1   1256                      1034    222     1088
..................................................................


WIND (MPH)
  HIGHEST WIND SPEED    25   HIGHEST WIND DIRECTION    NW (330)
  HIGHEST GUST SPEED    30   HIGHEST GUST DIRECTION    NW (330)
  AVERAGE WIND SPEED    13.0


SKY COVER
  POSSIBLE SUNSHINE  MM
  AVERAGE SKY COVER 0.6


WEATHER CONDITIONS
 THE FOLLOWING WEATHER WAS RECORDED TODAY.
  LIGHT RAIN


RELATIVE HUMIDITY (PERCENT)
 HIGHEST    75           600 AM
 LOWEST     52          1200 PM
 AVERAGE    64

..........................................................


THE MATTOON IL AIRPORT CLIMATE NORMALS FOR TOMORROW
                         NORMAL    RECORD    YEAR
 MAXIMUM TEMPERATURE (F)   73        MM        MM
 MINIMUM TEMPERATURE (F)   50        MM        MM


SUNRISE AND SUNSET
SEPTEMBER 28 2016.....SUNRISE   647 AM CDT   SUNSET   640 PM CDT
SEPTEMBER 29 2016.....SUNRISE   648 AM CDT   SUNSET   638 PM CDT


-  INDICATES NEGATIVE NUMBERS.
R  INDICATES RECORD WAS SET OR TIED.
MM INDICATES DATA IS MISSING.
T  INDICATES TRACE AMOUNT.




$$
