000
CDUS43 KILX 272229
CLIMTO


CLIMATE REPORT
NATIONAL WEATHER SERVICE LINCOLN IL
429 PM CST SAT DEC 27 2014


...................................

...THE MATTOON IL AIRPORT CLIMATE SUMMARY FOR DECEMBER 27 2014...
VALID TODAY AS OF 0400 PM LOCAL TIME.

CLIMATE NORMAL PERIOD 1981 TO 2010
CLIMATE RECORD PERIOD 9999 TO 9999


WEATHER ITEM   OBSERVED TIME   RECORD YEAR NORMAL DEPARTURE LAST
                VALUE   (LST)  VALUE       VALUE  FROM      YEAR
                                                  NORMAL
..................................................................
TEMPERATURE (F)
 TODAY
  MAXIMUM         48    104 PM  MM      MM  36     12       47
  MINIMUM         40    359 PM  MM      MM  21     19       29
  AVERAGE         44                        28     16       38

PRECIPITATION (IN)
  TODAY            T            MM      MM   0.10  -0.10     0.00
  MONTH TO DATE    0.97                      2.36  -1.39     1.59
  SINCE DEC 1      0.97                      2.36  -1.39     1.59
  SINCE JAN 1     31.60                     37.64  -6.04    42.35

DEGREE DAYS
 HEATING
  TODAY           21                        37    -16       27
  MONTH TO DATE  792                       898   -106      974
  SINCE DEC 1    792                       898   -106      974
  SINCE JUL 1   2088                      1957    131     2091

 COOLING
  TODAY            0                         0      0        0
  MONTH TO DATE    0                         0      0        0
  SINCE DEC 1      0                         0      0        0
  SINCE JAN 1    932                      1057   -125     1007
..................................................................


WIND (MPH)
  HIGHEST WIND SPEED    22   HIGHEST WIND DIRECTION    NW (300)
  HIGHEST GUST SPEED    27   HIGHEST GUST DIRECTION    NW (300)
  AVERAGE WIND SPEED    11.7


SKY COVER
  POSSIBLE SUNSHINE  MM
  AVERAGE SKY COVER 1.0


WEATHER CONDITIONS
 THE FOLLOWING WEATHER WAS RECORDED TODAY.
  LIGHT RAIN
  FOG


RELATIVE HUMIDITY (PERCENT)
 HIGHEST   100           400 AM
 LOWEST     82          1200 AM
 AVERAGE    91

..........................................................


THE MATTOON IL AIRPORT CLIMATE NORMALS FOR TOMORROW
                         NORMAL    RECORD    YEAR
 MAXIMUM TEMPERATURE (F)   36        MM        MM
 MINIMUM TEMPERATURE (F)   21        MM        MM


SUNRISE AND SUNSET
DECEMBER 27 2014......SUNRISE   712 AM CST   SUNSET   436 PM CST
DECEMBER 28 2014......SUNRISE   713 AM CST   SUNSET   437 PM CST


-  INDICATES NEGATIVE NUMBERS.
R  INDICATES RECORD WAS SET OR TIED.
MM INDICATES DATA IS MISSING.
T  INDICATES TRACE AMOUNT.




$$
