000
CDUS43 KILX 200642
CLIMTO


CLIMATE REPORT
NATIONAL WEATHER SERVICE LINCOLN IL
136 AM CDT SUN APR 20 2014


...................................

...THE MATTOON IL AIRPORT CLIMATE SUMMARY FOR APRIL 19 2014...

CLIMATE NORMAL PERIOD 1981 TO 2010
CLIMATE RECORD PERIOD 9999 TO 9999


WEATHER ITEM   OBSERVED TIME   RECORD YEAR NORMAL DEPARTURE LAST
                VALUE   (LST)  VALUE       VALUE  FROM      YEAR
                                                  NORMAL
..................................................................
TEMPERATURE (F)
 YESTERDAY
  MAXIMUM         72    320 PM  MM      MM  65      7       43
  MINIMUM         38    510 AM  MM      MM  45     -7       34
  AVERAGE         55                        55      0       39

PRECIPITATION (IN)
  YESTERDAY        0.00         MM      MM   0.11  -0.11      T
  MONTH TO DATE    2.33                      1.91   0.42     5.80
  SINCE MAR 1      3.33                      4.48  -1.15     6.74
  SINCE JAN 1      5.26                      8.46  -3.20    13.19

DEGREE DAYS
 HEATING
  YESTERDAY       10                        11     -1       26
  MONTH TO DATE  262                       265     -3      253
  SINCE MAR 1   1151                       964    187     1149
  SINCE JUL 1   5998                      5168    830     5112

 COOLING
  YESTERDAY        0                         0      0        0
  MONTH TO DATE    1                         0      1        2
  SINCE MAR 1      1                         1      0        2
  SINCE JAN 1      1                         1      0        2
..................................................................


WIND (MPH)
  HIGHEST WIND SPEED    13   HIGHEST WIND DIRECTION    SE (120)
  HIGHEST GUST SPEED    25   HIGHEST GUST DIRECTION    SE (140)
  AVERAGE WIND SPEED     6.3


SKY COVER
  POSSIBLE SUNSHINE  MM
  AVERAGE SKY COVER 0.0


WEATHER CONDITIONS
 THE FOLLOWING WEATHER WAS RECORDED YESTERDAY.
  NO SIGNIFICANT WEATHER WAS OBSERVED.


RELATIVE HUMIDITY (PERCENT)
 HIGHEST    82           400 AM
 LOWEST     22          1200 PM
 AVERAGE    52

..........................................................


THE MATTOON IL AIRPORT CLIMATE NORMALS FOR TODAY
                         NORMAL    RECORD    YEAR
 MAXIMUM TEMPERATURE (F)   65        MM        MM
 MINIMUM TEMPERATURE (F)   45        MM        MM


SUNRISE AND SUNSET
APRIL 20 2014.........SUNRISE   609 AM CDT   SUNSET   736 PM CDT
APRIL 21 2014.........SUNRISE   607 AM CDT   SUNSET   737 PM CDT


-  INDICATES NEGATIVE NUMBERS.
R  INDICATES RECORD WAS SET OR TIED.
MM INDICATES DATA IS MISSING.
T  INDICATES TRACE AMOUNT.




$$
