000
CDUS43 KILX 082236
CLIMTO


CLIMATE REPORT
NATIONAL WEATHER SERVICE LINCOLN IL
436 PM CST MON FEB 8 2016


...................................

...THE MATTOON IL AIRPORT CLIMATE SUMMARY FOR FEBRUARY 8 2016...
VALID TODAY AS OF 0400 PM LOCAL TIME.

CLIMATE NORMAL PERIOD 1981 TO 2010
CLIMATE RECORD PERIOD 9999 TO 9999


WEATHER ITEM   OBSERVED TIME   RECORD YEAR NORMAL DEPARTURE LAST
                VALUE   (LST)  VALUE       VALUE  FROM      YEAR
                                                  NORMAL
..................................................................
TEMPERATURE (F)
 TODAY
  MAXIMUM         34    357 AM  MM      MM  37     -3       57
  MINIMUM         21    359 PM  MM      MM  22     -1       33
  AVERAGE         28                        30     -2       45

PRECIPITATION (IN)
  TODAY            0.01         MM      MM   0.07  -0.06     0.00
  MONTH TO DATE    0.22                      0.54  -0.32     0.16
  SINCE DEC 1      6.90                      5.52   1.38     1.77
  SINCE JAN 1      0.62                      2.75  -2.13     0.69

DEGREE DAYS
 HEATING
  TODAY           37                        35      2       20
  MONTH TO DATE  225                       290    -65      294
  SINCE DEC 1   2065                      2507   -442     2423
  SINCE JUL 1   2857                      3566   -709     3719

 COOLING
  TODAY            0                         0      0        0
  MONTH TO DATE    0                         0      0        0
  SINCE DEC 1      0                         0      0        0
  SINCE JAN 1      0                         0      0        0
..................................................................


WIND (MPH)
  HIGHEST WIND SPEED    29   HIGHEST WIND DIRECTION    NW (310)
  HIGHEST GUST SPEED    35   HIGHEST GUST DIRECTION    NW (310)
  AVERAGE WIND SPEED    15.0


SKY COVER
  POSSIBLE SUNSHINE  MM
  AVERAGE SKY COVER 0.8


WEATHER CONDITIONS
 THE FOLLOWING WEATHER WAS RECORDED TODAY.
  HEAVY SNOW
  SNOW
  LIGHT SNOW
  FOG
  HAZE


RELATIVE HUMIDITY (PERCENT)
 HIGHEST    89           100 AM
 LOWEST     74           100 PM
 AVERAGE    82

..........................................................


THE MATTOON IL AIRPORT CLIMATE NORMALS FOR TOMORROW
                         NORMAL    RECORD    YEAR
 MAXIMUM TEMPERATURE (F)   38        MM        MM
 MINIMUM TEMPERATURE (F)   22        MM        MM


SUNRISE AND SUNSET
FEBRUARY  8 2016......SUNRISE   654 AM CST   SUNSET   521 PM CST
FEBRUARY  9 2016......SUNRISE   653 AM CST   SUNSET   522 PM CST


-  INDICATES NEGATIVE NUMBERS.
R  INDICATES RECORD WAS SET OR TIED.
MM INDICATES DATA IS MISSING.
T  INDICATES TRACE AMOUNT.




$$
