000
CDUS41 KBTV 210540
CLIMVL


CLIMATE REPORT
NATIONAL WEATHER SERVICE BURLINGTON VT
1238 AM EST SUN DEC 21 2014


...................................

...THE MORRISVILLE VT CLIMATE SUMMARY FOR DECEMBER 20 2014...

CLIMATE NORMAL PERIOD 1981 TO 2010
CLIMATE RECORD PERIOD 9999 TO 9999


WEATHER ITEM   OBSERVED TIME   NORMAL DEPARTURE LAST
                VALUE   (LST)  VALUE  FROM      YEAR
                                      NORMAL
......................................................
TEMPERATURE (F)
 YESTERDAY
  MAXIMUM         27    248 PM  30     -3       34
  MINIMUM          2    742 AM  12    -10       29
  AVERAGE         15            21     -6       32

PRECIPITATION (IN)
  YESTERDAY        0.00          0.08  -0.08     0.25
  MONTH TO DATE    0.63          1.80  -1.17     1.16
  SINCE DEC 1      0.63          1.80  -1.17     1.16
  SINCE JAN 1     34.12         35.16  -1.04    39.93

DEGREE DAYS
 HEATING
  YESTERDAY       50            44      6       33
  MONTH TO DATE  707           807   -100      880
  SINCE DEC 1    707           807   -100      880
  SINCE JUL 1   2050          2635   -585     2663

 COOLING
  YESTERDAY        0             0      0        0
  MONTH TO DATE    0             0      0        0
  SINCE DEC 1      0             0      0        0
  SINCE JAN 1    249           265    -16      401
......................................................


WIND (MPH)
  HIGHEST WIND SPEED     5   HIGHEST WIND DIRECTION    NW (330)
  HIGHEST GUST SPEED     5   HIGHEST GUST DIRECTION     N (340)
  AVERAGE WIND SPEED     0.1


SKY COVER
  AVERAGE SKY COVER 0.0


WEATHER CONDITIONS
 THE FOLLOWING WEATHER WAS RECORDED YESTERDAY.
  FOG
  HAZE


RELATIVE HUMIDITY (PERCENT)
 HIGHEST    88          1200 AM
 LOWEST     63           200 PM
 AVERAGE    76

..........................................................


THE MORRISVILLE VT CLIMATE NORMALS FOR TODAY
                         NORMAL    RECORD    YEAR
 MAXIMUM TEMPERATURE (F)   30        MM        MM
 MINIMUM TEMPERATURE (F)   11        MM        MM


SUNRISE AND SUNSET
DECEMBER 21 2014......SUNRISE   724 AM EST   SUNSET   413 PM EST
DECEMBER 22 2014......SUNRISE   724 AM EST   SUNSET   414 PM EST


-  INDICATES NEGATIVE NUMBERS.
R  INDICATES RECORD WAS SET OR TIED.
MM INDICATES DATA IS MISSING.
T  INDICATES TRACE AMOUNT.




$$
