000
CDUS41 KBTV 040635
CLIMVL


CLIMATE REPORT
NATIONAL WEATHER SERVICE BURLINGTON VT
234 AM EDT FRI SEP 4 2015


...................................

...THE MORRISVILLE VT CLIMATE SUMMARY FOR SEPTEMBER 3 2015...

CLIMATE NORMAL PERIOD 1981 TO 2010
CLIMATE RECORD PERIOD 9999 TO 9999


WEATHER ITEM   OBSERVED TIME   NORMAL DEPARTURE LAST
                VALUE   (LST)  VALUE  FROM      YEAR
                                      NORMAL
......................................................
TEMPERATURE (F)
 YESTERDAY
  MAXIMUM         85    235 PM  74     11       78
  MINIMUM         54   1159 PM  50      4       52
  AVERAGE         70            62      8       65

PRECIPITATION (IN)
  YESTERDAY        0.00          0.10  -0.10      T
  MONTH TO DATE    0.00          0.28  -0.28     1.38
  SINCE SEP 1      0.00          0.28  -0.28     1.38
  SINCE JAN 1     15.93         24.04  -8.11    27.79

DEGREE DAYS
 HEATING
  YESTERDAY        0             4     -4        0
  MONTH TO DATE    0            12    -12        0
  SINCE SEP 1      0            12    -12        0
  SINCE JUL 1     30           107    -77       71

 COOLING
  YESTERDAY        5             1      4        0
  MONTH TO DATE   16             3     13       16
  SINCE SEP 1     16             3     13       16
  SINCE JAN 1    429           250    179      230
......................................................


WIND (MPH)
  HIGHEST WIND SPEED    13   HIGHEST WIND DIRECTION     N (340)
  HIGHEST GUST SPEED    17   HIGHEST GUST DIRECTION     N (10)
  AVERAGE WIND SPEED     2.9


SKY COVER
  AVERAGE SKY COVER 0.5


WEATHER CONDITIONS
 THE FOLLOWING WEATHER WAS RECORDED YESTERDAY.
  FOG
  FOG W/VISIBILITY <= 1/4 MILE
  HAZE


RELATIVE HUMIDITY (PERCENT)
 HIGHEST    93          1200 AM
 LOWEST     51           300 PM
 AVERAGE    72

..........................................................


THE MORRISVILLE VT CLIMATE NORMALS FOR TODAY
                         NORMAL    RECORD    YEAR
 MAXIMUM TEMPERATURE (F)   74        93      1999
 MINIMUM TEMPERATURE (F)   50        35      1987


SUNRISE AND SUNSET
SEPTEMBER  4 2015.....SUNRISE   616 AM EDT   SUNSET   722 PM EDT
SEPTEMBER  5 2015.....SUNRISE   617 AM EDT   SUNSET   720 PM EDT


-  INDICATES NEGATIVE NUMBERS.
R  INDICATES RECORD WAS SET OR TIED.
MM INDICATES DATA IS MISSING.
T  INDICATES TRACE AMOUNT.




$$
