782
CDUS41 KBTV 140545
CLIMVL


CLIMATE REPORT
NATIONAL WEATHER SERVICE BURLINGTON VT
1244 AM EST SUN FEB 14 2016


...................................

...THE MORRISVILLE VT CLIMATE SUMMARY FOR FEBRUARY 13 2016...

CLIMATE NORMAL PERIOD 1981 TO 2010
CLIMATE RECORD PERIOD 9999 TO 9999


WEATHER ITEM   OBSERVED TIME   NORMAL DEPARTURE LAST
                VALUE   (LST)  VALUE  FROM      YEAR
                                      NORMAL
......................................................
TEMPERATURE (F)
 YESTERDAY
  MAXIMUM         MM        MM  30     MM        5
  MINIMUM         MM        MM   6     MM      -17
  AVERAGE         MM            18     MM       -6

PRECIPITATION (IN)
  YESTERDAY        T             0.07  -0.07      T
  MONTH TO DATE    0.36          0.80  -0.44     0.22
  SINCE DEC 1      2.99          5.98  -2.99     1.85
  SINCE JAN 1      1.05          3.34  -2.29     1.06

DEGREE DAYS
 HEATING
  YESTERDAY       MM            47     MM       71
  MONTH TO DATE  413           628   -215      752
  SINCE DEC 1   2603          3462   -859     3408
  SINCE JUL 1   4018          5290  -1272     4751

 COOLING
  YESTERDAY       MM             0     MM        0
  MONTH TO DATE    0             0      0        0
  SINCE DEC 1      0             0      0        0
  SINCE JAN 1      0             0      0        0
......................................................


WIND (MPH)
  HIGHEST WIND SPEED    18   HIGHEST WIND DIRECTION     N (10)
  HIGHEST GUST SPEED    23   HIGHEST GUST DIRECTION     N (350)
  AVERAGE WIND SPEED    10.8


SKY COVER
  AVERAGE SKY COVER 1.0


WEATHER CONDITIONS
 THE FOLLOWING WEATHER WAS RECORDED YESTERDAY.
  SNOW
  LIGHT SNOW
  HAZE
  BLOWING SNOW


RELATIVE HUMIDITY (PERCENT)
 HIGHEST    75           800 AM
 LOWEST     49           100 AM
 AVERAGE    62

..........................................................


THE MORRISVILLE VT CLIMATE NORMALS FOR TODAY
                         NORMAL    RECORD    YEAR
 MAXIMUM TEMPERATURE (F)   30        47      2011
 MINIMUM TEMPERATURE (F)    6       -25      2003


SUNRISE AND SUNSET
FEBRUARY 14 2016......SUNRISE   653 AM EST   SUNSET   517 PM EST
FEBRUARY 15 2016......SUNRISE   651 AM EST   SUNSET   519 PM EST


-  INDICATES NEGATIVE NUMBERS.
R  INDICATES RECORD WAS SET OR TIED.
MM INDICATES DATA IS MISSING.
T  INDICATES TRACE AMOUNT.




$$
