000
CDUS41 KBTV 290529
CLIMVL


CLIMATE REPORT
NATIONAL WEATHER SERVICE BURLINGTON VT
126 AM EDT FRI JUL 29 2016


...................................

...THE MORRISVILLE VT CLIMATE SUMMARY FOR JULY 28 2016...

CLIMATE NORMAL PERIOD 1981 TO 2010
CLIMATE RECORD PERIOD 9999 TO 9999


WEATHER ITEM   OBSERVED TIME   NORMAL DEPARTURE LAST
                VALUE   (LST)  VALUE  FROM      YEAR
                                      NORMAL
......................................................
TEMPERATURE (F)
 YESTERDAY
  MAXIMUM         80    151 PM  80      0       87
  MINIMUM         61    522 AM  56      5       62
  AVERAGE         71            68      3       75

PRECIPITATION (IN)
  YESTERDAY        0.55          0.12   0.43     0.28
  MONTH TO DATE    3.69          3.76  -0.07     2.58
  SINCE JUN 1      5.58          7.74  -2.16     9.49
  SINCE JAN 1     12.63         19.36  -6.73    14.74

DEGREE DAYS
 HEATING
  YESTERDAY        0             1     -1        0
  MONTH TO DATE   31            29      2       23
  SINCE JUN 1    162           152     10      128
  SINCE JUL 1     31            29      2       23

 COOLING
  YESTERDAY        6             4      2       10
  MONTH TO DATE  103           105     -2      128
  SINCE JUN 1    136           153    -17      168
  SINCE JAN 1    165           161      4      221
......................................................


WIND (MPH)
  HIGHEST WIND SPEED    14   HIGHEST WIND DIRECTION    NW (320)
  HIGHEST GUST SPEED    19   HIGHEST GUST DIRECTION    NW (320)
  AVERAGE WIND SPEED     1.3


SKY COVER
  AVERAGE SKY COVER 0.3


WEATHER CONDITIONS
 THE FOLLOWING WEATHER WAS RECORDED YESTERDAY.
  HEAVY RAIN
  RAIN
  LIGHT RAIN
  FOG
  FOG W/VISIBILITY <= 1/4 MILE


RELATIVE HUMIDITY (PERCENT)
 HIGHEST   100           900 PM
 LOWEST     62           200 PM
 AVERAGE    81

..........................................................


THE MORRISVILLE VT CLIMATE NORMALS FOR TODAY
                         NORMAL    RECORD    YEAR
 MAXIMUM TEMPERATURE (F)   80        93      2015
 MINIMUM TEMPERATURE (F)   55        40      1987


SUNRISE AND SUNSET
JULY 29 2016..........SUNRISE   534 AM EDT   SUNSET   819 PM EDT
JULY 30 2016..........SUNRISE   535 AM EDT   SUNSET   818 PM EDT


-  INDICATES NEGATIVE NUMBERS.
R  INDICATES RECORD WAS SET OR TIED.
MM INDICATES DATA IS MISSING.
T  INDICATES TRACE AMOUNT.




$$
