000
CDUS45 KBOI 070931
CLIMYL


CLIMATE REPORT
NATIONAL WEATHER SERVICE BOISE ID
231 AM MST SUN FEB 7 2016


...................................

...THE MCCALL ID CLIMATE SUMMARY FOR FEBRUARY 6 2016...

CLIMATE NORMAL PERIOD 1981 TO 2010
CLIMATE RECORD PERIOD 1930 TO 2016


WEATHER ITEM   OBSERVED TIME   RECORD YEAR NORMAL DEPARTURE LAST
                VALUE   (LST)  VALUE       VALUE  FROM      YEAR
                                                  NORMAL
..................................................................
TEMPERATURE (F)
 YESTERDAY
  MAXIMUM         35    316 PM  53    1963  31      4       50
  MINIMUM         18   1229 AM -20    1982  10      8       35
  AVERAGE         27                        21      6       43

PRECIPITATION (IN)
  YESTERDAY        0.00          1.03 1940   0.08  -0.08     0.11
  MONTH TO DATE    0.27                      0.46  -0.19     0.95
  SINCE OCT 1     13.72                      8.37   5.35    11.49
  SINCE JAN 1      3.15                      2.19   0.96     2.73

DEGREE DAYS
 HEATING
  YESTERDAY       38                        44     -6       22
  MONTH TO DATE  275                       264     11      193
  SINCE DEC 1   2955                      3100   -145     2607
  SINCE JUL 1   5056                      5738   -682     4622

 COOLING
  YESTERDAY        0                         0      0        0
  MONTH TO DATE    0                         0      0        0
  SINCE DEC 1      0                         0      0        0
  SINCE JAN 1      0                         0      0        0
..................................................................


WIND (MPH)
  HIGHEST WIND SPEED     8   HIGHEST WIND DIRECTION    NE (60)
  HIGHEST GUST SPEED     9   HIGHEST GUST DIRECTION     E (100)
  AVERAGE WIND SPEED     2.3


SKY COVER
  AVERAGE SKY COVER 0.6


WEATHER CONDITIONS
 THE FOLLOWING WEATHER WAS RECORDED YESTERDAY.
  FOG
  FOG W/VISIBILITY <= 1/4 MILE


RELATIVE HUMIDITY (PERCENT)
 HIGHEST   100          1200 AM
 LOWEST     63          1100 AM
 AVERAGE    82

..........................................................


THE MCCALL ID CLIMATE NORMALS FOR TODAY
                         NORMAL    RECORD    YEAR
 MAXIMUM TEMPERATURE (F)   31        56      1963
 MINIMUM TEMPERATURE (F)   10       -25      1933


SUNRISE AND SUNSET
FEBRUARY  7 2016......SUNRISE   757 AM MST   SUNSET   601 PM MST
FEBRUARY  8 2016......SUNRISE   756 AM MST   SUNSET   602 PM MST


-  INDICATES NEGATIVE NUMBERS.
R  INDICATES RECORD WAS SET OR TIED.
MM INDICATES DATA IS MISSING.
T  INDICATES TRACE AMOUNT.




$$
