000
CDUS45 KBOI 140931
CLIMYL


CLIMATE REPORT
NATIONAL WEATHER SERVICE BOISE ID
330 AM MDT MON JUL 14 2014


...................................

...THE MCCALL ID CLIMATE SUMMARY FOR JULY 13 2014...

CLIMATE NORMAL PERIOD 1981 TO 2010
CLIMATE RECORD PERIOD 1930 TO 2014


WEATHER ITEM   OBSERVED TIME   RECORD YEAR NORMAL DEPARTURE LAST
                VALUE   (LST)  VALUE       VALUE  FROM      YEAR
                                                  NORMAL
..................................................................
TEMPERATURE (F)
 YESTERDAY
  MAXIMUM         91    244 PM 100    2002  78     13       76
  MINIMUM         53    557 AM  31    1943  43     10       44
  AVERAGE         72                        61     11       60

PRECIPITATION (IN)
  YESTERDAY        0.00          0.76 1975   0.01  -0.01     0.00
  MONTH TO DATE    T                         0.41  -0.41      T
  SINCE OCT 1     19.26                     18.23   1.03    24.74
  SINCE JAN 1     15.19                     12.05   3.14    11.25

DEGREE DAYS
 HEATING
  YESTERDAY        0                         5     -5        5
  MONTH TO DATE    2                        82    -80       11
  SINCE JUN 1    316                       449   -133      274
  SINCE JUL 1      2                        82    -80       11

 COOLING
  YESTERDAY        7                         0      7        0
  MONTH TO DATE   61                         0     61       40
  SINCE JUN 1     61                         1     60       62
  SINCE JAN 1     61                         1     60       62
..................................................................


WIND (MPH)
  HIGHEST WIND SPEED    21   HIGHEST WIND DIRECTION    NE (60)
  HIGHEST GUST SPEED    36   HIGHEST GUST DIRECTION    NE (60)
  AVERAGE WIND SPEED     4.7


SKY COVER
  AVERAGE SKY COVER 0.1


WEATHER CONDITIONS
 THE FOLLOWING WEATHER WAS RECORDED YESTERDAY.
  NO SIGNIFICANT WEATHER WAS OBSERVED.


RELATIVE HUMIDITY (PERCENT)
 HIGHEST    29          1100 PM
 LOWEST     15           600 PM
 AVERAGE    22

..........................................................


THE MCCALL ID CLIMATE NORMALS FOR TODAY
                         NORMAL    RECORD    YEAR
 MAXIMUM TEMPERATURE (F)   78       100      2002
 MINIMUM TEMPERATURE (F)   43        34      1993


SUNRISE AND SUNSET
JULY 14 2014..........SUNRISE   612 AM MDT   SUNSET   928 PM MDT
JULY 15 2014..........SUNRISE   613 AM MDT   SUNSET   928 PM MDT


-  INDICATES NEGATIVE NUMBERS.
R  INDICATES RECORD WAS SET OR TIED.
MM INDICATES DATA IS MISSING.
T  INDICATES TRACE AMOUNT.




$$
