000
CDUS45 KBOI 090935
CLIMYL


CLIMATE REPORT
NATIONAL WEATHER SERVICE BOISE ID
234 AM MST FRI DEC 9 2016


...................................

...THE MCCALL ID CLIMATE SUMMARY FOR DECEMBER 8 2016...

CLIMATE NORMAL PERIOD 1981 TO 2010
CLIMATE RECORD PERIOD 1930 TO 2016


WEATHER ITEM   OBSERVED TIME   RECORD YEAR NORMAL DEPARTURE LAST
                VALUE   (LST)  VALUE       VALUE  FROM      YEAR
                                                  NORMAL
..................................................................
TEMPERATURE (F)
 YESTERDAY
  MAXIMUM         17   1159 PM  52    1939  28    -11       45
  MINIMUM         -3    815 AM -19    2005  11    -14       36
  AVERAGE          7                        19    -12       41

PRECIPITATION (IN)
  YESTERDAY        0.19          0.79 1970   0.06   0.13     0.08
  MONTH TO DATE    0.60                      0.46   0.14     2.34
  SINCE OCT 1      5.33                      4.58   0.75     6.14
  SINCE JAN 1     21.04                     18.50   2.54    20.34

DEGREE DAYS
 HEATING
  YESTERDAY       58                        46     12       24
  MONTH TO DATE  392                       357     35      292
  SINCE DEC 1    392                       357     35      292
  SINCE JUL 1   2429                      2995   -566     2393

 COOLING
  YESTERDAY        0                         0      0        0
  MONTH TO DATE    0                         0      0        0
  SINCE DEC 1      0                         0      0        0
  SINCE JAN 1    108                        25     83      169
..................................................................


WIND (MPH)
  HIGHEST WIND SPEED     8   HIGHEST WIND DIRECTION     S (190)
  HIGHEST GUST SPEED     8   HIGHEST GUST DIRECTION     S (190)
  AVERAGE WIND SPEED     1.7


SKY COVER
  AVERAGE SKY COVER 1.0


WEATHER CONDITIONS
 THE FOLLOWING WEATHER WAS RECORDED YESTERDAY.
  SNOW
  LIGHT SNOW
  FOG
  HAZE


RELATIVE HUMIDITY (PERCENT)
 HIGHEST    95           500 AM
 LOWEST     79          1200 AM
 AVERAGE    87

..........................................................


THE MCCALL ID CLIMATE NORMALS FOR TODAY
                         NORMAL    RECORD    YEAR
 MAXIMUM TEMPERATURE (F)   28        49      1990
 MINIMUM TEMPERATURE (F)   11       -23      1972


SUNRISE AND SUNSET
DECEMBER  9 2016......SUNRISE   811 AM MST   SUNSET   503 PM MST
DECEMBER 10 2016......SUNRISE   812 AM MST   SUNSET   503 PM MST


-  INDICATES NEGATIVE NUMBERS.
R  INDICATES RECORD WAS SET OR TIED.
MM INDICATES DATA IS MISSING.
T  INDICATES TRACE AMOUNT.




$$
