000
CDUS45 KBOI 300932
CLIMYL


CLIMATE REPORT
NATIONAL WEATHER SERVICE BOISE ID
332 AM MDT SAT MAY 30 2015


...................................

...THE MCCALL ID CLIMATE SUMMARY FOR MAY 29 2015...

CLIMATE NORMAL PERIOD 1981 TO 2010
CLIMATE RECORD PERIOD 1930 TO 2015


WEATHER ITEM   OBSERVED TIME   RECORD YEAR NORMAL DEPARTURE LAST
                VALUE   (LST)  VALUE       VALUE  FROM      YEAR
                                                  NORMAL
..................................................................
TEMPERATURE (F)
 YESTERDAY
  MAXIMUM         73    504 PM  87    2003  62     11       61
  MINIMUM         41    512 AM  23    1973  35      6       27
  AVERAGE         57                        49      8       44

PRECIPITATION (IN)
  YESTERDAY        T             1.03 1988   0.08  -0.08     0.00
  MONTH TO DATE    2.16                      2.06   0.10     1.09
  SINCE OCT 1     17.95                     15.83   2.12    18.45
  SINCE JAN 1      9.19                      9.65  -0.46    14.38

DEGREE DAYS
 HEATING
  YESTERDAY        8                        16     -8       21
  MONTH TO DATE  423                       562   -139      453
  SINCE MAR 1   1977                      2522   -545     2253
  SINCE JUL 1   7348                      9197  -1849     8247

 COOLING
  YESTERDAY        0                         0      0        0
  MONTH TO DATE    0                         0      0        0
  SINCE MAR 1      0                         0      0        0
  SINCE JAN 1      0                         0      0        0
..................................................................


WIND (MPH)
  HIGHEST WIND SPEED    13   HIGHEST WIND DIRECTION     S (180)
  HIGHEST GUST SPEED    16   HIGHEST GUST DIRECTION     S (190)
  AVERAGE WIND SPEED     3.2


SKY COVER
  AVERAGE SKY COVER 0.1


WEATHER CONDITIONS
 THE FOLLOWING WEATHER WAS RECORDED YESTERDAY.
  NO SIGNIFICANT WEATHER WAS OBSERVED.


RELATIVE HUMIDITY (PERCENT)
 HIGHEST    89           600 AM
 LOWEST     27           500 PM
 AVERAGE    58

..........................................................


THE MCCALL ID CLIMATE NORMALS FOR TODAY
                         NORMAL    RECORD    YEAR
 MAXIMUM TEMPERATURE (F)   63        87      1986
 MINIMUM TEMPERATURE (F)   35        25      1977


SUNRISE AND SUNSET
MAY 30 2015...........SUNRISE   603 AM MDT   SUNSET   922 PM MDT
MAY 31 2015...........SUNRISE   602 AM MDT   SUNSET   923 PM MDT


-  INDICATES NEGATIVE NUMBERS.
R  INDICATES RECORD WAS SET OR TIED.
MM INDICATES DATA IS MISSING.
T  INDICATES TRACE AMOUNT.




$$
