000
CDUS45 KBOI 290932
CLIMYL


CLIMATE REPORT
NATIONAL WEATHER SERVICE BOISE ID
332 AM MDT FRI AUG 29 2014


...................................

...THE MCCALL ID CLIMATE SUMMARY FOR AUGUST 28 2014...

CLIMATE NORMAL PERIOD 1981 TO 2010
CLIMATE RECORD PERIOD 1930 TO 2014


WEATHER ITEM   OBSERVED TIME   RECORD YEAR NORMAL DEPARTURE LAST
                VALUE   (LST)  VALUE       VALUE  FROM      YEAR
                                                  NORMAL
..................................................................
TEMPERATURE (F)
 YESTERDAY
  MAXIMUM         83    404 PM  91    1986  75      8       80
  MINIMUM         45    643 AM  26    1989  39      6       55
  AVERAGE         64                        57      7       68

PRECIPITATION (IN)
  YESTERDAY        0.00          0.42 2002   0.02  -0.02     0.18
  MONTH TO DATE    1.16                      0.60   0.56     0.32
  SINCE OCT 1     20.65                     19.14   1.51    25.06
  SINCE JAN 1     16.58                     12.96   3.62    11.57

DEGREE DAYS
 HEATING
  YESTERDAY        1                         8     -7        0
  MONTH TO DATE   79                       152    -73       28
  SINCE JUN 1    411                       669   -258      308
  SINCE JUL 1     97                       302   -205       45

 COOLING
  YESTERDAY        0                         0      0        3
  MONTH TO DATE   54                         7     47       55
  SINCE JUN 1    185                        23    162      178
  SINCE JAN 1    185                        23    162      178
..................................................................


WIND (MPH)
  HIGHEST WIND SPEED    16   HIGHEST WIND DIRECTION    SW (210)
  HIGHEST GUST SPEED    23   HIGHEST GUST DIRECTION     S (180)
  AVERAGE WIND SPEED     4.3


SKY COVER
  AVERAGE SKY COVER 0.2


WEATHER CONDITIONS
 THE FOLLOWING WEATHER WAS RECORDED YESTERDAY.
  NO SIGNIFICANT WEATHER WAS OBSERVED.


RELATIVE HUMIDITY (PERCENT)
 HIGHEST    76           500 AM
 LOWEST     17           600 PM
 AVERAGE    47

..........................................................


THE MCCALL ID CLIMATE NORMALS FOR TODAY
                         NORMAL    RECORD    YEAR
 MAXIMUM TEMPERATURE (F)   74        90      1972
 MINIMUM TEMPERATURE (F)   39        28      1975


SUNRISE AND SUNSET
AUGUST 29 2014........SUNRISE   703 AM MDT   SUNSET   827 PM MDT
AUGUST 30 2014........SUNRISE   704 AM MDT   SUNSET   825 PM MDT


-  INDICATES NEGATIVE NUMBERS.
R  INDICATES RECORD WAS SET OR TIED.
MM INDICATES DATA IS MISSING.
T  INDICATES TRACE AMOUNT.




$$
