000
CDUS45 KBOI 220931
CLIMYL


CLIMATE REPORT
NATIONAL WEATHER SERVICE BOISE ID
231 AM MST MON JAN 22 2018


...................................

...THE MCCALL ID CLIMATE SUMMARY FOR JANUARY 21 2018...

CLIMATE NORMAL PERIOD 1981 TO 2010
CLIMATE RECORD PERIOD 1930 TO 2018


WEATHER ITEM   OBSERVED TIME   RECORD YEAR NORMAL DEPARTURE LAST
                VALUE   (LST)  VALUE       VALUE  FROM      YEAR
                                                  NORMAL
..................................................................
TEMPERATURE (F)
 YESTERDAY
  MAXIMUM         29    714 PM  44    1968  29      0       32
  MINIMUM         17    358 AM -33    1937  11      6       23
                                      1927
  AVERAGE         23                        20      3       28

PRECIPITATION (IN)
  YESTERDAY        0.04          1.30 1943   0.06  -0.02     0.07
  MONTH TO DATE    2.34                      1.21   1.13     2.93
  SINCE OCT 1      9.19                      7.39   1.80    11.42
  SINCE JAN 1      2.34                      1.21   1.13     2.93

DEGREE DAYS
 HEATING
  YESTERDAY       42                        45     -3       37
  MONTH TO DATE  769                       954   -185     1079
  SINCE DEC 1   2160                      2390   -230     2642
  SINCE JUL 1   4286                      5028   -742     4679

 COOLING
  YESTERDAY        0                         0      0        0
  MONTH TO DATE    0                         0      0        0
  SINCE DEC 1      0                         0      0        0
  SINCE JAN 1      0                         0      0        0
..................................................................


WIND (MPH)
  HIGHEST WIND SPEED    10   HIGHEST WIND DIRECTION    SE (140)
  HIGHEST GUST SPEED    13   HIGHEST GUST DIRECTION    SE (120)
  AVERAGE WIND SPEED     3.5


SKY COVER
  AVERAGE SKY COVER 0.9


WEATHER CONDITIONS
 THE FOLLOWING WEATHER WAS RECORDED YESTERDAY.
  LIGHT SNOW
  FOG
  FOG W/VISIBILITY <= 1/4 MILE


RELATIVE HUMIDITY (PERCENT)
 HIGHEST   100           700 AM
 LOWEST     75           400 PM
 AVERAGE    88

..........................................................


THE MCCALL ID CLIMATE NORMALS FOR TODAY
                         NORMAL    RECORD    YEAR
 MAXIMUM TEMPERATURE (F)   29        47      1981
 MINIMUM TEMPERATURE (F)   11       -34      1927


SUNRISE AND SUNSET
JANUARY 22 2018.......SUNRISE   814 AM MST   SUNSET   539 PM MST
JANUARY 23 2018.......SUNRISE   813 AM MST   SUNSET   540 PM MST


-  INDICATES NEGATIVE NUMBERS.
R  INDICATES RECORD WAS SET OR TIED.
MM INDICATES DATA IS MISSING.
T  INDICATES TRACE AMOUNT.




$$
