000
CDUS45 KBOI 230932
CLIMYL


CLIMATE REPORT
NATIONAL WEATHER SERVICE BOISE ID
332 AM MDT WED APR 23 2014


...................................

...THE MCCALL ID CLIMATE SUMMARY FOR APRIL 22 2014...

CLIMATE NORMAL PERIOD 1981 TO 2010
CLIMATE RECORD PERIOD 1930 TO 2014


WEATHER ITEM   OBSERVED TIME   RECORD YEAR NORMAL DEPARTURE LAST
                VALUE   (LST)  VALUE       VALUE  FROM      YEAR
                                                  NORMAL
..................................................................
TEMPERATURE (F)
 YESTERDAY
  MAXIMUM         45    531 AM  77    2012  51     -6       42
  MINIMUM         27   1154 PM  12    2011  27      0       27
  AVERAGE         36                        39     -3       35

PRECIPITATION (IN)
  YESTERDAY        0.67          0.72 1990   0.07   0.60      T
  MONTH TO DATE    1.17                      1.43  -0.26     1.92
  SINCE OCT 1     16.19                     13.28   2.91    21.11
  SINCE JAN 1     12.12                      7.10   5.02     7.62

DEGREE DAYS
 HEATING
  YESTERDAY       29                        26      3       30
  MONTH TO DATE  565                       647    -82      615
  SINCE MAR 1   1577                      1761   -184     1678
  SINCE JUL 1   7571                      8436   -865     7707

 COOLING
  YESTERDAY        0                         0      0        0
  MONTH TO DATE    0                         0      0        0
  SINCE MAR 1      0                         0      0        0
  SINCE JAN 1      0                         0      0        0
..................................................................


WIND (MPH)
  HIGHEST WIND SPEED    15   HIGHEST WIND DIRECTION    NW (300)
  HIGHEST GUST SPEED    22   HIGHEST GUST DIRECTION    NW (310)
  AVERAGE WIND SPEED     3.0


SKY COVER
  AVERAGE SKY COVER 0.9


WEATHER CONDITIONS
 THE FOLLOWING WEATHER WAS RECORDED YESTERDAY.
  HEAVY RAIN
  RAIN
  LIGHT RAIN
  LIGHT SNOW
  FOG


RELATIVE HUMIDITY (PERCENT)
 HIGHEST    96          1000 AM
 LOWEST     64          1200 AM
 AVERAGE    80

..........................................................


THE MCCALL ID CLIMATE NORMALS FOR TODAY
                         NORMAL    RECORD    YEAR
 MAXIMUM TEMPERATURE (F)   51        78      2012
                                             1977
 MINIMUM TEMPERATURE (F)   27        16      2011


SUNRISE AND SUNSET
APRIL 23 2014.........SUNRISE   646 AM MDT   SUNSET   840 PM MDT
APRIL 24 2014.........SUNRISE   645 AM MDT   SUNSET   841 PM MDT


-  INDICATES NEGATIVE NUMBERS.
R  INDICATES RECORD WAS SET OR TIED.
MM INDICATES DATA IS MISSING.
T  INDICATES TRACE AMOUNT.




$$
