000
CDUS45 KBOI 230931
CLIMYL


CLIMATE REPORT
NATIONAL WEATHER SERVICE BOISE ID
231 AM MST MON JAN 23 2017


...................................

...THE MCCALL ID CLIMATE SUMMARY FOR JANUARY 22 2017...

CLIMATE NORMAL PERIOD 1981 TO 2010
CLIMATE RECORD PERIOD 1930 TO 2017


WEATHER ITEM   OBSERVED TIME   RECORD YEAR NORMAL DEPARTURE LAST
                VALUE   (LST)  VALUE       VALUE  FROM      YEAR
                                                  NORMAL
..................................................................
TEMPERATURE (F)
 YESTERDAY
  MAXIMUM         30    810 PM  47    1981  29      1       36
  MINIMUM         11   1159 PM -32    1930  11      0       16
  AVERAGE         21                        20      1       26

PRECIPITATION (IN)
  YESTERDAY        0.22          1.09 1943   0.05   0.17      T
  MONTH TO DATE    3.15                      1.26   1.89     1.93
  SINCE OCT 1     11.64                      7.44   4.20    12.50
  SINCE JAN 1      3.15                      1.26   1.89     1.93

DEGREE DAYS
 HEATING
  YESTERDAY       44                        45     -1       39
  MONTH TO DATE 1123                       999    124      956
  SINCE DEC 1   2686                      2435    251     2297
  SINCE JUL 1   4723                      5073   -350     4398

 COOLING
  YESTERDAY        0                         0      0        0
  MONTH TO DATE    0                         0      0        0
  SINCE DEC 1      0                         0      0        0
  SINCE JAN 1      0                         0      0        0
..................................................................


WIND (MPH)
  HIGHEST WIND SPEED    15   HIGHEST WIND DIRECTION     S (180)
  HIGHEST GUST SPEED    21   HIGHEST GUST DIRECTION     S (170)
  AVERAGE WIND SPEED     5.3


SKY COVER
  AVERAGE SKY COVER 0.7


WEATHER CONDITIONS
 THE FOLLOWING WEATHER WAS RECORDED YESTERDAY.
  SNOW
  LIGHT SNOW
  FOG
  FOG W/VISIBILITY <= 1/4 MILE


RELATIVE HUMIDITY (PERCENT)
 HIGHEST    92          1200 AM
 LOWEST     69          1200 PM
 AVERAGE    81

..........................................................


THE MCCALL ID CLIMATE NORMALS FOR TODAY
                         NORMAL    RECORD    YEAR
 MAXIMUM TEMPERATURE (F)   29        45      1994
 MINIMUM TEMPERATURE (F)   11       -29      1930


SUNRISE AND SUNSET
JANUARY 23 2017.......SUNRISE   813 AM MST   SUNSET   540 PM MST
JANUARY 24 2017.......SUNRISE   812 AM MST   SUNSET   542 PM MST


-  INDICATES NEGATIVE NUMBERS.
R  INDICATES RECORD WAS SET OR TIED.
MM INDICATES DATA IS MISSING.
T  INDICATES TRACE AMOUNT.




$$
