734
CDUS45 KBOI 270931
CLIMYL


CLIMATE REPORT
NATIONAL WEATHER SERVICE BOISE ID
331 AM MDT TUE JUN 27 2017


...................................

...THE MCCALL ID CLIMATE SUMMARY FOR JUNE 26 2017...

CLIMATE NORMAL PERIOD 1981 TO 2010
CLIMATE RECORD PERIOD 1930 TO 2017


WEATHER ITEM   OBSERVED TIME   RECORD YEAR NORMAL DEPARTURE LAST
                VALUE   (LST)  VALUE       VALUE  FROM      YEAR
                                                  NORMAL
..................................................................
TEMPERATURE (F)
 YESTERDAY
  MAXIMUM         87    153 PM  92    2015  72     15       81
                                      1926
  MINIMUM         46    518 AM  24    1976  40      6       39
  AVERAGE         67                        56     11       60

PRECIPITATION (IN)
  YESTERDAY        0.04          1.32 1971   0.04   0.00     0.00
  MONTH TO DATE    1.56                      1.71  -0.15     0.83
  SINCE OCT 1     29.77                     17.67  12.10    23.83
  SINCE JAN 1     21.28                     11.49   9.79    13.26

DEGREE DAYS
 HEATING
  YESTERDAY        0                         9     -9        5
  MONTH TO DATE  219                       332   -113      226
  SINCE JUN 1    219                       332   -113      226
  SINCE JUL 1   8685                      9561   -876     8173

 COOLING
  YESTERDAY        2                         0      2        0
  MONTH TO DATE    6                         0      6       14
  SINCE JUN 1      6                         0      6       14
  SINCE JAN 1      6                         0      6       14
..................................................................


WIND (MPH)
  HIGHEST WIND SPEED    33   HIGHEST WIND DIRECTION    SW (240)
  HIGHEST GUST SPEED    44   HIGHEST GUST DIRECTION    SW (230)
  AVERAGE WIND SPEED     4.4


SKY COVER
  AVERAGE SKY COVER 0.0


WEATHER CONDITIONS
 THE FOLLOWING WEATHER WAS RECORDED YESTERDAY.
  THUNDERSTORM
  RAIN
  LIGHT RAIN


RELATIVE HUMIDITY (PERCENT)
 HIGHEST    80           400 AM
 LOWEST     18           400 PM
 AVERAGE    49

..........................................................


THE MCCALL ID CLIMATE NORMALS FOR TODAY
                         NORMAL    RECORD    YEAR
 MAXIMUM TEMPERATURE (F)   72        95      2015
 MINIMUM TEMPERATURE (F)   40        27      1976


SUNRISE AND SUNSET
JUNE 27 2017..........SUNRISE   600 AM MDT   SUNSET   935 PM MDT
JUNE 28 2017..........SUNRISE   601 AM MDT   SUNSET   935 PM MDT


-  INDICATES NEGATIVE NUMBERS.
R  INDICATES RECORD WAS SET OR TIED.
MM INDICATES DATA IS MISSING.
T  INDICATES TRACE AMOUNT.




$$
