000
CDUS45 KBOI 220931
CLIMYL


CLIMATE REPORT
NATIONAL WEATHER SERVICE BOISE ID
331 AM MDT SUN OCT 22 2017


...................................

...THE MCCALL ID CLIMATE SUMMARY FOR OCTOBER 21 2017...

CLIMATE NORMAL PERIOD 1981 TO 2010
CLIMATE RECORD PERIOD 1930 TO 2017


WEATHER ITEM   OBSERVED TIME   RECORD YEAR NORMAL DEPARTURE LAST
                VALUE   (LST)  VALUE       VALUE  FROM      YEAR
                                                  NORMAL
..................................................................
TEMPERATURE (F)
 YESTERDAY
  MAXIMUM         34   1159 PM  74    1927  53    -19       55
  MINIMUM         25    604 AM   7    1996  24      1       36
  AVERAGE         30                        38     -8       46

PRECIPITATION (IN)
  YESTERDAY        0.26          1.29 1946   0.05   0.21     0.01
  MONTH TO DATE    1.19                      0.80   0.39     2.26
  SINCE OCT 1      1.19                      0.80   0.39     2.26
  SINCE JAN 1     23.98                     14.72   9.26    17.97

DEGREE DAYS
 HEATING
  YESTERDAY       35                        27      8       19
  MONTH TO DATE  540                       495     45      461
  SINCE SEP 1    860                       932    -72      812
  SINCE JUL 1    890                      1260   -370     1005

 COOLING
  YESTERDAY        0                         0      0        0
  MONTH TO DATE    0                         0      0        0
  SINCE SEP 1     31                         0     31        0
  SINCE JAN 1    229                        25    204      108
..................................................................


WIND (MPH)
  HIGHEST WIND SPEED    13   HIGHEST WIND DIRECTION    SE (150)
  HIGHEST GUST SPEED    16   HIGHEST GUST DIRECTION    SE (150)
  AVERAGE WIND SPEED     5.4


SKY COVER
  AVERAGE SKY COVER 0.8


WEATHER CONDITIONS
 THE FOLLOWING WEATHER WAS RECORDED YESTERDAY.
  LIGHT RAIN
  LIGHT SNOW
  FOG


RELATIVE HUMIDITY (PERCENT)
 HIGHEST    96           600 PM
 LOWEST     78          1000 AM
 AVERAGE    87

..........................................................


THE MCCALL ID CLIMATE NORMALS FOR TODAY
                         NORMAL    RECORD    YEAR
 MAXIMUM TEMPERATURE (F)   52        77      1907
 MINIMUM TEMPERATURE (F)   24         5      1908


SUNRISE AND SUNSET
OCTOBER 22 2017.......SUNRISE   810 AM MDT   SUNSET   647 PM MDT
OCTOBER 23 2017.......SUNRISE   811 AM MDT   SUNSET   646 PM MDT


-  INDICATES NEGATIVE NUMBERS.
R  INDICATES RECORD WAS SET OR TIED.
MM INDICATES DATA IS MISSING.
T  INDICATES TRACE AMOUNT.




$$
