000
CDUS44 KLIX 232217
CLINEW


CLIMATE REPORT
NATIONAL WEATHER SERVICE NEW ORLEANS
416 PM CST FRI FEB 23 2018


...................................

...THE NEW ORLEANS CLIMATE SUMMARY FOR FEBRUARY 23 2018...
VALID TODAY AS OF 0400 PM LOCAL TIME.

CLIMATE NORMAL PERIOD 1981 TO 2010
CLIMATE RECORD PERIOD 1946 TO 2018


WEATHER ITEM   OBSERVED TIME   RECORD YEAR NORMAL DEPARTURE LAST
                VALUE   (LST)  VALUE       VALUE  FROM      YEAR
                                                  NORMAL
..................................................................
TEMPERATURE (F)
 TODAY
  MAXIMUM         82R   248 PM  81    1982  67     15       77
                                      1962
  MINIMUM         69    354 AM  26    1964  50     19       56
  AVERAGE         76                        58     18       67

PRECIPITATION (IN)
  TODAY            0.82          3.06 1959   0.18   0.64     0.00
  MONTH TO DATE    2.30                      4.46  -2.16     2.69
  SINCE DEC 1     12.01                     14.85  -2.84    15.45
  SINCE JAN 1      6.85                      9.61  -2.76     7.59

SNOWFALL (IN)
  TODAY            0.0
  MONTH TO DATE    0.0
  SINCE DEC 1      T
  SINCE JUL 1      T
  SNOW DEPTH       0

DEGREE DAYS
 HEATING
  TODAY            0                         7     -7        0
  MONTH TO DATE   51                       218   -167       66
  SINCE DEC 1    867                       910    -43      481
  SINCE JUL 1    999                      1074    -75      552

 COOLING
  TODAY           11                         1     10        2
  MONTH TO DATE  110                        23     87       47
  SINCE DEC 1    144                        66     78      154
  SINCE JAN 1    114                        39     75       99
..................................................................


WIND (MPH)
  HIGHEST WIND SPEED    16   HIGHEST WIND DIRECTION    SW (220)
  HIGHEST GUST SPEED    19   HIGHEST GUST DIRECTION    SW (240)
  AVERAGE WIND SPEED     7.7


SKY COVER
  POSSIBLE SUNSHINE  MM
  AVERAGE SKY COVER 0.6


WEATHER CONDITIONS
 THE FOLLOWING WEATHER WAS RECORDED TODAY.
  THUNDERSTORM
  HEAVY RAIN
  RAIN
  LIGHT RAIN
  FOG


RELATIVE HUMIDITY (PERCENT)
 HIGHEST   100          1200 AM
 LOWEST     74           300 PM
 AVERAGE    87

..........................................................


THE NEW ORLEANS CLIMATE NORMALS FOR TOMORROW
                         NORMAL    RECORD    YEAR
 MAXIMUM TEMPERATURE (F)   67        83      2011
 MINIMUM TEMPERATURE (F)   50        28      1989


SUNRISE AND SUNSET
FEBRUARY 23 2018......SUNRISE   633 AM CST   SUNSET   556 PM CST
FEBRUARY 24 2018......SUNRISE   632 AM CST   SUNSET   557 PM CST


-  INDICATES NEGATIVE NUMBERS.
R  INDICATES RECORD WAS SET OR TIED.
MM INDICATES DATA IS MISSING.
T  INDICATES TRACE AMOUNT.




$$
