000
CDUS44 KLIX 270713
CLINEW


CLIMATE REPORT
NATIONAL WEATHER SERVICE NEW ORLEANS
213 AM CDT THU APR 27 2017


...................................

...THE NEW ORLEANS CLIMATE SUMMARY FOR APRIL 26 2017...

CLIMATE NORMAL PERIOD 1981 TO 2010
CLIMATE RECORD PERIOD 1946 TO 2017


WEATHER ITEM   OBSERVED TIME   RECORD YEAR NORMAL DEPARTURE LAST
                VALUE   (LST)  VALUE       VALUE  FROM      YEAR
                                                  NORMAL
..................................................................
TEMPERATURE (F)
 YESTERDAY
  MAXIMUM         82    142 PM  88    1967  81      1       86
  MINIMUM         63    232 AM  46    1995  63      0       71
  AVERAGE         73                        72      1       79

PRECIPITATION (IN)
  YESTERDAY        T             1.61 2008   0.16  -0.16     0.00
  MONTH TO DATE    2.55                      3.96  -1.41     7.26
  SINCE MAR 1      5.43                      8.51  -3.08    13.62
  SINCE JAN 1     13.07                     18.96  -5.89    21.75

SNOWFALL (IN)
  YESTERDAY        0.0
  MONTH TO DATE    0.0
  SINCE MAR 1      0.0
  SINCE JUL 1      0.0
  SNOW DEPTH       0

DEGREE DAYS
 HEATING
  YESTERDAY        0                         0      0        0
  MONTH TO DATE   10                        32    -22        3
  SINCE MAR 1     69                       168    -99       41
  SINCE JUL 1    630                      1277   -647      755

 COOLING
  YESTERDAY        8                         7      1       14
  MONTH TO DATE  159                       127     32      155
  SINCE MAR 1    298                       190    108      298
  SINCE JAN 1    418                       227    191      334
..................................................................


WIND (MPH)
  HIGHEST WIND SPEED    25   HIGHEST WIND DIRECTION    SE (140)
  HIGHEST GUST SPEED    32   HIGHEST GUST DIRECTION    SE (150)
  AVERAGE WIND SPEED    12.8


SKY COVER
  POSSIBLE SUNSHINE  MM
  AVERAGE SKY COVER 0.7


WEATHER CONDITIONS
 THE FOLLOWING WEATHER WAS RECORDED YESTERDAY.
  LIGHT RAIN


RELATIVE HUMIDITY (PERCENT)
 HIGHEST    94          1100 PM
 LOWEST     62          1100 AM
 AVERAGE    78

..........................................................


THE NEW ORLEANS CLIMATE NORMALS FOR TODAY
                         NORMAL    RECORD    YEAR
 MAXIMUM TEMPERATURE (F)   81        89      1987
                                             1964
 MINIMUM TEMPERATURE (F)   63        47      1973


SUNRISE AND SUNSET
APRIL 27 2017.........SUNRISE   622 AM CDT   SUNSET   736 PM CDT
APRIL 28 2017.........SUNRISE   621 AM CDT   SUNSET   737 PM CDT


-  INDICATES NEGATIVE NUMBERS.
R  INDICATES RECORD WAS SET OR TIED.
MM INDICATES DATA IS MISSING.
T  INDICATES TRACE AMOUNT.




$$
