000
CDUS44 KLIX 200700
CLINEW


CLIMATE REPORT
NATIONAL WEATHER SERVICE NEW ORLEANS
200 AM CDT THU JUL 20 2017


...................................

...THE NEW ORLEANS CLIMATE SUMMARY FOR JULY 19 2017...

CLIMATE NORMAL PERIOD 1981 TO 2010
CLIMATE RECORD PERIOD 1946 TO 2017


WEATHER ITEM   OBSERVED TIME   RECORD YEAR NORMAL DEPARTURE LAST
                VALUE   (LST)  VALUE       VALUE  FROM      YEAR
                                                  NORMAL
..................................................................
TEMPERATURE (F)
 YESTERDAY
  MAXIMUM         95    356 PM  99    1951  91      4       95
  MINIMUM         77    555 AM  66    1974  75      2       80
  AVERAGE         86                        83      3       88

PRECIPITATION (IN)
  YESTERDAY        0.00          2.12 1967   0.18  -0.18      T
  MONTH TO DATE    5.23                      3.82   1.41     3.48
  SINCE JUN 1     20.71                     11.88   8.83    13.26
  SINCE JAN 1     46.61                     36.12  10.49    42.59

SNOWFALL (IN)
  YESTERDAY        0.0
  MONTH TO DATE    0.0
  SINCE JUN 1      0.0
  SINCE JUL 1      0.0
  SNOW DEPTH       0

DEGREE DAYS
 HEATING
  YESTERDAY        0                         0      0        0
  MONTH TO DATE    0                         0      0        0
  SINCE JUN 1      0                         0      0        0
  SINCE JUL 1      0                         0      0        0

 COOLING
  YESTERDAY       21                        18      3       23
  MONTH TO DATE  346                       342      4      418
  SINCE JUN 1    807                       837    -30     1002
  SINCE JAN 1   1562                      1456    106     1782
..................................................................


WIND (MPH)
  HIGHEST WIND SPEED    15   HIGHEST WIND DIRECTION     S (200)
  HIGHEST GUST SPEED    19   HIGHEST GUST DIRECTION     S (170)
  AVERAGE WIND SPEED     3.9


SKY COVER
  POSSIBLE SUNSHINE  MM
  AVERAGE SKY COVER 0.5


WEATHER CONDITIONS
 THE FOLLOWING WEATHER WAS RECORDED YESTERDAY.
  THUNDERSTORM


RELATIVE HUMIDITY (PERCENT)
 HIGHEST   100           600 AM
 LOWEST     49           400 PM
 AVERAGE    75

..........................................................


THE NEW ORLEANS CLIMATE NORMALS FOR TODAY
                         NORMAL    RECORD    YEAR
 MAXIMUM TEMPERATURE (F)   91        98      2016
                                             2000
 MINIMUM TEMPERATURE (F)   75        69      1984
                                             1964


SUNRISE AND SUNSET
JULY 20 2017..........SUNRISE   613 AM CDT   SUNSET   801 PM CDT
JULY 21 2017..........SUNRISE   614 AM CDT   SUNSET   801 PM CDT


-  INDICATES NEGATIVE NUMBERS.
R  INDICATES RECORD WAS SET OR TIED.
MM INDICATES DATA IS MISSING.
T  INDICATES TRACE AMOUNT.




$$
