000
CDUS44 KLIX 230801
CLINEW


CLIMATE REPORT
NATIONAL WEATHER SERVICE NEW ORLEANS
200 AM CST SUN NOV 23 2014


...................................

...THE NEW ORLEANS CLIMATE SUMMARY FOR NOVEMBER 22 2014...

CLIMATE NORMAL PERIOD 1981 TO 2010
CLIMATE RECORD PERIOD 1946 TO 2014


WEATHER ITEM   OBSERVED TIME   RECORD YEAR NORMAL DEPARTURE LAST
                VALUE   (LST)  VALUE       VALUE  FROM      YEAR
                                                  NORMAL
..................................................................
TEMPERATURE (F)
 YESTERDAY
  MAXIMUM         69   1133 AM  86    1973  70     -1       79
  MINIMUM         54    516 AM  33    2000  52      2       64
                                      1975
                                      1969
  AVERAGE         62                        61      1       72

PRECIPITATION (IN)
  YESTERDAY        T             2.05 1953   0.15  -0.15      T
  MONTH TO DATE    1.76                      3.23  -1.47     0.59
  SINCE SEP 1      7.44                     11.74  -4.30    11.56
  SINCE JAN 1     50.40                     55.95  -5.55    61.87

SNOWFALL (IN)
  YESTERDAY        0.0
  MONTH TO DATE    0.0
  SINCE SEP 1      0.0
  SINCE JUL 1      0.0
  SNOW DEPTH       0

DEGREE DAYS
 HEATING
  YESTERDAY        3                         6     -3        0
  MONTH TO DATE  179                        85     94       66
  SINCE SEP 1    181                       110     71       71
  SINCE JUL 1    181                       110     71       71

 COOLING
  YESTERDAY        0                         2     -2        7
  MONTH TO DATE   25                        58    -33       51
  SINCE SEP 1    776                       721     55      823
  SINCE JAN 1   2960                      2967     -7     2959
..................................................................


WIND (MPH)
  HIGHEST WIND SPEED    18   HIGHEST WIND DIRECTION     E (90)
  HIGHEST GUST SPEED    24   HIGHEST GUST DIRECTION     E (70)
  AVERAGE WIND SPEED     9.7


SKY COVER
  POSSIBLE SUNSHINE  MM
  AVERAGE SKY COVER 0.6


WEATHER CONDITIONS
 THE FOLLOWING WEATHER WAS RECORDED YESTERDAY.
  LIGHT RAIN
  FOG


RELATIVE HUMIDITY (PERCENT)
 HIGHEST    93           800 PM
 LOWEST     68          1000 AM
 AVERAGE    81

..........................................................


THE NEW ORLEANS CLIMATE NORMALS FOR TODAY
                         NORMAL    RECORD    YEAR
 MAXIMUM TEMPERATURE (F)   70        85      1973
 MINIMUM TEMPERATURE (F)   52        29      1976


SUNRISE AND SUNSET
NOVEMBER 23 2014......SUNRISE   633 AM CST   SUNSET   502 PM CST
NOVEMBER 24 2014......SUNRISE   634 AM CST   SUNSET   502 PM CST


-  INDICATES NEGATIVE NUMBERS.
R  INDICATES RECORD WAS SET OR TIED.
MM INDICATES DATA IS MISSING.
T  INDICATES TRACE AMOUNT.




$$
