580
CDUS44 KLIX 220808
CLINEW


CLIMATE REPORT
NATIONAL WEATHER SERVICE NEW ORLEANS
208 AM CST SUN JAN 22 2017


...................................

...THE NEW ORLEANS CLIMATE SUMMARY FOR JANUARY 21 2017...

CLIMATE NORMAL PERIOD 1981 TO 2010
CLIMATE RECORD PERIOD 1946 TO 2017


WEATHER ITEM   OBSERVED TIME   RECORD YEAR NORMAL DEPARTURE LAST
                VALUE   (LST)  VALUE       VALUE  FROM      YEAR
                                                  NORMAL
..................................................................
TEMPERATURE (F)
 YESTERDAY
  MAXIMUM         78    346 PM  82    1982  62     16       73
  MINIMUM         60    813 AM  14    1985  45     15       56
  AVERAGE         69                        53     16       65

PRECIPITATION (IN)
  YESTERDAY        0.86          1.85 1987   0.17   0.69     0.31
  MONTH TO DATE    4.59                      3.45   1.14     3.07
  SINCE DEC 1     12.45                      8.69   3.76     9.53
  SINCE JAN 1      4.59                      3.45   1.14     3.07

SNOWFALL (IN)
  YESTERDAY        0.0
  MONTH TO DATE    0.0
  SINCE DEC 1      0.0
  SINCE JUL 1      0.0
  SNOW DEPTH       0

DEGREE DAYS
 HEATING
  YESTERDAY        0                        12    -12        0
  MONTH TO DATE  119                       252   -133      233
  SINCE DEC 1    338                       569   -231      349
  SINCE JUL 1    409                       733   -324      407

 COOLING
  YESTERDAY        4                         0      4        0
  MONTH TO DATE   52                        12     40        0
  SINCE DEC 1    107                        39     68      111
  SINCE JAN 1     52                        12     40        0
..................................................................


WIND (MPH)
  HIGHEST WIND SPEED    33   HIGHEST WIND DIRECTION    NW (320)
  HIGHEST GUST SPEED    45   HIGHEST GUST DIRECTION    NW (310)
  AVERAGE WIND SPEED    11.6


SKY COVER
  POSSIBLE SUNSHINE  MM
  AVERAGE SKY COVER 0.8


WEATHER CONDITIONS
 THE FOLLOWING WEATHER WAS RECORDED YESTERDAY.
  THUNDERSTORM
  RAIN
  LIGHT RAIN
  FOG
  HAZE
  TORNADO


RELATIVE HUMIDITY (PERCENT)
 HIGHEST    93          1200 AM
 LOWEST     73          1200 PM
 AVERAGE    83

..........................................................


THE NEW ORLEANS CLIMATE NORMALS FOR TODAY
                         NORMAL    RECORD    YEAR
 MAXIMUM TEMPERATURE (F)   62        81      2012
                                             1957
                                             1949
 MINIMUM TEMPERATURE (F)   45        22      1985
                                             1961


SUNRISE AND SUNSET
JANUARY 22 2017.......SUNRISE   656 AM CST   SUNSET   530 PM CST
JANUARY 23 2017.......SUNRISE   655 AM CST   SUNSET   531 PM CST


-  INDICATES NEGATIVE NUMBERS.
R  INDICATES RECORD WAS SET OR TIED.
MM INDICATES DATA IS MISSING.
T  INDICATES TRACE AMOUNT.




$$
