000
CDUS44 KLIX 220801
CLINEW


CLIMATE REPORT
NATIONAL WEATHER SERVICE NEW ORLEANS
201 AM CST WED NOV 22 2017


...................................

...THE NEW ORLEANS CLIMATE SUMMARY FOR NOVEMBER 21 2017...

CLIMATE NORMAL PERIOD 1981 TO 2010
CLIMATE RECORD PERIOD 1946 TO 2017


WEATHER ITEM   OBSERVED TIME   RECORD YEAR NORMAL DEPARTURE LAST
                VALUE   (LST)  VALUE       VALUE  FROM      YEAR
                                                  NORMAL
..................................................................
TEMPERATURE (F)
 YESTERDAY
  MAXIMUM         73    138 PM  83    1996  70      3       65
  MINIMUM         50    634 AM  31    1969  52     -2       38
  AVERAGE         62                        61      1       52

PRECIPITATION (IN)
  YESTERDAY        T             2.25 1948   0.16  -0.16     0.00
  MONTH TO DATE    0.05                      3.08  -3.03     2.12
  SINCE SEP 1      3.60                     11.59  -7.99     6.80
  SINCE JAN 1     67.25                     55.80  11.45    62.23

SNOWFALL (IN)
  YESTERDAY        0.0
  MONTH TO DATE    0.0
  SINCE SEP 1      0.0
  SINCE JUL 1      0.0
  SNOW DEPTH       0

DEGREE DAYS
 HEATING
  YESTERDAY        3                         6     -3       13
  MONTH TO DATE   33                        79    -46       44
  SINCE SEP 1     73                       104    -31       44
  SINCE JUL 1     73                       104    -31       44

 COOLING
  YESTERDAY        0                         2     -2        0
  MONTH TO DATE   87                        56     31       97
  SINCE SEP 1    841                       719    122     1112
  SINCE JAN 1   3194                      2965    229     3814
..................................................................


WIND (MPH)
  HIGHEST WIND SPEED    10   HIGHEST WIND DIRECTION    NE (60)
  HIGHEST GUST SPEED    17   HIGHEST GUST DIRECTION    NE (60)
  AVERAGE WIND SPEED     5.7


SKY COVER
  POSSIBLE SUNSHINE  MM
  AVERAGE SKY COVER 0.7


WEATHER CONDITIONS
 THE FOLLOWING WEATHER WAS RECORDED YESTERDAY.
  LIGHT RAIN


RELATIVE HUMIDITY (PERCENT)
 HIGHEST    93          1200 AM
 LOWEST     57          1100 AM
 AVERAGE    75

..........................................................


THE NEW ORLEANS CLIMATE NORMALS FOR TODAY
                         NORMAL    RECORD    YEAR
 MAXIMUM TEMPERATURE (F)   70        86      1973
 MINIMUM TEMPERATURE (F)   52        33      2000
                                             1975
                                             1969


SUNRISE AND SUNSET
NOVEMBER 22 2017......SUNRISE   632 AM CST   SUNSET   502 PM CST
NOVEMBER 23 2017......SUNRISE   633 AM CST   SUNSET   502 PM CST


-  INDICATES NEGATIVE NUMBERS.
R  INDICATES RECORD WAS SET OR TIED.
MM INDICATES DATA IS MISSING.
T  INDICATES TRACE AMOUNT.




$$
