000
CDUS44 KLIX 210701
CLINEW


CLIMATE REPORT
NATIONAL WEATHER SERVICE NEW ORLEANS
201 AM CDT TUE OCT 21 2014


...................................

...THE NEW ORLEANS CLIMATE SUMMARY FOR OCTOBER 20 2014...

CLIMATE NORMAL PERIOD 1981 TO 2010
CLIMATE RECORD PERIOD 1946 TO 2014


WEATHER ITEM   OBSERVED TIME   RECORD YEAR NORMAL DEPARTURE LAST
                VALUE   (LST)  VALUE       VALUE  FROM      YEAR
                                                  NORMAL
..................................................................
TEMPERATURE (F)
 YESTERDAY
  MAXIMUM         79    328 PM  90    2004  79      0       72
  MINIMUM         58    518 AM  35    1989  61     -3       60
  AVERAGE         69                        70     -1       66

PRECIPITATION (IN)
  YESTERDAY        0.00          0.44 1959   0.11  -0.11     0.00
  MONTH TO DATE    1.84                      2.22  -0.38     1.96
  SINCE SEP 1      5.68                      7.19  -1.51    10.64
  SINCE JAN 1     48.64                     51.40  -2.76    60.95

SNOWFALL (IN)
  YESTERDAY        0.0
  MONTH TO DATE    0.0
  SINCE SEP 1      0.0
  SINCE JUL 1      0.0
  SNOW DEPTH       0

DEGREE DAYS
 HEATING
  YESTERDAY        0                         1     -1        0
  MONTH TO DATE    0                         7     -7        0
  SINCE SEP 1      0                         7     -7        0
  SINCE JUL 1      0                         7     -7        0

 COOLING
  YESTERDAY        4                         6     -2        1
  MONTH TO DATE  194                       167     27      212
  SINCE SEP 1    698                       610     88      723
  SINCE JAN 1   2882                      2856     26     2859
..................................................................


WIND (MPH)
  HIGHEST WIND SPEED    12   HIGHEST WIND DIRECTION    NE (50)
  HIGHEST GUST SPEED    20   HIGHEST GUST DIRECTION     E (80)
  AVERAGE WIND SPEED     4.5


SKY COVER
  POSSIBLE SUNSHINE  MM
  AVERAGE SKY COVER 0.3


WEATHER CONDITIONS
 THE FOLLOWING WEATHER WAS RECORDED YESTERDAY.
  FOG


RELATIVE HUMIDITY (PERCENT)
 HIGHEST    87           300 AM
 LOWEST     36           400 PM
 AVERAGE    62

..........................................................


THE NEW ORLEANS CLIMATE NORMALS FOR TODAY
                         NORMAL    RECORD    YEAR
 MAXIMUM TEMPERATURE (F)   79        90      1979
 MINIMUM TEMPERATURE (F)   61        36      1964


SUNRISE AND SUNSET
OCTOBER 21 2014.......SUNRISE   707 AM CDT   SUNSET   624 PM CDT
OCTOBER 22 2014.......SUNRISE   708 AM CDT   SUNSET   623 PM CDT


-  INDICATES NEGATIVE NUMBERS.
R  INDICATES RECORD WAS SET OR TIED.
MM INDICATES DATA IS MISSING.
T  INDICATES TRACE AMOUNT.




$$
