000
CDUS46 KMTR 190826
CLINUQ


CLIMATE REPORT
NATIONAL WEATHER SERVICE SAN FRANCISCO BAY AREA
126 AM PDT THU OCT 19 2017


...................................

...THE MOFFETT FIELD CLIMATE SUMMARY FOR OCTOBER 18 2017...

CLIMATE NORMAL PERIOD 1981 TO 2010
CLIMATE RECORD PERIOD 1945 TO 2017


WEATHER ITEM   OBSERVED TIME   RECORD YEAR NORMAL DEPARTURE LAST
                VALUE   (LST)  VALUE       VALUE  FROM      YEAR
                                                  NORMAL
..................................................................
TEMPERATURE (F)
 YESTERDAY
  MAXIMUM         67    254 PM  89    2012  73     -6       71
  MINIMUM         50    308 AM  39    1949  54     -4       51
  AVERAGE         59                        63     -4       61

PRECIPITATION (IN)
  YESTERDAY        0.00          0.17 1953   0.02  -0.02     0.00
  MONTH TO DATE    0.00                      0.26  -0.26     0.70
  SINCE OCT 1      0.00                      0.26  -0.26     0.70
  SINCE JAN 1     13.64                     10.10   3.54     9.45

DEGREE DAYS
 HEATING
  YESTERDAY        6                                         4
  MONTH TO DATE   23                                        35
  SINCE SEP 1     31                                        45
  SINCE JUL 1     33                                        52

 COOLING
  YESTERDAY        0                                         0
  MONTH TO DATE   25                                        15
  SINCE SEP 1    240                                       119
  SINCE JAN 1    651                                       455
..................................................................


WIND (MPH)
  RESULTANT WIND SPEED   4   RESULTANT WIND DIRECTION   N (340)
  HIGHEST WIND SPEED    15   HIGHEST WIND DIRECTION     N (340)
  HIGHEST GUST SPEED    19   HIGHEST GUST DIRECTION     N (350)
  AVERAGE WIND SPEED     4.6


SKY COVER
  POSSIBLE SUNSHINE  MM
  AVERAGE SKY COVER 0.3


WEATHER CONDITIONS
 THE FOLLOWING WEATHER WAS RECORDED YESTERDAY.
  FOG
  HAZE


RELATIVE HUMIDITY (PERCENT)
 HIGHEST   100           600 AM
 LOWEST     56           100 PM
 AVERAGE    78

..........................................................


THE MOFFETT FIELD CLIMATE NORMALS FOR TODAY
                         NORMAL    RECORD    YEAR
 MAXIMUM TEMPERATURE (F)   73        86      1991
 MINIMUM TEMPERATURE (F)   53        37      1949


SUNRISE AND SUNSET
OCTOBER 19 2017.......SUNRISE   720 AM PDT   SUNSET   625 PM PDT
OCTOBER 20 2017.......SUNRISE   721 AM PDT   SUNSET   624 PM PDT


-  INDICATES NEGATIVE NUMBERS.
R  INDICATES RECORD WAS SET OR TIED.
MM INDICATES DATA IS MISSING.
T  INDICATES TRACE AMOUNT.




$$
