000
CDUS46 KMTR 210826
CLINUQ


CLIMATE REPORT
NATIONAL WEATHER SERVICE SAN FRANCISCO BAY AREA
126 AM PDT MON AUG 21 2017


...................................

...THE MOFFETT FIELD CLIMATE SUMMARY FOR AUGUST 20 2017...

CLIMATE NORMAL PERIOD 1981 TO 2010
CLIMATE RECORD PERIOD 1945 TO 2017


WEATHER ITEM   OBSERVED TIME   RECORD YEAR NORMAL DEPARTURE LAST
                VALUE   (LST)  VALUE       VALUE  FROM      YEAR
                                                  NORMAL
..................................................................
TEMPERATURE (F)
 YESTERDAY
  MAXIMUM         78   1156 AM  88    1974  78      0       72
  MINIMUM         60    525 AM  50    1948  59      1       60
  AVERAGE         69                        68      1       66

PRECIPITATION (IN)
  YESTERDAY        0.00          0.00 2009   0.00   0.00     0.00
  MONTH TO DATE    T                         0.00   0.00     0.00
  SINCE OCT 1     18.15                     14.49   3.66    13.15
  SINCE JAN 1     13.58                      9.65   3.93     8.75

DEGREE DAYS
 HEATING
  YESTERDAY        0                                         0
  MONTH TO DATE    0                                         2
  SINCE JUN 1     29                                        15
  SINCE JUL 1      2                                         7

 COOLING
  YESTERDAY        4                                         1
  MONTH TO DATE   84                                        56
  SINCE JUN 1    303                                       248
  SINCE JAN 1    356                                       308
..................................................................


WIND (MPH)
  RESULTANT WIND SPEED   5   RESULTANT WIND DIRECTION   N (0)
  HIGHEST WIND SPEED    17   HIGHEST WIND DIRECTION     N (350)
  HIGHEST GUST SPEED    21   HIGHEST GUST DIRECTION     N (350)
  AVERAGE WIND SPEED     7.8


SKY COVER
  POSSIBLE SUNSHINE  MM
  AVERAGE SKY COVER 0.1


WEATHER CONDITIONS
 THE FOLLOWING WEATHER WAS RECORDED YESTERDAY.
  NO SIGNIFICANT WEATHER WAS OBSERVED.


RELATIVE HUMIDITY (PERCENT)
 HIGHEST    90           500 AM
 LOWEST     52          1200 PM
 AVERAGE    71

..........................................................


THE MOFFETT FIELD CLIMATE NORMALS FOR TODAY
                         NORMAL    RECORD    YEAR
 MAXIMUM TEMPERATURE (F)   78        87      1993
 MINIMUM TEMPERATURE (F)   59        51      1954


SUNRISE AND SUNSET
AUGUST 21 2017........SUNRISE   630 AM PDT   SUNSET   752 PM PDT
AUGUST 22 2017........SUNRISE   631 AM PDT   SUNSET   751 PM PDT


-  INDICATES NEGATIVE NUMBERS.
R  INDICATES RECORD WAS SET OR TIED.
MM INDICATES DATA IS MISSING.
T  INDICATES TRACE AMOUNT.




$$
