000
CDUS46 KMTR 270829
CLINUQ


CLIMATE REPORT
NATIONAL WEATHER SERVICE SAN FRANCISCO BAY AREA
1229 AM PST SAT DEC 27 2014


...................................

...THE MOFFETT FIELD CLIMATE SUMMARY FOR DECEMBER 26 2014...

CLIMATE NORMAL PERIOD 1981 TO 2010
CLIMATE RECORD PERIOD 1945 TO 2014


WEATHER ITEM   OBSERVED TIME   RECORD YEAR NORMAL DEPARTURE LAST
                VALUE   (LST)  VALUE       VALUE  FROM      YEAR
                                                  NORMAL
..................................................................
TEMPERATURE (F)
 YESTERDAY
  MAXIMUM         59    219 PM  75    1967  58      1       68
  MINIMUM         40   1123 PM  31    1962  42     -2       37
  AVERAGE         50                        50      0       53

PRECIPITATION (IN)
  YESTERDAY        0.00          1.52 1948   0.09  -0.09     0.00
  MONTH TO DATE    8.53                      2.09   6.44     0.16
  SINCE JUL 1     10.40                      4.58   5.82     1.26
  SINCE JAN 1     15.59                     14.21   1.38     3.08

DEGREE DAYS
 HEATING
  YESTERDAY       15                                        12
  MONTH TO DATE  201                                       436
  SINCE DEC 1    201                                       436
  SINCE JUL 1    428                                       808

 COOLING
  YESTERDAY        0                                         0
  MONTH TO DATE    0                                         0
  SINCE DEC 1      0                                         0
  SINCE JAN 1    643                                       478
..................................................................


WIND (MPH)
  RESULTANT WIND SPEED   3   RESULTANT WIND DIRECTION  NW (320)
  HIGHEST WIND SPEED    15   HIGHEST WIND DIRECTION     N (20)
  HIGHEST GUST SPEED    18   HIGHEST GUST DIRECTION    NE (30)
  AVERAGE WIND SPEED     4.2


SKY COVER
  POSSIBLE SUNSHINE  MM
  AVERAGE SKY COVER 0.0


WEATHER CONDITIONS
 THE FOLLOWING WEATHER WAS RECORDED YESTERDAY.
  NO SIGNIFICANT WEATHER WAS OBSERVED.


RELATIVE HUMIDITY (PERCENT)
 HIGHEST    76           200 AM
 LOWEST     33           200 PM
 AVERAGE    55

..........................................................


THE MOFFETT FIELD CLIMATE NORMALS FOR TODAY
                         NORMAL    RECORD    YEAR
 MAXIMUM TEMPERATURE (F)   58        75      1967
 MINIMUM TEMPERATURE (F)   42        32      1976


SUNRISE AND SUNSET
DECEMBER 27 2014......SUNRISE   721 AM PST   SUNSET   457 PM PST
DECEMBER 28 2014......SUNRISE   722 AM PST   SUNSET   458 PM PST


-  INDICATES NEGATIVE NUMBERS.
R  INDICATES RECORD WAS SET OR TIED.
MM INDICATES DATA IS MISSING.
T  INDICATES TRACE AMOUNT.




$$
