000
CDUS46 KMTR 300826
CLINUQ


CLIMATE REPORT
NATIONAL WEATHER SERVICE SAN FRANCISCO BAY AREA
125 AM PDT SAT JUL 30 2016


...................................

...THE MOFFETT FIELD CLIMATE SUMMARY FOR JULY 29 2016...

CLIMATE NORMAL PERIOD 1981 TO 2010
CLIMATE RECORD PERIOD 1945 TO 2016


WEATHER ITEM   OBSERVED TIME   RECORD YEAR NORMAL DEPARTURE LAST
                VALUE   (LST)  VALUE       VALUE  FROM      YEAR
                                                  NORMAL
..................................................................
TEMPERATURE (F)
 YESTERDAY
  MAXIMUM         80    322 PM  93    1977  77      3       85
  MINIMUM         60    530 AM  49    1950  60      0       64
  AVERAGE         70                        68      2       75

PRECIPITATION (IN)
  YESTERDAY        0.00          0.00 2009   0.00   0.00     0.00
  MONTH TO DATE    0.00                      0.02  -0.02      T
  SINCE OCT 1     13.15                     14.49  -1.34    14.23
  SINCE JAN 1      8.75                      9.65  -0.90     4.24

DEGREE DAYS
 HEATING
  YESTERDAY        0                                         0
  MONTH TO DATE    5                                         0
  SINCE JUN 1     13                                        16
  SINCE JUL 1      5                                         0

 COOLING
  YESTERDAY        5                                        10
  MONTH TO DATE   81                                       140
  SINCE JUN 1    185                                       218
  SINCE JAN 1    245                                       236
..................................................................


WIND (MPH)
  RESULTANT WIND SPEED   6   RESULTANT WIND DIRECTION  NW (330)
  HIGHEST WIND SPEED    15   HIGHEST WIND DIRECTION    NW (330)
  HIGHEST GUST SPEED    18   HIGHEST GUST DIRECTION    NW (310)
  AVERAGE WIND SPEED     6.3


SKY COVER
  POSSIBLE SUNSHINE  MM
  AVERAGE SKY COVER 0.2


WEATHER CONDITIONS
 THE FOLLOWING WEATHER WAS RECORDED YESTERDAY.
  NO SIGNIFICANT WEATHER WAS OBSERVED.


RELATIVE HUMIDITY (PERCENT)
 HIGHEST    84           200 AM
 LOWEST     45           100 PM
 AVERAGE    65

..........................................................


THE MOFFETT FIELD CLIMATE NORMALS FOR TODAY
                         NORMAL    RECORD    YEAR
 MAXIMUM TEMPERATURE (F)   77        97      1977
 MINIMUM TEMPERATURE (F)   60        50      1975


SUNRISE AND SUNSET
JULY 30 2016..........SUNRISE   611 AM PDT   SUNSET   817 PM PDT
JULY 31 2016..........SUNRISE   612 AM PDT   SUNSET   816 PM PDT


-  INDICATES NEGATIVE NUMBERS.
R  INDICATES RECORD WAS SET OR TIED.
MM INDICATES DATA IS MISSING.
T  INDICATES TRACE AMOUNT.




$$
