000
CDUS46 KMTR 030852
CLINUQ


CLIMATE REPORT
NATIONAL WEATHER SERVICE SAN FRANCISCO BAY AREA
1252 AM PST SAT DEC 3 2016


...................................

...THE MOFFETT FIELD CLIMATE SUMMARY FOR DECEMBER 2 2016...

CLIMATE NORMAL PERIOD 1981 TO 2010
CLIMATE RECORD PERIOD 1945 TO 2016


WEATHER ITEM   OBSERVED TIME   RECORD YEAR NORMAL DEPARTURE LAST
                VALUE   (LST)  VALUE       VALUE  FROM      YEAR
                                                  NORMAL
..................................................................
TEMPERATURE (F)
 YESTERDAY
  MAXIMUM         63    225 PM  75    2011  61      2       59
                                      1958
  MINIMUM         47   1159 PM  32    1948  44      3       41
  AVERAGE         55                        52      3       50

PRECIPITATION (IN)
  YESTERDAY        0.00          1.25 2014   0.07  -0.07     0.00
  MONTH TO DATE    0.00                      0.13  -0.13     0.00
  SINCE OCT 1      3.09                      2.41   0.68     2.47
  SINCE JAN 1     11.84                     12.25  -0.41     6.73

DEGREE DAYS
 HEATING
  YESTERDAY       10                                        15
  MONTH TO DATE   24                                        30
  SINCE DEC 1     24                                        30
  SINCE JUL 1    311                                       373

 COOLING
  YESTERDAY        0                                         0
  MONTH TO DATE    0                                         0
  SINCE DEC 1      0                                         0
  SINCE JAN 1    460                                       667
..................................................................


WIND (MPH)
  RESULTANT WIND SPEED   7   RESULTANT WIND DIRECTION   N (350)
  HIGHEST WIND SPEED    21   HIGHEST WIND DIRECTION     N (10)
  HIGHEST GUST SPEED    26   HIGHEST GUST DIRECTION     N (340)
  AVERAGE WIND SPEED     7.3


SKY COVER
  POSSIBLE SUNSHINE  MM
  AVERAGE SKY COVER 0.0


WEATHER CONDITIONS
 THE FOLLOWING WEATHER WAS RECORDED YESTERDAY.
  NO SIGNIFICANT WEATHER WAS OBSERVED.


RELATIVE HUMIDITY (PERCENT)
 HIGHEST    61          1200 AM
 LOWEST     25           200 PM
 AVERAGE    43

..........................................................


THE MOFFETT FIELD CLIMATE NORMALS FOR TODAY
                         NORMAL    RECORD    YEAR
 MAXIMUM TEMPERATURE (F)   60        72      1958
 MINIMUM TEMPERATURE (F)   44        34      2004


SUNRISE AND SUNSET
DECEMBER  3 2016......SUNRISE   706 AM PST   SUNSET   450 PM PST
DECEMBER  4 2016......SUNRISE   707 AM PST   SUNSET   450 PM PST


-  INDICATES NEGATIVE NUMBERS.
R  INDICATES RECORD WAS SET OR TIED.
MM INDICATES DATA IS MISSING.
T  INDICATES TRACE AMOUNT.




$$
