000
CDUS46 KMTR 290827
CLINUQ


CLIMATE REPORT
NATIONAL WEATHER SERVICE SAN FRANCISCO BAY AREA
127 AM PDT SAT APR 29 2017


...................................

...THE MOFFETT FIELD CLIMATE SUMMARY FOR APRIL 28 2017...

CLIMATE NORMAL PERIOD 1981 TO 2010
CLIMATE RECORD PERIOD 1945 TO 2017


WEATHER ITEM   OBSERVED TIME   RECORD YEAR NORMAL DEPARTURE LAST
                VALUE   (LST)  VALUE       VALUE  FROM      YEAR
                                                  NORMAL
..................................................................
TEMPERATURE (F)
 YESTERDAY
  MAXIMUM         75    335 PM  91    1981  70      5       74
  MINIMUM         48    537 AM  38    1955  51     -3       49
  AVERAGE         62                        61      1       62

PRECIPITATION (IN)
  YESTERDAY        0.00          1.04 1983   0.03  -0.03     0.00
  MONTH TO DATE    1.33                      0.93   0.40     1.41
  SINCE OCT 1     18.13                     13.85   4.28    13.02
  SINCE JAN 1     13.56                      9.01   4.55     8.62

DEGREE DAYS
 HEATING
  YESTERDAY        3                                         3
  MONTH TO DATE  163                                       117
  SINCE MAR 1    396                                       330
  SINCE JUL 1   1924                                      1715

 COOLING
  YESTERDAY        0                                         0
  MONTH TO DATE    0                                        22
  SINCE MAR 1      0                                        22
  SINCE JAN 1      0                                        24
..................................................................


WIND (MPH)
  RESULTANT WIND SPEED   6   RESULTANT WIND DIRECTION  NW (320)
  HIGHEST WIND SPEED    18   HIGHEST WIND DIRECTION    NW (330)
  HIGHEST GUST SPEED    24   HIGHEST GUST DIRECTION    NW (320)
  AVERAGE WIND SPEED     6.2


SKY COVER
  POSSIBLE SUNSHINE  MM
  AVERAGE SKY COVER 0.0


WEATHER CONDITIONS
 THE FOLLOWING WEATHER WAS RECORDED YESTERDAY.
  NO SIGNIFICANT WEATHER WAS OBSERVED.


RELATIVE HUMIDITY (PERCENT)
 HIGHEST    74           300 AM
 LOWEST     20           400 PM
 AVERAGE    47

..........................................................


THE MOFFETT FIELD CLIMATE NORMALS FOR TODAY
                         NORMAL    RECORD    YEAR
 MAXIMUM TEMPERATURE (F)   71        95      1981
 MINIMUM TEMPERATURE (F)   51        39      1952


SUNRISE AND SUNSET
APRIL 29 2017.........SUNRISE   615 AM PDT   SUNSET   757 PM PDT
APRIL 30 2017.........SUNRISE   614 AM PDT   SUNSET   757 PM PDT


-  INDICATES NEGATIVE NUMBERS.
R  INDICATES RECORD WAS SET OR TIED.
MM INDICATES DATA IS MISSING.
T  INDICATES TRACE AMOUNT.




$$
