000
CDUS46 KMTR 300037
CLINUQ


CLIMATE REPORT
NATIONAL WEATHER SERVICE SAN FRANCISCO BAY AREA
537 PM PDT SUN MAR 29 2015


...................................

...THE MOFFETT FIELD CLIMATE SUMMARY FOR MARCH 29 2015...
VALID TODAY AS OF 0500 PM LOCAL TIME.

CLIMATE NORMAL PERIOD 1981 TO 2010
CLIMATE RECORD PERIOD 1945 TO 2015


WEATHER ITEM   OBSERVED TIME   RECORD YEAR NORMAL DEPARTURE LAST
                VALUE   (LST)  VALUE       VALUE  FROM      YEAR
                                                  NORMAL
..................................................................
TEMPERATURE (F)
 TODAY
  MAXIMUM         77R   147 PM  77    1968  66     11       64
  MINIMUM         47    632 AM  39    1959  48     -1       51
  AVERAGE         62                        57      5       58

PRECIPITATION (IN)
  TODAY            0.00          0.55 1982   0.05  -0.05     0.28
  MONTH TO DATE    0.16                      2.15  -1.99     0.93
  SINCE OCT 1     12.60                     12.81  -0.21     4.53
  SINCE JAN 1      2.61                      7.97  -5.36     3.77

DEGREE DAYS
 HEATING
  TODAY            3                                         7
  MONTH TO DATE  141                                       131
  SINCE MAR 1    141                                       131
  SINCE JUL 1   1246                                      1589

 COOLING
  TODAY            0                                         0
  MONTH TO DATE    8                                         4
  SINCE MAR 1      8                                         4
  SINCE JAN 1      8                                         4
..................................................................


WIND (MPH)
  RESULTANT WIND SPEED   2   RESULTANT WIND DIRECTION   N (350)
  HIGHEST WIND SPEED    17   HIGHEST WIND DIRECTION     N (350)
  HIGHEST GUST SPEED    21   HIGHEST GUST DIRECTION     N (350)
  AVERAGE WIND SPEED     2.9


SKY COVER
  POSSIBLE SUNSHINE  MM
  AVERAGE SKY COVER 0.0


WEATHER CONDITIONS
 THE FOLLOWING WEATHER WAS RECORDED TODAY.
  NO SIGNIFICANT WEATHER WAS OBSERVED.


RELATIVE HUMIDITY (PERCENT)
 HIGHEST    83          1200 AM
 LOWEST     36           200 PM
 AVERAGE    60

..........................................................


THE MOFFETT FIELD CLIMATE NORMALS FOR TOMORROW
                         NORMAL    RECORD    YEAR
 MAXIMUM TEMPERATURE (F)   66        79      2011
 MINIMUM TEMPERATURE (F)   48        39      1977


SUNRISE AND SUNSET
MARCH 29 2015.........SUNRISE   658 AM PDT   SUNSET   728 PM PDT
MARCH 30 2015.........SUNRISE   657 AM PDT   SUNSET   729 PM PDT


-  INDICATES NEGATIVE NUMBERS.
R  INDICATES RECORD WAS SET OR TIED.
MM INDICATES DATA IS MISSING.
T  INDICATES TRACE AMOUNT.




$$
