000
CDUS41 KOKX 270624
CLINYC


CLIMATE REPORT
NATIONAL WEATHER SERVICE NEW YORK NY
123 AM EST THU NOV 27 2014


...................................

...THE CENTRAL PARK NY CLIMATE SUMMARY FOR NOVEMBER 26 2014...

CLIMATE NORMAL PERIOD 1981 TO 2010
CLIMATE RECORD PERIOD 1869 TO 2014


WEATHER ITEM   OBSERVED TIME   RECORD YEAR NORMAL DEPARTURE LAST
                VALUE   (LST)  VALUE       VALUE  FROM      YEAR
                                                  NORMAL
..................................................................
TEMPERATURE (F)
 YESTERDAY
  MAXIMUM         51    244 AM  67    1946  50      1       47
  MINIMUM         34    158 PM  16    1938  39     -5       33
                                      1880
  AVERAGE         43                        44     -1       40

PRECIPITATION (IN)
  YESTERDAY        1.24          1.91 1996   0.14   1.10     0.51
  MONTH TO DATE    4.49                      3.46   1.03     1.17
  SINCE SEP 1     11.47                     12.14  -0.67     4.48
  SINCE JAN 1     47.73                     45.38   2.35    39.49

SNOWFALL (IN)
  YESTERDAY        0.2           5.0  1898   0.0    0.2       T
  MONTH TO DATE    0.2                       0.2    0.0       T
  SINCE OCT 1      0.2                       0.2    0.0       T
  SINCE JUL 1      0.2                       0.2    0.0       T
  SNOW DEPTH       0

DEGREE DAYS
 HEATING
  YESTERDAY       22                        21      1       25
  MONTH TO DATE  479                       433     46      473
  SINCE SEP 1    680                       744    -64      696
  SINCE JUL 1    680                       746    -66      696

 COOLING
  YESTERDAY        0                         0      0        0
  MONTH TO DATE    0                         0      0        0
  SINCE SEP 1    190                       150     40      178
  SINCE JAN 1   1128                      1104     24     1271
..................................................................


WIND (MPH)
  HIGHEST WIND SPEED    18   HIGHEST WIND DIRECTION    NE (40)
  HIGHEST GUST SPEED    34   HIGHEST GUST DIRECTION    NE (30)
  AVERAGE WIND SPEED     8.8


SKY COVER
  AVERAGE SKY COVER 0.9


WEATHER CONDITIONS
 THE FOLLOWING WEATHER WAS RECORDED YESTERDAY.
  RAIN
  LIGHT RAIN
  LIGHT SNOW
  FOG


RELATIVE HUMIDITY (PERCENT)
 HIGHEST    92          1000 AM
 LOWEST     38          1200 AM
 AVERAGE    65

..........................................................


THE CENTRAL PARK NY CLIMATE NORMALS FOR TODAY
                         NORMAL    RECORD    YEAR
 MAXIMUM TEMPERATURE (F)   50        72      1896
 MINIMUM TEMPERATURE (F)   38        12      1932


SUNRISE AND SUNSET
NOVEMBER 27 2014......SUNRISE   656 AM EST   SUNSET   430 PM EST
NOVEMBER 28 2014......SUNRISE   657 AM EST   SUNSET   430 PM EST


-  INDICATES NEGATIVE NUMBERS.
R  INDICATES RECORD WAS SET OR TIED.
MM INDICATES DATA IS MISSING.
T  INDICATES TRACE AMOUNT.




$$
