000
CDUS41 KOKX 042044
CLINYC


CLIMATE REPORT
NATIONAL WEATHER SERVICE NEW YORK NY
444 PM EDT WED MAY 4 2016


...................................

...THE CENTRAL PARK NY CLIMATE SUMMARY FOR MAY 4 2016...
VALID TODAY AS OF 0400 PM LOCAL TIME.

CLIMATE NORMAL PERIOD 1981 TO 2010
CLIMATE RECORD PERIOD 1869 TO 2016


WEATHER ITEM   OBSERVED TIME   RECORD YEAR NORMAL DEPARTURE LAST
                VALUE   (LST)  VALUE       VALUE  FROM      YEAR
                                                  NORMAL
..................................................................
TEMPERATURE (F)
 TODAY
  MAXIMUM         52    921 AM  92    2001  68    -16       85
  MINIMUM         48    618 AM  38    1917  50     -2       57
                                      1911
                                      1875
  AVERAGE         50                        59     -9       71

PRECIPITATION (IN)
  TODAY            0.01          2.02 1893   0.13  -0.12     0.00
  MONTH TO DATE    0.82                      0.50   0.32     0.00
  SINCE MAR 1      3.60                      9.36  -5.76     6.80
  SINCE JAN 1     12.41                     16.10  -3.69    14.07

SNOWFALL (IN)
  TODAY            0.0           T    1946   0.0    0.0      0.0
  MONTH TO DATE    0.0                       0.0    0.0      0.0
  SINCE OCT 1     32.8                      25.8    7.0     50.3
  SINCE JUL 1     32.8                      25.8    7.0     50.3
  SNOW DEPTH       0

DEGREE DAYS
 HEATING
  TODAY           15                         7      8        0
  MONTH TO DATE   55                        29     26       13
  SINCE MAR 1    908                      1100   -192     1158
  SINCE JUL 1   3655                      4622   -967     4917

 COOLING
  TODAY            0                         1     -1        6
  MONTH TO DATE    0                         4     -4        7
  SINCE MAR 1     19                        16      3       12
  SINCE JAN 1     19                        16      3       12
..................................................................


WIND (MPH)
  HIGHEST WIND SPEED    17   HIGHEST WIND DIRECTION    NE (60)
  HIGHEST GUST SPEED    24   HIGHEST GUST DIRECTION    NE (60)
  AVERAGE WIND SPEED     8.2


SKY COVER
  AVERAGE SKY COVER 1.0


WEATHER CONDITIONS
 THE FOLLOWING WEATHER WAS RECORDED TODAY.
  LIGHT RAIN
  FOG
  HAZE


RELATIVE HUMIDITY (PERCENT)
 HIGHEST    89          1200 AM
 LOWEST     71           900 AM
 AVERAGE    80

..........................................................


THE CENTRAL PARK NY CLIMATE NORMALS FOR TOMORROW
                         NORMAL    RECORD    YEAR
 MAXIMUM TEMPERATURE (F)   68        90      1980
                                             1955
                                             1949
 MINIMUM TEMPERATURE (F)   51        34      1891


SUNRISE AND SUNSET
MAY  4 2016...........SUNRISE   550 AM EDT   SUNSET   756 PM EDT
MAY  5 2016...........SUNRISE   549 AM EDT   SUNSET   757 PM EDT


-  INDICATES NEGATIVE NUMBERS.
R  INDICATES RECORD WAS SET OR TIED.
MM INDICATES DATA IS MISSING.
T  INDICATES TRACE AMOUNT.




$$
