989
CDUS41 KOKX 210618
CLINYC


CLIMATE REPORT
NATIONAL WEATHER SERVICE NEW YORK NY
117 AM EST SAT JAN 21 2017


...................................

...THE CENTRAL PARK NY CLIMATE SUMMARY FOR JANUARY 20 2017...

CLIMATE NORMAL PERIOD 1981 TO 2010
CLIMATE RECORD PERIOD 1869 TO 2017


WEATHER ITEM   OBSERVED TIME   RECORD YEAR NORMAL DEPARTURE LAST
                VALUE   (LST)  VALUE       VALUE  FROM      YEAR
                                                  NORMAL
..................................................................
TEMPERATURE (F)
 YESTERDAY
  MAXIMUM         45    326 PM  61    2006  38      7       37
                                      1951
  MINIMUM         40    709 PM   0    1994  27     13       27
  AVERAGE         43                        32     11       32

PRECIPITATION (IN)
  YESTERDAY        0.10          1.41 1995   0.11  -0.01     0.00
  MONTH TO DATE    2.36                      2.41  -0.05     2.09
  SINCE DEC 1      5.25                      6.41  -1.16     6.81
  SINCE JAN 1      2.36                      2.41  -0.05     2.09

SNOWFALL (IN)
  YESTERDAY        0.0          11.1  1978   0.3   -0.3      0.0
  MONTH TO DATE    6.9                       4.4    2.5      0.4
  SINCE OCT 1     10.1                       9.5    0.6      0.4
  SINCE JUL 1     10.1                       9.5    0.6      0.4
  SNOW DEPTH       0

DEGREE DAYS
 HEATING
  YESTERDAY       22                        33    -11       33
  MONTH TO DATE  556                       651    -95      607
  SINCE DEC 1   1375                      1503   -128     1041
  SINCE JUL 1   2062                      2336   -274     1629

 COOLING
  YESTERDAY        0                         0      0        0
  MONTH TO DATE    0                         0      0        0
  SINCE DEC 1      0                         0      0        3
  SINCE JAN 1      0                         0      0        0
..................................................................


WIND (MPH)
  HIGHEST WIND SPEED    10   HIGHEST WIND DIRECTION    NE (60)
  HIGHEST GUST SPEED    14   HIGHEST GUST DIRECTION     E (110)
  AVERAGE WIND SPEED     4.0


SKY COVER
  AVERAGE SKY COVER 1.0


WEATHER CONDITIONS
 THE FOLLOWING WEATHER WAS RECORDED YESTERDAY.
  LIGHT RAIN
  FOG


RELATIVE HUMIDITY (PERCENT)
 HIGHEST    93           800 PM
 LOWEST     65           300 AM
 AVERAGE    79

..........................................................


THE CENTRAL PARK NY CLIMATE NORMALS FOR TODAY
                         NORMAL    RECORD    YEAR
 MAXIMUM TEMPERATURE (F)   38        63      2006
 MINIMUM TEMPERATURE (F)   27        -2      1985


SUNRISE AND SUNSET
JANUARY 21 2017.......SUNRISE   715 AM EST   SUNSET   500 PM EST
JANUARY 22 2017.......SUNRISE   714 AM EST   SUNSET   501 PM EST


-  INDICATES NEGATIVE NUMBERS.
R  INDICATES RECORD WAS SET OR TIED.
MM INDICATES DATA IS MISSING.
T  INDICATES TRACE AMOUNT.




$$
