000
CDUS41 KOKX 180616
CLINYC


CLIMATE REPORT
NATIONAL WEATHER SERVICE NEW YORK NY
215 AM EDT WED OCT 18 2017


...................................

...THE CENTRAL PARK NY CLIMATE SUMMARY FOR OCTOBER 17 2017...

CLIMATE NORMAL PERIOD 1981 TO 2010
CLIMATE RECORD PERIOD 1869 TO 2017


WEATHER ITEM   OBSERVED TIME   RECORD YEAR NORMAL DEPARTURE LAST
                VALUE   (LST)  VALUE       VALUE  FROM      YEAR
                                                  NORMAL
..................................................................
TEMPERATURE (F)
 YESTERDAY
  MAXIMUM         58    351 PM  90    1938  63     -5       81
  MINIMUM         42    638 AM  33    1886  50     -8       63
  AVERAGE         50                        56     -6       72

PRECIPITATION (IN)
  YESTERDAY        0.00          2.28 1936   0.14  -0.14     0.00
  MONTH TO DATE    0.70                      2.45  -1.75     0.78
  SINCE SEP 1      2.70                      6.73  -4.03     3.57
  SINCE JAN 1     37.77                     39.97  -2.20    30.50

SNOWFALL (IN)
  YESTERDAY        0.0           T    1929   0.0    0.0      0.0
  MONTH TO DATE    0.0                       0.0    0.0      0.0
  SINCE OCT 1      0.0                       0.0    0.0      0.0
  SINCE JUL 1      0.0                       0.0    0.0      0.0
  SNOW DEPTH       0

DEGREE DAYS
 HEATING
  YESTERDAY       15                         9      6        0
  MONTH TO DATE   41                       115    -74       79
  SINCE SEP 1     58                       158   -100       96
  SINCE JUL 1     58                       160   -102       96

 COOLING
  YESTERDAY        0                         0      0        7
  MONTH TO DATE   68                        13     55        9
  SINCE SEP 1    258                       146    112      237
  SINCE JAN 1   1252                      1100    152     1469
..................................................................


WIND (MPH)
  HIGHEST WIND SPEED    10   HIGHEST WIND DIRECTION     W (250)
  HIGHEST GUST SPEED    17   HIGHEST GUST DIRECTION     W (250)
  AVERAGE WIND SPEED     4.0


SKY COVER
  AVERAGE SKY COVER 0.0


WEATHER CONDITIONS
 THE FOLLOWING WEATHER WAS RECORDED YESTERDAY.
  NO SIGNIFICANT WEATHER WAS OBSERVED.


RELATIVE HUMIDITY (PERCENT)
 HIGHEST    70           500 AM
 LOWEST     33           200 PM
 AVERAGE    52

..........................................................


THE CENTRAL PARK NY CLIMATE NORMALS FOR TODAY
                         NORMAL    RECORD    YEAR
 MAXIMUM TEMPERATURE (F)   63        82      1928
 MINIMUM TEMPERATURE (F)   49        35      1974
                                             1939
                                             1929


SUNRISE AND SUNSET
OCTOBER 18 2017.......SUNRISE   711 AM EDT   SUNSET   611 PM EDT
OCTOBER 19 2017.......SUNRISE   712 AM EDT   SUNSET   609 PM EDT


-  INDICATES NEGATIVE NUMBERS.
R  INDICATES RECORD WAS SET OR TIED.
MM INDICATES DATA IS MISSING.
T  INDICATES TRACE AMOUNT.




$$
