000
CDUS45 KPSR 200905
CLINYL

CLIMATE REPORT
NATIONAL WEATHER SERVICE PHOENIX AZ
203 AM MST SUN APR 20 2014


...................................

...THE YUMA AZ CLIMATE SUMMARY FOR APRIL 19 2014...

CLIMATE NORMAL PERIOD 1981 TO 2010
CLIMATE RECORD PERIOD 1876 TO 2014


WEATHER ITEM   OBSERVED TIME   RECORD YEAR NORMAL DEPARTURE LAST
                VALUE   (LST)  VALUE       VALUE  FROM      YEAR
                                                  NORMAL
..................................................................
TEMPERATURE (F)
 YESTERDAY
  MAXIMUM         91    320 PM 106    1980  87      4       86
  MINIMUM         66    434 AM  40    1933  60      6       53
  AVERAGE         79                        74      5       70

PRECIPITATION (IN)
  YESTERDAY        0.00          0.25 1879   0.00   0.00     0.00
  MONTH TO DATE    0.00                      0.12  -0.12      T
  SINCE OCT 1      1.18                      2.15  -0.97     1.74
  SINCE JAN 1      0.07                      1.21  -1.14     1.11

DEGREE DAYS
 HEATING
  YESTERDAY        0                         0      0        0
  MONTH TO DATE    5                        12     -7        0
  SINCE MAR 1      9                        62    -53       16
  SINCE JUL 1    370                       685   -315      705

 COOLING
  YESTERDAY       14                         9      5        5
  MONTH TO DATE  184                       135     49      148
  SINCE MAR 1    369                       252    117      346
  SINCE JAN 1    483                       288    195      357
..................................................................


WIND (MPH)
  HIGHEST WIND SPEED    13   HIGHEST WIND DIRECTION    NE (60)
  HIGHEST GUST SPEED    16   HIGHEST GUST DIRECTION    SW (230)
  AVERAGE WIND SPEED     6.6


SKY COVER
  AVERAGE SKY COVER 0.0


WEATHER CONDITIONS
 THE FOLLOWING WEATHER WAS RECORDED YESTERDAY.
  NO SIGNIFICANT WEATHER WAS OBSERVED.


RELATIVE HUMIDITY (PERCENT)
 HIGHEST    48
 LOWEST     16
 AVERAGE    32

..........................................................


THE YUMA AZ CLIMATE NORMALS FOR TODAY
                         NORMAL    RECORD    YEAR
 MAXIMUM TEMPERATURE (F)   87       104      1958
 MINIMUM TEMPERATURE (F)   61        45      1972
                                             1933


SUNRISE AND SUNSET
APRIL 20 2014.........SUNRISE   603 AM MST   SUNSET   712 PM MST
APRIL 21 2014.........SUNRISE   602 AM MST   SUNSET   713 PM MST


-  INDICATES NEGATIVE NUMBERS.
R  INDICATES RECORD WAS SET OR TIED.
MM INDICATES DATA IS MISSING.
T  INDICATES TRACE AMOUNT.

$$
