720
CDUS45 KPSR 010847 RRA
CLINYL

CLIMATE REPORT
NATIONAL WEATHER SERVICE PHOENIX AZ
146 AM MST SUN MAY 1 2016


...................................

...THE YUMA AZ CLIMATE SUMMARY FOR APRIL 30 2016...

CLIMATE NORMAL PERIOD 1981 TO 2010
CLIMATE RECORD PERIOD 1876 TO 2016


WEATHER ITEM   OBSERVED TIME   RECORD YEAR NORMAL DEPARTURE LAST
                VALUE   (LST)  VALUE       VALUE  FROM      YEAR
                                                  NORMAL
..................................................................
TEMPERATURE (F)
 YESTERDAY
  MAXIMUM         80    228 PM 103    1943  90    -10      102
                                      1882
                                      1879
  MINIMUM         63    639 AM  45    1942  64     -1       70
  AVERAGE         72                        77     -5       86

PRECIPITATION (IN)
  YESTERDAY        0.00          0.10 2009   0.00   0.00     0.00
  MONTH TO DATE    0.31                      0.15   0.16      T
  SINCE OCT 1      0.94                      2.18  -1.24     0.95
  SINCE JAN 1      0.80                      1.24  -0.44     0.51

DEGREE DAYS
 HEATING
  YESTERDAY        0                         0      0        0
  MONTH TO DATE    1                        12    -11        0
  SINCE MAR 1     22                        63    -41       23
  SINCE JUL 1    598                       686    -88       83

 COOLING
  YESTERDAY        7                        12     -5       21
  MONTH TO DATE  272                       253     19      284
  SINCE MAR 1    452                       370     82      579
  SINCE JAN 1    588                       406    182      690
..................................................................


WIND (MPH)
  HIGHEST WIND SPEED    24   HIGHEST WIND DIRECTION     N (350)
  HIGHEST GUST SPEED    29   HIGHEST GUST DIRECTION     N (350)
  AVERAGE WIND SPEED    11.2


SKY COVER
  AVERAGE SKY COVER 0.2


WEATHER CONDITIONS
 THE FOLLOWING WEATHER WAS RECORDED YESTERDAY.
  NO SIGNIFICANT WEATHER WAS OBSERVED.


RELATIVE HUMIDITY (PERCENT)
 HIGHEST    72
 LOWEST     21
 AVERAGE    47

..........................................................


THE YUMA AZ CLIMATE NORMALS FOR TODAY
                         NORMAL    RECORD    YEAR
 MAXIMUM TEMPERATURE (F)   91       106      1947
 MINIMUM TEMPERATURE (F)   64        43      1915


SUNRISE AND SUNSET
MAY  1 2016...........SUNRISE   551 AM MST   SUNSET   720 PM MST
MAY  2 2016...........SUNRISE   550 AM MST   SUNSET   721 PM MST


-  INDICATES NEGATIVE NUMBERS.
R  INDICATES RECORD WAS SET OR TIED.
MM INDICATES DATA IS MISSING.
T  INDICATES TRACE AMOUNT.

$$
