000
CDUS45 KPSR 140857
CLINYL

CLIMATE REPORT
NATIONAL WEATHER SERVICE PHOENIX AZ
153 AM MST SUN FEB 14 2016


...................................

...THE YUMA AZ CLIMATE SUMMARY FOR FEBRUARY 13 2016...

CLIMATE NORMAL PERIOD 1981 TO 2010
CLIMATE RECORD PERIOD 1876 TO 2016


WEATHER ITEM   OBSERVED TIME   RECORD YEAR NORMAL DEPARTURE LAST
                VALUE   (LST)  VALUE       VALUE  FROM      YEAR
                                                  NORMAL
..................................................................
TEMPERATURE (F)
 YESTERDAY
  MAXIMUM         88    402 PM  93    1957  73     15       84
  MINIMUM         50    729 AM  27    1948  50      0       58
  AVERAGE         69                        62      7       71

PRECIPITATION (IN)
  YESTERDAY        0.00          0.63 1976   0.02  -0.02     0.00
  MONTH TO DATE    0.00                      0.17  -0.17     0.00
  SINCE OCT 1      0.63                      1.48  -0.85     0.63
  SINCE JAN 1      0.49                      0.54  -0.05     0.19

DEGREE DAYS
 HEATING
  YESTERDAY        0                         4     -4        0
  MONTH TO DATE   54                        62     -8        0
  SINCE DEC 1    506                       502      4       39
  SINCE JUL 1    576                       570      6       54

 COOLING
  YESTERDAY        4                         1      3        6
  MONTH TO DATE   37                        12     25       63
  SINCE DEC 1     41                        20     21       65
  SINCE JAN 1     39                        18     21       65
..................................................................


WIND (MPH)
  HIGHEST WIND SPEED    13   HIGHEST WIND DIRECTION     N (340)
  HIGHEST GUST SPEED    16   HIGHEST GUST DIRECTION     N (360)
  AVERAGE WIND SPEED     4.8


SKY COVER
  AVERAGE SKY COVER 0.0


WEATHER CONDITIONS
 THE FOLLOWING WEATHER WAS RECORDED YESTERDAY.
  NO SIGNIFICANT WEATHER WAS OBSERVED.


RELATIVE HUMIDITY (PERCENT)
 HIGHEST    41
 LOWEST      8
 AVERAGE    25

..........................................................


THE YUMA AZ CLIMATE NORMALS FOR TODAY
                         NORMAL    RECORD    YEAR
 MAXIMUM TEMPERATURE (F)   74        94      1957
 MINIMUM TEMPERATURE (F)   50        28      1908


SUNRISE AND SUNSET
FEBRUARY 14 2016......SUNRISE   723 AM MST   SUNSET   623 PM MST
FEBRUARY 15 2016......SUNRISE   722 AM MST   SUNSET   624 PM MST


-  INDICATES NEGATIVE NUMBERS.
R  INDICATES RECORD WAS SET OR TIED.
MM INDICATES DATA IS MISSING.
T  INDICATES TRACE AMOUNT.

$$
