000
CDUS45 KPSR 290011
CLINYL

CLIMATE REPORT
NATIONAL WEATHER SERVICE PHOENIX AZ
510 PM MST FRI AUG 28 2015


...................................

...THE YUMA AZ CLIMATE SUMMARY FOR AUGUST 28 2015...
VALID TODAY AS OF 0500 PM LOCAL TIME.

CLIMATE NORMAL PERIOD 1981 TO 2010
CLIMATE RECORD PERIOD 1876 TO 2015


WEATHER ITEM   OBSERVED TIME   RECORD YEAR NORMAL DEPARTURE LAST
                VALUE   (LST)  VALUE       VALUE  FROM      YEAR
                                                  NORMAL
..................................................................
TEMPERATURE (F)
 TODAY
  MAXIMUM        111    444 PM 118    1981 106      5      112
  MINIMUM         89    541 AM  60    1920  81      8       84
  AVERAGE        100                        94      6       98

PRECIPITATION (IN)
  TODAY            0.00          0.68 1951   0.02  -0.02     0.00
  MONTH TO DATE    T                         0.43  -0.43     0.49
  SINCE OCT 1      1.68                      2.99  -1.31     1.95
  SINCE JAN 1      1.24                      2.05  -0.81     0.84

DEGREE DAYS
 HEATING
  TODAY            0                         0      0        0
  MONTH TO DATE    0                         0      0        0
  SINCE JUN 1      0                         0      0        0
  SINCE JUL 1      0                         0      0        0

 COOLING
  TODAY           35                        29      6       33
  MONTH TO DATE  922                       824     98      788
  SINCE JUN 1   2607                      2458    149     2575
  SINCE JAN 1   3686                      3370    316     3737
..................................................................


WIND (MPH)
  RESULTANT WIND SPEED   3   RESULTANT WIND DIRECTION  SE (150)
  HIGHEST WIND SPEED    13   HIGHEST WIND DIRECTION     S (160)
  HIGHEST GUST SPEED    17   HIGHEST GUST DIRECTION     S (190)
  AVERAGE WIND SPEED     4.0


SKY COVER
  AVERAGE SKY COVER 0.2


WEATHER CONDITIONS
 THE FOLLOWING WEATHER WAS RECORDED TODAY.
  NO SIGNIFICANT WEATHER WAS OBSERVED.


RELATIVE HUMIDITY (PERCENT)
 HIGHEST    52
 LOWEST     20
 AVERAGE    36

..........................................................


THE YUMA AZ CLIMATE NORMALS FOR TOMORROW
                         NORMAL    RECORD    YEAR
 MAXIMUM TEMPERATURE (F)  106       117      1954
 MINIMUM TEMPERATURE (F)   81        64      1947


SUNRISE AND SUNSET
AUGUST 28 2015........SUNRISE   611 AM MST   SUNSET   708 PM MST
AUGUST 29 2015........SUNRISE   611 AM MST   SUNSET   707 PM MST


-  INDICATES NEGATIVE NUMBERS.
R  INDICATES RECORD WAS SET OR TIED.
MM INDICATES DATA IS MISSING.
T  INDICATES TRACE AMOUNT.

$$
