000
CDUS45 KPSR 230833 RRA
CLINYL

CDUS45 KPSR DDHHMM
CLINYL

CLIMATE REPORT
NATIONAL WEATHER SERVICE PHOENIX AZ
124 AM MST TUE MAY 23 2017


...................................

...THE YUMA AZ CLIMATE SUMMARY FOR MAY 22 2017...

CLIMATE NORMAL PERIOD 1981 TO 2010
CLIMATE RECORD PERIOD 1876 TO 2017


WEATHER ITEM   OBSERVED TIME   RECORD YEAR NORMAL DEPARTURE LAST
                VALUE   (LST)  VALUE       VALUE  FROM      YEAR
                                                  NORMAL
..................................................................
TEMPERATURE (F)
 YESTERDAY
  MAXIMUM        106    445 PM 110    2005  97      9       86
  MINIMUM         71    611 AM  51    1902  69      2       59
  AVERAGE         89                        83      6       73

PRECIPITATION (IN)
  YESTERDAY        0.00          0.10 1992   0.00   0.00     0.00
  MONTH TO DATE    0.14                      0.06   0.08     0.18
  SINCE OCT 1      2.65                      2.24   0.41     1.12
  SINCE JAN 1      1.70                      1.30   0.40     0.98

DEGREE DAYS
 HEATING
  YESTERDAY        0                         0      0        0
  MONTH TO DATE    0                         0      0        0
  SINCE MAR 1     13                        63    -50       22
  SINCE JUL 1    526                       686   -160      598

 COOLING
  YESTERDAY       24                        18      6        8
  MONTH TO DATE  276                       334    -58      294
  SINCE MAR 1    839                       704    135      746
  SINCE JAN 1    880                       740    140      882
..................................................................


WIND (MPH)
  HIGHEST WIND SPEED    10   HIGHEST WIND DIRECTION    SW (240)
  HIGHEST GUST SPEED    15   HIGHEST GUST DIRECTION    SW (240)
  AVERAGE WIND SPEED     4.0


SKY COVER
  AVERAGE SKY COVER 0.0


WEATHER CONDITIONS
 THE FOLLOWING WEATHER WAS RECORDED YESTERDAY.
  HAZE


RELATIVE HUMIDITY (PERCENT)
 HIGHEST    31
 LOWEST      6
 AVERAGE    19

..........................................................


THE YUMA AZ CLIMATE NORMALS FOR TODAY
                         NORMAL    RECORD    YEAR
 MAXIMUM TEMPERATURE (F)   97       111      2001
 MINIMUM TEMPERATURE (F)   69        52      1912


SUNRISE AND SUNSET
MAY 23 2017...........SUNRISE   535 AM MST   SUNSET   736 PM MST
MAY 24 2017...........SUNRISE   534 AM MST   SUNSET   737 PM MST


-  INDICATES NEGATIVE NUMBERS.
R  INDICATES RECORD WAS SET OR TIED.
MM INDICATES DATA IS MISSING.
T  INDICATES TRACE AMOUNT.

$$
