000
CDUS45 KPSR 280852 RRA
CLINYL

CDUS45 KPSR DDHHMM
CLINYL

CLIMATE REPORT
NATIONAL WEATHER SERVICE PHOENIX AZ
150 AM MST SAT MAY 28 2016


...................................

...THE YUMA AZ CLIMATE SUMMARY FOR MAY 27 2016...

CLIMATE NORMAL PERIOD 1981 TO 2010
CLIMATE RECORD PERIOD 1876 TO 2016


WEATHER ITEM   OBSERVED TIME   RECORD YEAR NORMAL DEPARTURE LAST
                VALUE   (LST)  VALUE       VALUE  FROM      YEAR
                                                  NORMAL
..................................................................
TEMPERATURE (F)
 YESTERDAY
  MAXIMUM         94    300 PM 114    1951  99     -5       95
  MINIMUM         65    554 AM  49    1911  70     -5       69
  AVERAGE         80                        84     -4       82

PRECIPITATION (IN)
  YESTERDAY        0.00          0.05 1981   0.00   0.00     0.00
  MONTH TO DATE    0.18                      0.07   0.11     0.31
  SINCE OCT 1      1.12                      2.25  -1.13     1.26
  SINCE JAN 1      0.98                      1.31  -0.33     0.82

DEGREE DAYS
 HEATING
  YESTERDAY        0                         0      0        0
  MONTH TO DATE    0                         0      0        3
  SINCE MAR 1     22                        63    -41       26
  SINCE JUL 1    598                       686    -88       86

 COOLING
  YESTERDAY       15                        19     -4       17
  MONTH TO DATE  345                       427    -82      301
  SINCE MAR 1    797                       797      0      880
  SINCE JAN 1    933                       833    100      991
..................................................................


WIND (MPH)
  HIGHEST WIND SPEED    14   HIGHEST WIND DIRECTION    SW (220)
  HIGHEST GUST SPEED    18   HIGHEST GUST DIRECTION     S (190)
  AVERAGE WIND SPEED     4.7


SKY COVER
  AVERAGE SKY COVER 0.0


WEATHER CONDITIONS
 THE FOLLOWING WEATHER WAS RECORDED YESTERDAY.
  NO SIGNIFICANT WEATHER WAS OBSERVED.


RELATIVE HUMIDITY (PERCENT)
 HIGHEST    52
 LOWEST     14
 AVERAGE    33

..........................................................


THE YUMA AZ CLIMATE NORMALS FOR TODAY
                         NORMAL    RECORD    YEAR
 MAXIMUM TEMPERATURE (F)   99       116      1983
 MINIMUM TEMPERATURE (F)   70        51      1908


SUNRISE AND SUNSET
MAY 28 2016...........SUNRISE   533 AM MST   SUNSET   739 PM MST
MAY 29 2016...........SUNRISE   532 AM MST   SUNSET   740 PM MST


-  INDICATES NEGATIVE NUMBERS.
R  INDICATES RECORD WAS SET OR TIED.
MM INDICATES DATA IS MISSING.
T  INDICATES TRACE AMOUNT.

$$
