000
CDUS45 KPSR 200014
CLINYL

CLIMATE REPORT
NATIONAL WEATHER SERVICE PHOENIX AZ
511 PM MST THU JAN 19 2017


...................................

...THE YUMA AZ CLIMATE SUMMARY FOR JANUARY 19 2017...
VALID TODAY AS OF 0500 PM LOCAL TIME.

CLIMATE NORMAL PERIOD 1981 TO 2010
CLIMATE RECORD PERIOD 1876 TO 2017


WEATHER ITEM   OBSERVED TIME   RECORD YEAR NORMAL DEPARTURE LAST
                VALUE   (LST)  VALUE       VALUE  FROM      YEAR
                                                  NORMAL
..................................................................
TEMPERATURE (F)
 TODAY
  MAXIMUM         69    320 PM  88    1971  70     -1       74
  MINIMUM         53    646 AM  31    1949  48      5       47
  AVERAGE         61                        59      2       61

PRECIPITATION (IN)
  TODAY            0.02          0.38 2010   0.01   0.01     0.00
  MONTH TO DATE    0.18                      0.25  -0.07     0.49
  SINCE OCT 1      1.13                      1.19  -0.06     0.63
  SINCE JAN 1      0.18                      0.25  -0.07     0.49

DEGREE DAYS
 HEATING
  TODAY            4                         6     -2        4
  MONTH TO DATE  121                       134    -13      164
  SINCE DEC 1    306                       370    -64      421
  SINCE JUL 1    352                       438    -86      491

 COOLING
  TODAY            0                         0      0        0
  MONTH TO DATE    0                         0      0        0
  SINCE DEC 1      9                         2      7        2
  SINCE JAN 1      0                         0      0        0
..................................................................


WIND (MPH)
  HIGHEST WIND SPEED    24   HIGHEST WIND DIRECTION    SE (150)
  HIGHEST GUST SPEED    27   HIGHEST GUST DIRECTION     S (160)
  AVERAGE WIND SPEED     9.1


SKY COVER
  AVERAGE SKY COVER 0.7


WEATHER CONDITIONS
 THE FOLLOWING WEATHER WAS RECORDED TODAY.
  LIGHT RAIN


RELATIVE HUMIDITY (PERCENT)
 HIGHEST    72
 LOWEST     45
 AVERAGE    59

..........................................................


THE YUMA AZ CLIMATE NORMALS FOR TOMORROW
                         NORMAL    RECORD    YEAR
 MAXIMUM TEMPERATURE (F)   70        85      1971
 MINIMUM TEMPERATURE (F)   48        22      1883


SUNRISE AND SUNSET
JANUARY 19 2017.......SUNRISE   740 AM MST   SUNSET   559 PM MST
JANUARY 20 2017.......SUNRISE   739 AM MST   SUNSET   600 PM MST


-  INDICATES NEGATIVE NUMBERS.
R  INDICATES RECORD WAS SET OR TIED.
MM INDICATES DATA IS MISSING.
T  INDICATES TRACE AMOUNT.

$$
