000
CDUS45 KPSR 230811
CLINYL

CLIMATE REPORT
NATIONAL WEATHER SERVICE PHOENIX AZ
110 AM MST WED AUG 23 2017

...................................

...THE YUMA AZ CLIMATE SUMMARY FOR AUGUST 22 2017...

CLIMATE NORMAL PERIOD 1981 TO 2010
CLIMATE RECORD PERIOD 1876 TO 2017


WEATHER ITEM   OBSERVED TIME   RECORD YEAR NORMAL DEPARTURE LAST
                VALUE   (LST)  VALUE       VALUE  FROM      YEAR
                                                  NORMAL
..................................................................
TEMPERATURE (F)
 YESTERDAY
  MAXIMUM        107    534 PM 115    1969 106      1      104
  MINIMUM         84    654 AM  64    1900  82      2       82
  AVERAGE         96                        94      2       93

PRECIPITATION (IN)
  YESTERDAY        0.00          0.40 1904   0.02  -0.02      T
  MONTH TO DATE    0.09                      0.34  -0.25     0.08
  SINCE OCT 1      2.74                      2.90  -0.16     1.89
  SINCE JAN 1      1.79                      1.96  -0.17     1.75

DEGREE DAYS
 HEATING
  YESTERDAY        0                         0      0        0
  MONTH TO DATE    0                         0      0        0
  SINCE JUN 1      0                         0      0        0
  SINCE JUL 1      0                         0      0        0

 COOLING
  YESTERDAY       31                        29      2       28
  MONTH TO DATE  671                       650     21      684
  SINCE JUN 1   2402                      2284    118     2488
  SINCE JAN 1   3470                      3196    274     3489
..................................................................


WIND (MPH)
  HIGHEST WIND SPEED    13   HIGHEST WIND DIRECTION    SW (210)
  HIGHEST GUST SPEED    20   HIGHEST GUST DIRECTION     S (180)
  AVERAGE WIND SPEED     4.3


SKY COVER
  AVERAGE SKY COVER 0.1


WEATHER CONDITIONS
 THE FOLLOWING WEATHER WAS RECORDED YESTERDAY.
  NO SIGNIFICANT WEATHER WAS OBSERVED.


RELATIVE HUMIDITY (PERCENT)
 HIGHEST    44
 LOWEST     16
 AVERAGE    30

..........................................................


THE YUMA AZ CLIMATE NORMALS FOR TODAY
                         NORMAL    RECORD    YEAR
 MAXIMUM TEMPERATURE (F)  106       115      2011
 MINIMUM TEMPERATURE (F)   82        63      1968
                                             1900


SUNRISE AND SUNSET
AUGUST 23 2017........SUNRISE   608 AM MST   SUNSET   714 PM MST
AUGUST 24 2017........SUNRISE   608 AM MST   SUNSET   713 PM MST


-  INDICATES NEGATIVE NUMBERS.
R  INDICATES RECORD WAS SET OR TIED.
MM INDICATES DATA IS MISSING.
T  INDICATES TRACE AMOUNT.

$$
