000
CDUS45 KPSR 060857
CLINYL

CLIMATE REPORT
NATIONAL WEATHER SERVICE PHOENIX AZ
152 AM MST FRI MAR 6 2015


...................................

...THE YUMA AZ CLIMATE SUMMARY FOR MARCH 5 2015...

CLIMATE NORMAL PERIOD 1981 TO 2010
CLIMATE RECORD PERIOD 1876 TO 2015


WEATHER ITEM   OBSERVED TIME   RECORD YEAR NORMAL DEPARTURE LAST
                VALUE   (LST)  VALUE       VALUE  FROM      YEAR
                                                  NORMAL
..................................................................
TEMPERATURE (F)
 YESTERDAY
  MAXIMUM         78    424 PM  97    1910  78      0       88
  MINIMUM         50    626 AM  34    1894  53     -3       56
  AVERAGE         64                        65     -1       72

PRECIPITATION (IN)
  YESTERDAY        0.00          0.67 1907   0.01  -0.01     0.00
  MONTH TO DATE    0.31                      0.06   0.25     0.07
  SINCE OCT 1      0.94                      1.76  -0.82     1.18
  SINCE JAN 1      0.50                      0.82  -0.32     0.07

DEGREE DAYS
 HEATING
  YESTERDAY        1                         2     -1        0
  MONTH TO DATE   23                        11     12        4
  SINCE MAR 1     23                        11     12        4
  SINCE JUL 1     83                       634   -551      365

 COOLING
  YESTERDAY        0                         3     -3        7
  MONTH TO DATE    0                        11    -11       14
  SINCE MAR 1      0                        11    -11       14
  SINCE JAN 1    111                        47     64      128
..................................................................


WIND (MPH)
  HIGHEST WIND SPEED    17   HIGHEST WIND DIRECTION    NE (30)
  HIGHEST GUST SPEED    22   HIGHEST GUST DIRECTION    NE (40)
  AVERAGE WIND SPEED     8.1


SKY COVER
  AVERAGE SKY COVER 0.0


WEATHER CONDITIONS
 THE FOLLOWING WEATHER WAS RECORDED YESTERDAY.
  NO SIGNIFICANT WEATHER WAS OBSERVED.


RELATIVE HUMIDITY (PERCENT)
 HIGHEST    54
 LOWEST     14
 AVERAGE    34

..........................................................


THE YUMA AZ CLIMATE NORMALS FOR TODAY
                         NORMAL    RECORD    YEAR
 MAXIMUM TEMPERATURE (F)   78        94      1972
                                             1934
 MINIMUM TEMPERATURE (F)   53        37      1896


SUNRISE AND SUNSET
MARCH  6 2015.........SUNRISE   700 AM MST   SUNSET   640 PM MST
MARCH  7 2015.........SUNRISE   659 AM MST   SUNSET   640 PM MST


-  INDICATES NEGATIVE NUMBERS.
R  INDICATES RECORD WAS SET OR TIED.
MM INDICATES DATA IS MISSING.
T  INDICATES TRACE AMOUNT.

$$
