000
CDUS45 KPSR 280818
CLINYL

CDUS45 KPSR DDHHMM
CLINYL

CLIMATE REPORT
NATIONAL WEATHER SERVICE PHOENIX AZ
114 AM MST THU JUL 28 2016


...................................

...THE YUMA AZ CLIMATE SUMMARY FOR JULY 27 2016...

CLIMATE NORMAL PERIOD 1981 TO 2010
CLIMATE RECORD PERIOD 1876 TO 2016


WEATHER ITEM   OBSERVED TIME   RECORD YEAR NORMAL DEPARTURE LAST
                VALUE   (LST)  VALUE       VALUE  FROM      YEAR
                                                  NORMAL
..................................................................
TEMPERATURE (F)
 YESTERDAY
  MAXIMUM        113    407 PM 118    1998 107      6      107
  MINIMUM         87    602 AM  61    1913  83      4       80
  AVERAGE        100                        95      5       94

PRECIPITATION (IN)
  YESTERDAY        0.00          2.55 1989   0.02  -0.02     0.00
  MONTH TO DATE    0.38                      0.22   0.16     0.09
  SINCE OCT 1      1.50                      2.49  -0.99     1.68
  SINCE JAN 1      1.36                      1.55  -0.19     1.24

DEGREE DAYS
 HEATING
  YESTERDAY        0                         0      0        0
  MONTH TO DATE    0                         0      0        0
  SINCE JUN 1      0                         0      0        0
  SINCE JUL 1      0                         0      0        0

 COOLING
  YESTERDAY       35                        30      5       29
  MONTH TO DATE  854                       794     60      766
  SINCE JUN 1   1687                      1515    172     1556
  SINCE JAN 1   2688                      2427    261     2635
..................................................................


WIND (MPH)
  HIGHEST WIND SPEED    18   HIGHEST WIND DIRECTION     S (170)
  HIGHEST GUST SPEED    23   HIGHEST GUST DIRECTION     S (190)
  AVERAGE WIND SPEED     9.4


SKY COVER
  AVERAGE SKY COVER 0.4


WEATHER CONDITIONS
 THE FOLLOWING WEATHER WAS RECORDED YESTERDAY.
  HAZE


RELATIVE HUMIDITY (PERCENT)
 HIGHEST    47
 LOWEST     18
 AVERAGE    33

..........................................................


THE YUMA AZ CLIMATE NORMALS FOR TODAY
                         NORMAL    RECORD    YEAR
 MAXIMUM TEMPERATURE (F)  107       124      1995
 MINIMUM TEMPERATURE (F)   83        66      1909


SUNRISE AND SUNSET
JULY 28 2016..........SUNRISE   550 AM MST   SUNSET   739 PM MST
JULY 29 2016..........SUNRISE   551 AM MST   SUNSET   738 PM MST


-  INDICATES NEGATIVE NUMBERS.
R  INDICATES RECORD WAS SET OR TIED.
MM INDICATES DATA IS MISSING.
T  INDICATES TRACE AMOUNT.

$$
