000
CDUS45 KPSR 280025
CLINYL

CLIMATE REPORT
NATIONAL WEATHER SERVICE PHOENIX AZ
522 PM MST TUE JUN 27 2017


...................................

...THE YUMA AZ CLIMATE SUMMARY FOR JUNE 27 2017...
VALID TODAY AS OF 0500 PM LOCAL TIME.

CLIMATE NORMAL PERIOD 1981 TO 2010
CLIMATE RECORD PERIOD 1876 TO 2017


WEATHER ITEM   OBSERVED TIME   RECORD YEAR NORMAL DEPARTURE LAST
                VALUE   (LST)  VALUE       VALUE  FROM      YEAR
                                                  NORMAL
..................................................................
TEMPERATURE (F)
 TODAY
  MAXIMUM        113    442 PM 119    1990 106      7      111
  MINIMUM         79    657 AM  60    1934  78      1       85
  AVERAGE         96                        92      4       98

PRECIPITATION (IN)
  TODAY            0.00          0.06 1937   0.00   0.00     0.00
  MONTH TO DATE    0.00                      0.01  -0.01      T
  SINCE OCT 1      2.65                      2.27   0.38     1.12
  SINCE JAN 1      1.70                      1.33   0.37     0.98

DEGREE DAYS
 HEATING
  TODAY            0                         0      0        0
  MONTH TO DATE    0                         0      0        0
  SINCE JUN 1      0                         0      0        0
  SINCE JUL 1    526                       686   -160      598

 COOLING
  TODAY           31                        27      4       33
  MONTH TO DATE  673                       640     33      740
  SINCE JUN 1    673                       640     33      740
  SINCE JAN 1   1741                      1552    189     1741
..................................................................


WIND (MPH)
  HIGHEST WIND SPEED    21   HIGHEST WIND DIRECTION     S (160)
  HIGHEST GUST SPEED    24   HIGHEST GUST DIRECTION     S (170)
  AVERAGE WIND SPEED    10.2


SKY COVER
  AVERAGE SKY COVER 0.0


WEATHER CONDITIONS
 THE FOLLOWING WEATHER WAS RECORDED TODAY.
  NO SIGNIFICANT WEATHER WAS OBSERVED.


RELATIVE HUMIDITY (PERCENT)
 HIGHEST    50
 LOWEST      5
 AVERAGE    28

..........................................................


THE YUMA AZ CLIMATE NORMALS FOR TOMORROW
                         NORMAL    RECORD    YEAR
 MAXIMUM TEMPERATURE (F)  106       118      2013
 MINIMUM TEMPERATURE (F)   79        61      1941
                                             1906


SUNRISE AND SUNSET
JUNE 27 2017..........SUNRISE   533 AM MST   SUNSET   750 PM MST
JUNE 28 2017..........SUNRISE   533 AM MST   SUNSET   750 PM MST


-  INDICATES NEGATIVE NUMBERS.
R  INDICATES RECORD WAS SET OR TIED.
MM INDICATES DATA IS MISSING.
T  INDICATES TRACE AMOUNT.

$$
