000
CDUS45 KPSR 210013
CLINYL

CLIMATE REPORT
NATIONAL WEATHER SERVICE PHOENIX AZ
510 PM MST SAT DEC 20 2014


...................................

...THE YUMA AZ CLIMATE SUMMARY FOR DECEMBER 20 2014...
VALID TODAY AS OF 0500 PM LOCAL TIME.

CLIMATE NORMAL PERIOD 1981 TO 2010
CLIMATE RECORD PERIOD 1876 TO 2014


WEATHER ITEM   OBSERVED TIME   RECORD YEAR NORMAL DEPARTURE LAST
                VALUE   (LST)  VALUE       VALUE  FROM      YEAR
                                                  NORMAL
..................................................................
TEMPERATURE (F)
 TODAY
  MAXIMUM         MM        MM  83    1981  67     MM       68
  MINIMUM         MM        MM  27    1909  46     MM       48
  AVERAGE         MM                        57     MM       58

PRECIPITATION (IN)
  TODAY            0.00          0.26 1952   0.02  -0.02     0.04
  MONTH TO DATE    0.38                      0.32   0.06     0.11
  SINCE OCT 1      0.43                      0.75  -0.32     1.11
  SINCE JAN 1      2.71                      3.37  -0.66     3.42

DEGREE DAYS
 HEATING
  TODAY           MM                         8     MM        7
  MONTH TO DATE   MM                       144     MM      139
  SINCE DEC 1     MM                       144     MM      139
  SINCE JUL 1     15                       212   -197      178

 COOLING
  TODAY           MM                         0     MM        0
  MONTH TO DATE   MM                         0     MM        1
  SINCE DEC 1     MM                         0     MM        1
  SINCE JAN 1   5292                      4649    643     4806
..................................................................


WIND (MPH)
  RESULTANT WIND SPEED   3   RESULTANT WIND DIRECTION  NE (30)
  HIGHEST WIND SPEED     7   HIGHEST WIND DIRECTION    NE (40)
  HIGHEST GUST SPEED    MM   HIGHEST GUST DIRECTION    MM
  AVERAGE WIND SPEED     3.3


SKY COVER
  AVERAGE SKY COVER 0.5


WEATHER CONDITIONS
 THE FOLLOWING WEATHER WAS RECORDED TODAY.
  NO SIGNIFICANT WEATHER WAS OBSERVED.


RELATIVE HUMIDITY (PERCENT)
 HIGHEST    MM
 LOWEST     MM
 AVERAGE    MM

..........................................................


THE YUMA AZ CLIMATE NORMALS FOR TOMORROW
                         NORMAL    RECORD    YEAR
 MAXIMUM TEMPERATURE (F)   67        80      1955
                                             1950
 MINIMUM TEMPERATURE (F)   46        28      1968


SUNRISE AND SUNSET
DECEMBER 20 2014......SUNRISE   736 AM MST   SUNSET   536 PM MST
DECEMBER 21 2014......SUNRISE   737 AM MST   SUNSET   537 PM MST


-  INDICATES NEGATIVE NUMBERS.
R  INDICATES RECORD WAS SET OR TIED.
MM INDICATES DATA IS MISSING.
T  INDICATES TRACE AMOUNT.

$$
