000
CDUS45 KPSR 280014
CLINYL

CLIMATE REPORT
NATIONAL WEATHER SERVICE PHOENIX AZ
513 PM MST SUN JUL 27 2014


...................................

...THE YUMA AZ CLIMATE SUMMARY FOR JULY 27 2014...
VALID TODAY AS OF 0500 PM LOCAL TIME.

CLIMATE NORMAL PERIOD 1981 TO 2010
CLIMATE RECORD PERIOD 1876 TO 2014


WEATHER ITEM   OBSERVED TIME   RECORD YEAR NORMAL DEPARTURE LAST
                VALUE   (LST)  VALUE       VALUE  FROM      YEAR
                                                  NORMAL
..................................................................
TEMPERATURE (F)
 TODAY
  MAXIMUM        101    459 PM 118    1998 107     -6      109
  MINIMUM         80    946 AM  61    1913  83     -3       88
  AVERAGE         91                        95     -4       99

PRECIPITATION (IN)
  TODAY            0.05          2.55 1989   0.02   0.03     0.00
  MONTH TO DATE    0.28                      0.22   0.06     0.47
  SINCE OCT 1      1.46                      2.49  -1.03     2.21
  SINCE JAN 1      0.35                      1.55  -1.20     1.58

DEGREE DAYS
 HEATING
  TODAY            0                         0      0        0
  MONTH TO DATE    0                         0      0        0
  SINCE JUN 1      0                         0      0        0
  SINCE JUL 1      0                         0      0        0

 COOLING
  TODAY           26                        30     -4       34
  MONTH TO DATE  843                       794     49      819
  SINCE JUN 1   1652                      1515    137     1624
  SINCE JAN 1   2814                      2427    387     2685
..................................................................


WIND (MPH)
  RESULTANT WIND SPEED   6   RESULTANT WIND DIRECTION  SE (140)
  HIGHEST WIND SPEED    28   HIGHEST WIND DIRECTION    SE (120)
  HIGHEST GUST SPEED    34   HIGHEST GUST DIRECTION    SE (120)
  AVERAGE WIND SPEED     9.4


SKY COVER
  AVERAGE SKY COVER 0.3


WEATHER CONDITIONS
 THE FOLLOWING WEATHER WAS RECORDED TODAY.
  THUNDERSTORM
  RAIN
  LIGHT RAIN
  HAZE


RELATIVE HUMIDITY (PERCENT)
 HIGHEST    67
 LOWEST     28
 AVERAGE    48

..........................................................


THE YUMA AZ CLIMATE NORMALS FOR TOMORROW
                         NORMAL    RECORD    YEAR
 MAXIMUM TEMPERATURE (F)  107       124      1995
 MINIMUM TEMPERATURE (F)   83        66      1909


SUNRISE AND SUNSET
JULY 27 2014..........SUNRISE   549 AM MST   SUNSET   740 PM MST
JULY 28 2014..........SUNRISE   550 AM MST   SUNSET   740 PM MST


-  INDICATES NEGATIVE NUMBERS.
R  INDICATES RECORD WAS SET OR TIED.
MM INDICATES DATA IS MISSING.
T  INDICATES TRACE AMOUNT.

$$
